Jul 19 16:45:10.863920 np0000005447 nova-scheduler[93825]: DEBUG cotyledon.oslo_config_glue [-] oslo_messaging_rabbit.rabbit_qos_prefetch_count = 0 {{(pid=93825) log_opt_values /opt/stack/data/venv/lib/python3.12/site-packages/oslo_config/cfg.py:3253}}
Jul 19 16:45:10.863973 np0000005447 nova-scheduler[93825]: DEBUG cotyledon.oslo_config_glue [-] oslo_messaging_rabbit.rabbit_quorum_delivery_limit = 0 {{(pid=93825) log_opt_values /opt/stack/data/venv/lib/python3.12/site-packages/oslo_config/cfg.py:3253}}
Jul 19 16:45:10.864031 np0000005447 nova-scheduler[93825]: DEBUG cotyledon.oslo_config_glue [-] oslo_messaging_rabbit.rabbit_quorum_max_memory_bytes = 0 {{(pid=93825) log_opt_values /opt/stack/data/venv/lib/python3.12/site-packages/oslo_config/cfg.py:3253}}
Jul 19 16:45:10.864087 np0000005447 nova-scheduler[93825]: DEBUG cotyledon.oslo_config_glue [-] oslo_messaging_rabbit.rabbit_quorum_max_memory_length = 0 {{(pid=93825) log_opt_values /opt/stack/data/venv/lib/python3.12/site-packages/oslo_config/cfg.py:3253}}
Jul 19 16:45:10.864141 np0000005447 nova-scheduler[93825]: DEBUG cotyledon.oslo_config_glue [-] oslo_messaging_rabbit.rabbit_quorum_queue = False {{(pid=93825) log_opt_values /opt/stack/data/venv/lib/python3.12/site-packages/oslo_config/cfg.py:3253}}
Jul 19 16:45:10.864195 np0000005447 nova-scheduler[93825]: DEBUG cotyledon.oslo_config_glue [-] oslo_messaging_rabbit.rabbit_retry_backoff = 2 {{(pid=93825) log_opt_values /opt/stack/data/venv/lib/python3.12/site-packages/oslo_config/cfg.py:3253}}
Jul 19 16:45:10.864249 np0000005447 nova-scheduler[93825]: DEBUG cotyledon.oslo_config_glue [-] oslo_messaging_rabbit.rabbit_retry_interval = 1 {{(pid=93825) log_opt_values /opt/stack/data/venv/lib/python3.12/site-packages/oslo_config/cfg.py:3253}}
Jul 19 16:45:10.864301 np0000005447 nova-scheduler[93825]: DEBUG cotyledon.oslo_config_glue [-] oslo_messaging_rabbit.rabbit_stream_fanout = False {{(pid=93825) log_opt_values /opt/stack/data/venv/lib/python3.12/site-packages/oslo_config/cfg.py:3253}}
Jul 19 16:45:10.864365 np0000005447 nova-scheduler[93825]: DEBUG cotyledon.oslo_config_glue [-] oslo_messaging_rabbit.rabbit_transient_queues_ttl = 1800 {{(pid=93825) log_opt_values /opt/stack/data/venv/lib/python3.12/site-packages/oslo_config/cfg.py:3253}}
Jul 19 16:45:10.864433 np0000005447 nova-scheduler[93825]: DEBUG cotyledon.oslo_config_glue [-] oslo_messaging_rabbit.rabbit_transient_quorum_queue = False {{(pid=93825) log_opt_values /opt/stack/data/venv/lib/python3.12/site-packages/oslo_config/cfg.py:3253}}
Jul 19 16:45:10.864497 np0000005447 nova-scheduler[93825]: DEBUG cotyledon.oslo_config_glue [-] oslo_messaging_rabbit.rpc_conn_pool_size = 30 {{(pid=93825) log_opt_values /opt/stack/data/venv/lib/python3.12/site-packages/oslo_config/cfg.py:3253}}
Jul 19 16:45:10.864673 np0000005447 nova-scheduler[93825]: DEBUG cotyledon.oslo_config_glue [-] oslo_messaging_rabbit.ssl = False {{(pid=93825) log_opt_values /opt/stack/data/venv/lib/python3.12/site-packages/oslo_config/cfg.py:3253}}
Jul 19 16:45:10.864705 np0000005447 nova-scheduler[93778]: DEBUG oslo_db.sqlalchemy.engines [None req-01c9b262-258e-4f22-a551-1f1d6b4b0763 None None] MySQL server mode set to STRICT_TRANS_TABLES,STRICT_ALL_TABLES,NO_ZERO_IN_DATE,NO_ZERO_DATE,ERROR_FOR_DIVISION_BY_ZERO,TRADITIONAL,NO_ENGINE_SUBSTITUTION {{(pid=93778) _check_effective_sql_mode /opt/stack/data/venv/lib/python3.12/site-packages/oslo_db/sqlalchemy/engines.py:325}}
Jul 19 16:45:10.864731 np0000005447 nova-scheduler[93825]: DEBUG cotyledon.oslo_config_glue [-] oslo_messaging_rabbit.ssl_ca_file = {{(pid=93825) log_opt_values /opt/stack/data/venv/lib/python3.12/site-packages/oslo_config/cfg.py:3253}}
Jul 19 16:45:10.864786 np0000005447 nova-scheduler[93825]: DEBUG cotyledon.oslo_config_glue [-] oslo_messaging_rabbit.ssl_cert_file = {{(pid=93825) log_opt_values /opt/stack/data/venv/lib/python3.12/site-packages/oslo_config/cfg.py:3253}}
Jul 19 16:45:10.864841 np0000005447 nova-scheduler[93825]: DEBUG cotyledon.oslo_config_glue [-] oslo_messaging_rabbit.ssl_enforce_fips_mode = False {{(pid=93825) log_opt_values /opt/stack/data/venv/lib/python3.12/site-packages/oslo_config/cfg.py:3253}}
Jul 19 16:45:10.864898 np0000005447 nova-scheduler[93825]: DEBUG cotyledon.oslo_config_glue [-] oslo_messaging_rabbit.ssl_enforce_hostname_verification = True {{(pid=93825) log_opt_values /opt/stack/data/venv/lib/python3.12/site-packages/oslo_config/cfg.py:3253}}
Jul 19 16:45:10.864950 np0000005447 nova-scheduler[93825]: DEBUG cotyledon.oslo_config_glue [-] oslo_messaging_rabbit.ssl_key_file = {{(pid=93825) log_opt_values /opt/stack/data/venv/lib/python3.12/site-packages/oslo_config/cfg.py:3253}}
Jul 19 16:45:10.865014 np0000005447 nova-scheduler[93825]: DEBUG cotyledon.oslo_config_glue [-] oslo_messaging_rabbit.ssl_version = {{(pid=93825) log_opt_values /opt/stack/data/venv/lib/python3.12/site-packages/oslo_config/cfg.py:3253}}
Jul 19 16:45:10.865072 np0000005447 nova-scheduler[93825]: DEBUG cotyledon.oslo_config_glue [-] oslo_messaging_rabbit.use_queue_manager = False {{(pid=93825) log_opt_values /opt/stack/data/venv/lib/python3.12/site-packages/oslo_config/cfg.py:3253}}
Jul 19 16:45:10.865154 np0000005447 nova-scheduler[93825]: DEBUG cotyledon.oslo_config_glue [-] oslo_messaging_notifications.driver = ['messagingv2'] {{(pid=93825) log_opt_values /opt/stack/data/venv/lib/python3.12/site-packages/oslo_config/cfg.py:3253}}
Jul 19 16:45:10.865221 np0000005447 nova-scheduler[93825]: DEBUG cotyledon.oslo_config_glue [-] oslo_messaging_notifications.retry = -1 {{(pid=93825) log_opt_values /opt/stack/data/venv/lib/python3.12/site-packages/oslo_config/cfg.py:3253}}
Jul 19 16:45:10.865278 np0000005447 nova-scheduler[93825]: DEBUG cotyledon.oslo_config_glue [-] oslo_messaging_notifications.topics = ['notifications'] {{(pid=93825) log_opt_values /opt/stack/data/venv/lib/python3.12/site-packages/oslo_config/cfg.py:3253}}
Jul 19 16:45:10.865332 np0000005447 nova-scheduler[93825]: DEBUG cotyledon.oslo_config_glue [-] oslo_messaging_notifications.transport_url = **** {{(pid=93825) log_opt_values /opt/stack/data/venv/lib/python3.12/site-packages/oslo_config/cfg.py:3253}}
Jul 19 16:45:10.865429 np0000005447 nova-scheduler[93825]: DEBUG cotyledon.oslo_config_glue [-] oslo_limit.auth_section = None {{(pid=93825) log_opt_values /opt/stack/data/venv/lib/python3.12/site-packages/oslo_config/cfg.py:3253}}
Jul 19 16:45:10.865498 np0000005447 nova-scheduler[93825]: DEBUG cotyledon.oslo_config_glue [-] oslo_limit.auth_type = None {{(pid=93825) log_opt_values /opt/stack/data/venv/lib/python3.12/site-packages/oslo_config/cfg.py:3253}}
Jul 19 16:45:10.865553 np0000005447 nova-scheduler[93825]: DEBUG cotyledon.oslo_config_glue [-] oslo_limit.cafile = None {{(pid=93825) log_opt_values /opt/stack/data/venv/lib/python3.12/site-packages/oslo_config/cfg.py:3253}}
Jul 19 16:45:10.865613 np0000005447 nova-scheduler[93825]: DEBUG cotyledon.oslo_config_glue [-] oslo_limit.certfile = None {{(pid=93825) log_opt_values /opt/stack/data/venv/lib/python3.12/site-packages/oslo_config/cfg.py:3253}}
Jul 19 16:45:10.865669 np0000005447 nova-scheduler[93825]: DEBUG cotyledon.oslo_config_glue [-] oslo_limit.collect_timing = False {{(pid=93825) log_opt_values /opt/stack/data/venv/lib/python3.12/site-packages/oslo_config/cfg.py:3253}}
Jul 19 16:45:10.865728 np0000005447 nova-scheduler[93825]: DEBUG cotyledon.oslo_config_glue [-] oslo_limit.connect_retries = None {{(pid=93825) log_opt_values /opt/stack/data/venv/lib/python3.12/site-packages/oslo_config/cfg.py:3253}}
Jul 19 16:45:10.865781 np0000005447 nova-scheduler[93825]: DEBUG cotyledon.oslo_config_glue [-] oslo_limit.connect_retry_delay = None {{(pid=93825) log_opt_values /opt/stack/data/venv/lib/python3.12/site-packages/oslo_config/cfg.py:3253}}
Jul 19 16:45:10.865843 np0000005447 nova-scheduler[93825]: DEBUG cotyledon.oslo_config_glue [-] oslo_limit.endpoint_id = None {{(pid=93825) log_opt_values /opt/stack/data/venv/lib/python3.12/site-packages/oslo_config/cfg.py:3253}}
Jul 19 16:45:10.865894 np0000005447 nova-scheduler[93825]: DEBUG cotyledon.oslo_config_glue [-] oslo_limit.endpoint_interface = public {{(pid=93825) log_opt_values /opt/stack/data/venv/lib/python3.12/site-packages/oslo_config/cfg.py:3253}}
Jul 19 16:45:10.865945 np0000005447 nova-scheduler[93825]: DEBUG cotyledon.oslo_config_glue [-] oslo_limit.endpoint_override = None {{(pid=93825) log_opt_values /opt/stack/data/venv/lib/python3.12/site-packages/oslo_config/cfg.py:3253}}
Jul 19 16:45:10.865999 np0000005447 nova-scheduler[93825]: DEBUG cotyledon.oslo_config_glue [-] oslo_limit.endpoint_region_name = None {{(pid=93825) log_opt_values /opt/stack/data/venv/lib/python3.12/site-packages/oslo_config/cfg.py:3253}}
Jul 19 16:45:10.866063 np0000005447 nova-scheduler[93825]: DEBUG cotyledon.oslo_config_glue [-] oslo_limit.endpoint_service_name = None {{(pid=93825) log_opt_values /opt/stack/data/venv/lib/python3.12/site-packages/oslo_config/cfg.py:3253}}
Jul 19 16:45:10.866115 np0000005447 nova-scheduler[93825]: DEBUG cotyledon.oslo_config_glue [-] oslo_limit.endpoint_service_type = None {{(pid=93825) log_opt_values /opt/stack/data/venv/lib/python3.12/site-packages/oslo_config/cfg.py:3253}}
Jul 19 16:45:10.866168 np0000005447 nova-scheduler[93825]: DEBUG cotyledon.oslo_config_glue [-] oslo_limit.insecure = False {{(pid=93825) log_opt_values /opt/stack/data/venv/lib/python3.12/site-packages/oslo_config/cfg.py:3253}}
Jul 19 16:45:10.866219 np0000005447 nova-scheduler[93825]: DEBUG cotyledon.oslo_config_glue [-] oslo_limit.keyfile = None {{(pid=93825) log_opt_values /opt/stack/data/venv/lib/python3.12/site-packages/oslo_config/cfg.py:3253}}
Jul 19 16:45:10.866272 np0000005447 nova-scheduler[93825]: DEBUG cotyledon.oslo_config_glue [-] oslo_limit.max_version = None {{(pid=93825) log_opt_values /opt/stack/data/venv/lib/python3.12/site-packages/oslo_config/cfg.py:3253}}
Jul 19 16:45:10.866326 np0000005447 nova-scheduler[93825]: DEBUG cotyledon.oslo_config_glue [-] oslo_limit.min_version = None {{(pid=93825) log_opt_values /opt/stack/data/venv/lib/python3.12/site-packages/oslo_config/cfg.py:3253}}
Jul 19 16:45:10.866390 np0000005447 nova-scheduler[93825]: DEBUG cotyledon.oslo_config_glue [-] oslo_limit.region_name = None {{(pid=93825) log_opt_values /opt/stack/data/venv/lib/python3.12/site-packages/oslo_config/cfg.py:3253}}
Jul 19 16:45:10.866467 np0000005447 nova-scheduler[93825]: DEBUG cotyledon.oslo_config_glue [-] oslo_limit.retriable_status_codes = None {{(pid=93825) log_opt_values /opt/stack/data/venv/lib/python3.12/site-packages/oslo_config/cfg.py:3253}}
Jul 19 16:45:10.866534 np0000005447 nova-scheduler[93825]: DEBUG cotyledon.oslo_config_glue [-] oslo_limit.service_name = None {{(pid=93825) log_opt_values /opt/stack/data/venv/lib/python3.12/site-packages/oslo_config/cfg.py:3253}}
Jul 19 16:45:10.866587 np0000005447 nova-scheduler[93825]: DEBUG cotyledon.oslo_config_glue [-] oslo_limit.service_type = None {{(pid=93825) log_opt_values /opt/stack/data/venv/lib/python3.12/site-packages/oslo_config/cfg.py:3253}}
Jul 19 16:45:10.866642 np0000005447 nova-scheduler[93825]: DEBUG cotyledon.oslo_config_glue [-] oslo_limit.split_loggers = False {{(pid=93825) log_opt_values /opt/stack/data/venv/lib/python3.12/site-packages/oslo_config/cfg.py:3253}}
Jul 19 16:45:10.866696 np0000005447 nova-scheduler[93825]: DEBUG cotyledon.oslo_config_glue [-] oslo_limit.status_code_retries = None {{(pid=93825) log_opt_values /opt/stack/data/venv/lib/python3.12/site-packages/oslo_config/cfg.py:3253}}
Jul 19 16:45:10.866749 np0000005447 nova-scheduler[93825]: DEBUG cotyledon.oslo_config_glue [-] oslo_limit.status_code_retry_delay = None {{(pid=93825) log_opt_values /opt/stack/data/venv/lib/python3.12/site-packages/oslo_config/cfg.py:3253}}
Jul 19 16:45:10.866802 np0000005447 nova-scheduler[93825]: DEBUG cotyledon.oslo_config_glue [-] oslo_limit.timeout = None {{(pid=93825) log_opt_values /opt/stack/data/venv/lib/python3.12/site-packages/oslo_config/cfg.py:3253}}
Jul 19 16:45:10.866865 np0000005447 nova-scheduler[93825]: DEBUG cotyledon.oslo_config_glue [-] oslo_limit.valid_interfaces = None {{(pid=93825) log_opt_values /opt/stack/data/venv/lib/python3.12/site-packages/oslo_config/cfg.py:3253}}
Jul 19 16:45:10.866931 np0000005447 nova-scheduler[93825]: DEBUG cotyledon.oslo_config_glue [-] oslo_limit.version = None {{(pid=93825) log_opt_values /opt/stack/data/venv/lib/python3.12/site-packages/oslo_config/cfg.py:3253}}
Jul 19 16:45:10.867020 np0000005447 nova-scheduler[93825]: DEBUG cotyledon.oslo_config_glue [-] oslo_reports.file_event_handler = None {{(pid=93825) log_opt_values /opt/stack/data/venv/lib/python3.12/site-packages/oslo_config/cfg.py:3253}}
Jul 19 16:45:10.867095 np0000005447 nova-scheduler[93825]: DEBUG cotyledon.oslo_config_glue [-] oslo_reports.file_event_handler_interval = 1 {{(pid=93825) log_opt_values /opt/stack/data/venv/lib/python3.12/site-packages/oslo_config/cfg.py:3253}}
Jul 19 16:45:10.867178 np0000005447 nova-scheduler[93825]: DEBUG cotyledon.oslo_config_glue [-] oslo_reports.log_dir = None {{(pid=93825) log_opt_values /opt/stack/data/venv/lib/python3.12/site-packages/oslo_config/cfg.py:3253}}
Jul 19 16:45:10.867235 np0000005447 nova-scheduler[93825]: DEBUG cotyledon.oslo_config_glue [-] ******************************************************************************** {{(pid=93825) log_opt_values /opt/stack/data/venv/lib/python3.12/site-packages/oslo_config/cfg.py:3260}}
Jul 19 16:45:10.867434 np0000005447 nova-scheduler[93825]: DEBUG cotyledon._service_worker [-] Run service ServiceWrapper(2) [93825] {{(pid=93825) wait_forever /opt/stack/data/venv/lib/python3.12/site-packages/cotyledon/_service_worker.py:218}}
Jul 19 16:45:10.869155 np0000005447 nova-scheduler[93825]: INFO nova.service [-] Starting scheduler node (version 33.1.0)
Jul 19 16:45:10.871518 np0000005447 nova-scheduler[93788]: DEBUG dbcounter [-] [93788] Writer thread running {{(pid=93788) stat_writer /opt/stack/data/venv/lib/python3.12/site-packages/dbcounter.py:102}}
Jul 19 16:45:10.873443 np0000005447 nova-scheduler[93778]: DEBUG dbcounter [-] [93778] Writer thread running {{(pid=93778) stat_writer /opt/stack/data/venv/lib/python3.12/site-packages/dbcounter.py:102}}
Jul 19 16:45:10.873541 np0000005447 nova-scheduler[93825]: INFO dbcounter [None req-d08db71b-995b-4cc3-a5fc-dd66f4c61f59 None None] Registered counter for database nova_cell0
Jul 19 16:45:10.887677 np0000005447 nova-scheduler[93788]: DEBUG nova.service [None req-f7bce5d1-5cf3-42b8-8783-2f0bb6925bd3 None None] Creating RPC server for service: nova-scheduler on topic: scheduler {{(pid=93788) start /opt/stack/nova/nova/service.py:196}}
Jul 19 16:45:10.891138 np0000005447 nova-scheduler[93778]: DEBUG nova.service [None req-01c9b262-258e-4f22-a551-1f1d6b4b0763 None None] Creating RPC server for service: nova-scheduler on topic: scheduler {{(pid=93778) start /opt/stack/nova/nova/service.py:196}}
Jul 19 16:45:10.907825 np0000005447 nova-scheduler[93825]: DEBUG oslo_db.sqlalchemy.engines [None req-d08db71b-995b-4cc3-a5fc-dd66f4c61f59 None None] MySQL server mode set to STRICT_TRANS_TABLES,STRICT_ALL_TABLES,NO_ZERO_IN_DATE,NO_ZERO_DATE,ERROR_FOR_DIVISION_BY_ZERO,TRADITIONAL,NO_ENGINE_SUBSTITUTION {{(pid=93825) _check_effective_sql_mode /opt/stack/data/venv/lib/python3.12/site-packages/oslo_db/sqlalchemy/engines.py:325}}
Jul 19 16:45:10.913486 np0000005447 nova-scheduler[93778]: DEBUG nova.service [None req-01c9b262-258e-4f22-a551-1f1d6b4b0763 None None] Join ServiceGroup membership for this service scheduler {{(pid=93778) start /opt/stack/nova/nova/service.py:222}}
Jul 19 16:45:10.913655 np0000005447 nova-scheduler[93778]: DEBUG nova.servicegroup.drivers.db [None req-01c9b262-258e-4f22-a551-1f1d6b4b0763 None None] DB_Driver: join new ServiceGroup member np0000005447 to the scheduler group, service = {{(pid=93778) join /opt/stack/nova/nova/servicegroup/drivers/db.py:44}}
Jul 19 16:45:10.916523 np0000005447 nova-scheduler[93825]: DEBUG dbcounter [-] [93825] Writer thread running {{(pid=93825) stat_writer /opt/stack/data/venv/lib/python3.12/site-packages/dbcounter.py:102}}
Jul 19 16:45:10.918841 np0000005447 nova-scheduler[93825]: DEBUG nova.service [None req-d08db71b-995b-4cc3-a5fc-dd66f4c61f59 None None] Creating RPC server for service: nova-scheduler on topic: scheduler {{(pid=93825) start /opt/stack/nova/nova/service.py:196}}
Jul 19 16:45:10.922746 np0000005447 nova-scheduler[93788]: DEBUG nova.service [None req-f7bce5d1-5cf3-42b8-8783-2f0bb6925bd3 None None] Join ServiceGroup membership for this service scheduler {{(pid=93788) start /opt/stack/nova/nova/service.py:222}}
Jul 19 16:45:10.923416 np0000005447 nova-scheduler[93788]: DEBUG nova.servicegroup.drivers.db [None req-f7bce5d1-5cf3-42b8-8783-2f0bb6925bd3 None None] DB_Driver: join new ServiceGroup member np0000005447 to the scheduler group, service = {{(pid=93788) join /opt/stack/nova/nova/servicegroup/drivers/db.py:44}}
Jul 19 16:45:10.934660 np0000005447 nova-scheduler[93825]: DEBUG nova.service [None req-d08db71b-995b-4cc3-a5fc-dd66f4c61f59 None None] Join ServiceGroup membership for this service scheduler {{(pid=93825) start /opt/stack/nova/nova/service.py:222}}
Jul 19 16:45:10.934870 np0000005447 nova-scheduler[93825]: DEBUG nova.servicegroup.drivers.db [None req-d08db71b-995b-4cc3-a5fc-dd66f4c61f59 None None] DB_Driver: join new ServiceGroup member np0000005447 to the scheduler group, service = {{(pid=93825) join /opt/stack/nova/nova/servicegroup/drivers/db.py:44}}
Jul 19 16:45:15.929951 np0000005447 nova-scheduler[93778]: DEBUG oslo.service.backend._threading.loopingcall [-] Fixed interval looping call 'nova.servicegroup.drivers.db.DbDriver._report_state' sleeping for 119.99 seconds {{(pid=93778) _run_loop /opt/stack/data/venv/lib/python3.12/site-packages/oslo_service/backend/_threading/loopingcall.py:125}}
Jul 19 16:45:15.935608 np0000005447 nova-scheduler[93788]: DEBUG oslo.service.backend._threading.loopingcall [-] Fixed interval looping call 'nova.servicegroup.drivers.db.DbDriver._report_state' sleeping for 119.99 seconds {{(pid=93788) _run_loop /opt/stack/data/venv/lib/python3.12/site-packages/oslo_service/backend/_threading/loopingcall.py:125}}
Jul 19 16:45:15.954813 np0000005447 nova-scheduler[93825]: DEBUG oslo.service.backend._threading.loopingcall [-] Fixed interval looping call 'nova.servicegroup.drivers.db.DbDriver._report_state' sleeping for 119.98 seconds {{(pid=93825) _run_loop /opt/stack/data/venv/lib/python3.12/site-packages/oslo_service/backend/_threading/loopingcall.py:125}}
Jul 19 16:45:19.478043 np0000005447 nova-scheduler[92560]: DEBUG dbcounter [-] [92560] Writing DB stats nova_api:SELECT=3 {{(pid=92560) stat_writer /opt/stack/data/venv/lib/python3.12/site-packages/dbcounter.py:115}}
Jul 19 16:45:19.600608 np0000005447 nova-scheduler[92560]: DEBUG dbcounter [-] [92560] Writing DB stats nova_cell1:SELECT=1 {{(pid=92560) stat_writer /opt/stack/data/venv/lib/python3.12/site-packages/dbcounter.py:115}}
Jul 19 16:45:19.606675 np0000005447 nova-scheduler[92560]: DEBUG dbcounter [-] [92560] Writing DB stats nova_cell0:SELECT=1 {{(pid=92560) stat_writer /opt/stack/data/venv/lib/python3.12/site-packages/dbcounter.py:115}}
Jul 19 16:45:21.936833 np0000005447 nova-scheduler[93825]: DEBUG oslo.service.backend._threading.loopingcall [None req-222c6bc0-c559-431a-96e8-6ce4bdd46be1 None None] Dynamic interval looping call 'nova.service.Service.periodic_tasks' sleeping for 60.00 seconds {{(pid=93825) _run_loop /opt/stack/data/venv/lib/python3.12/site-packages/oslo_service/backend/_threading/loopingcall.py:125}}
Jul 19 16:45:25.926838 np0000005447 nova-scheduler[93778]: DEBUG dbcounter [-] [93778] Writing DB stats nova_cell0:SELECT=5,nova_cell0:INSERT=1,nova_cell0:UPDATE=1 {{(pid=93778) stat_writer /opt/stack/data/venv/lib/python3.12/site-packages/dbcounter.py:115}}
Jul 19 16:45:25.935661 np0000005447 nova-scheduler[93788]: DEBUG dbcounter [-] [93788] Writing DB stats nova_cell0:SELECT=4,nova_cell0:INSERT=1 {{(pid=93788) stat_writer /opt/stack/data/venv/lib/python3.12/site-packages/dbcounter.py:115}}
Jul 19 16:45:25.952483 np0000005447 nova-scheduler[93825]: DEBUG dbcounter [-] [93825] Writing DB stats nova_cell0:SELECT=3 {{(pid=93825) stat_writer /opt/stack/data/venv/lib/python3.12/site-packages/dbcounter.py:115}}
Jul 19 16:45:27.915744 np0000005447 nova-scheduler[93778]: DEBUG oslo.service.backend._threading.loopingcall [None req-a9c21a45-1453-4ff2-8836-fca1d494f461 None None] Dynamic interval looping call 'nova.service.Service.periodic_tasks' sleeping for 60.00 seconds {{(pid=93778) _run_loop /opt/stack/data/venv/lib/python3.12/site-packages/oslo_service/backend/_threading/loopingcall.py:125}}
Jul 19 16:46:05.925229 np0000005447 nova-scheduler[93788]: DEBUG oslo.service.backend._threading.loopingcall [None req-26241afd-e488-490d-bfd9-5b6242344f01 None None] Dynamic interval looping call 'nova.service.Service.periodic_tasks' sleeping for 60.00 seconds {{(pid=93788) _run_loop /opt/stack/data/venv/lib/python3.12/site-packages/oslo_service/backend/_threading/loopingcall.py:125}}
Jul 19 16:46:21.937330 np0000005447 nova-scheduler[93825]: DEBUG oslo.service.backend._threading.loopingcall [None req-222c6bc0-c559-431a-96e8-6ce4bdd46be1 None None] Dynamic interval looping call 'nova.service.Service.periodic_tasks' sleeping for 60.00 seconds {{(pid=93825) _run_loop /opt/stack/data/venv/lib/python3.12/site-packages/oslo_service/backend/_threading/loopingcall.py:125}}
Jul 19 16:46:27.916185 np0000005447 nova-scheduler[93778]: DEBUG oslo.service.backend._threading.loopingcall [None req-a9c21a45-1453-4ff2-8836-fca1d494f461 None None] Dynamic interval looping call 'nova.service.Service.periodic_tasks' sleeping for 60.00 seconds {{(pid=93778) _run_loop /opt/stack/data/venv/lib/python3.12/site-packages/oslo_service/backend/_threading/loopingcall.py:125}}
Jul 19 16:47:05.925800 np0000005447 nova-scheduler[93788]: DEBUG oslo.service.backend._threading.loopingcall [None req-26241afd-e488-490d-bfd9-5b6242344f01 None None] Dynamic interval looping call 'nova.service.Service.periodic_tasks' sleeping for 60.00 seconds {{(pid=93788) _run_loop /opt/stack/data/venv/lib/python3.12/site-packages/oslo_service/backend/_threading/loopingcall.py:125}}
Jul 19 16:47:15.928859 np0000005447 nova-scheduler[93778]: DEBUG oslo.service.backend._threading.loopingcall [-] Fixed interval looping call 'nova.servicegroup.drivers.db.DbDriver._report_state' sleeping for 119.99 seconds {{(pid=93778) _run_loop /opt/stack/data/venv/lib/python3.12/site-packages/oslo_service/backend/_threading/loopingcall.py:125}}
Jul 19 16:47:15.934049 np0000005447 nova-scheduler[93788]: DEBUG oslo.service.backend._threading.loopingcall [-] Fixed interval looping call 'nova.servicegroup.drivers.db.DbDriver._report_state' sleeping for 119.99 seconds {{(pid=93788) _run_loop /opt/stack/data/venv/lib/python3.12/site-packages/oslo_service/backend/_threading/loopingcall.py:125}}
Jul 19 16:47:15.938558 np0000005447 nova-scheduler[93825]: DEBUG oslo.service.backend._threading.loopingcall [-] Fixed interval looping call 'nova.servicegroup.drivers.db.DbDriver._report_state' sleeping for 120.00 seconds {{(pid=93825) _run_loop /opt/stack/data/venv/lib/python3.12/site-packages/oslo_service/backend/_threading/loopingcall.py:125}}
Jul 19 16:47:21.937750 np0000005447 nova-scheduler[93825]: DEBUG oslo.service.backend._threading.loopingcall [None req-222c6bc0-c559-431a-96e8-6ce4bdd46be1 None None] Dynamic interval looping call 'nova.service.Service.periodic_tasks' sleeping for 60.00 seconds {{(pid=93825) _run_loop /opt/stack/data/venv/lib/python3.12/site-packages/oslo_service/backend/_threading/loopingcall.py:125}}
Jul 19 16:47:25.927221 np0000005447 nova-scheduler[93778]: DEBUG dbcounter [-] [93778] Writing DB stats nova_cell0:SELECT=1,nova_cell0:UPDATE=1 {{(pid=93778) stat_writer /opt/stack/data/venv/lib/python3.12/site-packages/dbcounter.py:115}}
Jul 19 16:47:25.933278 np0000005447 nova-scheduler[93788]: DEBUG dbcounter [-] [93788] Writing DB stats nova_cell0:SELECT=1,nova_cell0:UPDATE=1 {{(pid=93788) stat_writer /opt/stack/data/venv/lib/python3.12/site-packages/dbcounter.py:115}}
Jul 19 16:47:25.936653 np0000005447 nova-scheduler[93825]: DEBUG dbcounter [-] [93825] Writing DB stats nova_cell0:SELECT=1 {{(pid=93825) stat_writer /opt/stack/data/venv/lib/python3.12/site-packages/dbcounter.py:115}}
Jul 19 16:47:27.916753 np0000005447 nova-scheduler[93778]: DEBUG oslo.service.backend._threading.loopingcall [None req-a9c21a45-1453-4ff2-8836-fca1d494f461 None None] Dynamic interval looping call 'nova.service.Service.periodic_tasks' sleeping for 60.00 seconds {{(pid=93778) _run_loop /opt/stack/data/venv/lib/python3.12/site-packages/oslo_service/backend/_threading/loopingcall.py:125}}
Jul 19 16:47:40.430419 np0000005447 nova-scheduler[93778]: DEBUG nova.scheduler.manager [None req-8e84892a-1a6b-448e-93e3-a32307db8753 tempest-DeleteServersTestJSON-1889411547 tempest-DeleteServersTestJSON-1889411547-project-member] Starting to schedule for instances: ['1da3d39c-1e59-4b8b-bbcc-1b5d80540930'] {{(pid=93778) select_destinations /opt/stack/nova/nova/scheduler/manager.py:209}}
Jul 19 16:47:40.431168 np0000005447 nova-scheduler[93778]: DEBUG nova.scheduler.request_filter [None req-8e84892a-1a6b-448e-93e3-a32307db8753 tempest-DeleteServersTestJSON-1889411547 tempest-DeleteServersTestJSON-1889411547-project-member] compute_status_filter request filter added forbidden trait COMPUTE_STATUS_DISABLED {{(pid=93778) compute_status_filter /opt/stack/nova/nova/scheduler/request_filter.py:253}}
Jul 19 16:47:40.431337 np0000005447 nova-scheduler[93778]: DEBUG nova.scheduler.request_filter [None req-8e84892a-1a6b-448e-93e3-a32307db8753 tempest-DeleteServersTestJSON-1889411547 tempest-DeleteServersTestJSON-1889411547-project-member] Request filter 'compute_status_filter' took 0.0 seconds {{(pid=93778) wrapper /opt/stack/nova/nova/scheduler/request_filter.py:46}}
Jul 19 16:47:40.431743 np0000005447 nova-scheduler[93778]: DEBUG nova.scheduler.request_filter [None req-8e84892a-1a6b-448e-93e3-a32307db8753 tempest-DeleteServersTestJSON-1889411547 tempest-DeleteServersTestJSON-1889411547-project-member] Request filter 'accelerators_filter' took 0.0 seconds {{(pid=93778) wrapper /opt/stack/nova/nova/scheduler/request_filter.py:46}}
Jul 19 16:47:40.431887 np0000005447 nova-scheduler[93778]: DEBUG nova.scheduler.request_filter [None req-8e84892a-1a6b-448e-93e3-a32307db8753 tempest-DeleteServersTestJSON-1889411547 tempest-DeleteServersTestJSON-1889411547-project-member] Request filter 'packed_virtqueue_filter' took 0.0 seconds {{(pid=93778) wrapper /opt/stack/nova/nova/scheduler/request_filter.py:46}}
Jul 19 16:47:40.432243 np0000005447 nova-scheduler[93778]: DEBUG nova.scheduler.request_filter [None req-8e84892a-1a6b-448e-93e3-a32307db8753 tempest-DeleteServersTestJSON-1889411547 tempest-DeleteServersTestJSON-1889411547-project-member] Request filter 'remote_managed_ports_filter' took 0.0 seconds {{(pid=93778) wrapper /opt/stack/nova/nova/scheduler/request_filter.py:46}}
Jul 19 16:47:40.432474 np0000005447 nova-scheduler[93778]: DEBUG nova.scheduler.request_filter [None req-8e84892a-1a6b-448e-93e3-a32307db8753 tempest-DeleteServersTestJSON-1889411547 tempest-DeleteServersTestJSON-1889411547-project-member] ephemeral_encryption_filter skipped {{(pid=93778) ephemeral_encryption_filter /opt/stack/nova/nova/scheduler/request_filter.py:426}}
Jul 19 16:47:40.432680 np0000005447 nova-scheduler[93778]: DEBUG nova.scheduler.request_filter [None req-8e84892a-1a6b-448e-93e3-a32307db8753 tempest-DeleteServersTestJSON-1889411547 tempest-DeleteServersTestJSON-1889411547-project-member] virtio_sound_filter skipped {{(pid=93778) virtio_sound_filter /opt/stack/nova/nova/scheduler/request_filter.py:460}}
Jul 19 16:47:40.433157 np0000005447 nova-scheduler[93778]: DEBUG nova.scheduler.request_filter [None req-8e84892a-1a6b-448e-93e3-a32307db8753 tempest-DeleteServersTestJSON-1889411547 tempest-DeleteServersTestJSON-1889411547-project-member] tpm_secret_security_filter skipped {{(pid=93778) tpm_secret_security_filter /opt/stack/nova/nova/scheduler/request_filter.py:477}}
Jul 19 16:47:41.200504 np0000005447 nova-scheduler[93778]: INFO nova.utils [None req-8e84892a-1a6b-448e-93e3-a32307db8753 tempest-DeleteServersTestJSON-1889411547 tempest-DeleteServersTestJSON-1889411547-project-member] The cell worker thread pool ForkProcess-1.cell_worker is initialized
Jul 19 16:47:41.200866 np0000005447 nova-scheduler[93778]: DEBUG oslo_concurrency.lockutils [None req-8e84892a-1a6b-448e-93e3-a32307db8753 tempest-DeleteServersTestJSON-1889411547 tempest-DeleteServersTestJSON-1889411547-project-member] Acquiring lock "175abd05-01af-4155-bacb-f98448b89a55" by "nova.context.set_target_cell..get_or_set_cached_cell_and_set_connections" {{(pid=93778) inner /opt/stack/data/venv/lib/python3.12/site-packages/oslo_concurrency/lockutils.py:512}}
Jul 19 16:47:41.201100 np0000005447 nova-scheduler[93778]: DEBUG oslo_concurrency.lockutils [None req-8e84892a-1a6b-448e-93e3-a32307db8753 tempest-DeleteServersTestJSON-1889411547 tempest-DeleteServersTestJSON-1889411547-project-member] Lock "175abd05-01af-4155-bacb-f98448b89a55" acquired by "nova.context.set_target_cell..get_or_set_cached_cell_and_set_connections" :: waited 0.000s {{(pid=93778) inner /opt/stack/data/venv/lib/python3.12/site-packages/oslo_concurrency/lockutils.py:525}}
Jul 19 16:47:41.202638 np0000005447 nova-scheduler[93778]: DEBUG oslo_concurrency.lockutils [None req-8e84892a-1a6b-448e-93e3-a32307db8753 tempest-DeleteServersTestJSON-1889411547 tempest-DeleteServersTestJSON-1889411547-project-member] Lock "175abd05-01af-4155-bacb-f98448b89a55" "released" by "nova.context.set_target_cell..get_or_set_cached_cell_and_set_connections" :: held 0.001s {{(pid=93778) inner /opt/stack/data/venv/lib/python3.12/site-packages/oslo_concurrency/lockutils.py:544}}
Jul 19 16:47:41.204754 np0000005447 nova-scheduler[93778]: INFO dbcounter [None req-8e84892a-1a6b-448e-93e3-a32307db8753 tempest-DeleteServersTestJSON-1889411547 tempest-DeleteServersTestJSON-1889411547-project-member] Registered counter for database nova_cell1
Jul 19 16:47:41.246238 np0000005447 nova-scheduler[93778]: DEBUG oslo_db.sqlalchemy.engines [None req-8e84892a-1a6b-448e-93e3-a32307db8753 tempest-DeleteServersTestJSON-1889411547 tempest-DeleteServersTestJSON-1889411547-project-member] MySQL server mode set to STRICT_TRANS_TABLES,STRICT_ALL_TABLES,NO_ZERO_IN_DATE,NO_ZERO_DATE,ERROR_FOR_DIVISION_BY_ZERO,TRADITIONAL,NO_ENGINE_SUBSTITUTION {{(pid=93778) _check_effective_sql_mode /opt/stack/data/venv/lib/python3.12/site-packages/oslo_db/sqlalchemy/engines.py:325}}
Jul 19 16:47:41.252582 np0000005447 nova-scheduler[93778]: DEBUG dbcounter [-] [93778] Writer thread running {{(pid=93778) stat_writer /opt/stack/data/venv/lib/python3.12/site-packages/dbcounter.py:102}}
Jul 19 16:47:41.267851 np0000005447 nova-scheduler[93778]: DEBUG oslo_db.sqlalchemy.engines [None req-8e84892a-1a6b-448e-93e3-a32307db8753 tempest-DeleteServersTestJSON-1889411547 tempest-DeleteServersTestJSON-1889411547-project-member] Parent process 92560 forked (93778) with an open database connection, which is being discarded and recreated. {{(pid=93778) checkout /opt/stack/data/venv/lib/python3.12/site-packages/oslo_db/sqlalchemy/engines.py:402}}
Jul 19 16:47:41.317619 np0000005447 nova-scheduler[93778]: DEBUG dbcounter [-] [93778] Writer thread running {{(pid=93778) stat_writer /opt/stack/data/venv/lib/python3.12/site-packages/dbcounter.py:102}}
Jul 19 16:47:41.320872 np0000005447 nova-scheduler[93778]: DEBUG oslo_concurrency.lockutils [None req-8e84892a-1a6b-448e-93e3-a32307db8753 tempest-DeleteServersTestJSON-1889411547 tempest-DeleteServersTestJSON-1889411547-project-member] Acquiring lock "175abd05-01af-4155-bacb-f98448b89a55" by "nova.context.set_target_cell..get_or_set_cached_cell_and_set_connections" {{(pid=93778) inner /opt/stack/data/venv/lib/python3.12/site-packages/oslo_concurrency/lockutils.py:512}}
Jul 19 16:47:41.320989 np0000005447 nova-scheduler[93778]: DEBUG oslo_concurrency.lockutils [None req-8e84892a-1a6b-448e-93e3-a32307db8753 tempest-DeleteServersTestJSON-1889411547 tempest-DeleteServersTestJSON-1889411547-project-member] Lock "175abd05-01af-4155-bacb-f98448b89a55" acquired by "nova.context.set_target_cell..get_or_set_cached_cell_and_set_connections" :: waited 0.000s {{(pid=93778) inner /opt/stack/data/venv/lib/python3.12/site-packages/oslo_concurrency/lockutils.py:525}}
Jul 19 16:47:41.321138 np0000005447 nova-scheduler[93778]: DEBUG oslo_concurrency.lockutils [None req-8e84892a-1a6b-448e-93e3-a32307db8753 tempest-DeleteServersTestJSON-1889411547 tempest-DeleteServersTestJSON-1889411547-project-member] Lock "175abd05-01af-4155-bacb-f98448b89a55" "released" by "nova.context.set_target_cell..get_or_set_cached_cell_and_set_connections" :: held 0.000s {{(pid=93778) inner /opt/stack/data/venv/lib/python3.12/site-packages/oslo_concurrency/lockutils.py:544}}
Jul 19 16:47:41.324245 np0000005447 nova-scheduler[93778]: DEBUG oslo_concurrency.lockutils [None req-8e84892a-1a6b-448e-93e3-a32307db8753 tempest-DeleteServersTestJSON-1889411547 tempest-DeleteServersTestJSON-1889411547-project-member] Acquiring lock "np0000005447-np0000005447" by "nova.scheduler.host_manager.HostState.update.._locked_update" {{(pid=93778) inner /opt/stack/data/venv/lib/python3.12/site-packages/oslo_concurrency/lockutils.py:512}}
Jul 19 16:47:41.324435 np0000005447 nova-scheduler[93778]: DEBUG oslo_concurrency.lockutils [None req-8e84892a-1a6b-448e-93e3-a32307db8753 tempest-DeleteServersTestJSON-1889411547 tempest-DeleteServersTestJSON-1889411547-project-member] Lock "np0000005447-np0000005447" acquired by "nova.scheduler.host_manager.HostState.update.._locked_update" :: waited 0.000s {{(pid=93778) inner /opt/stack/data/venv/lib/python3.12/site-packages/oslo_concurrency/lockutils.py:525}}
Jul 19 16:47:41.325793 np0000005447 nova-scheduler[93778]: DEBUG nova.scheduler.host_manager [None req-8e84892a-1a6b-448e-93e3-a32307db8753 tempest-DeleteServersTestJSON-1889411547 tempest-DeleteServersTestJSON-1889411547-project-member] Update host state from compute node: ComputeNode(cpu_allocation_ratio=4.0,cpu_info='{"arch": "x86_64", "model": "EPYC-Milan", "vendor": "AMD", "topology": {"cells": 1, "sockets": 16, "cores": 1, "threads": 1}, "maxphysaddr": {"mode": "emulate", "bits": 40}, "features": ["msr", "perfctr_core", "wbnoinvd", "npt", "pse", "ibpb", "lbrv", "skip-l1dfl-vmentry", "apic", "sep", "bmi1", "gds-no", "pschange-mc-no", "topoext", "pku", "null-sel-clr-base", "tsc", "amd-stibp", "svme-addr-chk", "smep", "lahf_lm", "sse4.2", "bmi2", "aes", "invpcid", "erms", "arat", "movbe", "pni", "3dnowprefetch", "vme", "clzero", "cmov", "clflushopt", "misalignsse", "lfence-always-serializing", "fxsr_opt", "pat", "avx2", "cx16", "amd-psfd", "mmxext", "svm", "sse4.1", "cr8legacy", "mmx", "stibp", "x2apic", "stibp-always-on", "ssbd", "xsaveerptr", "pae", "arch-capabilities", "pse36", "fsgsbase", "tsc-scale", "sse2", "vmcb-clean", "pfthreshold", "smap", "cmp_legacy", "no-nested-data-bp", "mds-no", "popcnt", "sse", "pause-filter", "ssse3", "vpclmulqdq", "adx", "fsrm", "tsc-deadline", "nrip-save", "rdpid", "cx8", "clwb", "fxsr", "rdseed", "flushbyasid", "mtrr", "de", "rdctl-no", "xsave", "fpu", "virt-ssbd", "rdtscp", "osvw", "nx", "umip", "syscall", "pclmuldq", "spec-ctrl", "ibrs", "xsaves", "lm", "vaes", "amd-ssbd", "sse4a", "vgif", "v-vmsave-vmload", "pcid", "f16c", "abm", "pdpe1gb", "xsavec", "mca", "fma", "clflush", "xgetbv1", "rdrand", "tsc_adjust", "pge", "sha-ni", "hypervisor", "avx", "xsaveopt", "mce"]}',created_at=2026-07-19T16:45:31Z,current_workload=0,deleted=False,deleted_at=None,disk_allocation_ratio=1.0,disk_available_least=73,free_disk_gb=95,free_ram_mb=62765,host='np0000005447',host_ip=10.4.3.77,hypervisor_hostname='np0000005447',hypervisor_type='QEMU',hypervisor_version=8002002,id=1,local_gb=95,local_gb_used=0,mapped=1,memory_mb=63277,memory_mb_used=512,metrics='[]',numa_topology='{"nova_object.name": "NUMATopology", "nova_object.namespace": "nova", "nova_object.version": "1.2", "nova_object.data": {"cells": [{"nova_object.name": "NUMACell", "nova_object.namespace": "nova", "nova_object.version": "1.5", "nova_object.data": {"id": 0, "cpuset": [0, 1, 2, 3, 4, 5, 6, 7, 8, 9, 10, 11, 12, 13, 14, 15], "pcpuset": [0, 1, 2, 3, 4, 5, 6, 7, 8, 9, 10, 11, 12, 13, 14, 15], "memory": 63277, "cpu_usage": 0, "memory_usage": 0, "pinned_cpus": [], "siblings": [[6], [12], [2], [15], [5], [11], [8], [14], [4], [1], [7], [10], [0], [13], [3], [9]], "mempages": [{"nova_object.name": "NUMAPagesTopology", "nova_object.namespace": "nova", "nova_object.version": "1.1", "nova_object.data": {"size_kb": 4, "total": 16177930, "used": 0, "reserved": 0}, "nova_object.changes": ["size_kb", "reserved", "used", "total"]}, {"nova_object.name": "NUMAPagesTopology", "nova_object.namespace": "nova", "nova_object.version": "1.1", "nova_object.data": {"size_kb": 2048, "total": 41, "used": 0, "reserved": 0}, "nova_object.changes": ["size_kb", "reserved", "used", "total"]}, {"nova_object.name": "NUMAPagesTopology", "nova_object.namespace": "nova", "nova_object.version": "1.1", "nova_object.data": {"size_kb": 1048576, "total": 0, "used": 0, "reserved": 0}, "nova_object.changes": ["size_kb", "reserved", "used", "total"]}], "network_metadata": {"nova_object.name": "NetworkMetadata", "nova_object.namespace": "nova", "nova_object.version": "1.0", "nova_object.data": {"physnets": [], "tunneled": false}, "nova_object.changes": ["tunneled", "physnets"]}, "socket": null}, "nova_object.changes": ["socket", "pcpuset", "memory_usage", "memory", "siblings", "id", "mempages", "cpu_usage", "cpuset", "pinned_cpus", "network_metadata"]}]}, "nova_object.changes": ["cells"]}',pci_device_pools=PciDevicePoolList,ram_allocation_ratio=1.0,running_vms=0,service_id=2,stats={failed_builds='0',uptime=' 16:47:20 up 13 min, 2 users, load average: 1.34, 1.25, 0.74
Jul 19 16:47:41.325793 np0000005447 nova-scheduler[93778]: '},supported_hv_specs=[HVSpec,HVSpec,HVSpec,HVSpec,HVSpec,HVSpec,HVSpec,HVSpec,HVSpec,HVSpec,HVSpec,HVSpec,HVSpec,HVSpec,HVSpec,HVSpec,HVSpec,HVSpec,HVSpec,HVSpec,HVSpec,HVSpec,HVSpec,HVSpec,HVSpec],updated_at=2026-07-19T16:47:20Z,uuid=9548b55d-931e-4e7b-b5cd-34e6f883410f,vcpus=16,vcpus_used=0) {{(pid=93778) _locked_update /opt/stack/nova/nova/scheduler/host_manager.py:168}}
Jul 19 16:47:41.326895 np0000005447 nova-scheduler[93778]: DEBUG nova.scheduler.host_manager [None req-8e84892a-1a6b-448e-93e3-a32307db8753 tempest-DeleteServersTestJSON-1889411547 tempest-DeleteServersTestJSON-1889411547-project-member] Update host state with aggregates: [] {{(pid=93778) _locked_update /opt/stack/nova/nova/scheduler/host_manager.py:171}}
Jul 19 16:47:41.326999 np0000005447 nova-scheduler[93778]: DEBUG nova.scheduler.host_manager [None req-8e84892a-1a6b-448e-93e3-a32307db8753 tempest-DeleteServersTestJSON-1889411547 tempest-DeleteServersTestJSON-1889411547-project-member] Update host state with service dict: {'id': 2, 'uuid': 'ab477d5a-6f6a-41d1-ba16-366ed55cfeaa', 'host': 'np0000005447', 'binary': 'nova-compute', 'topic': 'compute', 'report_count': 2, 'disabled': False, 'disabled_reason': None, 'last_seen_up': datetime.datetime(2026, 7, 19, 16, 47, 37, tzinfo=datetime.timezone.utc), 'forced_down': False, 'version': 72, 'created_at': datetime.datetime(2026, 7, 19, 16, 45, 30, tzinfo=datetime.timezone.utc), 'updated_at': datetime.datetime(2026, 7, 19, 16, 47, 37, tzinfo=datetime.timezone.utc), 'deleted_at': None, 'deleted': False} {{(pid=93778) _locked_update /opt/stack/nova/nova/scheduler/host_manager.py:174}}
Jul 19 16:47:41.327127 np0000005447 nova-scheduler[93778]: DEBUG nova.scheduler.host_manager [None req-8e84892a-1a6b-448e-93e3-a32307db8753 tempest-DeleteServersTestJSON-1889411547 tempest-DeleteServersTestJSON-1889411547-project-member] Update host state with instances: [] {{(pid=93778) _locked_update /opt/stack/nova/nova/scheduler/host_manager.py:177}}
Jul 19 16:47:41.327452 np0000005447 nova-scheduler[93778]: DEBUG oslo_concurrency.lockutils [None req-8e84892a-1a6b-448e-93e3-a32307db8753 tempest-DeleteServersTestJSON-1889411547 tempest-DeleteServersTestJSON-1889411547-project-member] Lock "np0000005447-np0000005447" "released" by "nova.scheduler.host_manager.HostState.update.._locked_update" :: held 0.003s {{(pid=93778) inner /opt/stack/data/venv/lib/python3.12/site-packages/oslo_concurrency/lockutils.py:544}}
Jul 19 16:47:41.328769 np0000005447 nova-scheduler[93778]: DEBUG nova.filters [None req-8e84892a-1a6b-448e-93e3-a32307db8753 tempest-DeleteServersTestJSON-1889411547 tempest-DeleteServersTestJSON-1889411547-project-member] Starting with 1 host(s) {{(pid=93778) get_filtered_objects /opt/stack/nova/nova/filters.py:70}}
Jul 19 16:47:41.328962 np0000005447 nova-scheduler[93778]: DEBUG nova.filters [None req-8e84892a-1a6b-448e-93e3-a32307db8753 tempest-DeleteServersTestJSON-1889411547 tempest-DeleteServersTestJSON-1889411547-project-member] Filter ComputeFilter returned 1 host(s) {{(pid=93778) get_filtered_objects /opt/stack/nova/nova/filters.py:102}}
Jul 19 16:47:41.329377 np0000005447 nova-scheduler[93778]: DEBUG nova.filters [None req-8e84892a-1a6b-448e-93e3-a32307db8753 tempest-DeleteServersTestJSON-1889411547 tempest-DeleteServersTestJSON-1889411547-project-member] Filter ComputeCapabilitiesFilter returned 1 host(s) {{(pid=93778) get_filtered_objects /opt/stack/nova/nova/filters.py:102}}
Jul 19 16:47:41.329659 np0000005447 nova-scheduler[93778]: DEBUG nova.filters [None req-8e84892a-1a6b-448e-93e3-a32307db8753 tempest-DeleteServersTestJSON-1889411547 tempest-DeleteServersTestJSON-1889411547-project-member] Filter ImagePropertiesFilter returned 1 host(s) {{(pid=93778) get_filtered_objects /opt/stack/nova/nova/filters.py:102}}
Jul 19 16:47:41.329818 np0000005447 nova-scheduler[93778]: DEBUG nova.filters [None req-8e84892a-1a6b-448e-93e3-a32307db8753 tempest-DeleteServersTestJSON-1889411547 tempest-DeleteServersTestJSON-1889411547-project-member] Filter ServerGroupAntiAffinityFilter returned 1 host(s) {{(pid=93778) get_filtered_objects /opt/stack/nova/nova/filters.py:102}}
Jul 19 16:47:41.330167 np0000005447 nova-scheduler[93778]: DEBUG nova.filters [None req-8e84892a-1a6b-448e-93e3-a32307db8753 tempest-DeleteServersTestJSON-1889411547 tempest-DeleteServersTestJSON-1889411547-project-member] Filter ServerGroupAffinityFilter returned 1 host(s) {{(pid=93778) get_filtered_objects /opt/stack/nova/nova/filters.py:102}}
Jul 19 16:47:41.330318 np0000005447 nova-scheduler[93778]: DEBUG nova.filters [None req-8e84892a-1a6b-448e-93e3-a32307db8753 tempest-DeleteServersTestJSON-1889411547 tempest-DeleteServersTestJSON-1889411547-project-member] Filter SameHostFilter returned 1 host(s) {{(pid=93778) get_filtered_objects /opt/stack/nova/nova/filters.py:102}}
Jul 19 16:47:41.330448 np0000005447 nova-scheduler[93778]: DEBUG nova.filters [None req-8e84892a-1a6b-448e-93e3-a32307db8753 tempest-DeleteServersTestJSON-1889411547 tempest-DeleteServersTestJSON-1889411547-project-member] Filter DifferentHostFilter returned 1 host(s) {{(pid=93778) get_filtered_objects /opt/stack/nova/nova/filters.py:102}}
Jul 19 16:47:41.330664 np0000005447 nova-scheduler[93778]: DEBUG nova.scheduler.manager [None req-8e84892a-1a6b-448e-93e3-a32307db8753 tempest-DeleteServersTestJSON-1889411547 tempest-DeleteServersTestJSON-1889411547-project-member] Filtered [(np0000005447, np0000005447) ram: 62765MB disk: 74752MB io_ops: 0 instances: 0, allocation_candidates: 1] {{(pid=93778) _get_sorted_hosts /opt/stack/nova/nova/scheduler/manager.py:742}}
Jul 19 16:47:41.330849 np0000005447 nova-scheduler[93778]: DEBUG nova.scheduler.manager [None req-8e84892a-1a6b-448e-93e3-a32307db8753 tempest-DeleteServersTestJSON-1889411547 tempest-DeleteServersTestJSON-1889411547-project-member] Weighed [WeighedHost [host: (np0000005447, np0000005447) ram: 62765MB disk: 74752MB io_ops: 0 instances: 0, allocation_candidates: 1, weight: 0.0]] {{(pid=93778) _get_sorted_hosts /opt/stack/nova/nova/scheduler/manager.py:764}}
Jul 19 16:47:41.331234 np0000005447 nova-scheduler[93778]: DEBUG nova.scheduler.utils [None req-8e84892a-1a6b-448e-93e3-a32307db8753 tempest-DeleteServersTestJSON-1889411547 tempest-DeleteServersTestJSON-1889411547-project-member] Attempting to claim resources in the placement API for instance 1da3d39c-1e59-4b8b-bbcc-1b5d80540930 {{(pid=93778) claim_resources /opt/stack/nova/nova/scheduler/utils.py:1345}}
Jul 19 16:47:41.403314 np0000005447 nova-scheduler[93788]: DEBUG nova.scheduler.manager [None req-d0402d0a-7e0a-4711-b70f-06d792ebdb5f tempest-ServerStableDeviceRescueTest-2143649381 tempest-ServerStableDeviceRescueTest-2143649381-project-member] Starting to schedule for instances: ['d433ef03-5b82-4dbc-9ecd-ceea5c78979e'] {{(pid=93788) select_destinations /opt/stack/nova/nova/scheduler/manager.py:209}}
Jul 19 16:47:41.404146 np0000005447 nova-scheduler[93788]: DEBUG nova.scheduler.request_filter [None req-d0402d0a-7e0a-4711-b70f-06d792ebdb5f tempest-ServerStableDeviceRescueTest-2143649381 tempest-ServerStableDeviceRescueTest-2143649381-project-member] compute_status_filter request filter added forbidden trait COMPUTE_STATUS_DISABLED {{(pid=93788) compute_status_filter /opt/stack/nova/nova/scheduler/request_filter.py:253}}
Jul 19 16:47:41.404305 np0000005447 nova-scheduler[93788]: DEBUG nova.scheduler.request_filter [None req-d0402d0a-7e0a-4711-b70f-06d792ebdb5f tempest-ServerStableDeviceRescueTest-2143649381 tempest-ServerStableDeviceRescueTest-2143649381-project-member] Request filter 'compute_status_filter' took 0.0 seconds {{(pid=93788) wrapper /opt/stack/nova/nova/scheduler/request_filter.py:46}}
Jul 19 16:47:41.404600 np0000005447 nova-scheduler[93788]: DEBUG nova.scheduler.request_filter [None req-d0402d0a-7e0a-4711-b70f-06d792ebdb5f tempest-ServerStableDeviceRescueTest-2143649381 tempest-ServerStableDeviceRescueTest-2143649381-project-member] Request filter 'accelerators_filter' took 0.0 seconds {{(pid=93788) wrapper /opt/stack/nova/nova/scheduler/request_filter.py:46}}
Jul 19 16:47:41.404836 np0000005447 nova-scheduler[93788]: DEBUG nova.scheduler.request_filter [None req-d0402d0a-7e0a-4711-b70f-06d792ebdb5f tempest-ServerStableDeviceRescueTest-2143649381 tempest-ServerStableDeviceRescueTest-2143649381-project-member] Request filter 'packed_virtqueue_filter' took 0.0 seconds {{(pid=93788) wrapper /opt/stack/nova/nova/scheduler/request_filter.py:46}}
Jul 19 16:47:41.405187 np0000005447 nova-scheduler[93788]: DEBUG nova.scheduler.request_filter [None req-d0402d0a-7e0a-4711-b70f-06d792ebdb5f tempest-ServerStableDeviceRescueTest-2143649381 tempest-ServerStableDeviceRescueTest-2143649381-project-member] Request filter 'remote_managed_ports_filter' took 0.0 seconds {{(pid=93788) wrapper /opt/stack/nova/nova/scheduler/request_filter.py:46}}
Jul 19 16:47:41.405397 np0000005447 nova-scheduler[93788]: DEBUG nova.scheduler.request_filter [None req-d0402d0a-7e0a-4711-b70f-06d792ebdb5f tempest-ServerStableDeviceRescueTest-2143649381 tempest-ServerStableDeviceRescueTest-2143649381-project-member] ephemeral_encryption_filter skipped {{(pid=93788) ephemeral_encryption_filter /opt/stack/nova/nova/scheduler/request_filter.py:426}}
Jul 19 16:47:41.405608 np0000005447 nova-scheduler[93788]: DEBUG nova.scheduler.request_filter [None req-d0402d0a-7e0a-4711-b70f-06d792ebdb5f tempest-ServerStableDeviceRescueTest-2143649381 tempest-ServerStableDeviceRescueTest-2143649381-project-member] virtio_sound_filter skipped {{(pid=93788) virtio_sound_filter /opt/stack/nova/nova/scheduler/request_filter.py:460}}
Jul 19 16:47:41.405900 np0000005447 nova-scheduler[93788]: DEBUG nova.scheduler.request_filter [None req-d0402d0a-7e0a-4711-b70f-06d792ebdb5f tempest-ServerStableDeviceRescueTest-2143649381 tempest-ServerStableDeviceRescueTest-2143649381-project-member] tpm_secret_security_filter skipped {{(pid=93788) tpm_secret_security_filter /opt/stack/nova/nova/scheduler/request_filter.py:477}}
Jul 19 16:47:41.513198 np0000005447 nova-scheduler[93778]: DEBUG nova.scheduler.manager [None req-8e84892a-1a6b-448e-93e3-a32307db8753 tempest-DeleteServersTestJSON-1889411547 tempest-DeleteServersTestJSON-1889411547-project-member] [instance: 1da3d39c-1e59-4b8b-bbcc-1b5d80540930] Selected host: (np0000005447, np0000005447) ram: 62765MB disk: 74752MB io_ops: 0 instances: 0, allocation_candidates: 1 {{(pid=93778) _consume_selected_host /opt/stack/nova/nova/scheduler/manager.py:624}}
Jul 19 16:47:41.513566 np0000005447 nova-scheduler[93778]: DEBUG oslo_concurrency.lockutils [None req-8e84892a-1a6b-448e-93e3-a32307db8753 tempest-DeleteServersTestJSON-1889411547 tempest-DeleteServersTestJSON-1889411547-project-member] Acquiring lock "np0000005447-np0000005447" by "nova.scheduler.host_manager.HostState.consume_from_request.._locked" {{(pid=93778) inner /opt/stack/data/venv/lib/python3.12/site-packages/oslo_concurrency/lockutils.py:512}}
Jul 19 16:47:41.513800 np0000005447 nova-scheduler[93778]: DEBUG oslo_concurrency.lockutils [None req-8e84892a-1a6b-448e-93e3-a32307db8753 tempest-DeleteServersTestJSON-1889411547 tempest-DeleteServersTestJSON-1889411547-project-member] Lock "np0000005447-np0000005447" acquired by "nova.scheduler.host_manager.HostState.consume_from_request.._locked" :: waited 0.000s {{(pid=93778) inner /opt/stack/data/venv/lib/python3.12/site-packages/oslo_concurrency/lockutils.py:525}}
