Jun 26 08:51:39.172282 np0000003722 devstack@g-api.service[99586]: DEBUG glance.api.middleware.version_negotiation [None req-209c31f7-28c0-4d87-824d-0d7714983a40 tempest-ServerBootFromVolumeStableRescueTest-709248770 tempest-ServerBootFromVolumeStableRescueTest-709248770-project-member] Determining version of request: GET /v2/images/88e42d3e-337e-4b88-b7fe-70083687dc08 Accept: */* {{(pid=99586) process_request /opt/stack/glance/glance/api/middleware/version_negotiation.py:44}}
Jun 26 08:51:39.176106 np0000003722 devstack@g-api.service[99586]: DEBUG glance.api.middleware.version_negotiation [None req-209c31f7-28c0-4d87-824d-0d7714983a40 tempest-ServerBootFromVolumeStableRescueTest-709248770 tempest-ServerBootFromVolumeStableRescueTest-709248770-project-member] Using url versioning {{(pid=99586) process_request /opt/stack/glance/glance/api/middleware/version_negotiation.py:57}}
Jun 26 08:51:39.176663 np0000003722 devstack@g-api.service[99586]: DEBUG glance.api.middleware.version_negotiation [None req-209c31f7-28c0-4d87-824d-0d7714983a40 tempest-ServerBootFromVolumeStableRescueTest-709248770 tempest-ServerBootFromVolumeStableRescueTest-709248770-project-member] Matched version: v2 {{(pid=99586) process_request /opt/stack/glance/glance/api/middleware/version_negotiation.py:69}}
Jun 26 08:51:39.176828 np0000003722 devstack@g-api.service[99586]: DEBUG glance.api.middleware.version_negotiation [None req-209c31f7-28c0-4d87-824d-0d7714983a40 tempest-ServerBootFromVolumeStableRescueTest-709248770 tempest-ServerBootFromVolumeStableRescueTest-709248770-project-member] new path /v2/images/88e42d3e-337e-4b88-b7fe-70083687dc08 {{(pid=99586) process_request /opt/stack/glance/glance/api/middleware/version_negotiation.py:70}}
Jun 26 08:51:39.193083 np0000003722 devstack@g-api.service[99586]: [pid: 99586|app: 0|req: 40/114] 127.0.0.1 () {44 vars in 1111 bytes} [Fri Jun 26 08:51:39 2026] GET /v2/images/88e42d3e-337e-4b88-b7fe-70083687dc08 => generated 1469 bytes in 21 msecs (HTTP/1.1 200) 4 headers in 158 bytes (1 switches on core 0)
Jun 26 08:51:39.231683 np0000003722 devstack@g-api.service[99587]: DEBUG glance.api.middleware.version_negotiation [None req-209c31f7-28c0-4d87-824d-0d7714983a40 tempest-ServerBootFromVolumeStableRescueTest-709248770 tempest-ServerBootFromVolumeStableRescueTest-709248770-project-member] Determining version of request: PUT /v2/images/88e42d3e-337e-4b88-b7fe-70083687dc08/file Accept: */* {{(pid=99587) process_request /opt/stack/glance/glance/api/middleware/version_negotiation.py:44}}
Jun 26 08:51:39.231831 np0000003722 devstack@g-api.service[99587]: DEBUG glance.api.middleware.version_negotiation [None req-209c31f7-28c0-4d87-824d-0d7714983a40 tempest-ServerBootFromVolumeStableRescueTest-709248770 tempest-ServerBootFromVolumeStableRescueTest-709248770-project-member] Using url versioning {{(pid=99587) process_request /opt/stack/glance/glance/api/middleware/version_negotiation.py:57}}
Jun 26 08:51:39.231987 np0000003722 devstack@g-api.service[99587]: DEBUG glance.api.middleware.version_negotiation [None req-209c31f7-28c0-4d87-824d-0d7714983a40 tempest-ServerBootFromVolumeStableRescueTest-709248770 tempest-ServerBootFromVolumeStableRescueTest-709248770-project-member] Matched version: v2 {{(pid=99587) process_request /opt/stack/glance/glance/api/middleware/version_negotiation.py:69}}
Jun 26 08:51:39.232128 np0000003722 devstack@g-api.service[99587]: DEBUG glance.api.middleware.version_negotiation [None req-209c31f7-28c0-4d87-824d-0d7714983a40 tempest-ServerBootFromVolumeStableRescueTest-709248770 tempest-ServerBootFromVolumeStableRescueTest-709248770-project-member] new path /v2/images/88e42d3e-337e-4b88-b7fe-70083687dc08/file {{(pid=99587) process_request /opt/stack/glance/glance/api/middleware/version_negotiation.py:70}}
Jun 26 08:51:39.417488 np0000003722 devstack@g-api.service[99588]: DEBUG glance.api.middleware.version_negotiation [None req-209c31f7-28c0-4d87-824d-0d7714983a40 tempest-ServerBootFromVolumeStableRescueTest-709248770 tempest-ServerBootFromVolumeStableRescueTest-709248770-project-member] Determining version of request: GET /v2/images/88e42d3e-337e-4b88-b7fe-70083687dc08 Accept: application/json {{(pid=99588) process_request /opt/stack/glance/glance/api/middleware/version_negotiation.py:44}}
Jun 26 08:51:39.417676 np0000003722 devstack@g-api.service[99588]: DEBUG glance.api.middleware.version_negotiation [None req-209c31f7-28c0-4d87-824d-0d7714983a40 tempest-ServerBootFromVolumeStableRescueTest-709248770 tempest-ServerBootFromVolumeStableRescueTest-709248770-project-member] Using url versioning {{(pid=99588) process_request /opt/stack/glance/glance/api/middleware/version_negotiation.py:57}}
Jun 26 08:51:39.417907 np0000003722 devstack@g-api.service[99588]: DEBUG glance.api.middleware.version_negotiation [None req-209c31f7-28c0-4d87-824d-0d7714983a40 tempest-ServerBootFromVolumeStableRescueTest-709248770 tempest-ServerBootFromVolumeStableRescueTest-709248770-project-member] Matched version: v2 {{(pid=99588) process_request /opt/stack/glance/glance/api/middleware/version_negotiation.py:69}}
Jun 26 08:51:39.417986 np0000003722 devstack@g-api.service[99588]: DEBUG glance.api.middleware.version_negotiation [None req-209c31f7-28c0-4d87-824d-0d7714983a40 tempest-ServerBootFromVolumeStableRescueTest-709248770 tempest-ServerBootFromVolumeStableRescueTest-709248770-project-member] new path /v2/images/88e42d3e-337e-4b88-b7fe-70083687dc08 {{(pid=99588) process_request /opt/stack/glance/glance/api/middleware/version_negotiation.py:70}}
Jun 26 08:51:39.429569 np0000003722 devstack@g-api.service[99588]: [pid: 99588|app: 0|req: 41/115] 127.0.0.1 () {40 vars in 834 bytes} [Fri Jun 26 08:51:39 2026] GET /v2/images/88e42d3e-337e-4b88-b7fe-70083687dc08 => generated 1469 bytes in 12 msecs (HTTP/1.1 200) 4 headers in 158 bytes (1 switches on core 0)
Jun 26 08:51:39.951321 np0000003722 devstack@g-api.service[99587]: INFO glance.api.v2.image_data [None req-209c31f7-28c0-4d87-824d-0d7714983a40 tempest-ServerBootFromVolumeStableRescueTest-709248770 tempest-ServerBootFromVolumeStableRescueTest-709248770-project-member] Unable to create trust: no such option collect_timing in group [keystone_authtoken] Use the existing user token.
Jun 26 08:51:40.437904 np0000003722 devstack@g-api.service[99586]: DEBUG glance.api.middleware.version_negotiation [None req-209c31f7-28c0-4d87-824d-0d7714983a40 tempest-ServerBootFromVolumeStableRescueTest-709248770 tempest-ServerBootFromVolumeStableRescueTest-709248770-project-member] Determining version of request: GET /v2/images/88e42d3e-337e-4b88-b7fe-70083687dc08 Accept: application/json {{(pid=99586) process_request /opt/stack/glance/glance/api/middleware/version_negotiation.py:44}}
Jun 26 08:51:40.438380 np0000003722 devstack@g-api.service[99586]: DEBUG glance.api.middleware.version_negotiation [None req-209c31f7-28c0-4d87-824d-0d7714983a40 tempest-ServerBootFromVolumeStableRescueTest-709248770 tempest-ServerBootFromVolumeStableRescueTest-709248770-project-member] Using url versioning {{(pid=99586) process_request /opt/stack/glance/glance/api/middleware/version_negotiation.py:57}}
Jun 26 08:51:40.438380 np0000003722 devstack@g-api.service[99586]: DEBUG glance.api.middleware.version_negotiation [None req-209c31f7-28c0-4d87-824d-0d7714983a40 tempest-ServerBootFromVolumeStableRescueTest-709248770 tempest-ServerBootFromVolumeStableRescueTest-709248770-project-member] Matched version: v2 {{(pid=99586) process_request /opt/stack/glance/glance/api/middleware/version_negotiation.py:69}}
Jun 26 08:51:40.438550 np0000003722 devstack@g-api.service[99586]: DEBUG glance.api.middleware.version_negotiation [None req-209c31f7-28c0-4d87-824d-0d7714983a40 tempest-ServerBootFromVolumeStableRescueTest-709248770 tempest-ServerBootFromVolumeStableRescueTest-709248770-project-member] new path /v2/images/88e42d3e-337e-4b88-b7fe-70083687dc08 {{(pid=99586) process_request /opt/stack/glance/glance/api/middleware/version_negotiation.py:70}}
Jun 26 08:51:40.454092 np0000003722 devstack@g-api.service[99586]: [pid: 99586|app: 0|req: 41/116] 127.0.0.1 () {40 vars in 834 bytes} [Fri Jun 26 08:51:40 2026] GET /v2/images/88e42d3e-337e-4b88-b7fe-70083687dc08 => generated 1469 bytes in 16 msecs (HTTP/1.1 200) 4 headers in 158 bytes (1 switches on core 0)
Jun 26 08:51:40.593274 np0000003722 devstack@g-api.service[99587]: DEBUG glance.location [None req-209c31f7-28c0-4d87-824d-0d7714983a40 tempest-ServerBootFromVolumeStableRescueTest-709248770 tempest-ServerBootFromVolumeStableRescueTest-709248770-project-member] Enabling in-flight format inspection for qcow2 {{(pid=99587) set_data /opt/stack/glance/glance/location.py:616}}
Jun 26 08:51:40.593619 np0000003722 devstack@g-api.service[99587]: DEBUG glance_store.backend [None req-209c31f7-28c0-4d87-824d-0d7714983a40 tempest-ServerBootFromVolumeStableRescueTest-709248770 tempest-ServerBootFromVolumeStableRescueTest-709248770-project-member] Attempting to import store swift {{(pid=99587) _load_store /opt/stack/data/venv/lib/python3.12/site-packages/glance_store/backend.py:215}}
Jun 26 08:51:40.594822 np0000003722 devstack@g-api.service[99587]: DEBUG glance_store.capabilities [None req-209c31f7-28c0-4d87-824d-0d7714983a40 tempest-ServerBootFromVolumeStableRescueTest-709248770 tempest-ServerBootFromVolumeStableRescueTest-709248770-project-member] Store glance_store._drivers.swift.store.SingleTenantStore doesn't support updating dynamic storage capabilities. Please overwrite 'update_capabilities' method of the store to implement updating logics if needed. {{(pid=99587) update_capabilities /opt/stack/data/venv/lib/python3.12/site-packages/glance_store/capabilities.py:91}}
Jun 26 08:51:40.594900 np0000003722 devstack@g-api.service[99587]: DEBUG glance_store.driver [None req-209c31f7-28c0-4d87-824d-0d7714983a40 tempest-ServerBootFromVolumeStableRescueTest-709248770 tempest-ServerBootFromVolumeStableRescueTest-709248770-project-member] Late loading location class glance_store._drivers.swift.store.StoreLocation {{(pid=99587) get_store_location_class /opt/stack/data/venv/lib/python3.12/site-packages/glance_store/driver.py:134}}
Jun 26 08:51:40.594994 np0000003722 devstack@g-api.service[99587]: DEBUG glance_store.location [None req-209c31f7-28c0-4d87-824d-0d7714983a40 tempest-ServerBootFromVolumeStableRescueTest-709248770 tempest-ServerBootFromVolumeStableRescueTest-709248770-project-member] Registering scheme swift+https with {'store': , 'location_class': , 'store_entry': 'swift'} {{(pid=99587) register_scheme_map /opt/stack/data/venv/lib/python3.12/site-packages/glance_store/location.py:146}}
Jun 26 08:51:40.595066 np0000003722 devstack@g-api.service[99587]: DEBUG glance_store.location [None req-209c31f7-28c0-4d87-824d-0d7714983a40 tempest-ServerBootFromVolumeStableRescueTest-709248770 tempest-ServerBootFromVolumeStableRescueTest-709248770-project-member] Registering scheme swift+https with {'store': , 'location_class': , 'store_entry': 'swift'} {{(pid=99587) register_scheme_map /opt/stack/data/venv/lib/python3.12/site-packages/glance_store/location.py:146}}
Jun 26 08:51:40.595136 np0000003722 devstack@g-api.service[99587]: DEBUG glance_store.location [None req-209c31f7-28c0-4d87-824d-0d7714983a40 tempest-ServerBootFromVolumeStableRescueTest-709248770 tempest-ServerBootFromVolumeStableRescueTest-709248770-project-member] Registering scheme swift with {'store': , 'location_class': , 'store_entry': 'swift'} {{(pid=99587) register_scheme_map /opt/stack/data/venv/lib/python3.12/site-packages/glance_store/location.py:146}}
Jun 26 08:51:40.595220 np0000003722 devstack@g-api.service[99587]: DEBUG glance_store.location [None req-209c31f7-28c0-4d87-824d-0d7714983a40 tempest-ServerBootFromVolumeStableRescueTest-709248770 tempest-ServerBootFromVolumeStableRescueTest-709248770-project-member] Registering scheme swift+https with {'store': , 'location_class': , 'store_entry': 'swift'} {{(pid=99587) register_scheme_map /opt/stack/data/venv/lib/python3.12/site-packages/glance_store/location.py:146}}
Jun 26 08:51:40.595326 np0000003722 devstack@g-api.service[99587]: DEBUG glance_store.location [None req-209c31f7-28c0-4d87-824d-0d7714983a40 tempest-ServerBootFromVolumeStableRescueTest-709248770 tempest-ServerBootFromVolumeStableRescueTest-709248770-project-member] Registering scheme swift with {'store': , 'location_class': , 'store_entry': 'swift'} {{(pid=99587) register_scheme_map /opt/stack/data/venv/lib/python3.12/site-packages/glance_store/location.py:146}}
Jun 26 08:51:40.595412 np0000003722 devstack@g-api.service[99587]: DEBUG glance_store.location [None req-209c31f7-28c0-4d87-824d-0d7714983a40 tempest-ServerBootFromVolumeStableRescueTest-709248770 tempest-ServerBootFromVolumeStableRescueTest-709248770-project-member] Registering scheme swift+http with {'store': , 'location_class': , 'store_entry': 'swift'} {{(pid=99587) register_scheme_map /opt/stack/data/venv/lib/python3.12/site-packages/glance_store/location.py:146}}
Jun 26 08:51:40.595518 np0000003722 devstack@g-api.service[99587]: DEBUG glance_store.location [None req-209c31f7-28c0-4d87-824d-0d7714983a40 tempest-ServerBootFromVolumeStableRescueTest-709248770 tempest-ServerBootFromVolumeStableRescueTest-709248770-project-member] Registering scheme swift+https with {'store': , 'location_class': , 'store_entry': 'swift'} {{(pid=99587) register_scheme_map /opt/stack/data/venv/lib/python3.12/site-packages/glance_store/location.py:146}}
Jun 26 08:51:40.595624 np0000003722 devstack@g-api.service[99587]: DEBUG glance_store.location [None req-209c31f7-28c0-4d87-824d-0d7714983a40 tempest-ServerBootFromVolumeStableRescueTest-709248770 tempest-ServerBootFromVolumeStableRescueTest-709248770-project-member] Registering scheme swift with {'store': , 'location_class': , 'store_entry': 'swift'} {{(pid=99587) register_scheme_map /opt/stack/data/venv/lib/python3.12/site-packages/glance_store/location.py:146}}
Jun 26 08:51:40.595725 np0000003722 devstack@g-api.service[99587]: DEBUG glance_store.location [None req-209c31f7-28c0-4d87-824d-0d7714983a40 tempest-ServerBootFromVolumeStableRescueTest-709248770 tempest-ServerBootFromVolumeStableRescueTest-709248770-project-member] Registering scheme swift+http with {'store': , 'location_class': , 'store_entry': 'swift'} {{(pid=99587) register_scheme_map /opt/stack/data/venv/lib/python3.12/site-packages/glance_store/location.py:146}}
Jun 26 08:51:40.595797 np0000003722 devstack@g-api.service[99587]: DEBUG glance_store.location [None req-209c31f7-28c0-4d87-824d-0d7714983a40 tempest-ServerBootFromVolumeStableRescueTest-709248770 tempest-ServerBootFromVolumeStableRescueTest-709248770-project-member] Registering scheme swift+config with {'store': , 'location_class': , 'store_entry': 'swift'} {{(pid=99587) register_scheme_map /opt/stack/data/venv/lib/python3.12/site-packages/glance_store/location.py:146}}
Jun 26 08:51:40.961057 np0000003722 devstack@g-api.service[99588]: DEBUG glance.api.middleware.version_negotiation [None req-adb153fd-c659-480b-9f6e-f5201841912a tempest-ServerBootFromVolumeStableRescueTest-709248770 tempest-ServerBootFromVolumeStableRescueTest-709248770-project-member] Determining version of request: GET /v2/images/3dc48992-c8a1-4303-adc3-f059bcd591b8 Accept: */* {{(pid=99588) process_request /opt/stack/glance/glance/api/middleware/version_negotiation.py:44}}
Jun 26 08:51:40.962187 np0000003722 devstack@g-api.service[99588]: DEBUG glance.api.middleware.version_negotiation [None req-adb153fd-c659-480b-9f6e-f5201841912a tempest-ServerBootFromVolumeStableRescueTest-709248770 tempest-ServerBootFromVolumeStableRescueTest-709248770-project-member] Using url versioning {{(pid=99588) process_request /opt/stack/glance/glance/api/middleware/version_negotiation.py:57}}
Jun 26 08:51:40.964192 np0000003722 devstack@g-api.service[99588]: DEBUG glance.api.middleware.version_negotiation [None req-adb153fd-c659-480b-9f6e-f5201841912a tempest-ServerBootFromVolumeStableRescueTest-709248770 tempest-ServerBootFromVolumeStableRescueTest-709248770-project-member] Matched version: v2 {{(pid=99588) process_request /opt/stack/glance/glance/api/middleware/version_negotiation.py:69}}
Jun 26 08:51:40.964192 np0000003722 devstack@g-api.service[99588]: DEBUG glance.api.middleware.version_negotiation [None req-adb153fd-c659-480b-9f6e-f5201841912a tempest-ServerBootFromVolumeStableRescueTest-709248770 tempest-ServerBootFromVolumeStableRescueTest-709248770-project-member] new path /v2/images/3dc48992-c8a1-4303-adc3-f059bcd591b8 {{(pid=99588) process_request /opt/stack/glance/glance/api/middleware/version_negotiation.py:70}}
Jun 26 08:51:40.967641 np0000003722 devstack@g-api.service[99587]: DEBUG swiftclient [None req-209c31f7-28c0-4d87-824d-0d7714983a40 tempest-ServerBootFromVolumeStableRescueTest-709248770 tempest-ServerBootFromVolumeStableRescueTest-709248770-project-member] REQ: curl -i https://10.4.3.79:8080/v1/AUTH_648492fc6ec14313996a7b163a4452b4/glance -I -H "X-Auth-Token: gAAAAABqPj2chFNx..." {{(pid=99587) http_log /opt/stack/data/venv/lib/python3.12/site-packages/swiftclient/client.py:160}}
Jun 26 08:51:40.968021 np0000003722 devstack@g-api.service[99587]: DEBUG swiftclient [None req-209c31f7-28c0-4d87-824d-0d7714983a40 tempest-ServerBootFromVolumeStableRescueTest-709248770 tempest-ServerBootFromVolumeStableRescueTest-709248770-project-member] RESP STATUS: 204 No Content {{(pid=99587) http_log /opt/stack/data/venv/lib/python3.12/site-packages/swiftclient/client.py:161}}
Jun 26 08:51:40.968021 np0000003722 devstack@g-api.service[99587]: DEBUG swiftclient [None req-209c31f7-28c0-4d87-824d-0d7714983a40 tempest-ServerBootFromVolumeStableRescueTest-709248770 tempest-ServerBootFromVolumeStableRescueTest-709248770-project-member] RESP HEADERS: {'Date': 'Fri, 26 Jun 2026 08:51:40 GMT', 'Server': 'Apache/2.4.58 (Ubuntu)', 'Content-Type': 'text/plain; charset=utf-8', 'X-Container-Object-Count': '5', 'X-Container-Bytes-Used': '86048768', 'X-Timestamp': '1782463672.41518', 'Last-Modified': 'Fri, 26 Jun 2026 08:47:53 GMT', 'Accept-Ranges': 'bytes', 'X-Storage-Policy': 'Policy-0', 'X-Container-Sharding': 'False', 'Vary': 'Accept', 'X-Trans-Id': 'txe7c423706b284da3870ff-006a3e3d9c', 'X-Openstack-Request-Id': 'txe7c423706b284da3870ff-006a3e3d9c', 'Connection': 'close'} {{(pid=99587) http_log /opt/stack/data/venv/lib/python3.12/site-packages/swiftclient/client.py:162}}
Jun 26 08:51:40.968225 np0000003722 devstack@g-api.service[99587]: DEBUG glance_store._drivers.swift.store [None req-209c31f7-28c0-4d87-824d-0d7714983a40 tempest-ServerBootFromVolumeStableRescueTest-709248770 tempest-ServerBootFromVolumeStableRescueTest-709248770-project-member] Adding image object '88e42d3e-337e-4b88-b7fe-70083687dc08' to Swift {{(pid=99587) add /opt/stack/data/venv/lib/python3.12/site-packages/glance_store/_drivers/swift/store.py:970}}
Jun 26 08:51:40.968378 np0000003722 devstack@g-api.service[99587]: DEBUG glance_store._drivers.swift.store [None req-209c31f7-28c0-4d87-824d-0d7714983a40 tempest-ServerBootFromVolumeStableRescueTest-709248770 tempest-ServerBootFromVolumeStableRescueTest-709248770-project-member] Cannot determine image size because it is either not provided in the request or chunked-transfer encoding is used. Adding image as a segmented object to Swift. {{(pid=99587) add /opt/stack/data/venv/lib/python3.12/site-packages/glance_store/_drivers/swift/store.py:994}}
Jun 26 08:51:40.974655 np0000003722 devstack@g-api.service[99587]: DEBUG oslo_utils.imageutils.format_inspector [None req-209c31f7-28c0-4d87-824d-0d7714983a40 tempest-ServerBootFromVolumeStableRescueTest-709248770 tempest-ServerBootFromVolumeStableRescueTest-709248770-project-member] Format inspector for vmdk does not match, excluding from consideration (Signature KDMV not found: b'QFI\xfb') {{(pid=99587) _process_chunk /opt/stack/data/venv/lib/python3.12/site-packages/oslo_utils/imageutils/format_inspector.py:1758}}
Jun 26 08:51:40.978241 np0000003722 devstack@g-api.service[99587]: DEBUG oslo_utils.imageutils.format_inspector [None req-209c31f7-28c0-4d87-824d-0d7714983a40 tempest-ServerBootFromVolumeStableRescueTest-709248770 tempest-ServerBootFromVolumeStableRescueTest-709248770-project-member] Format inspector for vhdx does not match, excluding from consideration (Region signature not found at 30000) {{(pid=99587) _process_chunk /opt/stack/data/venv/lib/python3.12/site-packages/oslo_utils/imageutils/format_inspector.py:1758}}
Jun 26 08:51:40.978384 np0000003722 devstack@g-api.service[99588]: [pid: 99588|app: 0|req: 42/117] 127.0.0.1 () {44 vars in 1111 bytes} [Fri Jun 26 08:51:40 2026] GET /v2/images/3dc48992-c8a1-4303-adc3-f059bcd591b8 => generated 1044 bytes in 17 msecs (HTTP/1.1 200) 4 headers in 158 bytes (1 switches on core 0)
Jun 26 08:51:41.028966 np0000003722 devstack@g-api.service[99586]: DEBUG glance.api.middleware.version_negotiation [None req-da43b623-d36a-4417-9284-55e4d3d5f870 tempest-ServerBootFromVolumeStableRescueTest-709248770 tempest-ServerBootFromVolumeStableRescueTest-709248770-project-member] Determining version of request: GET /v2/schemas/image Accept: */* {{(pid=99586) process_request /opt/stack/glance/glance/api/middleware/version_negotiation.py:44}}
Jun 26 08:51:41.029172 np0000003722 devstack@g-api.service[99586]: DEBUG glance.api.middleware.version_negotiation [None req-da43b623-d36a-4417-9284-55e4d3d5f870 tempest-ServerBootFromVolumeStableRescueTest-709248770 tempest-ServerBootFromVolumeStableRescueTest-709248770-project-member] Using url versioning {{(pid=99586) process_request /opt/stack/glance/glance/api/middleware/version_negotiation.py:57}}
Jun 26 08:51:41.029392 np0000003722 devstack@g-api.service[99586]: DEBUG glance.api.middleware.version_negotiation [None req-da43b623-d36a-4417-9284-55e4d3d5f870 tempest-ServerBootFromVolumeStableRescueTest-709248770 tempest-ServerBootFromVolumeStableRescueTest-709248770-project-member] Matched version: v2 {{(pid=99586) process_request /opt/stack/glance/glance/api/middleware/version_negotiation.py:69}}
Jun 26 08:51:41.029489 np0000003722 devstack@g-api.service[99586]: DEBUG glance.api.middleware.version_negotiation [None req-da43b623-d36a-4417-9284-55e4d3d5f870 tempest-ServerBootFromVolumeStableRescueTest-709248770 tempest-ServerBootFromVolumeStableRescueTest-709248770-project-member] new path /v2/schemas/image {{(pid=99586) process_request /opt/stack/glance/glance/api/middleware/version_negotiation.py:70}}
Jun 26 08:51:41.034454 np0000003722 devstack@g-api.service[99586]: [pid: 99586|app: 0|req: 42/118] 127.0.0.1 () {44 vars in 1051 bytes} [Fri Jun 26 08:51:41 2026] GET /v2/schemas/image => generated 6083 bytes in 5 msecs (HTTP/1.1 200) 4 headers in 158 bytes (1 switches on core 0)
Jun 26 08:51:41.247504 np0000003722 devstack@g-api.service[99587]: DEBUG swiftclient [None req-209c31f7-28c0-4d87-824d-0d7714983a40 tempest-ServerBootFromVolumeStableRescueTest-709248770 tempest-ServerBootFromVolumeStableRescueTest-709248770-project-member] REQ: curl -i https://10.4.3.79:8080/v1/AUTH_648492fc6ec14313996a7b163a4452b4/glance/88e42d3e-337e-4b88-b7fe-70083687dc08-00001 -X PUT -H "X-Auth-Token: gAAAAABqPj2chFNx..." {{(pid=99587) http_log /opt/stack/data/venv/lib/python3.12/site-packages/swiftclient/client.py:160}}
Jun 26 08:51:41.247651 np0000003722 devstack@g-api.service[99587]: DEBUG swiftclient [None req-209c31f7-28c0-4d87-824d-0d7714983a40 tempest-ServerBootFromVolumeStableRescueTest-709248770 tempest-ServerBootFromVolumeStableRescueTest-709248770-project-member] RESP STATUS: 201 Created {{(pid=99587) http_log /opt/stack/data/venv/lib/python3.12/site-packages/swiftclient/client.py:161}}
Jun 26 08:51:41.247872 np0000003722 devstack@g-api.service[99587]: DEBUG swiftclient [None req-209c31f7-28c0-4d87-824d-0d7714983a40 tempest-ServerBootFromVolumeStableRescueTest-709248770 tempest-ServerBootFromVolumeStableRescueTest-709248770-project-member] RESP HEADERS: {'Date': 'Fri, 26 Jun 2026 08:51:41 GMT', 'Server': 'Apache/2.4.58 (Ubuntu)', 'Content-Type': 'text/html; charset=UTF-8', 'Content-Length': '0', 'Etag': '4fa343ee581d8d2e78533191fd1ac3e1', 'Last-Modified': 'Fri, 26 Jun 2026 08:51:41 GMT', 'X-Trans-Id': 'tx20d017a6fcfc4a16a76a7-006a3e3d9c', 'X-Openstack-Request-Id': 'tx20d017a6fcfc4a16a76a7-006a3e3d9c', 'Connection': 'close'} {{(pid=99587) http_log /opt/stack/data/venv/lib/python3.12/site-packages/swiftclient/client.py:162}}
Jun 26 08:51:41.248072 np0000003722 devstack@g-api.service[99587]: DEBUG glance_store._drivers.swift.store [None req-209c31f7-28c0-4d87-824d-0d7714983a40 tempest-ServerBootFromVolumeStableRescueTest-709248770 tempest-ServerBootFromVolumeStableRescueTest-709248770-project-member] Wrote chunk 88e42d3e-337e-4b88-b7fe-70083687dc08-00001 (1/?) of length 23527424 to Swift returning MD5 of content: 4fa343ee581d8d2e78533191fd1ac3e1 {{(pid=99587) add /opt/stack/data/venv/lib/python3.12/site-packages/glance_store/_drivers/swift/store.py:1059}}
Jun 26 08:51:41.248372 np0000003722 devstack@g-api.service[99587]: DEBUG glance_store._drivers.swift.store [None req-209c31f7-28c0-4d87-824d-0d7714983a40 tempest-ServerBootFromVolumeStableRescueTest-709248770 tempest-ServerBootFromVolumeStableRescueTest-709248770-project-member] Not writing zero-length chunk. {{(pid=99587) add /opt/stack/data/venv/lib/python3.12/site-packages/glance_store/_drivers/swift/store.py:1028}}
Jun 26 08:51:41.283146 np0000003722 devstack@g-api.service[99587]: DEBUG swiftclient [None req-209c31f7-28c0-4d87-824d-0d7714983a40 tempest-ServerBootFromVolumeStableRescueTest-709248770 tempest-ServerBootFromVolumeStableRescueTest-709248770-project-member] REQ: curl -i https://10.4.3.79:8080/v1/AUTH_648492fc6ec14313996a7b163a4452b4/glance/88e42d3e-337e-4b88-b7fe-70083687dc08 -X PUT -H "X-Object-Manifest: glance/88e42d3e-337e-4b88-b7fe-70083687dc08-" -H "X-Auth-Token: gAAAAABqPj2chFNx..." -H "Content-Length: 0" {{(pid=99587) http_log /opt/stack/data/venv/lib/python3.12/site-packages/swiftclient/client.py:160}}
Jun 26 08:51:41.283371 np0000003722 devstack@g-api.service[99587]: DEBUG swiftclient [None req-209c31f7-28c0-4d87-824d-0d7714983a40 tempest-ServerBootFromVolumeStableRescueTest-709248770 tempest-ServerBootFromVolumeStableRescueTest-709248770-project-member] RESP STATUS: 201 Created {{(pid=99587) http_log /opt/stack/data/venv/lib/python3.12/site-packages/swiftclient/client.py:161}}
Jun 26 08:51:41.283604 np0000003722 devstack@g-api.service[99587]: DEBUG swiftclient [None req-209c31f7-28c0-4d87-824d-0d7714983a40 tempest-ServerBootFromVolumeStableRescueTest-709248770 tempest-ServerBootFromVolumeStableRescueTest-709248770-project-member] RESP HEADERS: {'Date': 'Fri, 26 Jun 2026 08:51:41 GMT', 'Server': 'Apache/2.4.58 (Ubuntu)', 'Content-Type': 'text/html; charset=UTF-8', 'Content-Length': '0', 'Etag': 'd41d8cd98f00b204e9800998ecf8427e', 'Last-Modified': 'Fri, 26 Jun 2026 08:51:42 GMT', 'X-Trans-Id': 'txd5202213704a4d77ab1d4-006a3e3d9d', 'X-Openstack-Request-Id': 'txd5202213704a4d77ab1d4-006a3e3d9d', 'Connection': 'close'} {{(pid=99587) http_log /opt/stack/data/venv/lib/python3.12/site-packages/swiftclient/client.py:162}}
Jun 26 08:51:41.284101 np0000003722 devstack@g-api.service[99587]: INFO glance.location [None req-209c31f7-28c0-4d87-824d-0d7714983a40 tempest-ServerBootFromVolumeStableRescueTest-709248770 tempest-ServerBootFromVolumeStableRescueTest-709248770-project-member] Image format matched and virtual size computed: 1073741824
Jun 26 08:51:41.349461 np0000003722 devstack@g-api.service[99587]: DEBUG glance_store.backend [None req-209c31f7-28c0-4d87-824d-0d7714983a40 tempest-ServerBootFromVolumeStableRescueTest-709248770 tempest-ServerBootFromVolumeStableRescueTest-709248770-project-member] Attempting to import store swift {{(pid=99587) _load_store /opt/stack/data/venv/lib/python3.12/site-packages/glance_store/backend.py:215}}
Jun 26 08:51:41.351105 np0000003722 devstack@g-api.service[99587]: DEBUG glance_store.capabilities [None req-209c31f7-28c0-4d87-824d-0d7714983a40 tempest-ServerBootFromVolumeStableRescueTest-709248770 tempest-ServerBootFromVolumeStableRescueTest-709248770-project-member] Store glance_store._drivers.swift.store.SingleTenantStore doesn't support updating dynamic storage capabilities. Please overwrite 'update_capabilities' method of the store to implement updating logics if needed. {{(pid=99587) update_capabilities /opt/stack/data/venv/lib/python3.12/site-packages/glance_store/capabilities.py:91}}
Jun 26 08:51:41.351213 np0000003722 devstack@g-api.service[99587]: DEBUG glance_store.driver [None req-209c31f7-28c0-4d87-824d-0d7714983a40 tempest-ServerBootFromVolumeStableRescueTest-709248770 tempest-ServerBootFromVolumeStableRescueTest-709248770-project-member] Late loading location class glance_store._drivers.swift.store.StoreLocation {{(pid=99587) get_store_location_class /opt/stack/data/venv/lib/python3.12/site-packages/glance_store/driver.py:134}}
Jun 26 08:51:41.351367 np0000003722 devstack@g-api.service[99587]: DEBUG glance_store.location [None req-209c31f7-28c0-4d87-824d-0d7714983a40 tempest-ServerBootFromVolumeStableRescueTest-709248770 tempest-ServerBootFromVolumeStableRescueTest-709248770-project-member] Registering scheme swift+https with {'store': , 'location_class': , 'store_entry': 'swift'} {{(pid=99587) register_scheme_map /opt/stack/data/venv/lib/python3.12/site-packages/glance_store/location.py:146}}
Jun 26 08:51:41.351448 np0000003722 devstack@g-api.service[99587]: DEBUG glance_store.location [None req-209c31f7-28c0-4d87-824d-0d7714983a40 tempest-ServerBootFromVolumeStableRescueTest-709248770 tempest-ServerBootFromVolumeStableRescueTest-709248770-project-member] Registering scheme swift+https with {'store': , 'location_class': , 'store_entry': 'swift'} {{(pid=99587) register_scheme_map /opt/stack/data/venv/lib/python3.12/site-packages/glance_store/location.py:146}}
Jun 26 08:51:41.351541 np0000003722 devstack@g-api.service[99587]: DEBUG glance_store.location [None req-209c31f7-28c0-4d87-824d-0d7714983a40 tempest-ServerBootFromVolumeStableRescueTest-709248770 tempest-ServerBootFromVolumeStableRescueTest-709248770-project-member] Registering scheme swift with {'store': , 'location_class': , 'store_entry': 'swift'} {{(pid=99587) register_scheme_map /opt/stack/data/venv/lib/python3.12/site-packages/glance_store/location.py:146}}
Jun 26 08:51:41.351619 np0000003722 devstack@g-api.service[99587]: DEBUG glance_store.location [None req-209c31f7-28c0-4d87-824d-0d7714983a40 tempest-ServerBootFromVolumeStableRescueTest-709248770 tempest-ServerBootFromVolumeStableRescueTest-709248770-project-member] Registering scheme swift+https with {'store': , 'location_class': , 'store_entry': 'swift'} {{(pid=99587) register_scheme_map /opt/stack/data/venv/lib/python3.12/site-packages/glance_store/location.py:146}}
Jun 26 08:51:41.351696 np0000003722 devstack@g-api.service[99587]: DEBUG glance_store.location [None req-209c31f7-28c0-4d87-824d-0d7714983a40 tempest-ServerBootFromVolumeStableRescueTest-709248770 tempest-ServerBootFromVolumeStableRescueTest-709248770-project-member] Registering scheme swift with {'store': , 'location_class': , 'store_entry': 'swift'} {{(pid=99587) register_scheme_map /opt/stack/data/venv/lib/python3.12/site-packages/glance_store/location.py:146}}
Jun 26 08:51:41.351777 np0000003722 devstack@g-api.service[99587]: DEBUG glance_store.location [None req-209c31f7-28c0-4d87-824d-0d7714983a40 tempest-ServerBootFromVolumeStableRescueTest-709248770 tempest-ServerBootFromVolumeStableRescueTest-709248770-project-member] Registering scheme swift+http with {'store': , 'location_class': , 'store_entry': 'swift'} {{(pid=99587) register_scheme_map /opt/stack/data/venv/lib/python3.12/site-packages/glance_store/location.py:146}}
Jun 26 08:51:41.351857 np0000003722 devstack@g-api.service[99587]: DEBUG glance_store.location [None req-209c31f7-28c0-4d87-824d-0d7714983a40 tempest-ServerBootFromVolumeStableRescueTest-709248770 tempest-ServerBootFromVolumeStableRescueTest-709248770-project-member] Registering scheme swift+https with {'store': , 'location_class': , 'store_entry': 'swift'} {{(pid=99587) register_scheme_map /opt/stack/data/venv/lib/python3.12/site-packages/glance_store/location.py:146}}
Jun 26 08:51:41.351934 np0000003722 devstack@g-api.service[99587]: DEBUG glance_store.location [None req-209c31f7-28c0-4d87-824d-0d7714983a40 tempest-ServerBootFromVolumeStableRescueTest-709248770 tempest-ServerBootFromVolumeStableRescueTest-709248770-project-member] Registering scheme swift with {'store': , 'location_class': , 'store_entry': 'swift'} {{(pid=99587) register_scheme_map /opt/stack/data/venv/lib/python3.12/site-packages/glance_store/location.py:146}}
Jun 26 08:51:41.352028 np0000003722 devstack@g-api.service[99587]: DEBUG glance_store.location [None req-209c31f7-28c0-4d87-824d-0d7714983a40 tempest-ServerBootFromVolumeStableRescueTest-709248770 tempest-ServerBootFromVolumeStableRescueTest-709248770-project-member] Registering scheme swift+http with {'store': , 'location_class': , 'store_entry': 'swift'} {{(pid=99587) register_scheme_map /opt/stack/data/venv/lib/python3.12/site-packages/glance_store/location.py:146}}
Jun 26 08:51:41.352102 np0000003722 devstack@g-api.service[99587]: DEBUG glance_store.location [None req-209c31f7-28c0-4d87-824d-0d7714983a40 tempest-ServerBootFromVolumeStableRescueTest-709248770 tempest-ServerBootFromVolumeStableRescueTest-709248770-project-member] Registering scheme swift+config with {'store': , 'location_class': , 'store_entry': 'swift'} {{(pid=99587) register_scheme_map /opt/stack/data/venv/lib/python3.12/site-packages/glance_store/location.py:146}}
Jun 26 08:51:41.352198 np0000003722 devstack@g-api.service[99587]: DEBUG glance_store.backend [None req-209c31f7-28c0-4d87-824d-0d7714983a40 tempest-ServerBootFromVolumeStableRescueTest-709248770 tempest-ServerBootFromVolumeStableRescueTest-709248770-project-member] Skipping store.set_acls... not implemented. {{(pid=99587) set_acls /opt/stack/data/venv/lib/python3.12/site-packages/glance_store/backend.py:507}}
Jun 26 08:51:41.354505 np0000003722 devstack@g-api.service[99587]: [pid: 99587|app: 0|req: 35/119] 127.0.0.1 () {46 vars in 1154 bytes} [Fri Jun 26 08:51:39 2026] PUT /v2/images/88e42d3e-337e-4b88-b7fe-70083687dc08/file => generated 0 bytes in 2123 msecs (HTTP/1.1 204) 4 headers in 171 bytes (1 switches on core 0)
Jun 26 08:51:41.421908 np0000003722 devstack@g-api.service[99588]: DEBUG glance.api.middleware.version_negotiation [None req-599b43a6-fa5e-4526-9e40-5618c7a106d1 tempest-VolumesNegativeTest-995074921 tempest-VolumesNegativeTest-995074921-project-member] Determining version of request: GET /v2/images/88e42d3e-337e-4b88-b7fe-70083687dc08 Accept: */* {{(pid=99588) process_request /opt/stack/glance/glance/api/middleware/version_negotiation.py:44}}
Jun 26 08:51:41.425121 np0000003722 devstack@g-api.service[99588]: DEBUG glance.api.middleware.version_negotiation [None req-599b43a6-fa5e-4526-9e40-5618c7a106d1 tempest-VolumesNegativeTest-995074921 tempest-VolumesNegativeTest-995074921-project-member] Using url versioning {{(pid=99588) process_request /opt/stack/glance/glance/api/middleware/version_negotiation.py:57}}
Jun 26 08:51:41.425121 np0000003722 devstack@g-api.service[99588]: DEBUG glance.api.middleware.version_negotiation [None req-599b43a6-fa5e-4526-9e40-5618c7a106d1 tempest-VolumesNegativeTest-995074921 tempest-VolumesNegativeTest-995074921-project-member] Matched version: v2 {{(pid=99588) process_request /opt/stack/glance/glance/api/middleware/version_negotiation.py:69}}
Jun 26 08:51:41.425121 np0000003722 devstack@g-api.service[99588]: DEBUG glance.api.middleware.version_negotiation [None req-599b43a6-fa5e-4526-9e40-5618c7a106d1 tempest-VolumesNegativeTest-995074921 tempest-VolumesNegativeTest-995074921-project-member] new path /v2/images/88e42d3e-337e-4b88-b7fe-70083687dc08 {{(pid=99588) process_request /opt/stack/glance/glance/api/middleware/version_negotiation.py:70}}
Jun 26 08:51:41.440972 np0000003722 devstack@g-api.service[99588]: [pid: 99588|app: 0|req: 43/120] 127.0.0.1 () {44 vars in 1111 bytes} [Fri Jun 26 08:51:41 2026] GET /v2/images/88e42d3e-337e-4b88-b7fe-70083687dc08 => generated 1639 bytes in 19 msecs (HTTP/1.1 200) 4 headers in 158 bytes (1 switches on core 0)
Jun 26 08:51:41.464342 np0000003722 devstack@g-api.service[99586]: DEBUG glance.api.middleware.version_negotiation [None req-599b43a6-fa5e-4526-9e40-5618c7a106d1 tempest-VolumesNegativeTest-995074921 tempest-VolumesNegativeTest-995074921-project-member] Determining version of request: GET /v2/images/88e42d3e-337e-4b88-b7fe-70083687dc08 Accept: application/json {{(pid=99586) process_request /opt/stack/glance/glance/api/middleware/version_negotiation.py:44}}
Jun 26 08:51:41.465577 np0000003722 devstack@g-api.service[99586]: DEBUG glance.api.middleware.version_negotiation [None req-599b43a6-fa5e-4526-9e40-5618c7a106d1 tempest-VolumesNegativeTest-995074921 tempest-VolumesNegativeTest-995074921-project-member] Using url versioning {{(pid=99586) process_request /opt/stack/glance/glance/api/middleware/version_negotiation.py:57}}
Jun 26 08:51:41.465848 np0000003722 devstack@g-api.service[99586]: DEBUG glance.api.middleware.version_negotiation [None req-599b43a6-fa5e-4526-9e40-5618c7a106d1 tempest-VolumesNegativeTest-995074921 tempest-VolumesNegativeTest-995074921-project-member] Matched version: v2 {{(pid=99586) process_request /opt/stack/glance/glance/api/middleware/version_negotiation.py:69}}
Jun 26 08:51:41.465998 np0000003722 devstack@g-api.service[99586]: DEBUG glance.api.middleware.version_negotiation [None req-599b43a6-fa5e-4526-9e40-5618c7a106d1 tempest-VolumesNegativeTest-995074921 tempest-VolumesNegativeTest-995074921-project-member] new path /v2/images/88e42d3e-337e-4b88-b7fe-70083687dc08 {{(pid=99586) process_request /opt/stack/glance/glance/api/middleware/version_negotiation.py:70}}
Jun 26 08:51:41.484434 np0000003722 devstack@g-api.service[99586]: [pid: 99586|app: 0|req: 43/121] 127.0.0.1 () {40 vars in 834 bytes} [Fri Jun 26 08:51:41 2026] GET /v2/images/88e42d3e-337e-4b88-b7fe-70083687dc08 => generated 1639 bytes in 20 msecs (HTTP/1.1 200) 4 headers in 158 bytes (1 switches on core 0)
Jun 26 08:51:41.492195 np0000003722 devstack@g-api.service[99587]: DEBUG glance.api.middleware.version_negotiation [None req-209c31f7-28c0-4d87-824d-0d7714983a40 tempest-ServerBootFromVolumeStableRescueTest-709248770 tempest-ServerBootFromVolumeStableRescueTest-709248770-project-member] Determining version of request: GET /v2/schemas/image Accept: */* {{(pid=99587) process_request /opt/stack/glance/glance/api/middleware/version_negotiation.py:44}}
Jun 26 08:51:41.492489 np0000003722 devstack@g-api.service[99587]: DEBUG glance.api.middleware.version_negotiation [None req-209c31f7-28c0-4d87-824d-0d7714983a40 tempest-ServerBootFromVolumeStableRescueTest-709248770 tempest-ServerBootFromVolumeStableRescueTest-709248770-project-member] Using url versioning {{(pid=99587) process_request /opt/stack/glance/glance/api/middleware/version_negotiation.py:57}}
Jun 26 08:51:41.492702 np0000003722 devstack@g-api.service[99587]: DEBUG glance.api.middleware.version_negotiation [None req-209c31f7-28c0-4d87-824d-0d7714983a40 tempest-ServerBootFromVolumeStableRescueTest-709248770 tempest-ServerBootFromVolumeStableRescueTest-709248770-project-member] Matched version: v2 {{(pid=99587) process_request /opt/stack/glance/glance/api/middleware/version_negotiation.py:69}}
Jun 26 08:51:41.492861 np0000003722 devstack@g-api.service[99587]: DEBUG glance.api.middleware.version_negotiation [None req-209c31f7-28c0-4d87-824d-0d7714983a40 tempest-ServerBootFromVolumeStableRescueTest-709248770 tempest-ServerBootFromVolumeStableRescueTest-709248770-project-member] new path /v2/schemas/image {{(pid=99587) process_request /opt/stack/glance/glance/api/middleware/version_negotiation.py:70}}
Jun 26 08:51:41.493355 np0000003722 devstack@g-api.service[99588]: DEBUG glance.api.middleware.version_negotiation [None req-209c31f7-28c0-4d87-824d-0d7714983a40 tempest-ServerBootFromVolumeStableRescueTest-709248770 tempest-ServerBootFromVolumeStableRescueTest-709248770-project-member] Determining version of request: GET /v2/images/88e42d3e-337e-4b88-b7fe-70083687dc08 Accept: application/json {{(pid=99588) process_request /opt/stack/glance/glance/api/middleware/version_negotiation.py:44}}
Jun 26 08:51:41.493582 np0000003722 devstack@g-api.service[99588]: DEBUG glance.api.middleware.version_negotiation [None req-209c31f7-28c0-4d87-824d-0d7714983a40 tempest-ServerBootFromVolumeStableRescueTest-709248770 tempest-ServerBootFromVolumeStableRescueTest-709248770-project-member] Using url versioning {{(pid=99588) process_request /opt/stack/glance/glance/api/middleware/version_negotiation.py:57}}
Jun 26 08:51:41.493797 np0000003722 devstack@g-api.service[99588]: DEBUG glance.api.middleware.version_negotiation [None req-209c31f7-28c0-4d87-824d-0d7714983a40 tempest-ServerBootFromVolumeStableRescueTest-709248770 tempest-ServerBootFromVolumeStableRescueTest-709248770-project-member] Matched version: v2 {{(pid=99588) process_request /opt/stack/glance/glance/api/middleware/version_negotiation.py:69}}
Jun 26 08:51:41.493797 np0000003722 devstack@g-api.service[99588]: DEBUG glance.api.middleware.version_negotiation [None req-209c31f7-28c0-4d87-824d-0d7714983a40 tempest-ServerBootFromVolumeStableRescueTest-709248770 tempest-ServerBootFromVolumeStableRescueTest-709248770-project-member] new path /v2/images/88e42d3e-337e-4b88-b7fe-70083687dc08 {{(pid=99588) process_request /opt/stack/glance/glance/api/middleware/version_negotiation.py:70}}
Jun 26 08:51:41.495462 np0000003722 devstack@g-api.service[99587]: [pid: 99587|app: 0|req: 36/122] 127.0.0.1 () {44 vars in 1051 bytes} [Fri Jun 26 08:51:41 2026] GET /v2/schemas/image => generated 6083 bytes in 3 msecs (HTTP/1.1 200) 4 headers in 158 bytes (1 switches on core 0)
Jun 26 08:51:41.511429 np0000003722 devstack@g-api.service[99588]: [pid: 99588|app: 0|req: 44/123] 127.0.0.1 () {40 vars in 834 bytes} [Fri Jun 26 08:51:41 2026] GET /v2/images/88e42d3e-337e-4b88-b7fe-70083687dc08 => generated 1639 bytes in 18 msecs (HTTP/1.1 200) 4 headers in 158 bytes (1 switches on core 0)
Jun 26 08:51:43.304027 np0000003722 devstack@g-api.service[99586]: DEBUG glance.api.middleware.version_negotiation [None req-6014d7a5-bbfa-4072-a51a-6f05d0dc2c32 tempest-ServerBootFromVolumeStableRescueTest-709248770 tempest-ServerBootFromVolumeStableRescueTest-709248770-project-member] Determining version of request: GET /v2/images/3dc48992-c8a1-4303-adc3-f059bcd591b8 Accept: */* {{(pid=99586) process_request /opt/stack/glance/glance/api/middleware/version_negotiation.py:44}}
Jun 26 08:51:43.304436 np0000003722 devstack@g-api.service[99586]: DEBUG glance.api.middleware.version_negotiation [None req-6014d7a5-bbfa-4072-a51a-6f05d0dc2c32 tempest-ServerBootFromVolumeStableRescueTest-709248770 tempest-ServerBootFromVolumeStableRescueTest-709248770-project-member] Using url versioning {{(pid=99586) process_request /opt/stack/glance/glance/api/middleware/version_negotiation.py:57}}
Jun 26 08:51:43.304436 np0000003722 devstack@g-api.service[99586]: DEBUG glance.api.middleware.version_negotiation [None req-6014d7a5-bbfa-4072-a51a-6f05d0dc2c32 tempest-ServerBootFromVolumeStableRescueTest-709248770 tempest-ServerBootFromVolumeStableRescueTest-709248770-project-member] Matched version: v2 {{(pid=99586) process_request /opt/stack/glance/glance/api/middleware/version_negotiation.py:69}}
Jun 26 08:51:43.304522 np0000003722 devstack@g-api.service[99586]: DEBUG glance.api.middleware.version_negotiation [None req-6014d7a5-bbfa-4072-a51a-6f05d0dc2c32 tempest-ServerBootFromVolumeStableRescueTest-709248770 tempest-ServerBootFromVolumeStableRescueTest-709248770-project-member] new path /v2/images/3dc48992-c8a1-4303-adc3-f059bcd591b8 {{(pid=99586) process_request /opt/stack/glance/glance/api/middleware/version_negotiation.py:70}}
Jun 26 08:51:43.313739 np0000003722 devstack@g-api.service[99586]: [pid: 99586|app: 0|req: 44/124] 127.0.0.1 () {44 vars in 1111 bytes} [Fri Jun 26 08:51:43 2026] GET /v2/images/3dc48992-c8a1-4303-adc3-f059bcd591b8 => generated 1044 bytes in 10 msecs (HTTP/1.1 200) 4 headers in 158 bytes (1 switches on core 0)
Jun 26 08:51:43.343464 np0000003722 devstack@g-api.service[99587]: DEBUG glance.api.middleware.version_negotiation [None req-209c31f7-28c0-4d87-824d-0d7714983a40 tempest-ServerBootFromVolumeStableRescueTest-709248770 tempest-ServerBootFromVolumeStableRescueTest-709248770-project-member] Determining version of request: GET /v2/schemas/image Accept: */* {{(pid=99587) process_request /opt/stack/glance/glance/api/middleware/version_negotiation.py:44}}
Jun 26 08:51:43.343948 np0000003722 devstack@g-api.service[99587]: DEBUG glance.api.middleware.version_negotiation [None req-209c31f7-28c0-4d87-824d-0d7714983a40 tempest-ServerBootFromVolumeStableRescueTest-709248770 tempest-ServerBootFromVolumeStableRescueTest-709248770-project-member] Using url versioning {{(pid=99587) process_request /opt/stack/glance/glance/api/middleware/version_negotiation.py:57}}
Jun 26 08:51:43.343948 np0000003722 devstack@g-api.service[99587]: DEBUG glance.api.middleware.version_negotiation [None req-209c31f7-28c0-4d87-824d-0d7714983a40 tempest-ServerBootFromVolumeStableRescueTest-709248770 tempest-ServerBootFromVolumeStableRescueTest-709248770-project-member] Matched version: v2 {{(pid=99587) process_request /opt/stack/glance/glance/api/middleware/version_negotiation.py:69}}
Jun 26 08:51:43.343948 np0000003722 devstack@g-api.service[99587]: DEBUG glance.api.middleware.version_negotiation [None req-209c31f7-28c0-4d87-824d-0d7714983a40 tempest-ServerBootFromVolumeStableRescueTest-709248770 tempest-ServerBootFromVolumeStableRescueTest-709248770-project-member] new path /v2/schemas/image {{(pid=99587) process_request /opt/stack/glance/glance/api/middleware/version_negotiation.py:70}}
Jun 26 08:51:43.346122 np0000003722 devstack@g-api.service[99587]: [pid: 99587|app: 0|req: 37/125] 127.0.0.1 () {44 vars in 1051 bytes} [Fri Jun 26 08:51:43 2026] GET /v2/schemas/image => generated 6083 bytes in 3 msecs (HTTP/1.1 200) 4 headers in 158 bytes (1 switches on core 0)
Jun 26 08:51:51.281889 np0000003722 devstack@g-api.service[99588]: DEBUG glance.api.middleware.version_negotiation [None req-18b359a6-69a7-455e-bcc6-1a193b3d29cd tempest-ServerBootFromVolumeStableRescueTest-709248770 tempest-ServerBootFromVolumeStableRescueTest-709248770-project-member] Determining version of request: DELETE /v2/images/e7c5434c-ba66-4a77-9b27-440db73f0ebe Accept: application/json {{(pid=99588) process_request /opt/stack/glance/glance/api/middleware/version_negotiation.py:44}}
Jun 26 08:51:51.282328 np0000003722 devstack@g-api.service[99588]: DEBUG glance.api.middleware.version_negotiation [None req-18b359a6-69a7-455e-bcc6-1a193b3d29cd tempest-ServerBootFromVolumeStableRescueTest-709248770 tempest-ServerBootFromVolumeStableRescueTest-709248770-project-member] Using url versioning {{(pid=99588) process_request /opt/stack/glance/glance/api/middleware/version_negotiation.py:57}}
Jun 26 08:51:51.282328 np0000003722 devstack@g-api.service[99588]: DEBUG glance.api.middleware.version_negotiation [None req-18b359a6-69a7-455e-bcc6-1a193b3d29cd tempest-ServerBootFromVolumeStableRescueTest-709248770 tempest-ServerBootFromVolumeStableRescueTest-709248770-project-member] Matched version: v2 {{(pid=99588) process_request /opt/stack/glance/glance/api/middleware/version_negotiation.py:69}}
Jun 26 08:51:51.282429 np0000003722 devstack@g-api.service[99588]: DEBUG glance.api.middleware.version_negotiation [None req-18b359a6-69a7-455e-bcc6-1a193b3d29cd tempest-ServerBootFromVolumeStableRescueTest-709248770 tempest-ServerBootFromVolumeStableRescueTest-709248770-project-member] new path /v2/images/e7c5434c-ba66-4a77-9b27-440db73f0ebe {{(pid=99588) process_request /opt/stack/glance/glance/api/middleware/version_negotiation.py:70}}
Jun 26 08:51:51.292563 np0000003722 devstack@g-api.service[99588]: WARNING glance.api.v2.images [None req-89fb531e-311d-470f-880c-f0027b3feec5 tempest-AttachSCSIVolumeTestJSON-515326134 tempest-AttachSCSIVolumeTestJSON-515326134-project-admin] After upload to backend, deletion of staged image data has failed because it cannot be found at /tmp/staging//e7c5434c-ba66-4a77-9b27-440db73f0ebe
Jun 26 08:51:51.293375 np0000003722 devstack@g-api.service[99588]: DEBUG glance_store.backend [None req-89fb531e-311d-470f-880c-f0027b3feec5 tempest-AttachSCSIVolumeTestJSON-515326134 tempest-AttachSCSIVolumeTestJSON-515326134-project-admin] Attempting to import store swift {{(pid=99588) _load_store /opt/stack/data/venv/lib/python3.12/site-packages/glance_store/backend.py:215}}
Jun 26 08:51:51.295371 np0000003722 devstack@g-api.service[99588]: DEBUG glance_store.capabilities [None req-89fb531e-311d-470f-880c-f0027b3feec5 tempest-AttachSCSIVolumeTestJSON-515326134 tempest-AttachSCSIVolumeTestJSON-515326134-project-admin] Store glance_store._drivers.swift.store.SingleTenantStore doesn't support updating dynamic storage capabilities. Please overwrite 'update_capabilities' method of the store to implement updating logics if needed. {{(pid=99588) update_capabilities /opt/stack/data/venv/lib/python3.12/site-packages/glance_store/capabilities.py:91}}
Jun 26 08:51:51.295514 np0000003722 devstack@g-api.service[99588]: DEBUG glance_store.driver [None req-89fb531e-311d-470f-880c-f0027b3feec5 tempest-AttachSCSIVolumeTestJSON-515326134 tempest-AttachSCSIVolumeTestJSON-515326134-project-admin] Late loading location class glance_store._drivers.swift.store.StoreLocation {{(pid=99588) get_store_location_class /opt/stack/data/venv/lib/python3.12/site-packages/glance_store/driver.py:134}}
