Jun 26 08:47:20.198529 np0000003722 nova-scheduler[93383]: DEBUG cotyledon.oslo_config_glue [-] oslo_limit.auth_type = None {{(pid=93383) log_opt_values /opt/stack/data/venv/lib/python3.12/site-packages/oslo_config/cfg.py:3253}}
Jun 26 08:47:20.198529 np0000003722 nova-scheduler[93383]: DEBUG cotyledon.oslo_config_glue [-] oslo_limit.cafile = None {{(pid=93383) log_opt_values /opt/stack/data/venv/lib/python3.12/site-packages/oslo_config/cfg.py:3253}}
Jun 26 08:47:20.198529 np0000003722 nova-scheduler[93383]: DEBUG cotyledon.oslo_config_glue [-] oslo_limit.certfile = None {{(pid=93383) log_opt_values /opt/stack/data/venv/lib/python3.12/site-packages/oslo_config/cfg.py:3253}}
Jun 26 08:47:20.198529 np0000003722 nova-scheduler[93383]: DEBUG cotyledon.oslo_config_glue [-] oslo_limit.collect_timing = False {{(pid=93383) log_opt_values /opt/stack/data/venv/lib/python3.12/site-packages/oslo_config/cfg.py:3253}}
Jun 26 08:47:20.198529 np0000003722 nova-scheduler[93383]: DEBUG cotyledon.oslo_config_glue [-] oslo_limit.connect_retries = None {{(pid=93383) log_opt_values /opt/stack/data/venv/lib/python3.12/site-packages/oslo_config/cfg.py:3253}}
Jun 26 08:47:20.198529 np0000003722 nova-scheduler[93383]: DEBUG cotyledon.oslo_config_glue [-] oslo_limit.connect_retry_delay = None {{(pid=93383) log_opt_values /opt/stack/data/venv/lib/python3.12/site-packages/oslo_config/cfg.py:3253}}
Jun 26 08:47:20.198529 np0000003722 nova-scheduler[93383]: DEBUG cotyledon.oslo_config_glue [-] oslo_limit.endpoint_id = None {{(pid=93383) log_opt_values /opt/stack/data/venv/lib/python3.12/site-packages/oslo_config/cfg.py:3253}}
Jun 26 08:47:20.198529 np0000003722 nova-scheduler[93383]: DEBUG cotyledon.oslo_config_glue [-] oslo_limit.endpoint_interface = public {{(pid=93383) log_opt_values /opt/stack/data/venv/lib/python3.12/site-packages/oslo_config/cfg.py:3253}}
Jun 26 08:47:20.198529 np0000003722 nova-scheduler[93383]: DEBUG cotyledon.oslo_config_glue [-] oslo_limit.endpoint_override = None {{(pid=93383) log_opt_values /opt/stack/data/venv/lib/python3.12/site-packages/oslo_config/cfg.py:3253}}
Jun 26 08:47:20.198701 np0000003722 nova-scheduler[93383]: DEBUG cotyledon.oslo_config_glue [-] oslo_limit.endpoint_region_name = None {{(pid=93383) log_opt_values /opt/stack/data/venv/lib/python3.12/site-packages/oslo_config/cfg.py:3253}}
Jun 26 08:47:20.198701 np0000003722 nova-scheduler[93383]: DEBUG cotyledon.oslo_config_glue [-] oslo_limit.endpoint_service_name = None {{(pid=93383) log_opt_values /opt/stack/data/venv/lib/python3.12/site-packages/oslo_config/cfg.py:3253}}
Jun 26 08:47:20.198701 np0000003722 nova-scheduler[93383]: DEBUG cotyledon.oslo_config_glue [-] oslo_limit.endpoint_service_type = None {{(pid=93383) log_opt_values /opt/stack/data/venv/lib/python3.12/site-packages/oslo_config/cfg.py:3253}}
Jun 26 08:47:20.198701 np0000003722 nova-scheduler[93383]: DEBUG cotyledon.oslo_config_glue [-] oslo_limit.insecure = False {{(pid=93383) log_opt_values /opt/stack/data/venv/lib/python3.12/site-packages/oslo_config/cfg.py:3253}}
Jun 26 08:47:20.198701 np0000003722 nova-scheduler[93383]: DEBUG cotyledon.oslo_config_glue [-] oslo_limit.keyfile = None {{(pid=93383) log_opt_values /opt/stack/data/venv/lib/python3.12/site-packages/oslo_config/cfg.py:3253}}
Jun 26 08:47:20.198808 np0000003722 nova-scheduler[93385]: INFO nova.service [-] Starting scheduler node (version 33.1.0)
Jun 26 08:47:20.198838 np0000003722 nova-scheduler[93383]: DEBUG cotyledon.oslo_config_glue [-] oslo_limit.max_version = None {{(pid=93383) log_opt_values /opt/stack/data/venv/lib/python3.12/site-packages/oslo_config/cfg.py:3253}}
Jun 26 08:47:20.198838 np0000003722 nova-scheduler[93383]: DEBUG cotyledon.oslo_config_glue [-] oslo_limit.min_version = None {{(pid=93383) log_opt_values /opt/stack/data/venv/lib/python3.12/site-packages/oslo_config/cfg.py:3253}}
Jun 26 08:47:20.198838 np0000003722 nova-scheduler[93383]: DEBUG cotyledon.oslo_config_glue [-] oslo_limit.region_name = None {{(pid=93383) log_opt_values /opt/stack/data/venv/lib/python3.12/site-packages/oslo_config/cfg.py:3253}}
Jun 26 08:47:20.198838 np0000003722 nova-scheduler[93383]: DEBUG cotyledon.oslo_config_glue [-] oslo_limit.retriable_status_codes = None {{(pid=93383) log_opt_values /opt/stack/data/venv/lib/python3.12/site-packages/oslo_config/cfg.py:3253}}
Jun 26 08:47:20.198838 np0000003722 nova-scheduler[93383]: DEBUG cotyledon.oslo_config_glue [-] oslo_limit.service_name = None {{(pid=93383) log_opt_values /opt/stack/data/venv/lib/python3.12/site-packages/oslo_config/cfg.py:3253}}
Jun 26 08:47:20.198838 np0000003722 nova-scheduler[93383]: DEBUG cotyledon.oslo_config_glue [-] oslo_limit.service_type = None {{(pid=93383) log_opt_values /opt/stack/data/venv/lib/python3.12/site-packages/oslo_config/cfg.py:3253}}
Jun 26 08:47:20.198838 np0000003722 nova-scheduler[93383]: DEBUG cotyledon.oslo_config_glue [-] oslo_limit.split_loggers = False {{(pid=93383) log_opt_values /opt/stack/data/venv/lib/python3.12/site-packages/oslo_config/cfg.py:3253}}
Jun 26 08:47:20.198838 np0000003722 nova-scheduler[93383]: DEBUG cotyledon.oslo_config_glue [-] oslo_limit.status_code_retries = None {{(pid=93383) log_opt_values /opt/stack/data/venv/lib/python3.12/site-packages/oslo_config/cfg.py:3253}}
Jun 26 08:47:20.198838 np0000003722 nova-scheduler[93383]: DEBUG cotyledon.oslo_config_glue [-] oslo_limit.status_code_retry_delay = None {{(pid=93383) log_opt_values /opt/stack/data/venv/lib/python3.12/site-packages/oslo_config/cfg.py:3253}}
Jun 26 08:47:20.198994 np0000003722 nova-scheduler[93383]: DEBUG cotyledon.oslo_config_glue [-] oslo_limit.timeout = None {{(pid=93383) log_opt_values /opt/stack/data/venv/lib/python3.12/site-packages/oslo_config/cfg.py:3253}}
Jun 26 08:47:20.198994 np0000003722 nova-scheduler[93383]: DEBUG cotyledon.oslo_config_glue [-] oslo_limit.valid_interfaces = None {{(pid=93383) log_opt_values /opt/stack/data/venv/lib/python3.12/site-packages/oslo_config/cfg.py:3253}}
Jun 26 08:47:20.198994 np0000003722 nova-scheduler[93383]: DEBUG cotyledon.oslo_config_glue [-] oslo_limit.version = None {{(pid=93383) log_opt_values /opt/stack/data/venv/lib/python3.12/site-packages/oslo_config/cfg.py:3253}}
Jun 26 08:47:20.198994 np0000003722 nova-scheduler[93383]: DEBUG cotyledon.oslo_config_glue [-] oslo_reports.file_event_handler = None {{(pid=93383) log_opt_values /opt/stack/data/venv/lib/python3.12/site-packages/oslo_config/cfg.py:3253}}
Jun 26 08:47:20.198994 np0000003722 nova-scheduler[93383]: DEBUG cotyledon.oslo_config_glue [-] oslo_reports.file_event_handler_interval = 1 {{(pid=93383) log_opt_values /opt/stack/data/venv/lib/python3.12/site-packages/oslo_config/cfg.py:3253}}
Jun 26 08:47:20.198994 np0000003722 nova-scheduler[93383]: DEBUG cotyledon.oslo_config_glue [-] oslo_reports.log_dir = None {{(pid=93383) log_opt_values /opt/stack/data/venv/lib/python3.12/site-packages/oslo_config/cfg.py:3253}}
Jun 26 08:47:20.198994 np0000003722 nova-scheduler[93383]: DEBUG cotyledon.oslo_config_glue [-] ******************************************************************************** {{(pid=93383) log_opt_values /opt/stack/data/venv/lib/python3.12/site-packages/oslo_config/cfg.py:3260}}
Jun 26 08:47:20.198994 np0000003722 nova-scheduler[93383]: DEBUG cotyledon._service_worker [-] Run service ServiceWrapper(1) [93383] {{(pid=93383) wait_forever /opt/stack/data/venv/lib/python3.12/site-packages/cotyledon/_service_worker.py:218}}
Jun 26 08:47:20.198994 np0000003722 nova-scheduler[93383]: INFO nova.service [-] Starting scheduler node (version 33.1.0)
Jun 26 08:47:20.199155 np0000003722 nova-scheduler[93385]: INFO dbcounter [None req-c5c21082-995c-4eda-8d9f-a1df87f9bf40 None None] Registered counter for database nova_cell0
Jun 26 08:47:20.199196 np0000003722 nova-scheduler[93383]: INFO dbcounter [None req-d5b58495-71cd-4404-9e45-1bbd2181db75 None None] Registered counter for database nova_cell0
Jun 26 08:47:20.210887 np0000003722 nova-scheduler[93385]: DEBUG oslo_db.sqlalchemy.engines [None req-c5c21082-995c-4eda-8d9f-a1df87f9bf40 None None] MySQL server mode set to STRICT_TRANS_TABLES,STRICT_ALL_TABLES,NO_ZERO_IN_DATE,NO_ZERO_DATE,ERROR_FOR_DIVISION_BY_ZERO,TRADITIONAL,NO_ENGINE_SUBSTITUTION {{(pid=93385) _check_effective_sql_mode /opt/stack/data/venv/lib/python3.12/site-packages/oslo_db/sqlalchemy/engines.py:325}}
Jun 26 08:47:20.216588 np0000003722 nova-scheduler[93356]: DEBUG oslo_db.sqlalchemy.engines [None req-f6ec0235-8b39-4a5a-81b1-45ddac034b27 None None] MySQL server mode set to STRICT_TRANS_TABLES,STRICT_ALL_TABLES,NO_ZERO_IN_DATE,NO_ZERO_DATE,ERROR_FOR_DIVISION_BY_ZERO,TRADITIONAL,NO_ENGINE_SUBSTITUTION {{(pid=93356) _check_effective_sql_mode /opt/stack/data/venv/lib/python3.12/site-packages/oslo_db/sqlalchemy/engines.py:325}}
Jun 26 08:47:20.223319 np0000003722 nova-scheduler[93385]: DEBUG dbcounter [-] [93385] Writer thread running {{(pid=93385) stat_writer /opt/stack/data/venv/lib/python3.12/site-packages/dbcounter.py:102}}
Jun 26 08:47:20.230803 np0000003722 nova-scheduler[93383]: DEBUG oslo_db.sqlalchemy.engines [None req-d5b58495-71cd-4404-9e45-1bbd2181db75 None None] MySQL server mode set to STRICT_TRANS_TABLES,STRICT_ALL_TABLES,NO_ZERO_IN_DATE,NO_ZERO_DATE,ERROR_FOR_DIVISION_BY_ZERO,TRADITIONAL,NO_ENGINE_SUBSTITUTION {{(pid=93383) _check_effective_sql_mode /opt/stack/data/venv/lib/python3.12/site-packages/oslo_db/sqlalchemy/engines.py:325}}
Jun 26 08:47:20.234521 np0000003722 nova-scheduler[93356]: DEBUG dbcounter [-] [93356] Writer thread running {{(pid=93356) stat_writer /opt/stack/data/venv/lib/python3.12/site-packages/dbcounter.py:102}}
Jun 26 08:47:20.244914 np0000003722 nova-scheduler[93383]: DEBUG dbcounter [-] [93383] Writer thread running {{(pid=93383) stat_writer /opt/stack/data/venv/lib/python3.12/site-packages/dbcounter.py:102}}
Jun 26 08:47:20.266169 np0000003722 nova-scheduler[93385]: DEBUG nova.service [None req-c5c21082-995c-4eda-8d9f-a1df87f9bf40 None None] Creating RPC server for service: nova-scheduler on topic: scheduler {{(pid=93385) start /opt/stack/nova/nova/service.py:196}}
Jun 26 08:47:20.272987 np0000003722 nova-scheduler[93383]: DEBUG nova.service [None req-d5b58495-71cd-4404-9e45-1bbd2181db75 None None] Creating RPC server for service: nova-scheduler on topic: scheduler {{(pid=93383) start /opt/stack/nova/nova/service.py:196}}
Jun 26 08:47:20.275376 np0000003722 nova-scheduler[93356]: DEBUG nova.service [None req-f6ec0235-8b39-4a5a-81b1-45ddac034b27 None None] Creating RPC server for service: nova-scheduler on topic: scheduler {{(pid=93356) start /opt/stack/nova/nova/service.py:196}}
Jun 26 08:47:20.302456 np0000003722 nova-scheduler[93356]: DEBUG nova.service [None req-f6ec0235-8b39-4a5a-81b1-45ddac034b27 None None] Join ServiceGroup membership for this service scheduler {{(pid=93356) start /opt/stack/nova/nova/service.py:222}}
Jun 26 08:47:20.302906 np0000003722 nova-scheduler[93383]: DEBUG nova.service [None req-d5b58495-71cd-4404-9e45-1bbd2181db75 None None] Join ServiceGroup membership for this service scheduler {{(pid=93383) start /opt/stack/nova/nova/service.py:222}}
Jun 26 08:47:20.303056 np0000003722 nova-scheduler[93383]: DEBUG nova.servicegroup.drivers.db [None req-d5b58495-71cd-4404-9e45-1bbd2181db75 None None] DB_Driver: join new ServiceGroup member np0000003722 to the scheduler group, service = {{(pid=93383) join /opt/stack/nova/nova/servicegroup/drivers/db.py:44}}
Jun 26 08:47:20.303107 np0000003722 nova-scheduler[93356]: DEBUG nova.servicegroup.drivers.db [None req-f6ec0235-8b39-4a5a-81b1-45ddac034b27 None None] DB_Driver: join new ServiceGroup member np0000003722 to the scheduler group, service = {{(pid=93356) join /opt/stack/nova/nova/servicegroup/drivers/db.py:44}}
Jun 26 08:47:20.303993 np0000003722 nova-scheduler[93385]: DEBUG nova.service [None req-c5c21082-995c-4eda-8d9f-a1df87f9bf40 None None] Join ServiceGroup membership for this service scheduler {{(pid=93385) start /opt/stack/nova/nova/service.py:222}}
Jun 26 08:47:20.304336 np0000003722 nova-scheduler[93385]: DEBUG nova.servicegroup.drivers.db [None req-c5c21082-995c-4eda-8d9f-a1df87f9bf40 None None] DB_Driver: join new ServiceGroup member np0000003722 to the scheduler group, service = {{(pid=93385) join /opt/stack/nova/nova/servicegroup/drivers/db.py:44}}
Jun 26 08:47:20.308235 np0000003722 nova-scheduler[93383]: DEBUG oslo.service.backend._threading.loopingcall [None req-0a5d2277-57bd-4fd4-885c-fc97f9adc783 None None] Dynamic interval looping call 'nova.service.Service.periodic_tasks' sleeping for 60.00 seconds {{(pid=93383) _run_loop /opt/stack/data/venv/lib/python3.12/site-packages/oslo_service/backend/_threading/loopingcall.py:125}}
Jun 26 08:47:25.322228 np0000003722 nova-scheduler[93385]: DEBUG oslo.service.backend._threading.loopingcall [-] Fixed interval looping call 'nova.servicegroup.drivers.db.DbDriver._report_state' sleeping for 119.98 seconds {{(pid=93385) _run_loop /opt/stack/data/venv/lib/python3.12/site-packages/oslo_service/backend/_threading/loopingcall.py:125}}
Jun 26 08:47:25.323632 np0000003722 nova-scheduler[93356]: DEBUG oslo.service.backend._threading.loopingcall [-] Fixed interval looping call 'nova.servicegroup.drivers.db.DbDriver._report_state' sleeping for 119.98 seconds {{(pid=93356) _run_loop /opt/stack/data/venv/lib/python3.12/site-packages/oslo_service/backend/_threading/loopingcall.py:125}}
Jun 26 08:47:25.324498 np0000003722 nova-scheduler[93383]: DEBUG oslo.service.backend._threading.loopingcall [-] Fixed interval looping call 'nova.servicegroup.drivers.db.DbDriver._report_state' sleeping for 119.98 seconds {{(pid=93383) _run_loop /opt/stack/data/venv/lib/python3.12/site-packages/oslo_service/backend/_threading/loopingcall.py:125}}
Jun 26 08:47:28.780377 np0000003722 nova-scheduler[92136]: DEBUG dbcounter [-] [92136] Writing DB stats nova_api:SELECT=3 {{(pid=92136) stat_writer /opt/stack/data/venv/lib/python3.12/site-packages/dbcounter.py:115}}
Jun 26 08:47:28.912809 np0000003722 nova-scheduler[92136]: DEBUG dbcounter [-] [92136] Writing DB stats nova_cell0:SELECT=1 {{(pid=92136) stat_writer /opt/stack/data/venv/lib/python3.12/site-packages/dbcounter.py:115}}
Jun 26 08:47:28.916457 np0000003722 nova-scheduler[92136]: DEBUG dbcounter [-] [92136] Writing DB stats nova_cell1:SELECT=1 {{(pid=92136) stat_writer /opt/stack/data/venv/lib/python3.12/site-packages/dbcounter.py:115}}
Jun 26 08:47:29.307447 np0000003722 nova-scheduler[93385]: DEBUG oslo.service.backend._threading.loopingcall [None req-7e26f094-99d3-455c-97cf-c3907233bd35 None None] Dynamic interval looping call 'nova.service.Service.periodic_tasks' sleeping for 60.00 seconds {{(pid=93385) _run_loop /opt/stack/data/venv/lib/python3.12/site-packages/oslo_service/backend/_threading/loopingcall.py:125}}
Jun 26 08:47:35.315828 np0000003722 nova-scheduler[93385]: DEBUG dbcounter [-] [93385] Writing DB stats nova_cell0:SELECT=4,nova_cell0:INSERT=1,nova_cell0:UPDATE=1 {{(pid=93385) stat_writer /opt/stack/data/venv/lib/python3.12/site-packages/dbcounter.py:115}}
Jun 26 08:47:35.316396 np0000003722 nova-scheduler[93356]: DEBUG dbcounter [-] [93356] Writing DB stats nova_cell0:SELECT=5,nova_cell0:INSERT=1,nova_cell0:UPDATE=1 {{(pid=93356) stat_writer /opt/stack/data/venv/lib/python3.12/site-packages/dbcounter.py:115}}
Jun 26 08:47:35.317264 np0000003722 nova-scheduler[93383]: DEBUG dbcounter [-] [93383] Writing DB stats nova_cell0:SELECT=5,nova_cell0:INSERT=1,nova_cell0:UPDATE=1 {{(pid=93383) stat_writer /opt/stack/data/venv/lib/python3.12/site-packages/dbcounter.py:115}}
Jun 26 08:48:05.306860 np0000003722 nova-scheduler[93356]: DEBUG oslo.service.backend._threading.loopingcall [None req-0526c078-42dd-4ef1-a0c7-f48fa81e4add None None] Dynamic interval looping call 'nova.service.Service.periodic_tasks' sleeping for 60.00 seconds {{(pid=93356) _run_loop /opt/stack/data/venv/lib/python3.12/site-packages/oslo_service/backend/_threading/loopingcall.py:125}}
Jun 26 08:48:20.309538 np0000003722 nova-scheduler[93383]: DEBUG oslo.service.backend._threading.loopingcall [None req-0a5d2277-57bd-4fd4-885c-fc97f9adc783 None None] Dynamic interval looping call 'nova.service.Service.periodic_tasks' sleeping for 60.00 seconds {{(pid=93383) _run_loop /opt/stack/data/venv/lib/python3.12/site-packages/oslo_service/backend/_threading/loopingcall.py:125}}
Jun 26 08:48:29.308102 np0000003722 nova-scheduler[93385]: DEBUG oslo.service.backend._threading.loopingcall [None req-7e26f094-99d3-455c-97cf-c3907233bd35 None None] Dynamic interval looping call 'nova.service.Service.periodic_tasks' sleeping for 60.00 seconds {{(pid=93385) _run_loop /opt/stack/data/venv/lib/python3.12/site-packages/oslo_service/backend/_threading/loopingcall.py:125}}
Jun 26 08:49:05.307433 np0000003722 nova-scheduler[93356]: DEBUG oslo.service.backend._threading.loopingcall [None req-0526c078-42dd-4ef1-a0c7-f48fa81e4add None None] Dynamic interval looping call 'nova.service.Service.periodic_tasks' sleeping for 60.00 seconds {{(pid=93356) _run_loop /opt/stack/data/venv/lib/python3.12/site-packages/oslo_service/backend/_threading/loopingcall.py:125}}
Jun 26 08:49:20.310034 np0000003722 nova-scheduler[93383]: DEBUG oslo.service.backend._threading.loopingcall [None req-0a5d2277-57bd-4fd4-885c-fc97f9adc783 None None] Dynamic interval looping call 'nova.service.Service.periodic_tasks' sleeping for 60.00 seconds {{(pid=93383) _run_loop /opt/stack/data/venv/lib/python3.12/site-packages/oslo_service/backend/_threading/loopingcall.py:125}}
Jun 26 08:49:25.311410 np0000003722 nova-scheduler[93385]: DEBUG oslo.service.backend._threading.loopingcall [-] Fixed interval looping call 'nova.servicegroup.drivers.db.DbDriver._report_state' sleeping for 119.99 seconds {{(pid=93385) _run_loop /opt/stack/data/venv/lib/python3.12/site-packages/oslo_service/backend/_threading/loopingcall.py:125}}
Jun 26 08:49:25.311997 np0000003722 nova-scheduler[93356]: DEBUG oslo.service.backend._threading.loopingcall [-] Fixed interval looping call 'nova.servicegroup.drivers.db.DbDriver._report_state' sleeping for 119.99 seconds {{(pid=93356) _run_loop /opt/stack/data/venv/lib/python3.12/site-packages/oslo_service/backend/_threading/loopingcall.py:125}}
Jun 26 08:49:25.312759 np0000003722 nova-scheduler[93383]: DEBUG oslo.service.backend._threading.loopingcall [-] Fixed interval looping call 'nova.servicegroup.drivers.db.DbDriver._report_state' sleeping for 119.99 seconds {{(pid=93383) _run_loop /opt/stack/data/venv/lib/python3.12/site-packages/oslo_service/backend/_threading/loopingcall.py:125}}
Jun 26 08:49:29.308819 np0000003722 nova-scheduler[93385]: DEBUG oslo.service.backend._threading.loopingcall [None req-7e26f094-99d3-455c-97cf-c3907233bd35 None None] Dynamic interval looping call 'nova.service.Service.periodic_tasks' sleeping for 60.00 seconds {{(pid=93385) _run_loop /opt/stack/data/venv/lib/python3.12/site-packages/oslo_service/backend/_threading/loopingcall.py:125}}
Jun 26 08:49:35.305841 np0000003722 nova-scheduler[93385]: DEBUG dbcounter [-] [93385] Writing DB stats nova_cell0:SELECT=1,nova_cell0:UPDATE=1 {{(pid=93385) stat_writer /opt/stack/data/venv/lib/python3.12/site-packages/dbcounter.py:115}}
Jun 26 08:49:35.307348 np0000003722 nova-scheduler[93356]: DEBUG dbcounter [-] [93356] Writing DB stats nova_cell0:SELECT=1,nova_cell0:UPDATE=1 {{(pid=93356) stat_writer /opt/stack/data/venv/lib/python3.12/site-packages/dbcounter.py:115}}
Jun 26 08:49:35.308517 np0000003722 nova-scheduler[93383]: DEBUG dbcounter [-] [93383] Writing DB stats nova_cell0:SELECT=1,nova_cell0:UPDATE=1 {{(pid=93383) stat_writer /opt/stack/data/venv/lib/python3.12/site-packages/dbcounter.py:115}}
Jun 26 08:50:05.308000 np0000003722 nova-scheduler[93356]: DEBUG oslo.service.backend._threading.loopingcall [None req-0526c078-42dd-4ef1-a0c7-f48fa81e4add None None] Dynamic interval looping call 'nova.service.Service.periodic_tasks' sleeping for 60.00 seconds {{(pid=93356) _run_loop /opt/stack/data/venv/lib/python3.12/site-packages/oslo_service/backend/_threading/loopingcall.py:125}}
Jun 26 08:50:20.312799 np0000003722 nova-scheduler[93383]: DEBUG oslo.service.backend._threading.loopingcall [None req-0a5d2277-57bd-4fd4-885c-fc97f9adc783 None None] Dynamic interval looping call 'nova.service.Service.periodic_tasks' sleeping for 60.00 seconds {{(pid=93383) _run_loop /opt/stack/data/venv/lib/python3.12/site-packages/oslo_service/backend/_threading/loopingcall.py:125}}
Jun 26 08:50:22.203372 np0000003722 nova-scheduler[93356]: DEBUG nova.scheduler.manager [None req-165d8ca9-0812-4e14-b51b-75a0c0096f59 tempest-DeleteServersTestJSON-1978569170 tempest-DeleteServersTestJSON-1978569170-project-member] Starting to schedule for instances: ['1cce6367-d8be-4aed-bfcb-7e59fccc089c'] {{(pid=93356) select_destinations /opt/stack/nova/nova/scheduler/manager.py:210}}
Jun 26 08:50:22.204323 np0000003722 nova-scheduler[93356]: DEBUG nova.scheduler.request_filter [None req-165d8ca9-0812-4e14-b51b-75a0c0096f59 tempest-DeleteServersTestJSON-1978569170 tempest-DeleteServersTestJSON-1978569170-project-member] compute_status_filter request filter added forbidden trait COMPUTE_STATUS_DISABLED {{(pid=93356) compute_status_filter /opt/stack/nova/nova/scheduler/request_filter.py:253}}
Jun 26 08:50:22.204323 np0000003722 nova-scheduler[93356]: DEBUG nova.scheduler.request_filter [None req-165d8ca9-0812-4e14-b51b-75a0c0096f59 tempest-DeleteServersTestJSON-1978569170 tempest-DeleteServersTestJSON-1978569170-project-member] Request filter 'compute_status_filter' took 0.0 seconds {{(pid=93356) wrapper /opt/stack/nova/nova/scheduler/request_filter.py:46}}
Jun 26 08:50:22.204544 np0000003722 nova-scheduler[93356]: DEBUG nova.scheduler.request_filter [None req-165d8ca9-0812-4e14-b51b-75a0c0096f59 tempest-DeleteServersTestJSON-1978569170 tempest-DeleteServersTestJSON-1978569170-project-member] Request filter 'accelerators_filter' took 0.0 seconds {{(pid=93356) wrapper /opt/stack/nova/nova/scheduler/request_filter.py:46}}
Jun 26 08:50:22.204763 np0000003722 nova-scheduler[93356]: DEBUG nova.scheduler.request_filter [None req-165d8ca9-0812-4e14-b51b-75a0c0096f59 tempest-DeleteServersTestJSON-1978569170 tempest-DeleteServersTestJSON-1978569170-project-member] Request filter 'packed_virtqueue_filter' took 0.0 seconds {{(pid=93356) wrapper /opt/stack/nova/nova/scheduler/request_filter.py:46}}
Jun 26 08:50:22.205110 np0000003722 nova-scheduler[93356]: DEBUG nova.scheduler.request_filter [None req-165d8ca9-0812-4e14-b51b-75a0c0096f59 tempest-DeleteServersTestJSON-1978569170 tempest-DeleteServersTestJSON-1978569170-project-member] Request filter 'remote_managed_ports_filter' took 0.0 seconds {{(pid=93356) wrapper /opt/stack/nova/nova/scheduler/request_filter.py:46}}
Jun 26 08:50:22.205318 np0000003722 nova-scheduler[93356]: DEBUG nova.scheduler.request_filter [None req-165d8ca9-0812-4e14-b51b-75a0c0096f59 tempest-DeleteServersTestJSON-1978569170 tempest-DeleteServersTestJSON-1978569170-project-member] ephemeral_encryption_filter skipped {{(pid=93356) ephemeral_encryption_filter /opt/stack/nova/nova/scheduler/request_filter.py:426}}
Jun 26 08:50:22.205547 np0000003722 nova-scheduler[93356]: DEBUG nova.scheduler.request_filter [None req-165d8ca9-0812-4e14-b51b-75a0c0096f59 tempest-DeleteServersTestJSON-1978569170 tempest-DeleteServersTestJSON-1978569170-project-member] virtio_sound_filter skipped {{(pid=93356) virtio_sound_filter /opt/stack/nova/nova/scheduler/request_filter.py:460}}
Jun 26 08:50:22.205731 np0000003722 nova-scheduler[93356]: DEBUG nova.scheduler.request_filter [None req-165d8ca9-0812-4e14-b51b-75a0c0096f59 tempest-DeleteServersTestJSON-1978569170 tempest-DeleteServersTestJSON-1978569170-project-member] tpm_secret_security_filter skipped {{(pid=93356) tpm_secret_security_filter /opt/stack/nova/nova/scheduler/request_filter.py:477}}
Jun 26 08:50:22.843562 np0000003722 nova-scheduler[93356]: INFO nova.utils [None req-165d8ca9-0812-4e14-b51b-75a0c0096f59 tempest-DeleteServersTestJSON-1978569170 tempest-DeleteServersTestJSON-1978569170-project-member] The cell worker thread pool ForkProcess-1.cell_worker is initialized
Jun 26 08:50:22.843846 np0000003722 nova-scheduler[93356]: DEBUG oslo_concurrency.lockutils [None req-165d8ca9-0812-4e14-b51b-75a0c0096f59 tempest-DeleteServersTestJSON-1978569170 tempest-DeleteServersTestJSON-1978569170-project-member] Acquiring lock "a0e90228-696f-4577-9458-3c13f38d5cda" by "nova.context.set_target_cell..get_or_set_cached_cell_and_set_connections" {{(pid=93356) inner /opt/stack/data/venv/lib/python3.12/site-packages/oslo_concurrency/lockutils.py:511}}
Jun 26 08:50:22.844439 np0000003722 nova-scheduler[93356]: DEBUG oslo_concurrency.lockutils [None req-165d8ca9-0812-4e14-b51b-75a0c0096f59 tempest-DeleteServersTestJSON-1978569170 tempest-DeleteServersTestJSON-1978569170-project-member] Lock "a0e90228-696f-4577-9458-3c13f38d5cda" acquired by "nova.context.set_target_cell..get_or_set_cached_cell_and_set_connections" :: waited 0.000s {{(pid=93356) inner /opt/stack/data/venv/lib/python3.12/site-packages/oslo_concurrency/lockutils.py:524}}
Jun 26 08:50:22.848228 np0000003722 nova-scheduler[93356]: DEBUG oslo_concurrency.lockutils [None req-165d8ca9-0812-4e14-b51b-75a0c0096f59 tempest-DeleteServersTestJSON-1978569170 tempest-DeleteServersTestJSON-1978569170-project-member] Lock "a0e90228-696f-4577-9458-3c13f38d5cda" "released" by "nova.context.set_target_cell..get_or_set_cached_cell_and_set_connections" :: held 0.002s {{(pid=93356) inner /opt/stack/data/venv/lib/python3.12/site-packages/oslo_concurrency/lockutils.py:543}}
Jun 26 08:50:22.849398 np0000003722 nova-scheduler[93356]: INFO dbcounter [None req-165d8ca9-0812-4e14-b51b-75a0c0096f59 tempest-DeleteServersTestJSON-1978569170 tempest-DeleteServersTestJSON-1978569170-project-member] Registered counter for database nova_cell1
Jun 26 08:50:22.928367 np0000003722 nova-scheduler[93356]: DEBUG oslo_db.sqlalchemy.engines [None req-165d8ca9-0812-4e14-b51b-75a0c0096f59 tempest-DeleteServersTestJSON-1978569170 tempest-DeleteServersTestJSON-1978569170-project-member] MySQL server mode set to STRICT_TRANS_TABLES,STRICT_ALL_TABLES,NO_ZERO_IN_DATE,NO_ZERO_DATE,ERROR_FOR_DIVISION_BY_ZERO,TRADITIONAL,NO_ENGINE_SUBSTITUTION {{(pid=93356) _check_effective_sql_mode /opt/stack/data/venv/lib/python3.12/site-packages/oslo_db/sqlalchemy/engines.py:325}}
Jun 26 08:50:22.939387 np0000003722 nova-scheduler[93356]: DEBUG dbcounter [-] [93356] Writer thread running {{(pid=93356) stat_writer /opt/stack/data/venv/lib/python3.12/site-packages/dbcounter.py:102}}
Jun 26 08:50:22.957555 np0000003722 nova-scheduler[93356]: DEBUG oslo_db.sqlalchemy.engines [None req-165d8ca9-0812-4e14-b51b-75a0c0096f59 tempest-DeleteServersTestJSON-1978569170 tempest-DeleteServersTestJSON-1978569170-project-member] Parent process 92136 forked (93356) with an open database connection, which is being discarded and recreated. {{(pid=93356) checkout /opt/stack/data/venv/lib/python3.12/site-packages/oslo_db/sqlalchemy/engines.py:402}}
Jun 26 08:50:22.997791 np0000003722 nova-scheduler[93356]: DEBUG dbcounter [-] [93356] Writer thread running {{(pid=93356) stat_writer /opt/stack/data/venv/lib/python3.12/site-packages/dbcounter.py:102}}
Jun 26 08:50:23.000586 np0000003722 nova-scheduler[93356]: DEBUG oslo_concurrency.lockutils [None req-165d8ca9-0812-4e14-b51b-75a0c0096f59 tempest-DeleteServersTestJSON-1978569170 tempest-DeleteServersTestJSON-1978569170-project-member] Acquiring lock "a0e90228-696f-4577-9458-3c13f38d5cda" by "nova.context.set_target_cell..get_or_set_cached_cell_and_set_connections" {{(pid=93356) inner /opt/stack/data/venv/lib/python3.12/site-packages/oslo_concurrency/lockutils.py:511}}
Jun 26 08:50:23.000736 np0000003722 nova-scheduler[93356]: DEBUG oslo_concurrency.lockutils [None req-165d8ca9-0812-4e14-b51b-75a0c0096f59 tempest-DeleteServersTestJSON-1978569170 tempest-DeleteServersTestJSON-1978569170-project-member] Lock "a0e90228-696f-4577-9458-3c13f38d5cda" acquired by "nova.context.set_target_cell..get_or_set_cached_cell_and_set_connections" :: waited 0.000s {{(pid=93356) inner /opt/stack/data/venv/lib/python3.12/site-packages/oslo_concurrency/lockutils.py:524}}
Jun 26 08:50:23.000882 np0000003722 nova-scheduler[93356]: DEBUG oslo_concurrency.lockutils [None req-165d8ca9-0812-4e14-b51b-75a0c0096f59 tempest-DeleteServersTestJSON-1978569170 tempest-DeleteServersTestJSON-1978569170-project-member] Lock "a0e90228-696f-4577-9458-3c13f38d5cda" "released" by "nova.context.set_target_cell..get_or_set_cached_cell_and_set_connections" :: held 0.000s {{(pid=93356) inner /opt/stack/data/venv/lib/python3.12/site-packages/oslo_concurrency/lockutils.py:543}}
Jun 26 08:50:23.004501 np0000003722 nova-scheduler[93356]: DEBUG oslo_concurrency.lockutils [None req-165d8ca9-0812-4e14-b51b-75a0c0096f59 tempest-DeleteServersTestJSON-1978569170 tempest-DeleteServersTestJSON-1978569170-project-member] Acquiring lock "('np0000003722', 'np0000003722')" by "nova.scheduler.host_manager.HostState.update.._locked_update" {{(pid=93356) inner /opt/stack/data/venv/lib/python3.12/site-packages/oslo_concurrency/lockutils.py:511}}
Jun 26 08:50:23.004688 np0000003722 nova-scheduler[93356]: DEBUG oslo_concurrency.lockutils [None req-165d8ca9-0812-4e14-b51b-75a0c0096f59 tempest-DeleteServersTestJSON-1978569170 tempest-DeleteServersTestJSON-1978569170-project-member] Lock "('np0000003722', 'np0000003722')" acquired by "nova.scheduler.host_manager.HostState.update.._locked_update" :: waited 0.000s {{(pid=93356) inner /opt/stack/data/venv/lib/python3.12/site-packages/oslo_concurrency/lockutils.py:524}}
Jun 26 08:50:23.005696 np0000003722 nova-scheduler[93356]: DEBUG nova.scheduler.host_manager [None req-165d8ca9-0812-4e14-b51b-75a0c0096f59 tempest-DeleteServersTestJSON-1978569170 tempest-DeleteServersTestJSON-1978569170-project-member] Update host state from compute node: ComputeNode(cpu_allocation_ratio=4.0,cpu_info='{"arch": "x86_64", "model": "EPYC-Milan", "vendor": "AMD", "topology": {"cells": 1, "sockets": 16, "cores": 1, "threads": 1}, "maxphysaddr": {"mode": "emulate", "bits": 40}, "features": ["arat", "invpcid", "fma", "sse2", "clwb", "pause-filter", "lfence-always-serializing", "amd-stibp", "mce", "stibp-always-on", "ibpb", "adx", "umip", "pschange-mc-no", "lbrv", "x2apic", "de", "npt", "fxsr_opt", "pge", "rdseed", "rdpid", "vpclmulqdq", "stibp", "pse36", "xsaveerptr", "xgetbv1", "rdtscp", "v-vmsave-vmload", "flushbyasid", "fxsr", "pae", "misalignsse", "rdctl-no", "fsgsbase", "hypervisor", "cmp_legacy", "pse", "ssbd", "nrip-save", "cr8legacy", "clflush", "null-sel-clr-base", "pclmuldq", "mmxext", "rdrand", "mtrr", "svme-addr-chk", "vgif", "nx", "osvw", "avx2", "vaes", "cx16", "xsave", "vmcb-clean", "syscall", "tsc", "mmx", "topoext", "cmov", "fpu", "arch-capabilities", "perfctr_core", "no-nested-data-bp", "smap", "xsavec", "pfthreshold", "pat", "msr", "avx", "xsaveopt", "popcnt", "clzero", "ibrs", "mds-no", "fsrm", "sse4.2", "ssse3", "sha-ni", "clflushopt", "3dnowprefetch", "pni", "lm", "sse4.1", "virt-ssbd", "apic", "mca", "skip-l1dfl-vmentry", "pdpe1gb", "spec-ctrl", "tsc_adjust", "svm", "vme", "sse4a", "pcid", "tsc-scale", "movbe", "cx8", "pku", "wbnoinvd", "bmi1", "xsaves", "amd-psfd", "sep", "abm", "bmi2", "tsc-deadline", "sse", "smep", "lahf_lm", "f16c", "erms", "amd-ssbd", "gds-no", "aes"]}',created_at=2026-06-26T08:47:48Z,current_workload=0,deleted=False,deleted_at=None,disk_allocation_ratio=1.0,disk_available_least=73,free_disk_gb=95,free_ram_mb=62765,host='np0000003722',host_ip=10.4.3.79,hypervisor_hostname='np0000003722',hypervisor_type='QEMU',hypervisor_version=8002002,id=1,local_gb=95,local_gb_used=0,mapped=1,memory_mb=63277,memory_mb_used=512,metrics='[]',numa_topology='{"nova_object.name": "NUMATopology", "nova_object.namespace": "nova", "nova_object.version": "1.2", "nova_object.data": {"cells": [{"nova_object.name": "NUMACell", "nova_object.namespace": "nova", "nova_object.version": "1.5", "nova_object.data": {"id": 0, "cpuset": [0, 1, 2, 3, 4, 5, 6, 7, 8, 9, 10, 11, 12, 13, 14, 15], "pcpuset": [0, 1, 2, 3, 4, 5, 6, 7, 8, 9, 10, 11, 12, 13, 14, 15], "memory": 63277, "cpu_usage": 0, "memory_usage": 0, "pinned_cpus": [], "siblings": [[6], [12], [2], [15], [5], [11], [8], [14], [4], [1], [7], [10], [0], [13], [3], [9]], "mempages": [{"nova_object.name": "NUMAPagesTopology", "nova_object.namespace": "nova", "nova_object.version": "1.1", "nova_object.data": {"size_kb": 4, "total": 16177930, "used": 0, "reserved": 0}, "nova_object.changes": ["reserved", "total", "used", "size_kb"]}, {"nova_object.name": "NUMAPagesTopology", "nova_object.namespace": "nova", "nova_object.version": "1.1", "nova_object.data": {"size_kb": 2048, "total": 41, "used": 0, "reserved": 0}, "nova_object.changes": ["reserved", "total", "used", "size_kb"]}, {"nova_object.name": "NUMAPagesTopology", "nova_object.namespace": "nova", "nova_object.version": "1.1", "nova_object.data": {"size_kb": 1048576, "total": 0, "used": 0, "reserved": 0}, "nova_object.changes": ["reserved", "total", "used", "size_kb"]}], "network_metadata": {"nova_object.name": "NetworkMetadata", "nova_object.namespace": "nova", "nova_object.version": "1.0", "nova_object.data": {"physnets": [], "tunneled": false}, "nova_object.changes": ["tunneled", "physnets"]}, "socket": null}, "nova_object.changes": ["pinned_cpus", "mempages", "id", "memory_usage", "pcpuset", "socket", "siblings", "cpu_usage", "cpuset", "memory", "network_metadata"]}]}, "nova_object.changes": ["cells"]}',pci_device_pools=PciDevicePoolList,ram_allocation_ratio=1.0,running_vms=0,service_id=2,stats={failed_builds='0',uptime=' 08:49:31 up 15 min, 2 users, load average: 1.17, 1.48, 0.91
Jun 26 08:50:23.005696 np0000003722 nova-scheduler[93356]: '},supported_hv_specs=[HVSpec,HVSpec,HVSpec,HVSpec,HVSpec,HVSpec,HVSpec,HVSpec,HVSpec,HVSpec,HVSpec,HVSpec,HVSpec,HVSpec,HVSpec,HVSpec,HVSpec,HVSpec,HVSpec,HVSpec,HVSpec,HVSpec,HVSpec,HVSpec,HVSpec],updated_at=2026-06-26T08:49:33Z,uuid=6669a37a-5625-41ee-bfb7-94b6a43053a1,vcpus=16,vcpus_used=0) {{(pid=93356) _locked_update /opt/stack/nova/nova/scheduler/host_manager.py:168}}
Jun 26 08:50:23.006644 np0000003722 nova-scheduler[93356]: DEBUG nova.scheduler.host_manager [None req-165d8ca9-0812-4e14-b51b-75a0c0096f59 tempest-DeleteServersTestJSON-1978569170 tempest-DeleteServersTestJSON-1978569170-project-member] Update host state with aggregates: [] {{(pid=93356) _locked_update /opt/stack/nova/nova/scheduler/host_manager.py:171}}
Jun 26 08:50:23.006800 np0000003722 nova-scheduler[93356]: DEBUG nova.scheduler.host_manager [None req-165d8ca9-0812-4e14-b51b-75a0c0096f59 tempest-DeleteServersTestJSON-1978569170 tempest-DeleteServersTestJSON-1978569170-project-member] Update host state with service dict: {'id': 2, 'uuid': '5917078c-ea54-4e44-859e-dc50db5dc69f', 'host': 'np0000003722', 'binary': 'nova-compute', 'topic': 'compute', 'report_count': 2, 'disabled': False, 'disabled_reason': None, 'last_seen_up': datetime.datetime(2026, 6, 26, 8, 49, 57, tzinfo=datetime.timezone.utc), 'forced_down': False, 'version': 72, 'created_at': datetime.datetime(2026, 6, 26, 8, 47, 46, tzinfo=datetime.timezone.utc), 'updated_at': datetime.datetime(2026, 6, 26, 8, 49, 57, tzinfo=datetime.timezone.utc), 'deleted_at': None, 'deleted': False} {{(pid=93356) _locked_update /opt/stack/nova/nova/scheduler/host_manager.py:174}}
Jun 26 08:50:23.006953 np0000003722 nova-scheduler[93356]: DEBUG nova.scheduler.host_manager [None req-165d8ca9-0812-4e14-b51b-75a0c0096f59 tempest-DeleteServersTestJSON-1978569170 tempest-DeleteServersTestJSON-1978569170-project-member] Update host state with instances: [] {{(pid=93356) _locked_update /opt/stack/nova/nova/scheduler/host_manager.py:177}}
Jun 26 08:50:23.007088 np0000003722 nova-scheduler[93356]: DEBUG oslo_concurrency.lockutils [None req-165d8ca9-0812-4e14-b51b-75a0c0096f59 tempest-DeleteServersTestJSON-1978569170 tempest-DeleteServersTestJSON-1978569170-project-member] Lock "('np0000003722', 'np0000003722')" "released" by "nova.scheduler.host_manager.HostState.update.._locked_update" :: held 0.002s {{(pid=93356) inner /opt/stack/data/venv/lib/python3.12/site-packages/oslo_concurrency/lockutils.py:543}}
Jun 26 08:50:23.007620 np0000003722 nova-scheduler[93356]: DEBUG nova.filters [None req-165d8ca9-0812-4e14-b51b-75a0c0096f59 tempest-DeleteServersTestJSON-1978569170 tempest-DeleteServersTestJSON-1978569170-project-member] Starting with 1 host(s) {{(pid=93356) get_filtered_objects /opt/stack/nova/nova/filters.py:70}}
Jun 26 08:50:23.007851 np0000003722 nova-scheduler[93356]: DEBUG nova.filters [None req-165d8ca9-0812-4e14-b51b-75a0c0096f59 tempest-DeleteServersTestJSON-1978569170 tempest-DeleteServersTestJSON-1978569170-project-member] Filter ComputeFilter returned 1 host(s) {{(pid=93356) get_filtered_objects /opt/stack/nova/nova/filters.py:102}}
Jun 26 08:50:23.008021 np0000003722 nova-scheduler[93356]: DEBUG nova.filters [None req-165d8ca9-0812-4e14-b51b-75a0c0096f59 tempest-DeleteServersTestJSON-1978569170 tempest-DeleteServersTestJSON-1978569170-project-member] Filter ComputeCapabilitiesFilter returned 1 host(s) {{(pid=93356) get_filtered_objects /opt/stack/nova/nova/filters.py:102}}
Jun 26 08:50:23.008260 np0000003722 nova-scheduler[93356]: DEBUG nova.filters [None req-165d8ca9-0812-4e14-b51b-75a0c0096f59 tempest-DeleteServersTestJSON-1978569170 tempest-DeleteServersTestJSON-1978569170-project-member] Filter ImagePropertiesFilter returned 1 host(s) {{(pid=93356) get_filtered_objects /opt/stack/nova/nova/filters.py:102}}
Jun 26 08:50:23.008425 np0000003722 nova-scheduler[93356]: DEBUG nova.filters [None req-165d8ca9-0812-4e14-b51b-75a0c0096f59 tempest-DeleteServersTestJSON-1978569170 tempest-DeleteServersTestJSON-1978569170-project-member] Filter ServerGroupAntiAffinityFilter returned 1 host(s) {{(pid=93356) get_filtered_objects /opt/stack/nova/nova/filters.py:102}}
Jun 26 08:50:23.008597 np0000003722 nova-scheduler[93356]: DEBUG nova.filters [None req-165d8ca9-0812-4e14-b51b-75a0c0096f59 tempest-DeleteServersTestJSON-1978569170 tempest-DeleteServersTestJSON-1978569170-project-member] Filter ServerGroupAffinityFilter returned 1 host(s) {{(pid=93356) get_filtered_objects /opt/stack/nova/nova/filters.py:102}}
Jun 26 08:50:23.008720 np0000003722 nova-scheduler[93356]: DEBUG nova.filters [None req-165d8ca9-0812-4e14-b51b-75a0c0096f59 tempest-DeleteServersTestJSON-1978569170 tempest-DeleteServersTestJSON-1978569170-project-member] Filter SameHostFilter returned 1 host(s) {{(pid=93356) get_filtered_objects /opt/stack/nova/nova/filters.py:102}}
Jun 26 08:50:23.008893 np0000003722 nova-scheduler[93356]: DEBUG nova.filters [None req-165d8ca9-0812-4e14-b51b-75a0c0096f59 tempest-DeleteServersTestJSON-1978569170 tempest-DeleteServersTestJSON-1978569170-project-member] Filter DifferentHostFilter returned 1 host(s) {{(pid=93356) get_filtered_objects /opt/stack/nova/nova/filters.py:102}}
Jun 26 08:50:23.009055 np0000003722 nova-scheduler[93356]: DEBUG nova.scheduler.manager [None req-165d8ca9-0812-4e14-b51b-75a0c0096f59 tempest-DeleteServersTestJSON-1978569170 tempest-DeleteServersTestJSON-1978569170-project-member] Filtered [(np0000003722, np0000003722) ram: 62765MB disk: 74752MB io_ops: 0 instances: 0, allocation_candidates: 1] {{(pid=93356) _get_sorted_hosts /opt/stack/nova/nova/scheduler/manager.py:743}}
Jun 26 08:50:23.010376 np0000003722 nova-scheduler[93356]: DEBUG nova.scheduler.manager [None req-165d8ca9-0812-4e14-b51b-75a0c0096f59 tempest-DeleteServersTestJSON-1978569170 tempest-DeleteServersTestJSON-1978569170-project-member] Weighed [WeighedHost [host: (np0000003722, np0000003722) ram: 62765MB disk: 74752MB io_ops: 0 instances: 0, allocation_candidates: 1, weight: 0.0]] {{(pid=93356) _get_sorted_hosts /opt/stack/nova/nova/scheduler/manager.py:765}}
Jun 26 08:50:23.010376 np0000003722 nova-scheduler[93356]: DEBUG nova.scheduler.utils [None req-165d8ca9-0812-4e14-b51b-75a0c0096f59 tempest-DeleteServersTestJSON-1978569170 tempest-DeleteServersTestJSON-1978569170-project-member] Attempting to claim resources in the placement API for instance 1cce6367-d8be-4aed-bfcb-7e59fccc089c {{(pid=93356) claim_resources /opt/stack/nova/nova/scheduler/utils.py:1345}}
Jun 26 08:50:23.205078 np0000003722 nova-scheduler[93356]: DEBUG nova.scheduler.manager [None req-165d8ca9-0812-4e14-b51b-75a0c0096f59 tempest-DeleteServersTestJSON-1978569170 tempest-DeleteServersTestJSON-1978569170-project-member] [instance: 1cce6367-d8be-4aed-bfcb-7e59fccc089c] Selected host: (np0000003722, np0000003722) ram: 62765MB disk: 74752MB io_ops: 0 instances: 0, allocation_candidates: 1 {{(pid=93356) _consume_selected_host /opt/stack/nova/nova/scheduler/manager.py:625}}
Jun 26 08:50:23.205771 np0000003722 nova-scheduler[93356]: DEBUG oslo_concurrency.lockutils [None req-165d8ca9-0812-4e14-b51b-75a0c0096f59 tempest-DeleteServersTestJSON-1978569170 tempest-DeleteServersTestJSON-1978569170-project-member] Acquiring lock "('np0000003722', 'np0000003722')" by "nova.scheduler.host_manager.HostState.consume_from_request.._locked" {{(pid=93356) inner /opt/stack/data/venv/lib/python3.12/site-packages/oslo_concurrency/lockutils.py:511}}
Jun 26 08:50:23.206028 np0000003722 nova-scheduler[93356]: DEBUG oslo_concurrency.lockutils [None req-165d8ca9-0812-4e14-b51b-75a0c0096f59 tempest-DeleteServersTestJSON-1978569170 tempest-DeleteServersTestJSON-1978569170-project-member] Lock "('np0000003722', 'np0000003722')" acquired by "nova.scheduler.host_manager.HostState.consume_from_request.._locked" :: waited 0.001s {{(pid=93356) inner /opt/stack/data/venv/lib/python3.12/site-packages/oslo_concurrency/lockutils.py:524}}
Jun 26 08:50:23.206274 np0000003722 nova-scheduler[93356]: DEBUG oslo_concurrency.lockutils [None req-165d8ca9-0812-4e14-b51b-75a0c0096f59 tempest-DeleteServersTestJSON-1978569170 tempest-DeleteServersTestJSON-1978569170-project-member] Lock "('np0000003722', 'np0000003722')" "released" by "nova.scheduler.host_manager.HostState.consume_from_request.._locked" :: held 0.000s {{(pid=93356) inner /opt/stack/data/venv/lib/python3.12/site-packages/oslo_concurrency/lockutils.py:543}}
Jun 26 08:50:25.978208 np0000003722 nova-scheduler[93383]: DEBUG nova.scheduler.manager [None req-bc90887c-67d0-401c-8a3e-fee296e62808 tempest-AttachVolumeNegativeTest-485728945 tempest-AttachVolumeNegativeTest-485728945-project-member] Starting to schedule for instances: ['7296165a-cc18-478e-97a3-0c8ef68656e3'] {{(pid=93383) select_destinations /opt/stack/nova/nova/scheduler/manager.py:210}}
Jun 26 08:50:25.978905 np0000003722 nova-scheduler[93383]: DEBUG nova.scheduler.request_filter [None req-bc90887c-67d0-401c-8a3e-fee296e62808 tempest-AttachVolumeNegativeTest-485728945 tempest-AttachVolumeNegativeTest-485728945-project-member] compute_status_filter request filter added forbidden trait COMPUTE_STATUS_DISABLED {{(pid=93383) compute_status_filter /opt/stack/nova/nova/scheduler/request_filter.py:253}}
Jun 26 08:50:25.978905 np0000003722 nova-scheduler[93383]: DEBUG nova.scheduler.request_filter [None req-bc90887c-67d0-401c-8a3e-fee296e62808 tempest-AttachVolumeNegativeTest-485728945 tempest-AttachVolumeNegativeTest-485728945-project-member] Request filter 'compute_status_filter' took 0.0 seconds {{(pid=93383) wrapper /opt/stack/nova/nova/scheduler/request_filter.py:46}}
Jun 26 08:50:25.979006 np0000003722 nova-scheduler[93383]: DEBUG nova.scheduler.request_filter [None req-bc90887c-67d0-401c-8a3e-fee296e62808 tempest-AttachVolumeNegativeTest-485728945 tempest-AttachVolumeNegativeTest-485728945-project-member] Request filter 'accelerators_filter' took 0.0 seconds {{(pid=93383) wrapper /opt/stack/nova/nova/scheduler/request_filter.py:46}}
Jun 26 08:50:25.979613 np0000003722 nova-scheduler[93383]: DEBUG nova.scheduler.request_filter [None req-bc90887c-67d0-401c-8a3e-fee296e62808 tempest-AttachVolumeNegativeTest-485728945 tempest-AttachVolumeNegativeTest-485728945-project-member] Request filter 'packed_virtqueue_filter' took 0.0 seconds {{(pid=93383) wrapper /opt/stack/nova/nova/scheduler/request_filter.py:46}}
Jun 26 08:50:25.979613 np0000003722 nova-scheduler[93383]: DEBUG nova.scheduler.request_filter [None req-bc90887c-67d0-401c-8a3e-fee296e62808 tempest-AttachVolumeNegativeTest-485728945 tempest-AttachVolumeNegativeTest-485728945-project-member] Request filter 'remote_managed_ports_filter' took 0.0 seconds {{(pid=93383) wrapper /opt/stack/nova/nova/scheduler/request_filter.py:46}}
Jun 26 08:50:25.979709 np0000003722 nova-scheduler[93383]: DEBUG nova.scheduler.request_filter [None req-bc90887c-67d0-401c-8a3e-fee296e62808 tempest-AttachVolumeNegativeTest-485728945 tempest-AttachVolumeNegativeTest-485728945-project-member] ephemeral_encryption_filter skipped {{(pid=93383) ephemeral_encryption_filter /opt/stack/nova/nova/scheduler/request_filter.py:426}}
Jun 26 08:50:25.980448 np0000003722 nova-scheduler[93383]: DEBUG nova.scheduler.request_filter [None req-bc90887c-67d0-401c-8a3e-fee296e62808 tempest-AttachVolumeNegativeTest-485728945 tempest-AttachVolumeNegativeTest-485728945-project-member] virtio_sound_filter skipped {{(pid=93383) virtio_sound_filter /opt/stack/nova/nova/scheduler/request_filter.py:460}}
Jun 26 08:50:25.980448 np0000003722 nova-scheduler[93383]: DEBUG nova.scheduler.request_filter [None req-bc90887c-67d0-401c-8a3e-fee296e62808 tempest-AttachVolumeNegativeTest-485728945 tempest-AttachVolumeNegativeTest-485728945-project-member] tpm_secret_security_filter skipped {{(pid=93383) tpm_secret_security_filter /opt/stack/nova/nova/scheduler/request_filter.py:477}}
Jun 26 08:50:26.099193 np0000003722 nova-scheduler[93383]: INFO nova.utils [None req-bc90887c-67d0-401c-8a3e-fee296e62808 tempest-AttachVolumeNegativeTest-485728945 tempest-AttachVolumeNegativeTest-485728945-project-member] The cell worker thread pool ForkProcess-2.cell_worker is initialized
Jun 26 08:50:26.099193 np0000003722 nova-scheduler[93383]: DEBUG oslo_concurrency.lockutils [None req-bc90887c-67d0-401c-8a3e-fee296e62808 tempest-AttachVolumeNegativeTest-485728945 tempest-AttachVolumeNegativeTest-485728945-project-member] Acquiring lock "a0e90228-696f-4577-9458-3c13f38d5cda" by "nova.context.set_target_cell..get_or_set_cached_cell_and_set_connections" {{(pid=93383) inner /opt/stack/data/venv/lib/python3.12/site-packages/oslo_concurrency/lockutils.py:511}}
Jun 26 08:50:26.099570 np0000003722 nova-scheduler[93383]: DEBUG oslo_concurrency.lockutils [None req-bc90887c-67d0-401c-8a3e-fee296e62808 tempest-AttachVolumeNegativeTest-485728945 tempest-AttachVolumeNegativeTest-485728945-project-member] Lock "a0e90228-696f-4577-9458-3c13f38d5cda" acquired by "nova.context.set_target_cell..get_or_set_cached_cell_and_set_connections" :: waited 0.001s {{(pid=93383) inner /opt/stack/data/venv/lib/python3.12/site-packages/oslo_concurrency/lockutils.py:524}}
Jun 26 08:50:26.101334 np0000003722 nova-scheduler[93383]: DEBUG oslo_concurrency.lockutils [None req-bc90887c-67d0-401c-8a3e-fee296e62808 tempest-AttachVolumeNegativeTest-485728945 tempest-AttachVolumeNegativeTest-485728945-project-member] Lock "a0e90228-696f-4577-9458-3c13f38d5cda" "released" by "nova.context.set_target_cell..get_or_set_cached_cell_and_set_connections" :: held 0.002s {{(pid=93383) inner /opt/stack/data/venv/lib/python3.12/site-packages/oslo_concurrency/lockutils.py:543}}
Jun 26 08:50:26.103374 np0000003722 nova-scheduler[93383]: INFO dbcounter [None req-bc90887c-67d0-401c-8a3e-fee296e62808 tempest-AttachVolumeNegativeTest-485728945 tempest-AttachVolumeNegativeTest-485728945-project-member] Registered counter for database nova_cell1
Jun 26 08:50:26.140018 np0000003722 nova-scheduler[93383]: DEBUG oslo_db.sqlalchemy.engines [None req-bc90887c-67d0-401c-8a3e-fee296e62808 tempest-AttachVolumeNegativeTest-485728945 tempest-AttachVolumeNegativeTest-485728945-project-member] MySQL server mode set to STRICT_TRANS_TABLES,STRICT_ALL_TABLES,NO_ZERO_IN_DATE,NO_ZERO_DATE,ERROR_FOR_DIVISION_BY_ZERO,TRADITIONAL,NO_ENGINE_SUBSTITUTION {{(pid=93383) _check_effective_sql_mode /opt/stack/data/venv/lib/python3.12/site-packages/oslo_db/sqlalchemy/engines.py:325}}
Jun 26 08:50:26.150416 np0000003722 nova-scheduler[93383]: DEBUG dbcounter [-] [93383] Writer thread running {{(pid=93383) stat_writer /opt/stack/data/venv/lib/python3.12/site-packages/dbcounter.py:102}}
Jun 26 08:50:26.204833 np0000003722 nova-scheduler[93383]: DEBUG dbcounter [-] [93383] Writer thread running {{(pid=93383) stat_writer /opt/stack/data/venv/lib/python3.12/site-packages/dbcounter.py:102}}
Jun 26 08:50:26.207978 np0000003722 nova-scheduler[93383]: DEBUG oslo_concurrency.lockutils [None req-bc90887c-67d0-401c-8a3e-fee296e62808 tempest-AttachVolumeNegativeTest-485728945 tempest-AttachVolumeNegativeTest-485728945-project-member] Acquiring lock "a0e90228-696f-4577-9458-3c13f38d5cda" by "nova.context.set_target_cell..get_or_set_cached_cell_and_set_connections" {{(pid=93383) inner /opt/stack/data/venv/lib/python3.12/site-packages/oslo_concurrency/lockutils.py:511}}
Jun 26 08:50:26.208147 np0000003722 nova-scheduler[93383]: DEBUG oslo_concurrency.lockutils [None req-bc90887c-67d0-401c-8a3e-fee296e62808 tempest-AttachVolumeNegativeTest-485728945 tempest-AttachVolumeNegativeTest-485728945-project-member] Lock "a0e90228-696f-4577-9458-3c13f38d5cda" acquired by "nova.context.set_target_cell..get_or_set_cached_cell_and_set_connections" :: waited 0.000s {{(pid=93383) inner /opt/stack/data/venv/lib/python3.12/site-packages/oslo_concurrency/lockutils.py:524}}
