Aug 03 11:42:14.675502 np0000006347 devstack@g-api.service[99701]: DEBUG glance_store.driver [-] Late loading location class glance_store._drivers.swift.store.StoreLocation {{(pid=99701) get_store_location_class /opt/stack/data/venv/lib/python3.12/site-packages/glance_store/driver.py:134}}
Aug 03 11:42:14.675546 np0000006347 devstack@g-api.service[99701]: DEBUG glance_store.location [-] Registering scheme swift+https with {'store': , 'location_class': , 'store_entry': 'swift'} {{(pid=99701) register_scheme_map /opt/stack/data/venv/lib/python3.12/site-packages/glance_store/location.py:146}}
Aug 03 11:42:14.675594 np0000006347 devstack@g-api.service[99701]: DEBUG glance_store.location [-] Registering scheme swift+https with {'store': , 'location_class': , 'store_entry': 'swift'} {{(pid=99701) register_scheme_map /opt/stack/data/venv/lib/python3.12/site-packages/glance_store/location.py:146}}
Aug 03 11:42:14.675637 np0000006347 devstack@g-api.service[99701]: DEBUG glance_store.location [-] Registering scheme swift with {'store': , 'location_class': , 'store_entry': 'swift'} {{(pid=99701) register_scheme_map /opt/stack/data/venv/lib/python3.12/site-packages/glance_store/location.py:146}}
Aug 03 11:42:14.675682 np0000006347 devstack@g-api.service[99701]: DEBUG glance_store.location [-] Registering scheme swift+https with {'store': , 'location_class': , 'store_entry': 'swift'} {{(pid=99701) register_scheme_map /opt/stack/data/venv/lib/python3.12/site-packages/glance_store/location.py:146}}
Aug 03 11:42:14.675723 np0000006347 devstack@g-api.service[99701]: DEBUG glance_store.location [-] Registering scheme swift with {'store': , 'location_class': , 'store_entry': 'swift'} {{(pid=99701) register_scheme_map /opt/stack/data/venv/lib/python3.12/site-packages/glance_store/location.py:146}}
Aug 03 11:42:14.675759 np0000006347 devstack@g-api.service[99701]: DEBUG glance_store.location [-] Registering scheme swift+http with {'store': , 'location_class': , 'store_entry': 'swift'} {{(pid=99701) register_scheme_map /opt/stack/data/venv/lib/python3.12/site-packages/glance_store/location.py:146}}
Aug 03 11:42:14.675801 np0000006347 devstack@g-api.service[99701]: DEBUG glance_store.location [-] Registering scheme swift+https with {'store': , 'location_class': , 'store_entry': 'swift'} {{(pid=99701) register_scheme_map /opt/stack/data/venv/lib/python3.12/site-packages/glance_store/location.py:146}}
Aug 03 11:42:14.675848 np0000006347 devstack@g-api.service[99701]: DEBUG glance_store.location [-] Registering scheme swift with {'store': , 'location_class': , 'store_entry': 'swift'} {{(pid=99701) register_scheme_map /opt/stack/data/venv/lib/python3.12/site-packages/glance_store/location.py:146}}
Aug 03 11:42:14.675879 np0000006347 devstack@g-api.service[99699]: DEBUG glance_store.capabilities [-] Store glance_store._drivers.swift.store.SingleTenantStore doesn't support updating dynamic storage capabilities. Please overwrite 'update_capabilities' method of the store to implement updating logics if needed. {{(pid=99699) update_capabilities /opt/stack/data/venv/lib/python3.12/site-packages/glance_store/capabilities.py:91}}
Aug 03 11:42:14.675907 np0000006347 devstack@g-api.service[99701]: DEBUG glance_store.location [-] Registering scheme swift+http with {'store': , 'location_class': , 'store_entry': 'swift'} {{(pid=99701) register_scheme_map /opt/stack/data/venv/lib/python3.12/site-packages/glance_store/location.py:146}}
Aug 03 11:42:14.675936 np0000006347 devstack@g-api.service[99699]: DEBUG glance_store.driver [-] Late loading location class glance_store._drivers.swift.store.StoreLocation {{(pid=99699) get_store_location_class /opt/stack/data/venv/lib/python3.12/site-packages/glance_store/driver.py:134}}
Aug 03 11:42:14.675962 np0000006347 devstack@g-api.service[99701]: DEBUG glance_store.location [-] Registering scheme swift+config with {'store': , 'location_class': , 'store_entry': 'swift'} {{(pid=99701) register_scheme_map /opt/stack/data/venv/lib/python3.12/site-packages/glance_store/location.py:146}}
Aug 03 11:42:14.675996 np0000006347 devstack@g-api.service[99699]: DEBUG glance_store.location [-] Registering scheme swift+https with {'store': , 'location_class': , 'store_entry': 'swift'} {{(pid=99699) register_scheme_map /opt/stack/data/venv/lib/python3.12/site-packages/glance_store/location.py:146}}
Aug 03 11:42:14.676025 np0000006347 devstack@g-api.service[99699]: DEBUG glance_store.location [-] Registering scheme swift+https with {'store': , 'location_class': , 'store_entry': 'swift'} {{(pid=99699) register_scheme_map /opt/stack/data/venv/lib/python3.12/site-packages/glance_store/location.py:146}}
Aug 03 11:42:14.676071 np0000006347 devstack@g-api.service[99699]: DEBUG glance_store.location [-] Registering scheme swift with {'store': , 'location_class': , 'store_entry': 'swift'} {{(pid=99699) register_scheme_map /opt/stack/data/venv/lib/python3.12/site-packages/glance_store/location.py:146}}
Aug 03 11:42:14.676138 np0000006347 devstack@g-api.service[99699]: DEBUG glance_store.location [-] Registering scheme swift+https with {'store': , 'location_class': , 'store_entry': 'swift'} {{(pid=99699) register_scheme_map /opt/stack/data/venv/lib/python3.12/site-packages/glance_store/location.py:146}}
Aug 03 11:42:14.676193 np0000006347 devstack@g-api.service[99699]: DEBUG glance_store.location [-] Registering scheme swift with {'store': , 'location_class': , 'store_entry': 'swift'} {{(pid=99699) register_scheme_map /opt/stack/data/venv/lib/python3.12/site-packages/glance_store/location.py:146}}
Aug 03 11:42:14.676223 np0000006347 devstack@g-api.service[99701]: DEBUG glance.sqlite_migration [-] SQLite caching database not located, skipping migration {{(pid=99701) get_db_path /opt/stack/glance/glance/sqlite_migration.py:68}}
Aug 03 11:42:14.676272 np0000006347 devstack@g-api.service[99699]: DEBUG glance_store.location [-] Registering scheme swift+http with {'store': , 'location_class': , 'store_entry': 'swift'} {{(pid=99699) register_scheme_map /opt/stack/data/venv/lib/python3.12/site-packages/glance_store/location.py:146}}
Aug 03 11:42:14.676304 np0000006347 devstack@g-api.service[99699]: DEBUG glance_store.location [-] Registering scheme swift+https with {'store': , 'location_class': , 'store_entry': 'swift'} {{(pid=99699) register_scheme_map /opt/stack/data/venv/lib/python3.12/site-packages/glance_store/location.py:146}}
Aug 03 11:42:14.676359 np0000006347 devstack@g-api.service[99699]: DEBUG glance_store.location [-] Registering scheme swift with {'store': , 'location_class': , 'store_entry': 'swift'} {{(pid=99699) register_scheme_map /opt/stack/data/venv/lib/python3.12/site-packages/glance_store/location.py:146}}
Aug 03 11:42:14.676413 np0000006347 devstack@g-api.service[99699]: DEBUG glance_store.location [-] Registering scheme swift+http with {'store': , 'location_class': , 'store_entry': 'swift'} {{(pid=99699) register_scheme_map /opt/stack/data/venv/lib/python3.12/site-packages/glance_store/location.py:146}}
Aug 03 11:42:14.676453 np0000006347 devstack@g-api.service[99701]: WARNING glance.common.wsgi_app [-] Import methods are enabled but staging directory /tmp/staging/ does not exist; Imports will fail!
Aug 03 11:42:14.676483 np0000006347 devstack@g-api.service[99699]: DEBUG glance_store.location [-] Registering scheme swift+config with {'store': , 'location_class': , 'store_entry': 'swift'} {{(pid=99699) register_scheme_map /opt/stack/data/venv/lib/python3.12/site-packages/glance_store/location.py:146}}
Aug 03 11:42:14.676715 np0000006347 devstack@g-api.service[99699]: DEBUG glance.sqlite_migration [-] SQLite caching database not located, skipping migration {{(pid=99699) get_db_path /opt/stack/glance/glance/sqlite_migration.py:68}}
Aug 03 11:42:14.676915 np0000006347 devstack@g-api.service[99699]: WARNING glance.common.wsgi_app [-] Import methods are enabled but staging directory /tmp/staging/ does not exist; Imports will fail!
Aug 03 11:42:14.800689 np0000006347 devstack@g-api.service[99700]: DEBUG glance.common.config [None req-d7e094c0-cb71-4ca5-b525-c667f035da62 None None] Loading glance-api-keystone+cachemanagement from /etc/glance/glance-api-paste.ini {{(pid=99700) load_paste_app /opt/stack/glance/glance/common/config.py:765}}
Aug 03 11:42:14.810432 np0000006347 devstack@g-api.service[99701]: DEBUG glance.common.config [None req-0ee74596-3796-427d-b205-72470d764447 None None] Loading glance-api-keystone+cachemanagement from /etc/glance/glance-api-paste.ini {{(pid=99701) load_paste_app /opt/stack/glance/glance/common/config.py:765}}
Aug 03 11:42:14.814769 np0000006347 devstack@g-api.service[99699]: DEBUG glance.common.config [None req-88fe5608-f43c-47a9-b4f3-8fc244b7df32 None None] Loading glance-api-keystone+cachemanagement from /etc/glance/glance-api-paste.ini {{(pid=99699) load_paste_app /opt/stack/glance/glance/common/config.py:765}}
Aug 03 11:42:15.417046 np0000006347 devstack@g-api.service[99701]: INFO glance.image_cache [None req-0ee74596-3796-427d-b205-72470d764447 None None] Image cache loaded driver 'centralized_db'.
Aug 03 11:42:15.417513 np0000006347 devstack@g-api.service[99700]: INFO glance.image_cache [None req-d7e094c0-cb71-4ca5-b525-c667f035da62 None None] Image cache loaded driver 'centralized_db'.
Aug 03 11:42:15.427813 np0000006347 devstack@g-api.service[99699]: INFO glance.image_cache [None req-88fe5608-f43c-47a9-b4f3-8fc244b7df32 None None] Image cache loaded driver 'centralized_db'.
Aug 03 11:42:15.461584 np0000006347 devstack@g-api.service[99701]: INFO dbcounter [None req-0ee74596-3796-427d-b205-72470d764447 None None] Registered counter for database glance
Aug 03 11:42:15.466487 np0000006347 devstack@g-api.service[99700]: INFO dbcounter [None req-d7e094c0-cb71-4ca5-b525-c667f035da62 None None] Registered counter for database glance
Aug 03 11:42:15.478369 np0000006347 devstack@g-api.service[99699]: INFO dbcounter [None req-88fe5608-f43c-47a9-b4f3-8fc244b7df32 None None] Registered counter for database glance
Aug 03 11:42:15.497870 np0000006347 devstack@g-api.service[99701]: DEBUG oslo_db.sqlalchemy.engines [None req-0ee74596-3796-427d-b205-72470d764447 None None] MySQL server mode set to STRICT_TRANS_TABLES,STRICT_ALL_TABLES,NO_ZERO_IN_DATE,NO_ZERO_DATE,ERROR_FOR_DIVISION_BY_ZERO,TRADITIONAL,NO_ENGINE_SUBSTITUTION {{(pid=99701) _check_effective_sql_mode /opt/stack/data/venv/lib/python3.12/site-packages/oslo_db/sqlalchemy/engines.py:325}}
Aug 03 11:42:15.506841 np0000006347 devstack@g-api.service[99700]: DEBUG oslo_db.sqlalchemy.engines [None req-d7e094c0-cb71-4ca5-b525-c667f035da62 None None] MySQL server mode set to STRICT_TRANS_TABLES,STRICT_ALL_TABLES,NO_ZERO_IN_DATE,NO_ZERO_DATE,ERROR_FOR_DIVISION_BY_ZERO,TRADITIONAL,NO_ENGINE_SUBSTITUTION {{(pid=99700) _check_effective_sql_mode /opt/stack/data/venv/lib/python3.12/site-packages/oslo_db/sqlalchemy/engines.py:325}}
Aug 03 11:42:15.518156 np0000006347 devstack@g-api.service[99699]: DEBUG oslo_db.sqlalchemy.engines [None req-88fe5608-f43c-47a9-b4f3-8fc244b7df32 None None] MySQL server mode set to STRICT_TRANS_TABLES,STRICT_ALL_TABLES,NO_ZERO_IN_DATE,NO_ZERO_DATE,ERROR_FOR_DIVISION_BY_ZERO,TRADITIONAL,NO_ENGINE_SUBSTITUTION {{(pid=99699) _check_effective_sql_mode /opt/stack/data/venv/lib/python3.12/site-packages/oslo_db/sqlalchemy/engines.py:325}}
Aug 03 11:42:15.518594 np0000006347 devstack@g-api.service[99701]: DEBUG dbcounter [-] [99701] Writer thread running {{(pid=99701) stat_writer /opt/stack/data/venv/lib/python3.12/site-packages/dbcounter.py:102}}
Aug 03 11:42:15.611040 np0000006347 devstack@g-api.service[99701]: INFO glance.image_cache [None req-0ee74596-3796-427d-b205-72470d764447 None None] Image cache loaded driver 'centralized_db'.
Aug 03 11:42:15.619037 np0000006347 devstack@g-api.service[99701]: DEBUG glance.image_cache.drivers.centralized_db [None req-0ee74596-3796-427d-b205-72470d764447 None None] Node reference is already recorded, ignoring it {{(pid=99701) configure /opt/stack/glance/glance/image_cache/drivers/centralized_db.py:71}}
Aug 03 11:42:15.623583 np0000006347 devstack@g-api.service[99701]: DEBUG glance.api.v2.cached_images [None req-0ee74596-3796-427d-b205-72470d764447 None None] Started cache worker thread {{(pid=99701) __init__ /opt/stack/glance/glance/api/v2/cached_images.py:71}}
Aug 03 11:42:15.624238 np0000006347 devstack@g-api.service[99699]: DEBUG dbcounter [-] [99699] Writer thread running {{(pid=99699) stat_writer /opt/stack/data/venv/lib/python3.12/site-packages/dbcounter.py:102}}
Aug 03 11:42:15.624328 np0000006347 devstack@g-api.service[99701]: INFO glance.image_cache [None req-0ee74596-3796-427d-b205-72470d764447 None None] Image cache loaded driver 'centralized_db'.
Aug 03 11:42:15.626882 np0000006347 devstack@g-api.service[99699]: DEBUG glance.image_cache.drivers.centralized_db [None req-88fe5608-f43c-47a9-b4f3-8fc244b7df32 None None] Node reference is already recorded, ignoring it {{(pid=99699) configure /opt/stack/glance/glance/image_cache/drivers/centralized_db.py:71}}
Aug 03 11:42:15.631247 np0000006347 devstack@g-api.service[99701]: DEBUG glance.image_cache.drivers.centralized_db [None req-0ee74596-3796-427d-b205-72470d764447 None None] Node reference is already recorded, ignoring it {{(pid=99701) configure /opt/stack/glance/glance/image_cache/drivers/centralized_db.py:71}}
Aug 03 11:42:15.632352 np0000006347 devstack@g-api.service[99699]: INFO glance.image_cache [None req-88fe5608-f43c-47a9-b4f3-8fc244b7df32 None None] Image cache loaded driver 'centralized_db'.
Aug 03 11:42:15.635460 np0000006347 devstack@g-api.service[99701]: INFO glance.api.middleware.cache_manage [None req-0ee74596-3796-427d-b205-72470d764447 None None] Initialized image cache management middleware
Aug 03 11:42:15.635596 np0000006347 devstack@g-api.service[99701]: INFO glance.image_cache [None req-0ee74596-3796-427d-b205-72470d764447 None None] Image cache loaded driver 'centralized_db'.
Aug 03 11:42:15.637642 np0000006347 devstack@g-api.service[99700]: DEBUG dbcounter [-] [99700] Writer thread running {{(pid=99700) stat_writer /opt/stack/data/venv/lib/python3.12/site-packages/dbcounter.py:102}}
Aug 03 11:42:15.639559 np0000006347 devstack@g-api.service[99699]: DEBUG glance.image_cache.drivers.centralized_db [None req-88fe5608-f43c-47a9-b4f3-8fc244b7df32 None None] Node reference is already recorded, ignoring it {{(pid=99699) configure /opt/stack/glance/glance/image_cache/drivers/centralized_db.py:71}}
Aug 03 11:42:15.640617 np0000006347 devstack@g-api.service[99700]: DEBUG glance.image_cache.drivers.centralized_db [None req-d7e094c0-cb71-4ca5-b525-c667f035da62 None None] Node reference is already recorded, ignoring it {{(pid=99700) configure /opt/stack/glance/glance/image_cache/drivers/centralized_db.py:71}}
Aug 03 11:42:15.641249 np0000006347 devstack@g-api.service[99701]: DEBUG glance.image_cache.drivers.centralized_db [None req-0ee74596-3796-427d-b205-72470d764447 None None] Node reference is already recorded, ignoring it {{(pid=99701) configure /opt/stack/glance/glance/image_cache/drivers/centralized_db.py:71}}
Aug 03 11:42:15.644152 np0000006347 devstack@g-api.service[99699]: DEBUG glance.api.v2.cached_images [None req-88fe5608-f43c-47a9-b4f3-8fc244b7df32 None None] Started cache worker thread {{(pid=99699) __init__ /opt/stack/glance/glance/api/v2/cached_images.py:71}}
Aug 03 11:42:15.644783 np0000006347 devstack@g-api.service[99699]: INFO glance.image_cache [None req-88fe5608-f43c-47a9-b4f3-8fc244b7df32 None None] Image cache loaded driver 'centralized_db'.
Aug 03 11:42:15.645529 np0000006347 devstack@g-api.service[99701]: INFO glance.api.middleware.cache [None req-0ee74596-3796-427d-b205-72470d764447 None None] Initialized image cache middleware
Aug 03 11:42:15.646687 np0000006347 devstack@g-api.service[99700]: INFO glance.image_cache [None req-d7e094c0-cb71-4ca5-b525-c667f035da62 None None] Image cache loaded driver 'centralized_db'.
Aug 03 11:42:15.650787 np0000006347 devstack@g-api.service[99699]: DEBUG glance.image_cache.drivers.centralized_db [None req-88fe5608-f43c-47a9-b4f3-8fc244b7df32 None None] Node reference is already recorded, ignoring it {{(pid=99699) configure /opt/stack/glance/glance/image_cache/drivers/centralized_db.py:71}}
Aug 03 11:42:15.653944 np0000006347 devstack@g-api.service[99700]: DEBUG glance.image_cache.drivers.centralized_db [None req-d7e094c0-cb71-4ca5-b525-c667f035da62 None None] Node reference is already recorded, ignoring it {{(pid=99700) configure /opt/stack/glance/glance/image_cache/drivers/centralized_db.py:71}}
Aug 03 11:42:15.655423 np0000006347 devstack@g-api.service[99699]: INFO glance.api.middleware.cache_manage [None req-88fe5608-f43c-47a9-b4f3-8fc244b7df32 None None] Initialized image cache management middleware
Aug 03 11:42:15.655567 np0000006347 devstack@g-api.service[99701]: DEBUG glance.common.config [None req-0ee74596-3796-427d-b205-72470d764447 None None] ******************************************************************************** {{(pid=99701) log_opt_values /opt/stack/data/venv/lib/python3.12/site-packages/oslo_config/cfg.py:3226}}
Aug 03 11:42:15.655636 np0000006347 devstack@g-api.service[99699]: INFO glance.image_cache [None req-88fe5608-f43c-47a9-b4f3-8fc244b7df32 None None] Image cache loaded driver 'centralized_db'.
Aug 03 11:42:15.655666 np0000006347 devstack@g-api.service[99701]: DEBUG glance.common.config [None req-0ee74596-3796-427d-b205-72470d764447 None None] Configuration options gathered from: {{(pid=99701) log_opt_values /opt/stack/data/venv/lib/python3.12/site-packages/oslo_config/cfg.py:3227}}
Aug 03 11:42:15.655965 np0000006347 devstack@g-api.service[99701]: DEBUG glance.common.config [None req-0ee74596-3796-427d-b205-72470d764447 None None] command line args: [] {{(pid=99701) log_opt_values /opt/stack/data/venv/lib/python3.12/site-packages/oslo_config/cfg.py:3228}}
Aug 03 11:42:15.656083 np0000006347 devstack@g-api.service[99701]: DEBUG glance.common.config [None req-0ee74596-3796-427d-b205-72470d764447 None None] config files: ['/etc/glance/glance-image-import.conf', '/etc/glance/glance-api.conf'] {{(pid=99701) log_opt_values /opt/stack/data/venv/lib/python3.12/site-packages/oslo_config/cfg.py:3229}}
Aug 03 11:42:15.656168 np0000006347 devstack@g-api.service[99701]: DEBUG glance.common.config [None req-0ee74596-3796-427d-b205-72470d764447 None None] ================================================================================ {{(pid=99701) log_opt_values /opt/stack/data/venv/lib/python3.12/site-packages/oslo_config/cfg.py:3234}}
Aug 03 11:42:15.656298 np0000006347 devstack@g-api.service[99701]: DEBUG glance.common.config [None req-0ee74596-3796-427d-b205-72470d764447 None None] allow_anonymous_access = False {{(pid=99701) log_opt_values /opt/stack/data/venv/lib/python3.12/site-packages/oslo_config/cfg.py:3242}}
Aug 03 11:42:15.656414 np0000006347 devstack@g-api.service[99701]: DEBUG glance.common.config [None req-0ee74596-3796-427d-b205-72470d764447 None None] api_limit_max = 1000 {{(pid=99701) log_opt_values /opt/stack/data/venv/lib/python3.12/site-packages/oslo_config/cfg.py:3242}}
Aug 03 11:42:15.656499 np0000006347 devstack@g-api.service[99701]: DEBUG glance.common.config [None req-0ee74596-3796-427d-b205-72470d764447 None None] config_dir = [] {{(pid=99701) log_opt_values /opt/stack/data/venv/lib/python3.12/site-packages/oslo_config/cfg.py:3242}}
Aug 03 11:42:15.656654 np0000006347 devstack@g-api.service[99701]: DEBUG glance.common.config [None req-0ee74596-3796-427d-b205-72470d764447 None None] config_file = ['/etc/glance/glance-image-import.conf', '/etc/glance/glance-api.conf'] {{(pid=99701) log_opt_values /opt/stack/data/venv/lib/python3.12/site-packages/oslo_config/cfg.py:3242}}
Aug 03 11:42:15.656654 np0000006347 devstack@g-api.service[99701]: DEBUG glance.common.config [None req-0ee74596-3796-427d-b205-72470d764447 None None] config_source = [] {{(pid=99701) log_opt_values /opt/stack/data/venv/lib/python3.12/site-packages/oslo_config/cfg.py:3242}}
Aug 03 11:42:15.656755 np0000006347 devstack@g-api.service[99701]: DEBUG glance.common.config [None req-0ee74596-3796-427d-b205-72470d764447 None None] control_exchange = glance {{(pid=99701) log_opt_values /opt/stack/data/venv/lib/python3.12/site-packages/oslo_config/cfg.py:3242}}
Aug 03 11:42:15.656825 np0000006347 devstack@g-api.service[99701]: DEBUG glance.common.config [None req-0ee74596-3796-427d-b205-72470d764447 None None] debug = True {{(pid=99701) log_opt_values /opt/stack/data/venv/lib/python3.12/site-packages/oslo_config/cfg.py:3242}}
Aug 03 11:42:15.656981 np0000006347 devstack@g-api.service[99701]: DEBUG glance.common.config [None req-0ee74596-3796-427d-b205-72470d764447 None None] default_log_levels = ['amqp=WARN', 'boto=WARN', 'sqlalchemy=WARN', 'suds=INFO', 'oslo.messaging=INFO', 'oslo_messaging=INFO', 'iso8601=WARN', 'requests.packages.urllib3.connectionpool=WARN', 'urllib3.connectionpool=WARN', 'websocket=WARN', 'requests.packages.urllib3.util.retry=WARN', 'urllib3.util.retry=WARN', 'keystonemiddleware=WARN', 'routes.middleware=WARN', 'stevedore=WARN', 'taskflow=WARN', 'keystoneauth=WARN', 'oslo.cache=INFO', 'oslo_policy=INFO', 'dogpile.core.dogpile=INFO'] {{(pid=99701) log_opt_values /opt/stack/data/venv/lib/python3.12/site-packages/oslo_config/cfg.py:3242}}
Aug 03 11:42:15.657075 np0000006347 devstack@g-api.service[99701]: DEBUG glance.common.config [None req-0ee74596-3796-427d-b205-72470d764447 None None] default_publisher_id = image.localhost {{(pid=99701) log_opt_values /opt/stack/data/venv/lib/python3.12/site-packages/oslo_config/cfg.py:3242}}
Aug 03 11:42:15.657176 np0000006347 devstack@g-api.service[99701]: DEBUG glance.common.config [None req-0ee74596-3796-427d-b205-72470d764447 None None] delayed_delete = False {{(pid=99701) log_opt_values /opt/stack/data/venv/lib/python3.12/site-packages/oslo_config/cfg.py:3242}}
Aug 03 11:42:15.657289 np0000006347 devstack@g-api.service[99701]: DEBUG glance.common.config [None req-0ee74596-3796-427d-b205-72470d764447 None None] digest_algorithm = sha256 {{(pid=99701) log_opt_values /opt/stack/data/venv/lib/python3.12/site-packages/oslo_config/cfg.py:3242}}
Aug 03 11:42:15.657386 np0000006347 devstack@g-api.service[99701]: DEBUG glance.common.config [None req-0ee74596-3796-427d-b205-72470d764447 None None] disabled_notifications = [] {{(pid=99701) log_opt_values /opt/stack/data/venv/lib/python3.12/site-packages/oslo_config/cfg.py:3242}}
Aug 03 11:42:15.657484 np0000006347 devstack@g-api.service[99701]: DEBUG glance.common.config [None req-0ee74596-3796-427d-b205-72470d764447 None None] do_secure_hash = True {{(pid=99701) log_opt_values /opt/stack/data/venv/lib/python3.12/site-packages/oslo_config/cfg.py:3242}}
Aug 03 11:42:15.657559 np0000006347 devstack@g-api.service[99701]: DEBUG glance.common.config [None req-0ee74596-3796-427d-b205-72470d764447 None None] enabled_backends = None {{(pid=99701) log_opt_values /opt/stack/data/venv/lib/python3.12/site-packages/oslo_config/cfg.py:3242}}
Aug 03 11:42:15.657708 np0000006347 devstack@g-api.service[99701]: DEBUG glance.common.config [None req-0ee74596-3796-427d-b205-72470d764447 None None] enabled_import_methods = ['glance-direct', 'web-download', 'copy-image'] {{(pid=99701) log_opt_values /opt/stack/data/venv/lib/python3.12/site-packages/oslo_config/cfg.py:3242}}
Aug 03 11:42:15.657805 np0000006347 devstack@g-api.service[99701]: DEBUG glance.common.config [None req-0ee74596-3796-427d-b205-72470d764447 None None] fatal_deprecations = False {{(pid=99701) log_opt_values /opt/stack/data/venv/lib/python3.12/site-packages/oslo_config/cfg.py:3242}}
Aug 03 11:42:15.657896 np0000006347 devstack@g-api.service[99701]: DEBUG glance.common.config [None req-0ee74596-3796-427d-b205-72470d764447 None None] hashing_algorithm = sha512 {{(pid=99701) log_opt_values /opt/stack/data/venv/lib/python3.12/site-packages/oslo_config/cfg.py:3242}}
Aug 03 11:42:15.657990 np0000006347 devstack@g-api.service[99701]: DEBUG glance.common.config [None req-0ee74596-3796-427d-b205-72470d764447 None None] http_retries = 3 {{(pid=99701) log_opt_values /opt/stack/data/venv/lib/python3.12/site-packages/oslo_config/cfg.py:3242}}
Aug 03 11:42:15.658080 np0000006347 devstack@g-api.service[99701]: DEBUG glance.common.config [None req-0ee74596-3796-427d-b205-72470d764447 None None] image_cache_dir = /opt/stack/data/glance/cache/ {{(pid=99701) log_opt_values /opt/stack/data/venv/lib/python3.12/site-packages/oslo_config/cfg.py:3242}}
Aug 03 11:42:15.658185 np0000006347 devstack@g-api.service[99701]: DEBUG glance.common.config [None req-0ee74596-3796-427d-b205-72470d764447 None None] image_cache_driver = centralized_db {{(pid=99701) log_opt_values /opt/stack/data/venv/lib/python3.12/site-packages/oslo_config/cfg.py:3242}}
Aug 03 11:42:15.658304 np0000006347 devstack@g-api.service[99701]: DEBUG glance.common.config [None req-0ee74596-3796-427d-b205-72470d764447 None None] image_cache_max_size = 10737418240 {{(pid=99701) log_opt_values /opt/stack/data/venv/lib/python3.12/site-packages/oslo_config/cfg.py:3242}}
Aug 03 11:42:15.658479 np0000006347 devstack@g-api.service[99700]: DEBUG glance.api.v2.cached_images [None req-d7e094c0-cb71-4ca5-b525-c667f035da62 None None] Started cache worker thread {{(pid=99700) __init__ /opt/stack/glance/glance/api/v2/cached_images.py:71}}
Aug 03 11:42:15.658531 np0000006347 devstack@g-api.service[99701]: DEBUG glance.common.config [None req-0ee74596-3796-427d-b205-72470d764447 None None] image_cache_sqlite_db = cache.db {{(pid=99701) log_opt_values /opt/stack/data/venv/lib/python3.12/site-packages/oslo_config/cfg.py:3242}}
Aug 03 11:42:15.658531 np0000006347 devstack@g-api.service[99701]: DEBUG glance.common.config [None req-0ee74596-3796-427d-b205-72470d764447 None None] image_cache_stall_time = 86400 {{(pid=99701) log_opt_values /opt/stack/data/venv/lib/python3.12/site-packages/oslo_config/cfg.py:3242}}
Aug 03 11:42:15.658595 np0000006347 devstack@g-api.service[99701]: DEBUG glance.common.config [None req-0ee74596-3796-427d-b205-72470d764447 None None] image_location_quota = 10 {{(pid=99701) log_opt_values /opt/stack/data/venv/lib/python3.12/site-packages/oslo_config/cfg.py:3242}}
Aug 03 11:42:15.658703 np0000006347 devstack@g-api.service[99701]: DEBUG glance.common.config [None req-0ee74596-3796-427d-b205-72470d764447 None None] image_member_quota = 128 {{(pid=99701) log_opt_values /opt/stack/data/venv/lib/python3.12/site-packages/oslo_config/cfg.py:3242}}
Aug 03 11:42:15.658770 np0000006347 devstack@g-api.service[99701]: DEBUG glance.common.config [None req-0ee74596-3796-427d-b205-72470d764447 None None] image_property_quota = 128 {{(pid=99701) log_opt_values /opt/stack/data/venv/lib/python3.12/site-packages/oslo_config/cfg.py:3242}}
Aug 03 11:42:15.658859 np0000006347 devstack@g-api.service[99701]: DEBUG glance.common.config [None req-0ee74596-3796-427d-b205-72470d764447 None None] image_size_cap = 1099511627776 {{(pid=99701) log_opt_values /opt/stack/data/venv/lib/python3.12/site-packages/oslo_config/cfg.py:3242}}
Aug 03 11:42:15.658943 np0000006347 devstack@g-api.service[99701]: DEBUG glance.common.config [None req-0ee74596-3796-427d-b205-72470d764447 None None] image_tag_quota = 128 {{(pid=99701) log_opt_values /opt/stack/data/venv/lib/python3.12/site-packages/oslo_config/cfg.py:3242}}
Aug 03 11:42:15.658976 np0000006347 devstack@g-api.service[99700]: INFO glance.image_cache [None req-d7e094c0-cb71-4ca5-b525-c667f035da62 None None] Image cache loaded driver 'centralized_db'.
Aug 03 11:42:15.659033 np0000006347 devstack@g-api.service[99701]: DEBUG glance.common.config [None req-0ee74596-3796-427d-b205-72470d764447 None None] instance_format = [instance: %(uuid)s] {{(pid=99701) log_opt_values /opt/stack/data/venv/lib/python3.12/site-packages/oslo_config/cfg.py:3242}}
Aug 03 11:42:15.659134 np0000006347 devstack@g-api.service[99701]: DEBUG glance.common.config [None req-0ee74596-3796-427d-b205-72470d764447 None None] instance_uuid_format = [instance: %(uuid)s] {{(pid=99701) log_opt_values /opt/stack/data/venv/lib/python3.12/site-packages/oslo_config/cfg.py:3242}}
Aug 03 11:42:15.659224 np0000006347 devstack@g-api.service[99701]: DEBUG glance.common.config [None req-0ee74596-3796-427d-b205-72470d764447 None None] limit_param_default = 25 {{(pid=99701) log_opt_values /opt/stack/data/venv/lib/python3.12/site-packages/oslo_config/cfg.py:3242}}
Aug 03 11:42:15.659335 np0000006347 devstack@g-api.service[99701]: DEBUG glance.common.config [None req-0ee74596-3796-427d-b205-72470d764447 None None] log_color = False {{(pid=99701) log_opt_values /opt/stack/data/venv/lib/python3.12/site-packages/oslo_config/cfg.py:3242}}
Aug 03 11:42:15.659427 np0000006347 devstack@g-api.service[99701]: DEBUG glance.common.config [None req-0ee74596-3796-427d-b205-72470d764447 None None] log_config_append = None {{(pid=99701) log_opt_values /opt/stack/data/venv/lib/python3.12/site-packages/oslo_config/cfg.py:3242}}
Aug 03 11:42:15.659521 np0000006347 devstack@g-api.service[99701]: DEBUG glance.common.config [None req-0ee74596-3796-427d-b205-72470d764447 None None] log_date_format = %Y-%m-%d %H:%M:%S {{(pid=99701) log_opt_values /opt/stack/data/venv/lib/python3.12/site-packages/oslo_config/cfg.py:3242}}
Aug 03 11:42:15.659615 np0000006347 devstack@g-api.service[99701]: DEBUG glance.common.config [None req-0ee74596-3796-427d-b205-72470d764447 None None] log_dir = None {{(pid=99701) log_opt_values /opt/stack/data/venv/lib/python3.12/site-packages/oslo_config/cfg.py:3242}}
Aug 03 11:42:15.659728 np0000006347 devstack@g-api.service[99701]: DEBUG glance.common.config [None req-0ee74596-3796-427d-b205-72470d764447 None None] log_file = None {{(pid=99701) log_opt_values /opt/stack/data/venv/lib/python3.12/site-packages/oslo_config/cfg.py:3242}}
Aug 03 11:42:15.659821 np0000006347 devstack@g-api.service[99701]: DEBUG glance.common.config [None req-0ee74596-3796-427d-b205-72470d764447 None None] log_rotate_interval = 1 {{(pid=99701) log_opt_values /opt/stack/data/venv/lib/python3.12/site-packages/oslo_config/cfg.py:3242}}
Aug 03 11:42:15.659956 np0000006347 devstack@g-api.service[99701]: DEBUG glance.common.config [None req-0ee74596-3796-427d-b205-72470d764447 None None] log_rotate_interval_type = days {{(pid=99701) log_opt_values /opt/stack/data/venv/lib/python3.12/site-packages/oslo_config/cfg.py:3242}}
Aug 03 11:42:15.660009 np0000006347 devstack@g-api.service[99701]: DEBUG glance.common.config [None req-0ee74596-3796-427d-b205-72470d764447 None None] log_rotation_type = none {{(pid=99701) log_opt_values /opt/stack/data/venv/lib/python3.12/site-packages/oslo_config/cfg.py:3242}}
Aug 03 11:42:15.660078 np0000006347 devstack@g-api.service[99701]: DEBUG glance.common.config [None req-0ee74596-3796-427d-b205-72470d764447 None None] logging_context_format_string = %(color)s%(levelname)s %(name)s [%(global_request_id)s %(request_id)s %(project_name)s %(user_name)s%(color)s] %(instance)s%(color)s%(message)s {{(pid=99701) log_opt_values /opt/stack/data/venv/lib/python3.12/site-packages/oslo_config/cfg.py:3242}}
Aug 03 11:42:15.660159 np0000006347 devstack@g-api.service[99701]: DEBUG glance.common.config [None req-0ee74596-3796-427d-b205-72470d764447 None None] logging_debug_format_suffix = {{(pid=%(process)d) %(funcName)s %(pathname)s:%(lineno)d}} {{(pid=99701) log_opt_values /opt/stack/data/venv/lib/python3.12/site-packages/oslo_config/cfg.py:3242}}
Aug 03 11:42:15.660265 np0000006347 devstack@g-api.service[99701]: DEBUG glance.common.config [None req-0ee74596-3796-427d-b205-72470d764447 None None] logging_default_format_string = %(color)s%(levelname)s %(name)s [-%(color)s] %(instance)s%(color)s%(message)s {{(pid=99701) log_opt_values /opt/stack/data/venv/lib/python3.12/site-packages/oslo_config/cfg.py:3242}}
Aug 03 11:42:15.660369 np0000006347 devstack@g-api.service[99701]: DEBUG glance.common.config [None req-0ee74596-3796-427d-b205-72470d764447 None None] logging_exception_prefix = ERROR %(name)s %(instance)s {{(pid=99701) log_opt_values /opt/stack/data/venv/lib/python3.12/site-packages/oslo_config/cfg.py:3242}}
Aug 03 11:42:15.660436 np0000006347 devstack@g-api.service[99701]: DEBUG glance.common.config [None req-0ee74596-3796-427d-b205-72470d764447 None None] logging_user_identity_format = %(user)s %(project)s %(domain)s %(system_scope)s %(user_domain)s %(project_domain)s {{(pid=99701) log_opt_values /opt/stack/data/venv/lib/python3.12/site-packages/oslo_config/cfg.py:3242}}
Aug 03 11:42:15.660527 np0000006347 devstack@g-api.service[99701]: DEBUG glance.common.config [None req-0ee74596-3796-427d-b205-72470d764447 None None] max_logfile_count = 30 {{(pid=99701) log_opt_values /opt/stack/data/venv/lib/python3.12/site-packages/oslo_config/cfg.py:3242}}
Aug 03 11:42:15.660616 np0000006347 devstack@g-api.service[99701]: DEBUG glance.common.config [None req-0ee74596-3796-427d-b205-72470d764447 None None] max_logfile_size_mb = 200 {{(pid=99701) log_opt_values /opt/stack/data/venv/lib/python3.12/site-packages/oslo_config/cfg.py:3242}}
Aug 03 11:42:15.660703 np0000006347 devstack@g-api.service[99701]: DEBUG glance.common.config [None req-0ee74596-3796-427d-b205-72470d764447 None None] max_request_id_length = 64 {{(pid=99701) log_opt_values /opt/stack/data/venv/lib/python3.12/site-packages/oslo_config/cfg.py:3242}}
Aug 03 11:42:15.660787 np0000006347 devstack@g-api.service[99701]: DEBUG glance.common.config [None req-0ee74596-3796-427d-b205-72470d764447 None None] metadata_encryption_key = **** {{(pid=99701) log_opt_values /opt/stack/data/venv/lib/python3.12/site-packages/oslo_config/cfg.py:3242}}
Aug 03 11:42:15.660878 np0000006347 devstack@g-api.service[99701]: DEBUG glance.common.config [None req-0ee74596-3796-427d-b205-72470d764447 None None] node_staging_uri = file:///tmp/staging/ {{(pid=99701) log_opt_values /opt/stack/data/venv/lib/python3.12/site-packages/oslo_config/cfg.py:3242}}
Aug 03 11:42:15.660964 np0000006347 devstack@g-api.service[99701]: DEBUG glance.common.config [None req-0ee74596-3796-427d-b205-72470d764447 None None] property_protection_file = None {{(pid=99701) log_opt_values /opt/stack/data/venv/lib/python3.12/site-packages/oslo_config/cfg.py:3242}}
Aug 03 11:42:15.661056 np0000006347 devstack@g-api.service[99701]: DEBUG glance.common.config [None req-0ee74596-3796-427d-b205-72470d764447 None None] property_protection_rule_format = roles {{(pid=99701) log_opt_values /opt/stack/data/venv/lib/python3.12/site-packages/oslo_config/cfg.py:3242}}
Aug 03 11:42:15.661161 np0000006347 devstack@g-api.service[99701]: DEBUG glance.common.config [None req-0ee74596-3796-427d-b205-72470d764447 None None] public_endpoint = https://10.4.3.238/image {{(pid=99701) log_opt_values /opt/stack/data/venv/lib/python3.12/site-packages/oslo_config/cfg.py:3242}}
Aug 03 11:42:15.661263 np0000006347 devstack@g-api.service[99701]: DEBUG glance.common.config [None req-0ee74596-3796-427d-b205-72470d764447 None None] publish_errors = False {{(pid=99701) log_opt_values /opt/stack/data/venv/lib/python3.12/site-packages/oslo_config/cfg.py:3242}}
Aug 03 11:42:15.661359 np0000006347 devstack@g-api.service[99701]: DEBUG glance.common.config [None req-0ee74596-3796-427d-b205-72470d764447 None None] pydev_worker_debug_host = None {{(pid=99701) log_opt_values /opt/stack/data/venv/lib/python3.12/site-packages/oslo_config/cfg.py:3242}}
Aug 03 11:42:15.661450 np0000006347 devstack@g-api.service[99701]: DEBUG glance.common.config [None req-0ee74596-3796-427d-b205-72470d764447 None None] pydev_worker_debug_port = 5678 {{(pid=99701) log_opt_values /opt/stack/data/venv/lib/python3.12/site-packages/oslo_config/cfg.py:3242}}
Aug 03 11:42:15.661536 np0000006347 devstack@g-api.service[99701]: DEBUG glance.common.config [None req-0ee74596-3796-427d-b205-72470d764447 None None] rate_limit_burst = 0 {{(pid=99701) log_opt_values /opt/stack/data/venv/lib/python3.12/site-packages/oslo_config/cfg.py:3242}}
Aug 03 11:42:15.661649 np0000006347 devstack@g-api.service[99701]: DEBUG glance.common.config [None req-0ee74596-3796-427d-b205-72470d764447 None None] rate_limit_except_level = CRITICAL {{(pid=99701) log_opt_values /opt/stack/data/venv/lib/python3.12/site-packages/oslo_config/cfg.py:3242}}
Aug 03 11:42:15.661746 np0000006347 devstack@g-api.service[99701]: DEBUG glance.common.config [None req-0ee74596-3796-427d-b205-72470d764447 None None] rate_limit_interval = 0 {{(pid=99701) log_opt_values /opt/stack/data/venv/lib/python3.12/site-packages/oslo_config/cfg.py:3242}}
Aug 03 11:42:15.661834 np0000006347 devstack@g-api.service[99701]: DEBUG glance.common.config [None req-0ee74596-3796-427d-b205-72470d764447 None None] scrub_pool_size = 1 {{(pid=99701) log_opt_values /opt/stack/data/venv/lib/python3.12/site-packages/oslo_config/cfg.py:3242}}
Aug 03 11:42:15.661919 np0000006347 devstack@g-api.service[99701]: DEBUG glance.common.config [None req-0ee74596-3796-427d-b205-72470d764447 None None] scrub_time = 0 {{(pid=99701) log_opt_values /opt/stack/data/venv/lib/python3.12/site-packages/oslo_config/cfg.py:3242}}
Aug 03 11:42:15.662006 np0000006347 devstack@g-api.service[99701]: DEBUG glance.common.config [None req-0ee74596-3796-427d-b205-72470d764447 None None] shell_completion = None {{(pid=99701) log_opt_values /opt/stack/data/venv/lib/python3.12/site-packages/oslo_config/cfg.py:3242}}
Aug 03 11:42:15.662096 np0000006347 devstack@g-api.service[99701]: DEBUG glance.common.config [None req-0ee74596-3796-427d-b205-72470d764447 None None] show_image_direct_url = False {{(pid=99701) log_opt_values /opt/stack/data/venv/lib/python3.12/site-packages/oslo_config/cfg.py:3242}}
Aug 03 11:42:15.662319 np0000006347 devstack@g-api.service[99701]: WARNING oslo_config.cfg [None req-0ee74596-3796-427d-b205-72470d764447 None None] Deprecated: Option "show_multiple_locations" from group "DEFAULT" is deprecated for removal (Use of this option, deprecated since Newton, is a security risk and will be removed once we figure out a way to satisfy those use cases that currently require it. An earlier announcement that the same functionality can be achieved with greater granularity by using policies is incorrect. You cannot work around this option via policy configuration at the present time, though that is the direction we believe the fix will take. Please keep an eye on the Glance release notes to stay up to date on progress in addressing this issue.). Its value may be silently ignored in the future.
Aug 03 11:42:15.662420 np0000006347 devstack@g-api.service[99701]: DEBUG glance.common.config [None req-0ee74596-3796-427d-b205-72470d764447 None None] show_multiple_locations = False {{(pid=99701) log_opt_values /opt/stack/data/venv/lib/python3.12/site-packages/oslo_config/cfg.py:3242}}
Aug 03 11:42:15.662517 np0000006347 devstack@g-api.service[99701]: DEBUG glance.common.config [None req-0ee74596-3796-427d-b205-72470d764447 None None] syslog_log_facility = LOG_USER {{(pid=99701) log_opt_values /opt/stack/data/venv/lib/python3.12/site-packages/oslo_config/cfg.py:3242}}
Aug 03 11:42:15.662608 np0000006347 devstack@g-api.service[99701]: DEBUG glance.common.config [None req-0ee74596-3796-427d-b205-72470d764447 None None] transport_url = **** {{(pid=99701) log_opt_values /opt/stack/data/venv/lib/python3.12/site-packages/oslo_config/cfg.py:3242}}
Aug 03 11:42:15.662695 np0000006347 devstack@g-api.service[99701]: DEBUG glance.common.config [None req-0ee74596-3796-427d-b205-72470d764447 None None] use_journal = False {{(pid=99701) log_opt_values /opt/stack/data/venv/lib/python3.12/site-packages/oslo_config/cfg.py:3242}}
Aug 03 11:42:15.662780 np0000006347 devstack@g-api.service[99701]: DEBUG glance.common.config [None req-0ee74596-3796-427d-b205-72470d764447 None None] use_json = False {{(pid=99701) log_opt_values /opt/stack/data/venv/lib/python3.12/site-packages/oslo_config/cfg.py:3242}}
Aug 03 11:42:15.662872 np0000006347 devstack@g-api.service[99701]: DEBUG glance.common.config [None req-0ee74596-3796-427d-b205-72470d764447 None None] use_keystone_limits = True {{(pid=99701) log_opt_values /opt/stack/data/venv/lib/python3.12/site-packages/oslo_config/cfg.py:3242}}
Aug 03 11:42:15.662957 np0000006347 devstack@g-api.service[99701]: DEBUG glance.common.config [None req-0ee74596-3796-427d-b205-72470d764447 None None] use_stderr = False {{(pid=99701) log_opt_values /opt/stack/data/venv/lib/python3.12/site-packages/oslo_config/cfg.py:3242}}
Aug 03 11:42:15.663049 np0000006347 devstack@g-api.service[99701]: DEBUG glance.common.config [None req-0ee74596-3796-427d-b205-72470d764447 None None] use_syslog = False {{(pid=99701) log_opt_values /opt/stack/data/venv/lib/python3.12/site-packages/oslo_config/cfg.py:3242}}
Aug 03 11:42:15.663147 np0000006347 devstack@g-api.service[99701]: DEBUG glance.common.config [None req-0ee74596-3796-427d-b205-72470d764447 None None] user_storage_quota = 0 {{(pid=99701) log_opt_values /opt/stack/data/venv/lib/python3.12/site-packages/oslo_config/cfg.py:3242}}
Aug 03 11:42:15.663237 np0000006347 devstack@g-api.service[99701]: DEBUG glance.common.config [None req-0ee74596-3796-427d-b205-72470d764447 None None] worker_self_reference_url = http://127.0.0.1:60999 {{(pid=99701) log_opt_values /opt/stack/data/venv/lib/python3.12/site-packages/oslo_config/cfg.py:3242}}
Aug 03 11:42:15.663361 np0000006347 devstack@g-api.service[99701]: DEBUG glance.common.config [None req-0ee74596-3796-427d-b205-72470d764447 None None] oslo_concurrency.disable_process_locking = False {{(pid=99701) log_opt_values /opt/stack/data/venv/lib/python3.12/site-packages/oslo_config/cfg.py:3253}}
Aug 03 11:42:15.663461 np0000006347 devstack@g-api.service[99701]: DEBUG glance.common.config [None req-0ee74596-3796-427d-b205-72470d764447 None None] oslo_concurrency.lock_path = /opt/stack/data/glance/locks {{(pid=99701) log_opt_values /opt/stack/data/venv/lib/python3.12/site-packages/oslo_config/cfg.py:3253}}
Aug 03 11:42:15.663552 np0000006347 devstack@g-api.service[99701]: DEBUG glance.common.config [None req-0ee74596-3796-427d-b205-72470d764447 None None] oslo_middleware.enable_proxy_headers_parsing = False {{(pid=99701) log_opt_values /opt/stack/data/venv/lib/python3.12/site-packages/oslo_config/cfg.py:3253}}
Aug 03 11:42:15.663675 np0000006347 devstack@g-api.service[99701]: DEBUG glance.common.config [None req-0ee74596-3796-427d-b205-72470d764447 None None] oslo_middleware.http_basic_auth_user_file = /etc/htpasswd {{(pid=99701) log_opt_values /opt/stack/data/venv/lib/python3.12/site-packages/oslo_config/cfg.py:3253}}
Aug 03 11:42:15.663775 np0000006347 devstack@g-api.service[99701]: DEBUG glance.common.config [None req-0ee74596-3796-427d-b205-72470d764447 None None] paste_deploy.config_file = None {{(pid=99701) log_opt_values /opt/stack/data/venv/lib/python3.12/site-packages/oslo_config/cfg.py:3253}}
Aug 03 11:42:15.663869 np0000006347 devstack@g-api.service[99701]: DEBUG glance.common.config [None req-0ee74596-3796-427d-b205-72470d764447 None None] paste_deploy.flavor = keystone+cachemanagement {{(pid=99701) log_opt_values /opt/stack/data/venv/lib/python3.12/site-packages/oslo_config/cfg.py:3253}}
Aug 03 11:42:15.663994 np0000006347 devstack@g-api.service[99701]: DEBUG glance.common.config [None req-0ee74596-3796-427d-b205-72470d764447 None None] image_format.container_formats = ['ami', 'ari', 'aki', 'bare', 'ovf', 'ova', 'docker', 'compressed'] {{(pid=99701) log_opt_values /opt/stack/data/venv/lib/python3.12/site-packages/oslo_config/cfg.py:3253}}
Aug 03 11:42:15.664132 np0000006347 devstack@g-api.service[99701]: DEBUG glance.common.config [None req-0ee74596-3796-427d-b205-72470d764447 None None] image_format.disk_formats = ['ami', 'ari', 'aki', 'vhd', 'vhdx', 'vmdk', 'raw', 'qcow2', 'vdi', 'iso', 'ploop'] {{(pid=99701) log_opt_values /opt/stack/data/venv/lib/python3.12/site-packages/oslo_config/cfg.py:3253}}
Aug 03 11:42:15.664226 np0000006347 devstack@g-api.service[99701]: DEBUG glance.common.config [None req-0ee74596-3796-427d-b205-72470d764447 None None] image_format.gpt_safety_checks_nonfatal = [] {{(pid=99701) log_opt_values /opt/stack/data/venv/lib/python3.12/site-packages/oslo_config/cfg.py:3253}}
Aug 03 11:42:15.664267 np0000006347 devstack@g-api.service[99699]: DEBUG glance.image_cache.drivers.centralized_db [None req-88fe5608-f43c-47a9-b4f3-8fc244b7df32 None None] Node reference is already recorded, ignoring it {{(pid=99699) configure /opt/stack/glance/glance/image_cache/drivers/centralized_db.py:71}}
Aug 03 11:42:15.664341 np0000006347 devstack@g-api.service[99701]: DEBUG glance.common.config [None req-0ee74596-3796-427d-b205-72470d764447 None None] image_format.require_image_format_match = True {{(pid=99701) log_opt_values /opt/stack/data/venv/lib/python3.12/site-packages/oslo_config/cfg.py:3253}}
Aug 03 11:42:15.664442 np0000006347 devstack@g-api.service[99701]: DEBUG glance.common.config [None req-0ee74596-3796-427d-b205-72470d764447 None None] image_format.vmdk_allowed_types = ['streamOptimized', 'monolithicSparse'] {{(pid=99701) log_opt_values /opt/stack/data/venv/lib/python3.12/site-packages/oslo_config/cfg.py:3253}}
Aug 03 11:42:15.664542 np0000006347 devstack@g-api.service[99701]: DEBUG glance.common.config [None req-0ee74596-3796-427d-b205-72470d764447 None None] task.task_executor = taskflow {{(pid=99701) log_opt_values /opt/stack/data/venv/lib/python3.12/site-packages/oslo_config/cfg.py:3253}}
Aug 03 11:42:15.664634 np0000006347 devstack@g-api.service[99701]: DEBUG glance.common.config [None req-0ee74596-3796-427d-b205-72470d764447 None None] task.task_time_to_live = 48 {{(pid=99701) log_opt_values /opt/stack/data/venv/lib/python3.12/site-packages/oslo_config/cfg.py:3253}}
Aug 03 11:42:15.664721 np0000006347 devstack@g-api.service[99701]: DEBUG glance.common.config [None req-0ee74596-3796-427d-b205-72470d764447 None None] task.work_dir = None {{(pid=99701) log_opt_values /opt/stack/data/venv/lib/python3.12/site-packages/oslo_config/cfg.py:3253}}
Aug 03 11:42:15.664818 np0000006347 devstack@g-api.service[99701]: DEBUG glance.common.config [None req-0ee74596-3796-427d-b205-72470d764447 None None] wsgi.python_interpreter = /opt/stack/data/venv/bin/python3 {{(pid=99701) log_opt_values /opt/stack/data/venv/lib/python3.12/site-packages/oslo_config/cfg.py:3253}}
Aug 03 11:42:15.664905 np0000006347 devstack@g-api.service[99701]: DEBUG glance.common.config [None req-0ee74596-3796-427d-b205-72470d764447 None None] wsgi.task_pool_threads = 16 {{(pid=99701) log_opt_values /opt/stack/data/venv/lib/python3.12/site-packages/oslo_config/cfg.py:3253}}
Aug 03 11:42:15.664999 np0000006347 devstack@g-api.service[99701]: DEBUG glance.common.config [None req-0ee74596-3796-427d-b205-72470d764447 None None] import_filtering_opts.allowed_hosts = [] {{(pid=99701) log_opt_values /opt/stack/data/venv/lib/python3.12/site-packages/oslo_config/cfg.py:3253}}
Aug 03 11:42:15.665092 np0000006347 devstack@g-api.service[99701]: DEBUG glance.common.config [None req-0ee74596-3796-427d-b205-72470d764447 None None] import_filtering_opts.allowed_ports = [80, 443] {{(pid=99701) log_opt_values /opt/stack/data/venv/lib/python3.12/site-packages/oslo_config/cfg.py:3253}}
Aug 03 11:42:15.665174 np0000006347 devstack@g-api.service[99700]: DEBUG glance.image_cache.drivers.centralized_db [None req-d7e094c0-cb71-4ca5-b525-c667f035da62 None None] Node reference is already recorded, ignoring it {{(pid=99700) configure /opt/stack/glance/glance/image_cache/drivers/centralized_db.py:71}}
Aug 03 11:42:15.665204 np0000006347 devstack@g-api.service[99701]: DEBUG glance.common.config [None req-0ee74596-3796-427d-b205-72470d764447 None None] import_filtering_opts.allowed_schemes = ['http', 'https'] {{(pid=99701) log_opt_values /opt/stack/data/venv/lib/python3.12/site-packages/oslo_config/cfg.py:3253}}
Aug 03 11:42:15.665309 np0000006347 devstack@g-api.service[99701]: DEBUG glance.common.config [None req-0ee74596-3796-427d-b205-72470d764447 None None] import_filtering_opts.disallowed_hosts = [] {{(pid=99701) log_opt_values /opt/stack/data/venv/lib/python3.12/site-packages/oslo_config/cfg.py:3253}}
Aug 03 11:42:15.665394 np0000006347 devstack@g-api.service[99701]: DEBUG glance.common.config [None req-0ee74596-3796-427d-b205-72470d764447 None None] import_filtering_opts.disallowed_ports = [] {{(pid=99701) log_opt_values /opt/stack/data/venv/lib/python3.12/site-packages/oslo_config/cfg.py:3253}}
Aug 03 11:42:15.665481 np0000006347 devstack@g-api.service[99701]: DEBUG glance.common.config [None req-0ee74596-3796-427d-b205-72470d764447 None None] import_filtering_opts.disallowed_schemes = [] {{(pid=99701) log_opt_values /opt/stack/data/venv/lib/python3.12/site-packages/oslo_config/cfg.py:3253}}
Aug 03 11:42:15.665574 np0000006347 devstack@g-api.service[99701]: DEBUG glance.common.config [None req-0ee74596-3796-427d-b205-72470d764447 None None] oslo_messaging_metrics.metrics_buffer_size = 1000 {{(pid=99701) log_opt_values /opt/stack/data/venv/lib/python3.12/site-packages/oslo_config/cfg.py:3253}}
Aug 03 11:42:15.665685 np0000006347 devstack@g-api.service[99701]: DEBUG glance.common.config [None req-0ee74596-3796-427d-b205-72470d764447 None None] oslo_messaging_metrics.metrics_enabled = False {{(pid=99701) log_opt_values /opt/stack/data/venv/lib/python3.12/site-packages/oslo_config/cfg.py:3253}}
Aug 03 11:42:15.665783 np0000006347 devstack@g-api.service[99701]: DEBUG glance.common.config [None req-0ee74596-3796-427d-b205-72470d764447 None None] oslo_messaging_metrics.metrics_process_name = {{(pid=99701) log_opt_values /opt/stack/data/venv/lib/python3.12/site-packages/oslo_config/cfg.py:3253}}
Aug 03 11:42:15.665876 np0000006347 devstack@g-api.service[99701]: DEBUG glance.common.config [None req-0ee74596-3796-427d-b205-72470d764447 None None] oslo_messaging_metrics.metrics_socket_file = /var/tmp/metrics_collector.sock {{(pid=99701) log_opt_values /opt/stack/data/venv/lib/python3.12/site-packages/oslo_config/cfg.py:3253}}
