Aug 03 11:41:29.999186 np0000006347 devstack@neutron-api.service[87581]: DEBUG neutron.api.extensions [None req-a2211e87-fe5c-46e9-9401-4ebee0ddb129 None None] Ext name="Port data plane status extension" alias="data-plane-status" description="Expose status of underlying data plane" updated="2017-01-24T10:00:00-00:00" {{(pid=87581) _check_extension /opt/stack/neutron/neutron/api/extensions.py:415}}
Aug 03 11:41:30.000075 np0000006347 devstack@neutron-api.service[87581]: INFO neutron.api.extensions [None req-a2211e87-fe5c-46e9-9401-4ebee0ddb129 None None] Extension data-plane-status not supported by any of loaded plugins
Aug 03 11:41:30.000075 np0000006347 devstack@neutron-api.service[87581]: DEBUG neutron.api.extensions [None req-a2211e87-fe5c-46e9-9401-4ebee0ddb129 None None] Loading extension file: default_subnetpools.py {{(pid=87581) _load_all_extensions_from_path /opt/stack/neutron/neutron/api/extensions.py:449}}
Aug 03 11:41:30.000231 np0000006347 devstack@neutron-api.service[87582]: DEBUG neutron.plugins.ml2.plugin [None req-8317e294-729d-4104-87cf-a9be075c8399 None None] neutron.plugins.ml2.plugin.Ml2Plugin method _start_rpc_notifiers called with arguments () {} {{(pid=87582) wrapper /opt/stack/data/venv/lib/python3.12/site-packages/oslo_log/helpers.py:77}}
Aug 03 11:41:30.000356 np0000006347 devstack@neutron-api.service[87581]: DEBUG neutron.api.extensions [None req-a2211e87-fe5c-46e9-9401-4ebee0ddb129 None None] Ext name="Default Subnetpools" alias="default-subnetpools" description="Provides ability to mark and use a subnetpool as the default." updated="2016-02-18T18:00:00-00:00" {{(pid=87581) _check_extension /opt/stack/neutron/neutron/api/extensions.py:415}}
Aug 03 11:41:30.000356 np0000006347 devstack@neutron-api.service[87581]: INFO neutron.api.extensions [None req-a2211e87-fe5c-46e9-9401-4ebee0ddb129 None None] Loaded extension: default-subnetpools
Aug 03 11:41:30.000467 np0000006347 devstack@neutron-api.service[87582]: DEBUG neutron_lib.callbacks.manager [None req-8317e294-729d-4104-87cf-a9be075c8399 None None] Subscribe: > port after_create 55550000, False {{(pid=87582) subscribe /opt/stack/data/venv/lib/python3.12/site-packages/neutron_lib/callbacks/manager.py:52}}
Aug 03 11:41:30.000549 np0000006347 devstack@neutron-api.service[87581]: DEBUG neutron.api.extensions [None req-a2211e87-fe5c-46e9-9401-4ebee0ddb129 None None] Loading extension file: dhcpagentscheduler.py {{(pid=87581) _load_all_extensions_from_path /opt/stack/neutron/neutron/api/extensions.py:449}}
Aug 03 11:41:30.000590 np0000006347 devstack@neutron-api.service[87582]: DEBUG neutron_lib.callbacks.manager [None req-8317e294-729d-4104-87cf-a9be075c8399 None None] Subscribe: > port after_update 55550000, False {{(pid=87582) subscribe /opt/stack/data/venv/lib/python3.12/site-packages/neutron_lib/callbacks/manager.py:52}}
Aug 03 11:41:30.000590 np0000006347 devstack@neutron-api.service[87582]: DEBUG neutron_lib.callbacks.manager [None req-8317e294-729d-4104-87cf-a9be075c8399 None None] Subscribe: > port after_delete 55550000, False {{(pid=87582) subscribe /opt/stack/data/venv/lib/python3.12/site-packages/neutron_lib/callbacks/manager.py:52}}
Aug 03 11:41:30.000590 np0000006347 devstack@neutron-api.service[87582]: DEBUG neutron_lib.callbacks.manager [None req-8317e294-729d-4104-87cf-a9be075c8399 None None] Subscribe: > subnet after_create 55550000, False {{(pid=87582) subscribe /opt/stack/data/venv/lib/python3.12/site-packages/neutron_lib/callbacks/manager.py:52}}
Aug 03 11:41:30.000590 np0000006347 devstack@neutron-api.service[87582]: DEBUG neutron_lib.callbacks.manager [None req-8317e294-729d-4104-87cf-a9be075c8399 None None] Subscribe: > subnet after_update 55550000, False {{(pid=87582) subscribe /opt/stack/data/venv/lib/python3.12/site-packages/neutron_lib/callbacks/manager.py:52}}
Aug 03 11:41:30.000798 np0000006347 devstack@neutron-api.service[87581]: DEBUG neutron.api.extensions [None req-a2211e87-fe5c-46e9-9401-4ebee0ddb129 None None] Ext name="DHCP Agent Scheduler" alias="dhcp_agent_scheduler" description="Schedule networks among dhcp agents" updated="2013-02-07T10:00:00-00:00" {{(pid=87581) _check_extension /opt/stack/neutron/neutron/api/extensions.py:415}}
Aug 03 11:41:30.000849 np0000006347 devstack@neutron-api.service[87582]: DEBUG neutron_lib.callbacks.manager [None req-8317e294-729d-4104-87cf-a9be075c8399 None None] Subscribe: > subnet after_delete 55550000, False {{(pid=87582) subscribe /opt/stack/data/venv/lib/python3.12/site-packages/neutron_lib/callbacks/manager.py:52}}
Aug 03 11:41:30.000942 np0000006347 devstack@neutron-api.service[87581]: INFO neutron.api.extensions [None req-a2211e87-fe5c-46e9-9401-4ebee0ddb129 None None] Loaded extension: dhcp_agent_scheduler
Aug 03 11:41:30.001022 np0000006347 devstack@neutron-api.service[87582]: DEBUG neutron_lib.callbacks.manager [None req-8317e294-729d-4104-87cf-a9be075c8399 None None] Subscribe: > network after_create 55550000, False {{(pid=87582) subscribe /opt/stack/data/venv/lib/python3.12/site-packages/neutron_lib/callbacks/manager.py:52}}
Aug 03 11:41:30.001064 np0000006347 devstack@neutron-api.service[87581]: DEBUG neutron.api.extensions [None req-a2211e87-fe5c-46e9-9401-4ebee0ddb129 None None] Loading extension file: dns.py {{(pid=87581) _load_all_extensions_from_path /opt/stack/neutron/neutron/api/extensions.py:449}}
Aug 03 11:41:30.001161 np0000006347 devstack@neutron-api.service[87582]: DEBUG neutron_lib.callbacks.manager [None req-8317e294-729d-4104-87cf-a9be075c8399 None None] Subscribe: > network after_update 55550000, False {{(pid=87582) subscribe /opt/stack/data/venv/lib/python3.12/site-packages/neutron_lib/callbacks/manager.py:52}}
Aug 03 11:41:30.001161 np0000006347 devstack@neutron-api.service[87582]: DEBUG neutron_lib.callbacks.manager [None req-8317e294-729d-4104-87cf-a9be075c8399 None None] Subscribe: > network after_delete 55550000, False {{(pid=87582) subscribe /opt/stack/data/venv/lib/python3.12/site-packages/neutron_lib/callbacks/manager.py:52}}
Aug 03 11:41:30.001161 np0000006347 devstack@neutron-api.service[87582]: DEBUG neutron_lib.callbacks.manager [None req-8317e294-729d-4104-87cf-a9be075c8399 None None] Subscribe: > security_group after_create 55550000, False {{(pid=87582) subscribe /opt/stack/data/venv/lib/python3.12/site-packages/neutron_lib/callbacks/manager.py:52}}
Aug 03 11:41:30.001304 np0000006347 devstack@neutron-api.service[87581]: DEBUG neutron.api.extensions [None req-a2211e87-fe5c-46e9-9401-4ebee0ddb129 None None] Ext name="DNS Integration" alias="dns-integration" description="Provides integration with DNS." updated="2015-08-15T18:00:00-00:00" {{(pid=87581) _check_extension /opt/stack/neutron/neutron/api/extensions.py:415}}
Aug 03 11:41:30.001428 np0000006347 devstack@neutron-api.service[87582]: DEBUG neutron_lib.callbacks.manager [None req-8317e294-729d-4104-87cf-a9be075c8399 None None] Subscribe: > security_group after_update 55550000, False {{(pid=87582) subscribe /opt/stack/data/venv/lib/python3.12/site-packages/neutron_lib/callbacks/manager.py:52}}
Aug 03 11:41:30.001428 np0000006347 devstack@neutron-api.service[87582]: DEBUG neutron_lib.callbacks.manager [None req-8317e294-729d-4104-87cf-a9be075c8399 None None] Subscribe: > security_group after_delete 55550000, False {{(pid=87582) subscribe /opt/stack/data/venv/lib/python3.12/site-packages/neutron_lib/callbacks/manager.py:52}}
Aug 03 11:41:30.001510 np0000006347 devstack@neutron-api.service[87581]: INFO neutron.api.extensions [None req-a2211e87-fe5c-46e9-9401-4ebee0ddb129 None None] Loaded extension: dns-integration
Aug 03 11:41:30.001592 np0000006347 devstack@neutron-api.service[87582]: DEBUG neutron_lib.callbacks.manager [None req-8317e294-729d-4104-87cf-a9be075c8399 None None] Subscribe: > security_group_rule after_create 55550000, False {{(pid=87582) subscribe /opt/stack/data/venv/lib/python3.12/site-packages/neutron_lib/callbacks/manager.py:52}}
Aug 03 11:41:30.001673 np0000006347 devstack@neutron-api.service[87581]: DEBUG neutron.api.extensions [None req-a2211e87-fe5c-46e9-9401-4ebee0ddb129 None None] Loading extension file: dns_domain_ports.py {{(pid=87581) _load_all_extensions_from_path /opt/stack/neutron/neutron/api/extensions.py:449}}
Aug 03 11:41:30.001713 np0000006347 devstack@neutron-api.service[87582]: DEBUG neutron_lib.callbacks.manager [None req-8317e294-729d-4104-87cf-a9be075c8399 None None] Subscribe: > security_group_rule after_update 55550000, False {{(pid=87582) subscribe /opt/stack/data/venv/lib/python3.12/site-packages/neutron_lib/callbacks/manager.py:52}}
Aug 03 11:41:30.001713 np0000006347 devstack@neutron-api.service[87582]: DEBUG neutron_lib.callbacks.manager [None req-8317e294-729d-4104-87cf-a9be075c8399 None None] Subscribe: > security_group_rule after_delete 55550000, False {{(pid=87582) subscribe /opt/stack/data/venv/lib/python3.12/site-packages/neutron_lib/callbacks/manager.py:52}}
Aug 03 11:41:30.001836 np0000006347 devstack@neutron-api.service[87581]: DEBUG neutron.api.extensions [None req-a2211e87-fe5c-46e9-9401-4ebee0ddb129 None None] Ext name="dns_domain for ports" alias="dns-domain-ports" description="Allows the DNS domain to be specified for a network port." updated="2017-04-24T10:00:00-00:00" {{(pid=87581) _check_extension /opt/stack/neutron/neutron/api/extensions.py:415}}
Aug 03 11:41:30.001919 np0000006347 devstack@neutron-api.service[87582]: DEBUG neutron_lib.callbacks.manager [None req-8317e294-729d-4104-87cf-a9be075c8399 None None] Subscribe: > address_group after_create 55550000, False {{(pid=87582) subscribe /opt/stack/data/venv/lib/python3.12/site-packages/neutron_lib/callbacks/manager.py:52}}
Aug 03 11:41:30.001919 np0000006347 devstack@neutron-api.service[87582]: DEBUG neutron_lib.callbacks.manager [None req-8317e294-729d-4104-87cf-a9be075c8399 None None] Subscribe: > address_group after_update 55550000, False {{(pid=87582) subscribe /opt/stack/data/venv/lib/python3.12/site-packages/neutron_lib/callbacks/manager.py:52}}
Aug 03 11:41:30.002012 np0000006347 devstack@neutron-api.service[87581]: INFO neutron.api.extensions [None req-a2211e87-fe5c-46e9-9401-4ebee0ddb129 None None] Loaded extension: dns-domain-ports
Aug 03 11:41:30.002104 np0000006347 devstack@neutron-api.service[87582]: DEBUG neutron_lib.callbacks.manager [None req-8317e294-729d-4104-87cf-a9be075c8399 None None] Subscribe: > address_group after_delete 55550000, False {{(pid=87582) subscribe /opt/stack/data/venv/lib/python3.12/site-packages/neutron_lib/callbacks/manager.py:52}}
Aug 03 11:41:30.002203 np0000006347 devstack@neutron-api.service[87581]: DEBUG neutron.api.extensions [None req-a2211e87-fe5c-46e9-9401-4ebee0ddb129 None None] Loading extension file: dns_integration_domain_keywords.py {{(pid=87581) _load_all_extensions_from_path /opt/stack/neutron/neutron/api/extensions.py:449}}
Aug 03 11:41:30.003160 np0000006347 devstack@neutron-api.service[87582]: DEBUG neutron.plugins.ml2.ovo_rpc [None req-8317e294-729d-4104-87cf-a9be075c8399 None None] ML2 OVO RPC backend initialized. {{(pid=87582) __init__ /opt/stack/neutron/neutron/plugins/ml2/ovo_rpc.py:117}}
Aug 03 11:41:30.003916 np0000006347 devstack@neutron-api.service[87581]: DEBUG neutron.api.extensions [None req-a2211e87-fe5c-46e9-9401-4ebee0ddb129 None None] Ext name="DNS domain names with keywords allowed" alias="dns-integration-domain-keywords" description="Allows to use keywords like , , and as DNS domain name" updated="2020-06-15T18:00:00-00:00" {{(pid=87581) _check_extension /opt/stack/neutron/neutron/api/extensions.py:415}}
Aug 03 11:41:30.003916 np0000006347 devstack@neutron-api.service[87581]: INFO neutron.api.extensions [None req-a2211e87-fe5c-46e9-9401-4ebee0ddb129 None None] Loaded extension: dns-integration-domain-keywords
Aug 03 11:41:30.003916 np0000006347 devstack@neutron-api.service[87581]: DEBUG neutron.api.extensions [None req-a2211e87-fe5c-46e9-9401-4ebee0ddb129 None None] Loading extension file: dvr.py {{(pid=87581) _load_all_extensions_from_path /opt/stack/neutron/neutron/api/extensions.py:449}}
Aug 03 11:41:30.003916 np0000006347 devstack@neutron-api.service[87581]: DEBUG neutron.api.extensions [None req-a2211e87-fe5c-46e9-9401-4ebee0ddb129 None None] Ext name="Distributed Virtual Router" alias="dvr" description="Enables configuration of Distributed Virtual Routers." updated="2014-06-1T10:00:00-00:00" {{(pid=87581) _check_extension /opt/stack/neutron/neutron/api/extensions.py:415}}
Aug 03 11:41:30.003916 np0000006347 devstack@neutron-api.service[87581]: INFO neutron.api.extensions [None req-a2211e87-fe5c-46e9-9401-4ebee0ddb129 None None] Extension dvr not supported by any of loaded plugins
Aug 03 11:41:30.004982 np0000006347 devstack@neutron-api.service[87582]: INFO neutron.quota [None req-8317e294-729d-4104-87cf-a9be075c8399 None None] Loaded quota_driver: .
Aug 03 11:41:30.005699 np0000006347 devstack@neutron-api.service[87581]: DEBUG neutron.api.extensions [None req-a2211e87-fe5c-46e9-9401-4ebee0ddb129 None None] Loading extension file: ecmp_routes.py {{(pid=87581) _load_all_extensions_from_path /opt/stack/neutron/neutron/api/extensions.py:449}}
Aug 03 11:41:30.006420 np0000006347 devstack@neutron-api.service[87582]: INFO neutron.plugins.ml2.plugin [None req-8317e294-729d-4104-87cf-a9be075c8399 None None] Modular L2 Plugin initialization complete
Aug 03 11:41:30.006420 np0000006347 devstack@neutron-api.service[87582]: DEBUG neutron.manager [None req-8317e294-729d-4104-87cf-a9be075c8399 None None] Loading services supported by the core plugin {{(pid=87582) _load_services_from_core_plugin /opt/stack/neutron/neutron/manager.py:167}}
Aug 03 11:41:30.006932 np0000006347 devstack@neutron-api.service[87581]: DEBUG neutron.api.extensions [None req-a2211e87-fe5c-46e9-9401-4ebee0ddb129 None None] Ext name="Equal Cost Multipath Routing" alias="ecmp_routes" description="Allows traffic to reach thesame destination via multiple different links " updated="2020-11-26T18:00:00-00:00" {{(pid=87581) _check_extension /opt/stack/neutron/neutron/api/extensions.py:415}}
Aug 03 11:41:30.007078 np0000006347 devstack@neutron-api.service[87582]: INFO neutron.plugins.ml2.managers [None req-8317e294-729d-4104-87cf-a9be075c8399 None None] Got port-security extension from driver 'port_security'
Aug 03 11:41:30.007187 np0000006347 devstack@neutron-api.service[87581]: INFO neutron.api.extensions [None req-a2211e87-fe5c-46e9-9401-4ebee0ddb129 None None] Extension ecmp_routes not supported by any of loaded plugins
Aug 03 11:41:30.007187 np0000006347 devstack@neutron-api.service[87581]: DEBUG neutron.api.extensions [None req-a2211e87-fe5c-46e9-9401-4ebee0ddb129 None None] Loading extension file: empty_string_filtering.py {{(pid=87581) _load_all_extensions_from_path /opt/stack/neutron/neutron/api/extensions.py:449}}
Aug 03 11:41:30.007360 np0000006347 devstack@neutron-api.service[87582]: DEBUG neutron.manager [None req-8317e294-729d-4104-87cf-a9be075c8399 None None] Loading service plugins: ['ovn-router', 'auto_allocate', 'tag', 'timestamp', 'network_ip_availability', 'flavors', 'revisions'] {{(pid=87582) _load_service_plugins /opt/stack/neutron/neutron/manager.py:192}}
Aug 03 11:41:30.007404 np0000006347 devstack@neutron-api.service[87581]: DEBUG neutron.api.extensions [None req-a2211e87-fe5c-46e9-9401-4ebee0ddb129 None None] Ext name="Empty String Filtering Extension" alias="empty-string-filtering" description="Allow filtering by attributes with empty string value" updated="2018-05-01T10:00:00-00:00" {{(pid=87581) _check_extension /opt/stack/neutron/neutron/api/extensions.py:415}}
Aug 03 11:41:30.007445 np0000006347 devstack@neutron-api.service[87582]: INFO neutron.manager [None req-8317e294-729d-4104-87cf-a9be075c8399 None None] Loading Plugin: ovn-router
Aug 03 11:41:30.007534 np0000006347 devstack@neutron-api.service[87581]: INFO neutron.api.extensions [None req-a2211e87-fe5c-46e9-9401-4ebee0ddb129 None None] Loaded extension: empty-string-filtering
Aug 03 11:41:30.007534 np0000006347 devstack@neutron-api.service[87581]: DEBUG neutron.api.extensions [None req-a2211e87-fe5c-46e9-9401-4ebee0ddb129 None None] Loading extension file: evpn.py {{(pid=87581) _load_all_extensions_from_path /opt/stack/neutron/neutron/api/extensions.py:449}}
Aug 03 11:41:30.007534 np0000006347 devstack@neutron-api.service[87581]: DEBUG neutron.api.extensions [None req-a2211e87-fe5c-46e9-9401-4ebee0ddb129 None None] Ext name="EVPN" alias="evpn" description="Router extension to support EVPN Type-5 route advertisement" updated="2026-04-28T00:00:00-00:00" {{(pid=87581) _check_extension /opt/stack/neutron/neutron/api/extensions.py:415}}
Aug 03 11:41:30.007534 np0000006347 devstack@neutron-api.service[87581]: INFO neutron.api.extensions [None req-a2211e87-fe5c-46e9-9401-4ebee0ddb129 None None] Extension evpn not supported by any of loaded plugins
Aug 03 11:41:30.007534 np0000006347 devstack@neutron-api.service[87581]: DEBUG neutron.api.extensions [None req-a2211e87-fe5c-46e9-9401-4ebee0ddb129 None None] Loading extension file: expose_l3_conntrack_helper.py {{(pid=87581) _load_all_extensions_from_path /opt/stack/neutron/neutron/api/extensions.py:449}}
Aug 03 11:41:30.007534 np0000006347 devstack@neutron-api.service[87581]: DEBUG neutron.api.extensions [None req-a2211e87-fe5c-46e9-9401-4ebee0ddb129 None None] Ext name="Expose CT target rules for conntrack helper" alias="expose-l3-conntrack-helper" description="Expose allow adding CT target rules for conntrack helper" updated="2019-04-04T10:00:00-00:00" {{(pid=87581) _check_extension /opt/stack/neutron/neutron/api/extensions.py:415}}
Aug 03 11:41:30.007534 np0000006347 devstack@neutron-api.service[87581]: INFO neutron.api.extensions [None req-a2211e87-fe5c-46e9-9401-4ebee0ddb129 None None] Extension expose-l3-conntrack-helper not supported by any of loaded plugins
Aug 03 11:41:30.007880 np0000006347 devstack@neutron-api.service[87581]: DEBUG neutron.api.extensions [None req-a2211e87-fe5c-46e9-9401-4ebee0ddb129 None None] Loading extension file: expose_port_forwarding_in_fip.py {{(pid=87581) _load_all_extensions_from_path /opt/stack/neutron/neutron/api/extensions.py:449}}
Aug 03 11:41:30.007880 np0000006347 devstack@neutron-api.service[87581]: DEBUG neutron.api.extensions [None req-a2211e87-fe5c-46e9-9401-4ebee0ddb129 None None] Ext name="Expose Floating IP port forwardings" alias="expose-port-forwarding-in-fip" description="Expose port forwarding fields in floating IP response" updated="2018-06-28T16:00:00-00:00" {{(pid=87581) _check_extension /opt/stack/neutron/neutron/api/extensions.py:415}}
Aug 03 11:41:30.007880 np0000006347 devstack@neutron-api.service[87581]: INFO neutron.api.extensions [None req-a2211e87-fe5c-46e9-9401-4ebee0ddb129 None None] Extension expose-port-forwarding-in-fip not supported by any of loaded plugins
Aug 03 11:41:30.007880 np0000006347 devstack@neutron-api.service[87581]: DEBUG neutron.api.extensions [None req-a2211e87-fe5c-46e9-9401-4ebee0ddb129 None None] Loading extension file: external_net.py {{(pid=87581) _load_all_extensions_from_path /opt/stack/neutron/neutron/api/extensions.py:449}}
Aug 03 11:41:30.007880 np0000006347 devstack@neutron-api.service[87581]: DEBUG neutron.api.extensions [None req-a2211e87-fe5c-46e9-9401-4ebee0ddb129 None None] Ext name="Neutron external network" alias="external-net" description="Adds external network attribute to network resource." updated="2013-01-14T10:00:00-00:00" {{(pid=87581) _check_extension /opt/stack/neutron/neutron/api/extensions.py:415}}
Aug 03 11:41:30.007880 np0000006347 devstack@neutron-api.service[87581]: INFO neutron.api.extensions [None req-a2211e87-fe5c-46e9-9401-4ebee0ddb129 None None] Loaded extension: external-net
Aug 03 11:41:30.007880 np0000006347 devstack@neutron-api.service[87581]: DEBUG neutron.api.extensions [None req-a2211e87-fe5c-46e9-9401-4ebee0ddb129 None None] Loading extension file: extra_dhcp_opt.py {{(pid=87581) _load_all_extensions_from_path /opt/stack/neutron/neutron/api/extensions.py:449}}
Aug 03 11:41:30.008222 np0000006347 devstack@neutron-api.service[87581]: DEBUG neutron.api.extensions [None req-a2211e87-fe5c-46e9-9401-4ebee0ddb129 None None] Ext name="Neutron Extra DHCP options" alias="extra_dhcp_opt" description="Extra options configuration for DHCP. For example PXE boot options to DHCP clients can be specified (e.g. tftp-server, server-ip-address, bootfile-name)" updated="2013-03-17T12:00:00-00:00" {{(pid=87581) _check_extension /opt/stack/neutron/neutron/api/extensions.py:415}}
Aug 03 11:41:30.008222 np0000006347 devstack@neutron-api.service[87581]: INFO neutron.api.extensions [None req-a2211e87-fe5c-46e9-9401-4ebee0ddb129 None None] Loaded extension: extra_dhcp_opt
Aug 03 11:41:30.008222 np0000006347 devstack@neutron-api.service[87581]: DEBUG neutron.api.extensions [None req-a2211e87-fe5c-46e9-9401-4ebee0ddb129 None None] Loading extension file: extraroute.py {{(pid=87581) _load_all_extensions_from_path /opt/stack/neutron/neutron/api/extensions.py:449}}
Aug 03 11:41:30.008222 np0000006347 devstack@neutron-api.service[87581]: DEBUG neutron.api.extensions [None req-a2211e87-fe5c-46e9-9401-4ebee0ddb129 None None] Ext name="Neutron Extra Route" alias="extraroute" description="Extra routes configuration for L3 router" updated="2013-02-01T10:00:00-00:00" {{(pid=87581) _check_extension /opt/stack/neutron/neutron/api/extensions.py:415}}
Aug 03 11:41:30.008222 np0000006347 devstack@neutron-api.service[87581]: INFO neutron.api.extensions [None req-a2211e87-fe5c-46e9-9401-4ebee0ddb129 None None] Loaded extension: extraroute
Aug 03 11:41:30.008222 np0000006347 devstack@neutron-api.service[87581]: DEBUG neutron.api.extensions [None req-a2211e87-fe5c-46e9-9401-4ebee0ddb129 None None] Loading extension file: extraroute_atomic.py {{(pid=87581) _load_all_extensions_from_path /opt/stack/neutron/neutron/api/extensions.py:449}}
Aug 03 11:41:30.009851 np0000006347 devstack@neutron-api.service[87581]: DEBUG neutron.api.extensions [None req-a2211e87-fe5c-46e9-9401-4ebee0ddb129 None None] Ext name="Atomically add/remove extra routes" alias="extraroute-atomic" description="Edit extra routes of a router on server side by atomically adding/removing extra routes" updated="2019-07-10T00:00:00+00:00" {{(pid=87581) _check_extension /opt/stack/neutron/neutron/api/extensions.py:415}}
Aug 03 11:41:30.009851 np0000006347 devstack@neutron-api.service[87581]: INFO neutron.api.extensions [None req-a2211e87-fe5c-46e9-9401-4ebee0ddb129 None None] Loaded extension: extraroute-atomic
Aug 03 11:41:30.009851 np0000006347 devstack@neutron-api.service[87581]: DEBUG neutron.api.extensions [None req-a2211e87-fe5c-46e9-9401-4ebee0ddb129 None None] Loading extension file: filter_validation.py {{(pid=87581) _load_all_extensions_from_path /opt/stack/neutron/neutron/api/extensions.py:449}}
Aug 03 11:41:30.009851 np0000006347 devstack@neutron-api.service[87581]: DEBUG neutron.api.extensions [None req-a2211e87-fe5c-46e9-9401-4ebee0ddb129 None None] Ext name="Filter parameters validation" alias="filter-validation" description="Provides validation on filter parameters." updated="2018-07-04T10:00:00-00:00" {{(pid=87581) _check_extension /opt/stack/neutron/neutron/api/extensions.py:415}}
Aug 03 11:41:30.009851 np0000006347 devstack@neutron-api.service[87581]: INFO neutron.api.extensions [None req-a2211e87-fe5c-46e9-9401-4ebee0ddb129 None None] Loaded extension: filter-validation
Aug 03 11:41:30.009851 np0000006347 devstack@neutron-api.service[87581]: DEBUG neutron.api.extensions [None req-a2211e87-fe5c-46e9-9401-4ebee0ddb129 None None] Loading extension file: fip_pf_description.py {{(pid=87581) _load_all_extensions_from_path /opt/stack/neutron/neutron/api/extensions.py:449}}
Aug 03 11:41:30.011366 np0000006347 devstack@neutron-api.service[87581]: DEBUG neutron.api.extensions [None req-a2211e87-fe5c-46e9-9401-4ebee0ddb129 None None] Ext name="Floating IP Port Forwarding new attribute description" alias="floating-ip-port-forwarding-description" description="Add a description field to Port Forwarding rules" updated="2019-11-01T10:00:00-00:00" {{(pid=87581) _check_extension /opt/stack/neutron/neutron/api/extensions.py:415}}
Aug 03 11:41:30.011366 np0000006347 devstack@neutron-api.service[87581]: INFO neutron.api.extensions [None req-a2211e87-fe5c-46e9-9401-4ebee0ddb129 None None] Extension floating-ip-port-forwarding-description not supported by any of loaded plugins
Aug 03 11:41:30.011366 np0000006347 devstack@neutron-api.service[87581]: DEBUG neutron.api.extensions [None req-a2211e87-fe5c-46e9-9401-4ebee0ddb129 None None] Loading extension file: fip_pf_detail.py {{(pid=87581) _load_all_extensions_from_path /opt/stack/neutron/neutron/api/extensions.py:449}}
Aug 03 11:41:30.011366 np0000006347 devstack@neutron-api.service[87581]: DEBUG neutron.api.extensions [None req-a2211e87-fe5c-46e9-9401-4ebee0ddb129 None None] Ext name="Floating IP port forwarding detail" alias="floating-ip-port-forwarding-detail" description="Allow list floating ip return more port forwarding data, include'id' and 'internal_port_id'" updated="2022-05-06T10:00:00-00:00" {{(pid=87581) _check_extension /opt/stack/neutron/neutron/api/extensions.py:415}}
Aug 03 11:41:30.011366 np0000006347 devstack@neutron-api.service[87581]: INFO neutron.api.extensions [None req-a2211e87-fe5c-46e9-9401-4ebee0ddb129 None None] Loaded extension: floating-ip-port-forwarding-detail
Aug 03 11:41:30.011366 np0000006347 devstack@neutron-api.service[87581]: DEBUG neutron.api.extensions [None req-a2211e87-fe5c-46e9-9401-4ebee0ddb129 None None] Loading extension file: fip_pf_port_range.py {{(pid=87581) _load_all_extensions_from_path /opt/stack/neutron/neutron/api/extensions.py:449}}
Aug 03 11:41:30.012112 np0000006347 devstack@neutron-api.service[87581]: DEBUG neutron.api.extensions [None req-a2211e87-fe5c-46e9-9401-4ebee0ddb129 None None] Ext name="Floating IP Port Forwarding support port ranges" alias="floating-ip-port-forwarding-port-ranges" description="Add support to port ranges" updated="2020-07-01T10:00:00-00:00" {{(pid=87581) _check_extension /opt/stack/neutron/neutron/api/extensions.py:415}}
Aug 03 11:41:30.012112 np0000006347 devstack@neutron-api.service[87581]: INFO neutron.api.extensions [None req-a2211e87-fe5c-46e9-9401-4ebee0ddb129 None None] Extension floating-ip-port-forwarding-port-ranges not supported by any of loaded plugins
Aug 03 11:41:30.012112 np0000006347 devstack@neutron-api.service[87581]: DEBUG neutron.api.extensions [None req-a2211e87-fe5c-46e9-9401-4ebee0ddb129 None None] Loading extension file: fip_port_details.py {{(pid=87581) _load_all_extensions_from_path /opt/stack/neutron/neutron/api/extensions.py:449}}
Aug 03 11:41:30.012112 np0000006347 devstack@neutron-api.service[87581]: DEBUG neutron.api.extensions [None req-a2211e87-fe5c-46e9-9401-4ebee0ddb129 None None] Ext name="Floating IP Port Details Extension" alias="fip-port-details" description="Add port_details attribute to Floating IP resource" updated="2018-04-09T10:00:00-00:00" {{(pid=87581) _check_extension /opt/stack/neutron/neutron/api/extensions.py:415}}
Aug 03 11:41:30.012112 np0000006347 devstack@neutron-api.service[87581]: INFO neutron.api.extensions [None req-a2211e87-fe5c-46e9-9401-4ebee0ddb129 None None] Loaded extension: fip-port-details
Aug 03 11:41:30.012112 np0000006347 devstack@neutron-api.service[87581]: DEBUG neutron.api.extensions [None req-a2211e87-fe5c-46e9-9401-4ebee0ddb129 None None] Loading extension file: flavors.py {{(pid=87581) _load_all_extensions_from_path /opt/stack/neutron/neutron/api/extensions.py:449}}
Aug 03 11:41:30.012112 np0000006347 devstack@neutron-api.service[87581]: DEBUG neutron.api.extensions [None req-a2211e87-fe5c-46e9-9401-4ebee0ddb129 None None] Ext name="Neutron Service Flavors" alias="flavors" description="Flavor specification for Neutron advanced services." updated="2015-09-17T10:00:00-00:00" {{(pid=87581) _check_extension /opt/stack/neutron/neutron/api/extensions.py:415}}
Aug 03 11:41:30.012645 np0000006347 devstack@neutron-api.service[87581]: INFO neutron.api.extensions [None req-a2211e87-fe5c-46e9-9401-4ebee0ddb129 None None] Loaded extension: flavors
Aug 03 11:41:30.012645 np0000006347 devstack@neutron-api.service[87581]: DEBUG neutron.api.extensions [None req-a2211e87-fe5c-46e9-9401-4ebee0ddb129 None None] Loading extension file: floating_ip_port_forwarding.py {{(pid=87581) _load_all_extensions_from_path /opt/stack/neutron/neutron/api/extensions.py:449}}
Aug 03 11:41:30.012645 np0000006347 devstack@neutron-api.service[87581]: DEBUG neutron.api.extensions [None req-a2211e87-fe5c-46e9-9401-4ebee0ddb129 None None] Ext name="Floating IP Port Forwarding" alias="floating-ip-port-forwarding" description="Allow port forwarding from floating IP port to an internal port" updated="2018-01-19T10:00:00-00:00" {{(pid=87581) _check_extension /opt/stack/neutron/neutron/api/extensions.py:415}}
Aug 03 11:41:30.012645 np0000006347 devstack@neutron-api.service[87581]: INFO neutron.api.extensions [None req-a2211e87-fe5c-46e9-9401-4ebee0ddb129 None None] Extension floating-ip-port-forwarding not supported by any of loaded plugins
Aug 03 11:41:30.012645 np0000006347 devstack@neutron-api.service[87581]: DEBUG neutron.api.extensions [None req-a2211e87-fe5c-46e9-9401-4ebee0ddb129 None None] Loading extension file: floatingip_pools.py {{(pid=87581) _load_all_extensions_from_path /opt/stack/neutron/neutron/api/extensions.py:449}}
Aug 03 11:41:30.012645 np0000006347 devstack@neutron-api.service[87581]: DEBUG neutron.api.extensions [None req-a2211e87-fe5c-46e9-9401-4ebee0ddb129 None None] Ext name="Floating IP Pools Extension" alias="floatingip-pools" description="Provides a floating IP pools API." updated="2018-03-21T10:00:00-00:00" {{(pid=87581) _check_extension /opt/stack/neutron/neutron/api/extensions.py:415}}
Aug 03 11:41:30.012645 np0000006347 devstack@neutron-api.service[87581]: INFO neutron.api.extensions [None req-a2211e87-fe5c-46e9-9401-4ebee0ddb129 None None] Loaded extension: floatingip-pools
Aug 03 11:41:30.013194 np0000006347 devstack@neutron-api.service[87581]: DEBUG neutron.api.extensions [None req-a2211e87-fe5c-46e9-9401-4ebee0ddb129 None None] Loading extension file: ip_allocation.py {{(pid=87581) _load_all_extensions_from_path /opt/stack/neutron/neutron/api/extensions.py:449}}
Aug 03 11:41:30.013194 np0000006347 devstack@neutron-api.service[87581]: DEBUG neutron.api.extensions [None req-a2211e87-fe5c-46e9-9401-4ebee0ddb129 None None] Ext name="IP Allocation" alias="ip_allocation" description="IP allocation extension." updated="2016-06-10T23:00:00-00:00" {{(pid=87581) _check_extension /opt/stack/neutron/neutron/api/extensions.py:415}}
Aug 03 11:41:30.013194 np0000006347 devstack@neutron-api.service[87581]: INFO neutron.api.extensions [None req-a2211e87-fe5c-46e9-9401-4ebee0ddb129 None None] Extension ip_allocation not supported by any of loaded plugins
Aug 03 11:41:30.013194 np0000006347 devstack@neutron-api.service[87581]: DEBUG neutron.api.extensions [None req-a2211e87-fe5c-46e9-9401-4ebee0ddb129 None None] Loading extension file: ip_substring_port_filtering.py {{(pid=87581) _load_all_extensions_from_path /opt/stack/neutron/neutron/api/extensions.py:449}}
Aug 03 11:41:30.013194 np0000006347 devstack@neutron-api.service[87581]: DEBUG neutron.api.extensions [None req-a2211e87-fe5c-46e9-9401-4ebee0ddb129 None None] Ext name="IP address substring filtering" alias="ip-substring-filtering" description="Provides IP address substring filtering when listing ports" updated="2017-11-28T09:00:00-00:00" {{(pid=87581) _check_extension /opt/stack/neutron/neutron/api/extensions.py:415}}
Aug 03 11:41:30.013194 np0000006347 devstack@neutron-api.service[87581]: INFO neutron.api.extensions [None req-a2211e87-fe5c-46e9-9401-4ebee0ddb129 None None] Extension ip-substring-filtering not supported by any of loaded plugins
Aug 03 11:41:30.013194 np0000006347 devstack@neutron-api.service[87581]: DEBUG neutron.api.extensions [None req-a2211e87-fe5c-46e9-9401-4ebee0ddb129 None None] Loading extension file: l2_adjacency.py {{(pid=87581) _load_all_extensions_from_path /opt/stack/neutron/neutron/api/extensions.py:449}}
Aug 03 11:41:30.015125 np0000006347 devstack@neutron-api.service[87581]: DEBUG neutron.api.extensions [None req-a2211e87-fe5c-46e9-9401-4ebee0ddb129 None None] Ext name="L2 Adjacency" alias="l2_adjacency" description="Display L2 Adjacency for Neutron Networks." updated="2016-04-12T16:00:00-00:00" {{(pid=87581) _check_extension /opt/stack/neutron/neutron/api/extensions.py:415}}
Aug 03 11:41:30.015125 np0000006347 devstack@neutron-api.service[87581]: INFO neutron.api.extensions [None req-a2211e87-fe5c-46e9-9401-4ebee0ddb129 None None] Extension l2_adjacency not supported by any of loaded plugins
Aug 03 11:41:30.015125 np0000006347 devstack@neutron-api.service[87581]: DEBUG neutron.api.extensions [None req-a2211e87-fe5c-46e9-9401-4ebee0ddb129 None None] Loading extension file: l3.py {{(pid=87581) _load_all_extensions_from_path /opt/stack/neutron/neutron/api/extensions.py:449}}
Aug 03 11:41:30.015125 np0000006347 devstack@neutron-api.service[87581]: DEBUG neutron.api.extensions [None req-a2211e87-fe5c-46e9-9401-4ebee0ddb129 None None] Ext name="Neutron L3 Router" alias="router" description="Router abstraction for basic L3 forwarding between L2 Neutron networks and access to external networks via a NAT gateway." updated="2012-07-20T10:00:00-00:00" {{(pid=87581) _check_extension /opt/stack/neutron/neutron/api/extensions.py:415}}
Aug 03 11:41:30.015125 np0000006347 devstack@neutron-api.service[87581]: INFO neutron.api.extensions [None req-a2211e87-fe5c-46e9-9401-4ebee0ddb129 None None] Loaded extension: router
Aug 03 11:41:30.015125 np0000006347 devstack@neutron-api.service[87581]: DEBUG neutron.api.extensions [None req-a2211e87-fe5c-46e9-9401-4ebee0ddb129 None None] Loading extension file: l3_agent_scheduler_ha_chassis_priority.py {{(pid=87581) _load_all_extensions_from_path /opt/stack/neutron/neutron/api/extensions.py:449}}
Aug 03 11:41:30.016240 np0000006347 devstack@neutron-api.service[87581]: DEBUG neutron.api.extensions [None req-a2211e87-fe5c-46e9-9401-4ebee0ddb129 None None] Ext name="L3 Agent Scheduler HA Chassis Priority" alias="l3-agent-scheduler-ha-chassis-priority" description="Exposes the HA_Chassis priority in the L3 Agent Scheduler API responses and allows setting priority when scheduling a router to a chassis." updated="2026-03-31T00:00:00-00:00" {{(pid=87581) _check_extension /opt/stack/neutron/neutron/api/extensions.py:415}}
Aug 03 11:41:30.016240 np0000006347 devstack@neutron-api.service[87581]: INFO neutron.api.extensions [None req-a2211e87-fe5c-46e9-9401-4ebee0ddb129 None None] Loaded extension: l3-agent-scheduler-ha-chassis-priority
Aug 03 11:41:30.016240 np0000006347 devstack@neutron-api.service[87581]: DEBUG neutron.api.extensions [None req-a2211e87-fe5c-46e9-9401-4ebee0ddb129 None None] Loading extension file: l3_conntrack_helper.py {{(pid=87581) _load_all_extensions_from_path /opt/stack/neutron/neutron/api/extensions.py:449}}
Aug 03 11:41:30.016977 np0000006347 devstack@neutron-api.service[87582]: DEBUG neutron_lib.callbacks.manager [None req-8317e294-729d-4104-87cf-a9be075c8399 None None] Subscribe: > router before_delete 55550000, False {{(pid=87582) subscribe /opt/stack/data/venv/lib/python3.12/site-packages/neutron_lib/callbacks/manager.py:52}}
Aug 03 11:41:30.016977 np0000006347 devstack@neutron-api.service[87582]: DEBUG neutron_lib.callbacks.manager [None req-8317e294-729d-4104-87cf-a9be075c8399 None None] Subscribe: port before_update 55550000, False {{(pid=87582) subscribe /opt/stack/data/venv/lib/python3.12/site-packages/neutron_lib/callbacks/manager.py:52}}
Aug 03 11:41:30.016977 np0000006347 devstack@neutron-api.service[87582]: DEBUG neutron_lib.callbacks.manager [None req-8317e294-729d-4104-87cf-a9be075c8399 None None] Subscribe: port after_update 55550000, False {{(pid=87582) subscribe /opt/stack/data/venv/lib/python3.12/site-packages/neutron_lib/callbacks/manager.py:52}}
Aug 03 11:41:30.017349 np0000006347 devstack@neutron-api.service[87581]: DEBUG neutron.api.extensions [None req-a2211e87-fe5c-46e9-9401-4ebee0ddb129 None None] Ext name="L3 Conntrack helper" alias="l3-conntrack-helper" description="Allow adding CT target rules for conntrack helper" updated="2019-04-04T10:00:00-00:00" {{(pid=87581) _check_extension /opt/stack/neutron/neutron/api/extensions.py:415}}
Aug 03 11:41:30.017618 np0000006347 devstack@neutron-api.service[87582]: DEBUG neutron_lib.callbacks.manager [None req-8317e294-729d-4104-87cf-a9be075c8399 None None] Subscribe: > port precommit_delete 55550000, False {{(pid=87582) subscribe /opt/stack/data/venv/lib/python3.12/site-packages/neutron_lib/callbacks/manager.py:52}}
Aug 03 11:41:30.017618 np0000006347 devstack@neutron-api.service[87582]: DEBUG neutron_lib.callbacks.manager [None req-8317e294-729d-4104-87cf-a9be075c8399 None None] Subscribe: port before_update 55550000, False {{(pid=87582) subscribe /opt/stack/data/venv/lib/python3.12/site-packages/neutron_lib/callbacks/manager.py:52}}
Aug 03 11:41:30.017915 np0000006347 devstack@neutron-api.service[87581]: INFO neutron.api.extensions [None req-a2211e87-fe5c-46e9-9401-4ebee0ddb129 None None] Extension l3-conntrack-helper not supported by any of loaded plugins
Aug 03 11:41:30.018082 np0000006347 devstack@neutron-api.service[87582]: DEBUG neutron_lib.callbacks.manager [None req-8317e294-729d-4104-87cf-a9be075c8399 None None] Subscribe: port before_delete 55550000, False {{(pid=87582) subscribe /opt/stack/data/venv/lib/python3.12/site-packages/neutron_lib/callbacks/manager.py:52}}
Aug 03 11:41:30.018181 np0000006347 devstack@neutron-api.service[87581]: DEBUG neutron.api.extensions [None req-a2211e87-fe5c-46e9-9401-4ebee0ddb129 None None] Loading extension file: l3_enable_default_route_bfd.py {{(pid=87581) _load_all_extensions_from_path /opt/stack/neutron/neutron/api/extensions.py:449}}
Aug 03 11:41:30.018758 np0000006347 devstack@neutron-api.service[87582]: DEBUG neutron_lib.callbacks.manager [None req-8317e294-729d-4104-87cf-a9be075c8399 None None] Subscribe: > router precommit_create 55550000, False {{(pid=87582) subscribe /opt/stack/data/venv/lib/python3.12/site-packages/neutron_lib/callbacks/manager.py:52}}
Aug 03 11:41:30.018758 np0000006347 devstack@neutron-api.service[87582]: DEBUG neutron_lib.callbacks.manager [None req-8317e294-729d-4104-87cf-a9be075c8399 None None] Subscribe: > router precommit_create 55550000, False {{(pid=87582) subscribe /opt/stack/data/venv/lib/python3.12/site-packages/neutron_lib/callbacks/manager.py:52}}
Aug 03 11:41:30.018758 np0000006347 devstack@neutron-api.service[87582]: DEBUG neutron_lib.callbacks.manager [None req-8317e294-729d-4104-87cf-a9be075c8399 None None] Subscribe: > router precommit_update 55550000, False {{(pid=87582) subscribe /opt/stack/data/venv/lib/python3.12/site-packages/neutron_lib/callbacks/manager.py:52}}
Aug 03 11:41:30.019682 np0000006347 devstack@neutron-api.service[87581]: DEBUG neutron.api.extensions [None req-a2211e87-fe5c-46e9-9401-4ebee0ddb129 None None] Ext name="Enable Default Route BFD" alias="enable-default-route-bfd" description="Enables configurable BFD behavior for default routes" updated="2023-02-27T00:00:00-00:00" {{(pid=87581) _check_extension /opt/stack/neutron/neutron/api/extensions.py:415}}
Aug 03 11:41:30.019682 np0000006347 devstack@neutron-api.service[87581]: INFO neutron.api.extensions [None req-a2211e87-fe5c-46e9-9401-4ebee0ddb129 None None] Loaded extension: enable-default-route-bfd
Aug 03 11:41:30.019682 np0000006347 devstack@neutron-api.service[87581]: DEBUG neutron.api.extensions [None req-a2211e87-fe5c-46e9-9401-4ebee0ddb129 None None] Loading extension file: l3_enable_default_route_ecmp.py {{(pid=87581) _load_all_extensions_from_path /opt/stack/neutron/neutron/api/extensions.py:449}}
Aug 03 11:41:30.020553 np0000006347 devstack@neutron-api.service[87582]: DEBUG neutron_lib.callbacks.manager [None req-8317e294-729d-4104-87cf-a9be075c8399 None None] Subscribe: subnet after_update 55550000, False {{(pid=87582) subscribe /opt/stack/data/venv/lib/python3.12/site-packages/neutron_lib/callbacks/manager.py:52}}
Aug 03 11:41:30.020910 np0000006347 devstack@neutron-api.service[87581]: DEBUG neutron.api.extensions [None req-a2211e87-fe5c-46e9-9401-4ebee0ddb129 None None] Ext name="Enable Default Route ECMP" alias="enable-default-route-ecmp" description="Enables configurable ECMP behavior for default routes" updated="2023-02-27T00:00:00-00:00" {{(pid=87581) _check_extension /opt/stack/neutron/neutron/api/extensions.py:415}}
Aug 03 11:41:30.021026 np0000006347 devstack@neutron-api.service[87582]: DEBUG neutron.quota.resource_registry [None req-8317e294-729d-4104-87cf-a9be075c8399 None None] Tracking information for resource: router configured {{(pid=87582) set_tracked_resource /opt/stack/neutron/neutron/quota/resource_registry.py:203}}
Aug 03 11:41:30.021026 np0000006347 devstack@neutron-api.service[87582]: DEBUG neutron.quota.resource_registry [None req-8317e294-729d-4104-87cf-a9be075c8399 None None] Tracking information for resource: floatingip configured {{(pid=87582) set_tracked_resource /opt/stack/neutron/neutron/quota/resource_registry.py:203}}
Aug 03 11:41:30.021201 np0000006347 devstack@neutron-api.service[87581]: INFO neutron.api.extensions [None req-a2211e87-fe5c-46e9-9401-4ebee0ddb129 None None] Loaded extension: enable-default-route-ecmp
Aug 03 11:41:30.021245 np0000006347 devstack@neutron-api.service[87582]: INFO neutron.services.ovn_l3.plugin [None req-8317e294-729d-4104-87cf-a9be075c8399 None None] Starting OVNL3RouterPlugin
Aug 03 11:41:30.021346 np0000006347 devstack@neutron-api.service[87581]: DEBUG neutron.api.extensions [None req-a2211e87-fe5c-46e9-9401-4ebee0ddb129 None None] Loading extension file: l3_ext_gw_mode.py {{(pid=87581) _load_all_extensions_from_path /opt/stack/neutron/neutron/api/extensions.py:449}}
Aug 03 11:41:30.021404 np0000006347 devstack@neutron-api.service[87582]: DEBUG neutron_lib.callbacks.manager [None req-8317e294-729d-4104-87cf-a9be075c8399 None None] Subscribe: > port_forwarding_plugin after_init 55550000, False {{(pid=87582) subscribe /opt/stack/data/venv/lib/python3.12/site-packages/neutron_lib/callbacks/manager.py:52}}
Aug 03 11:41:30.021491 np0000006347 devstack@neutron-api.service[87581]: DEBUG neutron.api.extensions [None req-a2211e87-fe5c-46e9-9401-4ebee0ddb129 None None] Ext name="Neutron L3 Configurable external gateway mode" alias="ext-gw-mode" description="Extension of the router abstraction for specifying whether SNAT should occur on the external gateway" updated="2013-03-28T10:00:00-00:00" {{(pid=87581) _check_extension /opt/stack/neutron/neutron/api/extensions.py:415}}
Aug 03 11:41:30.021491 np0000006347 devstack@neutron-api.service[87581]: INFO neutron.api.extensions [None req-a2211e87-fe5c-46e9-9401-4ebee0ddb129 None None] Loaded extension: ext-gw-mode
Aug 03 11:41:30.021620 np0000006347 devstack@neutron-api.service[87582]: DEBUG neutron_lib.callbacks.manager [None req-8317e294-729d-4104-87cf-a9be075c8399 None None] Subscribe: > router before_create 55550100, False {{(pid=87582) subscribe /opt/stack/data/venv/lib/python3.12/site-packages/neutron_lib/callbacks/manager.py:52}}
Aug 03 11:41:30.021704 np0000006347 devstack@neutron-api.service[87581]: DEBUG neutron.api.extensions [None req-a2211e87-fe5c-46e9-9401-4ebee0ddb129 None None] Loading extension file: l3_ext_ha_mode.py {{(pid=87581) _load_all_extensions_from_path /opt/stack/neutron/neutron/api/extensions.py:449}}
Aug 03 11:41:30.022378 np0000006347 devstack@neutron-api.service[87582]: DEBUG neutron_lib.callbacks.manager [None req-8317e294-729d-4104-87cf-a9be075c8399 None None] Subscribe: > router precommit_delete 55550100, False {{(pid=87582) subscribe /opt/stack/data/venv/lib/python3.12/site-packages/neutron_lib/callbacks/manager.py:52}}
Aug 03 11:41:30.022378 np0000006347 devstack@neutron-api.service[87582]: DEBUG neutron_lib.callbacks.manager [None req-8317e294-729d-4104-87cf-a9be075c8399 None None] Subscribe: > router precommit_create 55550100, False {{(pid=87582) subscribe /opt/stack/data/venv/lib/python3.12/site-packages/neutron_lib/callbacks/manager.py:52}}
Aug 03 11:41:30.022378 np0000006347 devstack@neutron-api.service[87582]: DEBUG neutron_lib.callbacks.manager [None req-8317e294-729d-4104-87cf-a9be075c8399 None None] Subscribe: > router precommit_update 55550100, False {{(pid=87582) subscribe /opt/stack/data/venv/lib/python3.12/site-packages/neutron_lib/callbacks/manager.py:52}}
Aug 03 11:41:30.023486 np0000006347 devstack@neutron-api.service[87581]: DEBUG neutron.api.extensions [None req-a2211e87-fe5c-46e9-9401-4ebee0ddb129 None None] Ext name="HA Router extension" alias="l3-ha" description="Adds HA capability to routers." updated="2014-04-26T00:00:00-00:00" {{(pid=87581) _check_extension /opt/stack/neutron/neutron/api/extensions.py:415}}
Aug 03 11:41:30.023486 np0000006347 devstack@neutron-api.service[87581]: INFO neutron.api.extensions [None req-a2211e87-fe5c-46e9-9401-4ebee0ddb129 None None] Loaded extension: l3-ha
Aug 03 11:41:30.023486 np0000006347 devstack@neutron-api.service[87581]: DEBUG neutron.api.extensions [None req-a2211e87-fe5c-46e9-9401-4ebee0ddb129 None None] Loading extension file: l3_ext_ndp_proxy.py {{(pid=87581) _load_all_extensions_from_path /opt/stack/neutron/neutron/api/extensions.py:449}}
Aug 03 11:41:30.023486 np0000006347 devstack@neutron-api.service[87581]: DEBUG neutron.api.extensions [None req-a2211e87-fe5c-46e9-9401-4ebee0ddb129 None None] Ext name="Router support to enable NDP proxy" alias="l3-ext-ndp-proxy" description="Router extension to enable ndp proxy" updated="2020-08-25T00:00:00-00:00" {{(pid=87581) _check_extension /opt/stack/neutron/neutron/api/extensions.py:415}}
Aug 03 11:41:30.023486 np0000006347 devstack@neutron-api.service[87581]: INFO neutron.api.extensions [None req-a2211e87-fe5c-46e9-9401-4ebee0ddb129 None None] Extension l3-ext-ndp-proxy not supported by any of loaded plugins
Aug 03 11:41:30.023486 np0000006347 devstack@neutron-api.service[87581]: DEBUG neutron.api.extensions [None req-a2211e87-fe5c-46e9-9401-4ebee0ddb129 None None] Loading extension file: l3_extra_gws.py {{(pid=87581) _load_all_extensions_from_path /opt/stack/neutron/neutron/api/extensions.py:449}}
Aug 03 11:41:30.023486 np0000006347 devstack@neutron-api.service[87581]: DEBUG neutron.api.extensions [None req-a2211e87-fe5c-46e9-9401-4ebee0ddb129 None None] Ext name="Neutron L3 External Gateway Multihoming" alias="external-gateway-multihoming" description="Allow multiple external gateway ports per router" updated="2023-01-18T00:00:00-00:00" {{(pid=87581) _check_extension /opt/stack/neutron/neutron/api/extensions.py:415}}
Aug 03 11:41:30.024640 np0000006347 devstack@neutron-api.service[87581]: INFO neutron.api.extensions [None req-a2211e87-fe5c-46e9-9401-4ebee0ddb129 None None] Loaded extension: external-gateway-multihoming
Aug 03 11:41:30.024640 np0000006347 devstack@neutron-api.service[87581]: DEBUG neutron.api.extensions [None req-a2211e87-fe5c-46e9-9401-4ebee0ddb129 None None] Loading extension file: l3_flavors.py {{(pid=87581) _load_all_extensions_from_path /opt/stack/neutron/neutron/api/extensions.py:449}}
Aug 03 11:41:30.024640 np0000006347 devstack@neutron-api.service[87581]: DEBUG neutron.api.extensions [None req-a2211e87-fe5c-46e9-9401-4ebee0ddb129 None None] Ext name="Router Flavor Extension" alias="l3-flavors" description="Flavor support for routers." updated="2016-05-17T00:00:00-00:00" {{(pid=87581) _check_extension /opt/stack/neutron/neutron/api/extensions.py:415}}
Aug 03 11:41:30.024640 np0000006347 devstack@neutron-api.service[87581]: INFO neutron.api.extensions [None req-a2211e87-fe5c-46e9-9401-4ebee0ddb129 None None] Loaded extension: l3-flavors
Aug 03 11:41:30.024640 np0000006347 devstack@neutron-api.service[87581]: DEBUG neutron.api.extensions [None req-a2211e87-fe5c-46e9-9401-4ebee0ddb129 None None] Loading extension file: l3_ndp_proxy.py {{(pid=87581) _load_all_extensions_from_path /opt/stack/neutron/neutron/api/extensions.py:449}}
Aug 03 11:41:30.024640 np0000006347 devstack@neutron-api.service[87581]: DEBUG neutron.api.extensions [None req-a2211e87-fe5c-46e9-9401-4ebee0ddb129 None None] Ext name="name" alias="l3-ndp-proxy" description="description" updated="2021-06-29T10:00:00-00:00" {{(pid=87581) _check_extension /opt/stack/neutron/neutron/api/extensions.py:415}}
Aug 03 11:41:30.024640 np0000006347 devstack@neutron-api.service[87581]: INFO neutron.api.extensions [None req-a2211e87-fe5c-46e9-9401-4ebee0ddb129 None None] Extension l3-ndp-proxy not supported by any of loaded plugins
Aug 03 11:41:30.025821 np0000006347 devstack@neutron-api.service[87582]: DEBUG neutron.services.provider_configuration [None req-8317e294-729d-4104-87cf-a9be075c8399 None None] Service providers = [] {{(pid=87582) parse_service_provider_opt /opt/stack/neutron/neutron/services/provider_configuration.py:170}}
Aug 03 11:41:30.026684 np0000006347 devstack@neutron-api.service[87581]: DEBUG neutron.api.extensions [None req-a2211e87-fe5c-46e9-9401-4ebee0ddb129 None None] Loading extension file: l3_port_ip_change_not_allowed.py {{(pid=87581) _load_all_extensions_from_path /opt/stack/neutron/neutron/api/extensions.py:449}}
Aug 03 11:41:30.027059 np0000006347 devstack@neutron-api.service[87582]: DEBUG neutron.db.servicetype_db [None req-8317e294-729d-4104-87cf-a9be075c8399 None None] Adding provider configuration for service L3_ROUTER_NAT {{(pid=87582) add_provider_configuration /opt/stack/neutron/neutron/db/servicetype_db.py:45}}
