Jul 16 12:33:34.657098 np0000005234 nova-scheduler[93484]: DEBUG cotyledon.oslo_config_glue [-] oslo_messaging_rabbit.processname = nova-scheduler {{(pid=93484) log_opt_values /opt/stack/data/venv/lib/python3.12/site-packages/oslo_config/cfg.py:3253}}
Jul 16 12:33:34.657098 np0000005234 nova-scheduler[93484]: DEBUG cotyledon.oslo_config_glue [-] oslo_messaging_rabbit.rabbit_ha_queues = False {{(pid=93484) log_opt_values /opt/stack/data/venv/lib/python3.12/site-packages/oslo_config/cfg.py:3253}}
Jul 16 12:33:34.657344 np0000005234 nova-scheduler[93484]: DEBUG cotyledon.oslo_config_glue [-] oslo_messaging_rabbit.rabbit_interval_max = 30 {{(pid=93484) log_opt_values /opt/stack/data/venv/lib/python3.12/site-packages/oslo_config/cfg.py:3253}}
Jul 16 12:33:34.657344 np0000005234 nova-scheduler[93484]: DEBUG cotyledon.oslo_config_glue [-] oslo_messaging_rabbit.rabbit_login_method = AMQPLAIN {{(pid=93484) log_opt_values /opt/stack/data/venv/lib/python3.12/site-packages/oslo_config/cfg.py:3253}}
Jul 16 12:33:34.657344 np0000005234 nova-scheduler[93484]: DEBUG cotyledon.oslo_config_glue [-] oslo_messaging_rabbit.rabbit_qos_prefetch_count = 0 {{(pid=93484) log_opt_values /opt/stack/data/venv/lib/python3.12/site-packages/oslo_config/cfg.py:3253}}
Jul 16 12:33:34.657344 np0000005234 nova-scheduler[93484]: DEBUG cotyledon.oslo_config_glue [-] oslo_messaging_rabbit.rabbit_quorum_delivery_limit = 0 {{(pid=93484) log_opt_values /opt/stack/data/venv/lib/python3.12/site-packages/oslo_config/cfg.py:3253}}
Jul 16 12:33:34.657344 np0000005234 nova-scheduler[93484]: DEBUG cotyledon.oslo_config_glue [-] oslo_messaging_rabbit.rabbit_quorum_max_memory_bytes = 0 {{(pid=93484) log_opt_values /opt/stack/data/venv/lib/python3.12/site-packages/oslo_config/cfg.py:3253}}
Jul 16 12:33:34.657344 np0000005234 nova-scheduler[93484]: DEBUG cotyledon.oslo_config_glue [-] oslo_messaging_rabbit.rabbit_quorum_max_memory_length = 0 {{(pid=93484) log_opt_values /opt/stack/data/venv/lib/python3.12/site-packages/oslo_config/cfg.py:3253}}
Jul 16 12:33:34.657344 np0000005234 nova-scheduler[93484]: DEBUG cotyledon.oslo_config_glue [-] oslo_messaging_rabbit.rabbit_quorum_queue = False {{(pid=93484) log_opt_values /opt/stack/data/venv/lib/python3.12/site-packages/oslo_config/cfg.py:3253}}
Jul 16 12:33:34.657344 np0000005234 nova-scheduler[93484]: DEBUG cotyledon.oslo_config_glue [-] oslo_messaging_rabbit.rabbit_retry_backoff = 2 {{(pid=93484) log_opt_values /opt/stack/data/venv/lib/python3.12/site-packages/oslo_config/cfg.py:3253}}
Jul 16 12:33:34.657344 np0000005234 nova-scheduler[93484]: DEBUG cotyledon.oslo_config_glue [-] oslo_messaging_rabbit.rabbit_retry_interval = 1 {{(pid=93484) log_opt_values /opt/stack/data/venv/lib/python3.12/site-packages/oslo_config/cfg.py:3253}}
Jul 16 12:33:34.657533 np0000005234 nova-scheduler[93484]: DEBUG cotyledon.oslo_config_glue [-] oslo_messaging_rabbit.rabbit_stream_fanout = False {{(pid=93484) log_opt_values /opt/stack/data/venv/lib/python3.12/site-packages/oslo_config/cfg.py:3253}}
Jul 16 12:33:34.657533 np0000005234 nova-scheduler[93484]: DEBUG cotyledon.oslo_config_glue [-] oslo_messaging_rabbit.rabbit_transient_queues_ttl = 1800 {{(pid=93484) log_opt_values /opt/stack/data/venv/lib/python3.12/site-packages/oslo_config/cfg.py:3253}}
Jul 16 12:33:34.657533 np0000005234 nova-scheduler[93484]: DEBUG cotyledon.oslo_config_glue [-] oslo_messaging_rabbit.rabbit_transient_quorum_queue = False {{(pid=93484) log_opt_values /opt/stack/data/venv/lib/python3.12/site-packages/oslo_config/cfg.py:3253}}
Jul 16 12:33:34.657533 np0000005234 nova-scheduler[93484]: DEBUG cotyledon.oslo_config_glue [-] oslo_messaging_rabbit.rpc_conn_pool_size = 30 {{(pid=93484) log_opt_values /opt/stack/data/venv/lib/python3.12/site-packages/oslo_config/cfg.py:3253}}
Jul 16 12:33:34.657533 np0000005234 nova-scheduler[93484]: DEBUG cotyledon.oslo_config_glue [-] oslo_messaging_rabbit.ssl = False {{(pid=93484) log_opt_values /opt/stack/data/venv/lib/python3.12/site-packages/oslo_config/cfg.py:3253}}
Jul 16 12:33:34.657533 np0000005234 nova-scheduler[93484]: DEBUG cotyledon.oslo_config_glue [-] oslo_messaging_rabbit.ssl_ca_file = {{(pid=93484) log_opt_values /opt/stack/data/venv/lib/python3.12/site-packages/oslo_config/cfg.py:3253}}
Jul 16 12:33:34.657533 np0000005234 nova-scheduler[93484]: DEBUG cotyledon.oslo_config_glue [-] oslo_messaging_rabbit.ssl_cert_file = {{(pid=93484) log_opt_values /opt/stack/data/venv/lib/python3.12/site-packages/oslo_config/cfg.py:3253}}
Jul 16 12:33:34.657533 np0000005234 nova-scheduler[93484]: DEBUG cotyledon.oslo_config_glue [-] oslo_messaging_rabbit.ssl_enforce_fips_mode = False {{(pid=93484) log_opt_values /opt/stack/data/venv/lib/python3.12/site-packages/oslo_config/cfg.py:3253}}
Jul 16 12:33:34.657533 np0000005234 nova-scheduler[93484]: DEBUG cotyledon.oslo_config_glue [-] oslo_messaging_rabbit.ssl_enforce_hostname_verification = True {{(pid=93484) log_opt_values /opt/stack/data/venv/lib/python3.12/site-packages/oslo_config/cfg.py:3253}}
Jul 16 12:33:34.657713 np0000005234 nova-scheduler[93484]: DEBUG cotyledon.oslo_config_glue [-] oslo_messaging_rabbit.ssl_key_file = {{(pid=93484) log_opt_values /opt/stack/data/venv/lib/python3.12/site-packages/oslo_config/cfg.py:3253}}
Jul 16 12:33:34.657713 np0000005234 nova-scheduler[93484]: DEBUG cotyledon.oslo_config_glue [-] oslo_messaging_rabbit.ssl_version = {{(pid=93484) log_opt_values /opt/stack/data/venv/lib/python3.12/site-packages/oslo_config/cfg.py:3253}}
Jul 16 12:33:34.657713 np0000005234 nova-scheduler[93484]: DEBUG cotyledon.oslo_config_glue [-] oslo_messaging_rabbit.use_queue_manager = False {{(pid=93484) log_opt_values /opt/stack/data/venv/lib/python3.12/site-packages/oslo_config/cfg.py:3253}}
Jul 16 12:33:34.657713 np0000005234 nova-scheduler[93484]: DEBUG cotyledon.oslo_config_glue [-] oslo_messaging_notifications.driver = ['messagingv2'] {{(pid=93484) log_opt_values /opt/stack/data/venv/lib/python3.12/site-packages/oslo_config/cfg.py:3253}}
Jul 16 12:33:34.657713 np0000005234 nova-scheduler[93484]: DEBUG cotyledon.oslo_config_glue [-] oslo_messaging_notifications.retry = -1 {{(pid=93484) log_opt_values /opt/stack/data/venv/lib/python3.12/site-packages/oslo_config/cfg.py:3253}}
Jul 16 12:33:34.657713 np0000005234 nova-scheduler[93484]: DEBUG cotyledon.oslo_config_glue [-] oslo_messaging_notifications.topics = ['notifications'] {{(pid=93484) log_opt_values /opt/stack/data/venv/lib/python3.12/site-packages/oslo_config/cfg.py:3253}}
Jul 16 12:33:34.657713 np0000005234 nova-scheduler[93484]: DEBUG cotyledon.oslo_config_glue [-] oslo_messaging_notifications.transport_url = **** {{(pid=93484) log_opt_values /opt/stack/data/venv/lib/python3.12/site-packages/oslo_config/cfg.py:3253}}
Jul 16 12:33:34.657713 np0000005234 nova-scheduler[93484]: DEBUG cotyledon.oslo_config_glue [-] oslo_limit.auth_section = None {{(pid=93484) log_opt_values /opt/stack/data/venv/lib/python3.12/site-packages/oslo_config/cfg.py:3253}}
Jul 16 12:33:34.657713 np0000005234 nova-scheduler[93484]: DEBUG cotyledon.oslo_config_glue [-] oslo_limit.auth_type = None {{(pid=93484) log_opt_values /opt/stack/data/venv/lib/python3.12/site-packages/oslo_config/cfg.py:3253}}
Jul 16 12:33:34.657902 np0000005234 nova-scheduler[93484]: DEBUG cotyledon.oslo_config_glue [-] oslo_limit.cafile = None {{(pid=93484) log_opt_values /opt/stack/data/venv/lib/python3.12/site-packages/oslo_config/cfg.py:3253}}
Jul 16 12:33:34.657902 np0000005234 nova-scheduler[93484]: DEBUG cotyledon.oslo_config_glue [-] oslo_limit.certfile = None {{(pid=93484) log_opt_values /opt/stack/data/venv/lib/python3.12/site-packages/oslo_config/cfg.py:3253}}
Jul 16 12:33:34.657902 np0000005234 nova-scheduler[93484]: DEBUG cotyledon.oslo_config_glue [-] oslo_limit.collect_timing = False {{(pid=93484) log_opt_values /opt/stack/data/venv/lib/python3.12/site-packages/oslo_config/cfg.py:3253}}
Jul 16 12:33:34.657902 np0000005234 nova-scheduler[93484]: DEBUG cotyledon.oslo_config_glue [-] oslo_limit.connect_retries = None {{(pid=93484) log_opt_values /opt/stack/data/venv/lib/python3.12/site-packages/oslo_config/cfg.py:3253}}
Jul 16 12:33:34.657902 np0000005234 nova-scheduler[93484]: DEBUG cotyledon.oslo_config_glue [-] oslo_limit.connect_retry_delay = None {{(pid=93484) log_opt_values /opt/stack/data/venv/lib/python3.12/site-packages/oslo_config/cfg.py:3253}}
Jul 16 12:33:34.657902 np0000005234 nova-scheduler[93484]: DEBUG cotyledon.oslo_config_glue [-] oslo_limit.endpoint_id = None {{(pid=93484) log_opt_values /opt/stack/data/venv/lib/python3.12/site-packages/oslo_config/cfg.py:3253}}
Jul 16 12:33:34.657902 np0000005234 nova-scheduler[93484]: DEBUG cotyledon.oslo_config_glue [-] oslo_limit.endpoint_interface = public {{(pid=93484) log_opt_values /opt/stack/data/venv/lib/python3.12/site-packages/oslo_config/cfg.py:3253}}
Jul 16 12:33:34.657902 np0000005234 nova-scheduler[93484]: DEBUG cotyledon.oslo_config_glue [-] oslo_limit.endpoint_override = None {{(pid=93484) log_opt_values /opt/stack/data/venv/lib/python3.12/site-packages/oslo_config/cfg.py:3253}}
Jul 16 12:33:34.657902 np0000005234 nova-scheduler[93484]: DEBUG cotyledon.oslo_config_glue [-] oslo_limit.endpoint_region_name = None {{(pid=93484) log_opt_values /opt/stack/data/venv/lib/python3.12/site-packages/oslo_config/cfg.py:3253}}
Jul 16 12:33:34.658072 np0000005234 nova-scheduler[93484]: DEBUG cotyledon.oslo_config_glue [-] oslo_limit.endpoint_service_name = None {{(pid=93484) log_opt_values /opt/stack/data/venv/lib/python3.12/site-packages/oslo_config/cfg.py:3253}}
Jul 16 12:33:34.658072 np0000005234 nova-scheduler[93484]: DEBUG cotyledon.oslo_config_glue [-] oslo_limit.endpoint_service_type = None {{(pid=93484) log_opt_values /opt/stack/data/venv/lib/python3.12/site-packages/oslo_config/cfg.py:3253}}
Jul 16 12:33:34.658072 np0000005234 nova-scheduler[93484]: DEBUG cotyledon.oslo_config_glue [-] oslo_limit.insecure = False {{(pid=93484) log_opt_values /opt/stack/data/venv/lib/python3.12/site-packages/oslo_config/cfg.py:3253}}
Jul 16 12:33:34.658072 np0000005234 nova-scheduler[93484]: DEBUG cotyledon.oslo_config_glue [-] oslo_limit.keyfile = None {{(pid=93484) log_opt_values /opt/stack/data/venv/lib/python3.12/site-packages/oslo_config/cfg.py:3253}}
Jul 16 12:33:34.658072 np0000005234 nova-scheduler[93484]: DEBUG cotyledon.oslo_config_glue [-] oslo_limit.max_version = None {{(pid=93484) log_opt_values /opt/stack/data/venv/lib/python3.12/site-packages/oslo_config/cfg.py:3253}}
Jul 16 12:33:34.658072 np0000005234 nova-scheduler[93484]: DEBUG cotyledon.oslo_config_glue [-] oslo_limit.min_version = None {{(pid=93484) log_opt_values /opt/stack/data/venv/lib/python3.12/site-packages/oslo_config/cfg.py:3253}}
Jul 16 12:33:34.658072 np0000005234 nova-scheduler[93484]: DEBUG cotyledon.oslo_config_glue [-] oslo_limit.region_name = None {{(pid=93484) log_opt_values /opt/stack/data/venv/lib/python3.12/site-packages/oslo_config/cfg.py:3253}}
Jul 16 12:33:34.658072 np0000005234 nova-scheduler[93484]: DEBUG cotyledon.oslo_config_glue [-] oslo_limit.retriable_status_codes = None {{(pid=93484) log_opt_values /opt/stack/data/venv/lib/python3.12/site-packages/oslo_config/cfg.py:3253}}
Jul 16 12:33:34.658072 np0000005234 nova-scheduler[93484]: DEBUG cotyledon.oslo_config_glue [-] oslo_limit.service_name = None {{(pid=93484) log_opt_values /opt/stack/data/venv/lib/python3.12/site-packages/oslo_config/cfg.py:3253}}
Jul 16 12:33:34.658229 np0000005234 nova-scheduler[93484]: DEBUG cotyledon.oslo_config_glue [-] oslo_limit.service_type = None {{(pid=93484) log_opt_values /opt/stack/data/venv/lib/python3.12/site-packages/oslo_config/cfg.py:3253}}
Jul 16 12:33:34.658229 np0000005234 nova-scheduler[93484]: DEBUG cotyledon.oslo_config_glue [-] oslo_limit.split_loggers = False {{(pid=93484) log_opt_values /opt/stack/data/venv/lib/python3.12/site-packages/oslo_config/cfg.py:3253}}
Jul 16 12:33:34.658229 np0000005234 nova-scheduler[93484]: DEBUG cotyledon.oslo_config_glue [-] oslo_limit.status_code_retries = None {{(pid=93484) log_opt_values /opt/stack/data/venv/lib/python3.12/site-packages/oslo_config/cfg.py:3253}}
Jul 16 12:33:34.658229 np0000005234 nova-scheduler[93484]: DEBUG cotyledon.oslo_config_glue [-] oslo_limit.status_code_retry_delay = None {{(pid=93484) log_opt_values /opt/stack/data/venv/lib/python3.12/site-packages/oslo_config/cfg.py:3253}}
Jul 16 12:33:34.658229 np0000005234 nova-scheduler[93484]: DEBUG cotyledon.oslo_config_glue [-] oslo_limit.timeout = None {{(pid=93484) log_opt_values /opt/stack/data/venv/lib/python3.12/site-packages/oslo_config/cfg.py:3253}}
Jul 16 12:33:34.658229 np0000005234 nova-scheduler[93484]: DEBUG cotyledon.oslo_config_glue [-] oslo_limit.valid_interfaces = None {{(pid=93484) log_opt_values /opt/stack/data/venv/lib/python3.12/site-packages/oslo_config/cfg.py:3253}}
Jul 16 12:33:34.658229 np0000005234 nova-scheduler[93484]: DEBUG cotyledon.oslo_config_glue [-] oslo_limit.version = None {{(pid=93484) log_opt_values /opt/stack/data/venv/lib/python3.12/site-packages/oslo_config/cfg.py:3253}}
Jul 16 12:33:34.658229 np0000005234 nova-scheduler[93484]: DEBUG cotyledon.oslo_config_glue [-] oslo_reports.file_event_handler = None {{(pid=93484) log_opt_values /opt/stack/data/venv/lib/python3.12/site-packages/oslo_config/cfg.py:3253}}
Jul 16 12:33:34.658229 np0000005234 nova-scheduler[93484]: DEBUG cotyledon.oslo_config_glue [-] oslo_reports.file_event_handler_interval = 1 {{(pid=93484) log_opt_values /opt/stack/data/venv/lib/python3.12/site-packages/oslo_config/cfg.py:3253}}
Jul 16 12:33:34.658420 np0000005234 nova-scheduler[93484]: DEBUG cotyledon.oslo_config_glue [-] oslo_reports.log_dir = None {{(pid=93484) log_opt_values /opt/stack/data/venv/lib/python3.12/site-packages/oslo_config/cfg.py:3253}}
Jul 16 12:33:34.658420 np0000005234 nova-scheduler[93484]: DEBUG cotyledon.oslo_config_glue [-] ******************************************************************************** {{(pid=93484) log_opt_values /opt/stack/data/venv/lib/python3.12/site-packages/oslo_config/cfg.py:3260}}
Jul 16 12:33:34.658420 np0000005234 nova-scheduler[93484]: DEBUG cotyledon._service_worker [-] Run service ServiceWrapper(2) [93484] {{(pid=93484) wait_forever /opt/stack/data/venv/lib/python3.12/site-packages/cotyledon/_service_worker.py:218}}
Jul 16 12:33:34.658420 np0000005234 nova-scheduler[93484]: INFO nova.service [-] Starting scheduler node (version 33.1.0)
Jul 16 12:33:34.658420 np0000005234 nova-scheduler[93484]: INFO dbcounter [None req-7c9169cb-f49d-4d50-ad0b-104bf2f430a8 None None] Registered counter for database nova_cell0
Jul 16 12:33:34.658525 np0000005234 nova-scheduler[93480]: DEBUG oslo_db.sqlalchemy.engines [None req-1a378b0d-4c1b-4b97-bc1a-48ec045be462 None None] MySQL server mode set to STRICT_TRANS_TABLES,STRICT_ALL_TABLES,NO_ZERO_IN_DATE,NO_ZERO_DATE,ERROR_FOR_DIVISION_BY_ZERO,TRADITIONAL,NO_ENGINE_SUBSTITUTION {{(pid=93480) _check_effective_sql_mode /opt/stack/data/venv/lib/python3.12/site-packages/oslo_db/sqlalchemy/engines.py:325}}
Jul 16 12:33:34.658525 np0000005234 nova-scheduler[93480]: DEBUG dbcounter [-] [93480] Writer thread running {{(pid=93480) stat_writer /opt/stack/data/venv/lib/python3.12/site-packages/dbcounter.py:102}}
Jul 16 12:33:34.659256 np0000005234 nova-scheduler[93482]: DEBUG oslo_db.sqlalchemy.engines [None req-d92ec350-bfac-4902-b325-b92bdfce5f33 None None] MySQL server mode set to STRICT_TRANS_TABLES,STRICT_ALL_TABLES,NO_ZERO_IN_DATE,NO_ZERO_DATE,ERROR_FOR_DIVISION_BY_ZERO,TRADITIONAL,NO_ENGINE_SUBSTITUTION {{(pid=93482) _check_effective_sql_mode /opt/stack/data/venv/lib/python3.12/site-packages/oslo_db/sqlalchemy/engines.py:325}}
Jul 16 12:33:34.666982 np0000005234 nova-scheduler[93480]: DEBUG nova.service [None req-1a378b0d-4c1b-4b97-bc1a-48ec045be462 None None] Creating RPC server for service: nova-scheduler on topic: scheduler {{(pid=93480) start /opt/stack/nova/nova/service.py:196}}
Jul 16 12:33:34.668487 np0000005234 nova-scheduler[93482]: DEBUG dbcounter [-] [93482] Writer thread running {{(pid=93482) stat_writer /opt/stack/data/venv/lib/python3.12/site-packages/dbcounter.py:102}}
Jul 16 12:33:34.671437 np0000005234 nova-scheduler[93482]: DEBUG nova.service [None req-d92ec350-bfac-4902-b325-b92bdfce5f33 None None] Creating RPC server for service: nova-scheduler on topic: scheduler {{(pid=93482) start /opt/stack/nova/nova/service.py:196}}
Jul 16 12:33:34.678801 np0000005234 nova-scheduler[93484]: DEBUG oslo_db.sqlalchemy.engines [None req-7c9169cb-f49d-4d50-ad0b-104bf2f430a8 None None] MySQL server mode set to STRICT_TRANS_TABLES,STRICT_ALL_TABLES,NO_ZERO_IN_DATE,NO_ZERO_DATE,ERROR_FOR_DIVISION_BY_ZERO,TRADITIONAL,NO_ENGINE_SUBSTITUTION {{(pid=93484) _check_effective_sql_mode /opt/stack/data/venv/lib/python3.12/site-packages/oslo_db/sqlalchemy/engines.py:325}}
Jul 16 12:33:34.687300 np0000005234 nova-scheduler[93484]: DEBUG dbcounter [-] [93484] Writer thread running {{(pid=93484) stat_writer /opt/stack/data/venv/lib/python3.12/site-packages/dbcounter.py:102}}
Jul 16 12:33:34.687632 np0000005234 nova-scheduler[93482]: DEBUG nova.service [None req-d92ec350-bfac-4902-b325-b92bdfce5f33 None None] Join ServiceGroup membership for this service scheduler {{(pid=93482) start /opt/stack/nova/nova/service.py:222}}
Jul 16 12:33:34.687833 np0000005234 nova-scheduler[93482]: DEBUG nova.servicegroup.drivers.db [None req-d92ec350-bfac-4902-b325-b92bdfce5f33 None None] DB_Driver: join new ServiceGroup member np0000005234 to the scheduler group, service = {{(pid=93482) join /opt/stack/nova/nova/servicegroup/drivers/db.py:44}}
Jul 16 12:33:34.688617 np0000005234 nova-scheduler[93480]: DEBUG nova.service [None req-1a378b0d-4c1b-4b97-bc1a-48ec045be462 None None] Join ServiceGroup membership for this service scheduler {{(pid=93480) start /opt/stack/nova/nova/service.py:222}}
Jul 16 12:33:34.689082 np0000005234 nova-scheduler[93480]: DEBUG nova.servicegroup.drivers.db [None req-1a378b0d-4c1b-4b97-bc1a-48ec045be462 None None] DB_Driver: join new ServiceGroup member np0000005234 to the scheduler group, service = {{(pid=93480) join /opt/stack/nova/nova/servicegroup/drivers/db.py:44}}
Jul 16 12:33:34.690031 np0000005234 nova-scheduler[93484]: DEBUG nova.service [None req-7c9169cb-f49d-4d50-ad0b-104bf2f430a8 None None] Creating RPC server for service: nova-scheduler on topic: scheduler {{(pid=93484) start /opt/stack/nova/nova/service.py:196}}
Jul 16 12:33:34.704029 np0000005234 nova-scheduler[93484]: DEBUG nova.service [None req-7c9169cb-f49d-4d50-ad0b-104bf2f430a8 None None] Join ServiceGroup membership for this service scheduler {{(pid=93484) start /opt/stack/nova/nova/service.py:222}}
Jul 16 12:33:34.704221 np0000005234 nova-scheduler[93484]: DEBUG nova.servicegroup.drivers.db [None req-7c9169cb-f49d-4d50-ad0b-104bf2f430a8 None None] DB_Driver: join new ServiceGroup member np0000005234 to the scheduler group, service = {{(pid=93484) join /opt/stack/nova/nova/servicegroup/drivers/db.py:44}}
Jul 16 12:33:34.706338 np0000005234 nova-scheduler[93484]: DEBUG oslo.service.backend._threading.loopingcall [None req-fcfa8df8-f510-47d6-b1a8-3ab0a094a984 None None] Dynamic interval looping call 'nova.service.Service.periodic_tasks' sleeping for 60.00 seconds {{(pid=93484) _run_loop /opt/stack/data/venv/lib/python3.12/site-packages/oslo_service/backend/_threading/loopingcall.py:125}}
Jul 16 12:33:39.691306 np0000005234 nova-scheduler[93482]: DEBUG oslo.service.backend._threading.loopingcall [None req-baf9cbed-4936-456d-9b68-4e1aa3783793 None None] Dynamic interval looping call 'nova.service.Service.periodic_tasks' sleeping for 60.00 seconds {{(pid=93482) _run_loop /opt/stack/data/venv/lib/python3.12/site-packages/oslo_service/backend/_threading/loopingcall.py:125}}
Jul 16 12:33:39.701624 np0000005234 nova-scheduler[93480]: DEBUG oslo.service.backend._threading.loopingcall [-] Fixed interval looping call 'nova.servicegroup.drivers.db.DbDriver._report_state' sleeping for 119.99 seconds {{(pid=93480) _run_loop /opt/stack/data/venv/lib/python3.12/site-packages/oslo_service/backend/_threading/loopingcall.py:125}}
Jul 16 12:33:39.702114 np0000005234 nova-scheduler[93482]: DEBUG oslo.service.backend._threading.loopingcall [-] Fixed interval looping call 'nova.servicegroup.drivers.db.DbDriver._report_state' sleeping for 119.99 seconds {{(pid=93482) _run_loop /opt/stack/data/venv/lib/python3.12/site-packages/oslo_service/backend/_threading/loopingcall.py:125}}
Jul 16 12:33:39.714051 np0000005234 nova-scheduler[93484]: DEBUG oslo.service.backend._threading.loopingcall [-] Fixed interval looping call 'nova.servicegroup.drivers.db.DbDriver._report_state' sleeping for 119.99 seconds {{(pid=93484) _run_loop /opt/stack/data/venv/lib/python3.12/site-packages/oslo_service/backend/_threading/loopingcall.py:125}}
Jul 16 12:33:43.299582 np0000005234 nova-scheduler[92140]: DEBUG dbcounter [-] [92140] Writing DB stats nova_api:SELECT=3 {{(pid=92140) stat_writer /opt/stack/data/venv/lib/python3.12/site-packages/dbcounter.py:115}}
Jul 16 12:33:43.422159 np0000005234 nova-scheduler[92140]: DEBUG dbcounter [-] [92140] Writing DB stats nova_cell0:SELECT=1 {{(pid=92140) stat_writer /opt/stack/data/venv/lib/python3.12/site-packages/dbcounter.py:115}}
Jul 16 12:33:43.422666 np0000005234 nova-scheduler[92140]: DEBUG dbcounter [-] [92140] Writing DB stats nova_cell1:SELECT=1 {{(pid=92140) stat_writer /opt/stack/data/venv/lib/python3.12/site-packages/dbcounter.py:115}}
Jul 16 12:33:49.697855 np0000005234 nova-scheduler[93480]: DEBUG dbcounter [-] [93480] Writing DB stats nova_cell0:SELECT=4,nova_cell0:INSERT=1,nova_cell0:UPDATE=1 {{(pid=93480) stat_writer /opt/stack/data/venv/lib/python3.12/site-packages/dbcounter.py:115}}
Jul 16 12:33:49.700124 np0000005234 nova-scheduler[93482]: DEBUG dbcounter [-] [93482] Writing DB stats nova_cell0:SELECT=3,nova_cell0:UPDATE=1 {{(pid=93482) stat_writer /opt/stack/data/venv/lib/python3.12/site-packages/dbcounter.py:115}}
Jul 16 12:33:49.712760 np0000005234 nova-scheduler[93484]: DEBUG dbcounter [-] [93484] Writing DB stats nova_cell0:SELECT=3 {{(pid=93484) stat_writer /opt/stack/data/venv/lib/python3.12/site-packages/dbcounter.py:115}}
Jul 16 12:33:59.691310 np0000005234 nova-scheduler[93480]: DEBUG oslo.service.backend._threading.loopingcall [None req-923f9f33-5737-4175-a58e-c0849c28b478 None None] Dynamic interval looping call 'nova.service.Service.periodic_tasks' sleeping for 60.00 seconds {{(pid=93480) _run_loop /opt/stack/data/venv/lib/python3.12/site-packages/oslo_service/backend/_threading/loopingcall.py:125}}
Jul 16 12:34:34.706839 np0000005234 nova-scheduler[93484]: DEBUG oslo.service.backend._threading.loopingcall [None req-fcfa8df8-f510-47d6-b1a8-3ab0a094a984 None None] Dynamic interval looping call 'nova.service.Service.periodic_tasks' sleeping for 60.00 seconds {{(pid=93484) _run_loop /opt/stack/data/venv/lib/python3.12/site-packages/oslo_service/backend/_threading/loopingcall.py:125}}
Jul 16 12:34:39.691908 np0000005234 nova-scheduler[93482]: DEBUG oslo.service.backend._threading.loopingcall [None req-baf9cbed-4936-456d-9b68-4e1aa3783793 None None] Dynamic interval looping call 'nova.service.Service.periodic_tasks' sleeping for 60.00 seconds {{(pid=93482) _run_loop /opt/stack/data/venv/lib/python3.12/site-packages/oslo_service/backend/_threading/loopingcall.py:125}}
Jul 16 12:34:59.691808 np0000005234 nova-scheduler[93480]: DEBUG oslo.service.backend._threading.loopingcall [None req-923f9f33-5737-4175-a58e-c0849c28b478 None None] Dynamic interval looping call 'nova.service.Service.periodic_tasks' sleeping for 60.00 seconds {{(pid=93480) _run_loop /opt/stack/data/venv/lib/python3.12/site-packages/oslo_service/backend/_threading/loopingcall.py:125}}
Jul 16 12:35:34.707403 np0000005234 nova-scheduler[93484]: DEBUG oslo.service.backend._threading.loopingcall [None req-fcfa8df8-f510-47d6-b1a8-3ab0a094a984 None None] Dynamic interval looping call 'nova.service.Service.periodic_tasks' sleeping for 60.00 seconds {{(pid=93484) _run_loop /opt/stack/data/venv/lib/python3.12/site-packages/oslo_service/backend/_threading/loopingcall.py:125}}
Jul 16 12:35:39.692380 np0000005234 nova-scheduler[93482]: DEBUG oslo.service.backend._threading.loopingcall [None req-baf9cbed-4936-456d-9b68-4e1aa3783793 None None] Dynamic interval looping call 'nova.service.Service.periodic_tasks' sleeping for 60.00 seconds {{(pid=93482) _run_loop /opt/stack/data/venv/lib/python3.12/site-packages/oslo_service/backend/_threading/loopingcall.py:125}}
Jul 16 12:35:39.702805 np0000005234 nova-scheduler[93480]: DEBUG oslo.service.backend._threading.loopingcall [-] Fixed interval looping call 'nova.servicegroup.drivers.db.DbDriver._report_state' sleeping for 119.99 seconds {{(pid=93480) _run_loop /opt/stack/data/venv/lib/python3.12/site-packages/oslo_service/backend/_threading/loopingcall.py:125}}
Jul 16 12:35:39.703342 np0000005234 nova-scheduler[93482]: DEBUG oslo.service.backend._threading.loopingcall [-] Fixed interval looping call 'nova.servicegroup.drivers.db.DbDriver._report_state' sleeping for 119.99 seconds {{(pid=93482) _run_loop /opt/stack/data/venv/lib/python3.12/site-packages/oslo_service/backend/_threading/loopingcall.py:125}}
Jul 16 12:35:39.707176 np0000005234 nova-scheduler[93484]: DEBUG oslo.service.backend._threading.loopingcall [-] Fixed interval looping call 'nova.servicegroup.drivers.db.DbDriver._report_state' sleeping for 120.00 seconds {{(pid=93484) _run_loop /opt/stack/data/venv/lib/python3.12/site-packages/oslo_service/backend/_threading/loopingcall.py:125}}
Jul 16 12:35:49.695389 np0000005234 nova-scheduler[93480]: DEBUG dbcounter [-] [93480] Writing DB stats nova_cell0:SELECT=1,nova_cell0:UPDATE=1 {{(pid=93480) stat_writer /opt/stack/data/venv/lib/python3.12/site-packages/dbcounter.py:115}}
Jul 16 12:35:49.698469 np0000005234 nova-scheduler[93482]: DEBUG dbcounter [-] [93482] Writing DB stats nova_cell0:SELECT=1,nova_cell0:UPDATE=1 {{(pid=93482) stat_writer /opt/stack/data/venv/lib/python3.12/site-packages/dbcounter.py:115}}
Jul 16 12:35:49.705726 np0000005234 nova-scheduler[93484]: DEBUG dbcounter [-] [93484] Writing DB stats nova_cell0:SELECT=1 {{(pid=93484) stat_writer /opt/stack/data/venv/lib/python3.12/site-packages/dbcounter.py:115}}
Jul 16 12:35:59.692431 np0000005234 nova-scheduler[93480]: DEBUG oslo.service.backend._threading.loopingcall [None req-923f9f33-5737-4175-a58e-c0849c28b478 None None] Dynamic interval looping call 'nova.service.Service.periodic_tasks' sleeping for 60.00 seconds {{(pid=93480) _run_loop /opt/stack/data/venv/lib/python3.12/site-packages/oslo_service/backend/_threading/loopingcall.py:125}}
Jul 16 12:36:17.963552 np0000005234 nova-scheduler[93482]: DEBUG nova.scheduler.manager [None req-a8682ca1-16d2-4a6d-af9b-78b9c0645d3a tempest-DeleteServersTestJSON-1783939539 tempest-DeleteServersTestJSON-1783939539-project-member] Starting to schedule for instances: ['460a2ae7-9577-47db-9c06-5f95564e56b5'] {{(pid=93482) select_destinations /opt/stack/nova/nova/scheduler/manager.py:209}}
Jul 16 12:36:17.964044 np0000005234 nova-scheduler[93482]: DEBUG nova.scheduler.request_filter [None req-a8682ca1-16d2-4a6d-af9b-78b9c0645d3a tempest-DeleteServersTestJSON-1783939539 tempest-DeleteServersTestJSON-1783939539-project-member] compute_status_filter request filter added forbidden trait COMPUTE_STATUS_DISABLED {{(pid=93482) compute_status_filter /opt/stack/nova/nova/scheduler/request_filter.py:253}}
Jul 16 12:36:17.964149 np0000005234 nova-scheduler[93482]: DEBUG nova.scheduler.request_filter [None req-a8682ca1-16d2-4a6d-af9b-78b9c0645d3a tempest-DeleteServersTestJSON-1783939539 tempest-DeleteServersTestJSON-1783939539-project-member] Request filter 'compute_status_filter' took 0.0 seconds {{(pid=93482) wrapper /opt/stack/nova/nova/scheduler/request_filter.py:46}}
Jul 16 12:36:17.964440 np0000005234 nova-scheduler[93482]: DEBUG nova.scheduler.request_filter [None req-a8682ca1-16d2-4a6d-af9b-78b9c0645d3a tempest-DeleteServersTestJSON-1783939539 tempest-DeleteServersTestJSON-1783939539-project-member] Request filter 'accelerators_filter' took 0.0 seconds {{(pid=93482) wrapper /opt/stack/nova/nova/scheduler/request_filter.py:46}}
Jul 16 12:36:17.965172 np0000005234 nova-scheduler[93482]: DEBUG nova.scheduler.request_filter [None req-a8682ca1-16d2-4a6d-af9b-78b9c0645d3a tempest-DeleteServersTestJSON-1783939539 tempest-DeleteServersTestJSON-1783939539-project-member] Request filter 'packed_virtqueue_filter' took 0.0 seconds {{(pid=93482) wrapper /opt/stack/nova/nova/scheduler/request_filter.py:46}}
Jul 16 12:36:17.965568 np0000005234 nova-scheduler[93482]: DEBUG nova.scheduler.request_filter [None req-a8682ca1-16d2-4a6d-af9b-78b9c0645d3a tempest-DeleteServersTestJSON-1783939539 tempest-DeleteServersTestJSON-1783939539-project-member] Request filter 'remote_managed_ports_filter' took 0.0 seconds {{(pid=93482) wrapper /opt/stack/nova/nova/scheduler/request_filter.py:46}}
Jul 16 12:36:17.965760 np0000005234 nova-scheduler[93482]: DEBUG nova.scheduler.request_filter [None req-a8682ca1-16d2-4a6d-af9b-78b9c0645d3a tempest-DeleteServersTestJSON-1783939539 tempest-DeleteServersTestJSON-1783939539-project-member] ephemeral_encryption_filter skipped {{(pid=93482) ephemeral_encryption_filter /opt/stack/nova/nova/scheduler/request_filter.py:426}}
Jul 16 12:36:17.965926 np0000005234 nova-scheduler[93482]: DEBUG nova.scheduler.request_filter [None req-a8682ca1-16d2-4a6d-af9b-78b9c0645d3a tempest-DeleteServersTestJSON-1783939539 tempest-DeleteServersTestJSON-1783939539-project-member] virtio_sound_filter skipped {{(pid=93482) virtio_sound_filter /opt/stack/nova/nova/scheduler/request_filter.py:460}}
Jul 16 12:36:17.966044 np0000005234 nova-scheduler[93482]: DEBUG nova.scheduler.request_filter [None req-a8682ca1-16d2-4a6d-af9b-78b9c0645d3a tempest-DeleteServersTestJSON-1783939539 tempest-DeleteServersTestJSON-1783939539-project-member] tpm_secret_security_filter skipped {{(pid=93482) tpm_secret_security_filter /opt/stack/nova/nova/scheduler/request_filter.py:477}}
Jul 16 12:36:18.575143 np0000005234 nova-scheduler[93482]: INFO nova.utils [None req-a8682ca1-16d2-4a6d-af9b-78b9c0645d3a tempest-DeleteServersTestJSON-1783939539 tempest-DeleteServersTestJSON-1783939539-project-member] The cell worker thread pool ForkProcess-2.cell_worker is initialized
Jul 16 12:36:18.575619 np0000005234 nova-scheduler[93482]: DEBUG oslo_concurrency.lockutils [None req-a8682ca1-16d2-4a6d-af9b-78b9c0645d3a tempest-DeleteServersTestJSON-1783939539 tempest-DeleteServersTestJSON-1783939539-project-member] Acquiring lock "361ed44d-ec74-4ec9-9536-08744e32ca1f" by "nova.context.set_target_cell..get_or_set_cached_cell_and_set_connections" {{(pid=93482) inner /opt/stack/data/venv/lib/python3.12/site-packages/oslo_concurrency/lockutils.py:512}}
Jul 16 12:36:18.575831 np0000005234 nova-scheduler[93482]: DEBUG oslo_concurrency.lockutils [None req-a8682ca1-16d2-4a6d-af9b-78b9c0645d3a tempest-DeleteServersTestJSON-1783939539 tempest-DeleteServersTestJSON-1783939539-project-member] Lock "361ed44d-ec74-4ec9-9536-08744e32ca1f" acquired by "nova.context.set_target_cell..get_or_set_cached_cell_and_set_connections" :: waited 0.000s {{(pid=93482) inner /opt/stack/data/venv/lib/python3.12/site-packages/oslo_concurrency/lockutils.py:525}}
Jul 16 12:36:18.577933 np0000005234 nova-scheduler[93482]: DEBUG oslo_concurrency.lockutils [None req-a8682ca1-16d2-4a6d-af9b-78b9c0645d3a tempest-DeleteServersTestJSON-1783939539 tempest-DeleteServersTestJSON-1783939539-project-member] Lock "361ed44d-ec74-4ec9-9536-08744e32ca1f" "released" by "nova.context.set_target_cell..get_or_set_cached_cell_and_set_connections" :: held 0.002s {{(pid=93482) inner /opt/stack/data/venv/lib/python3.12/site-packages/oslo_concurrency/lockutils.py:544}}
Jul 16 12:36:18.579736 np0000005234 nova-scheduler[93482]: INFO dbcounter [None req-a8682ca1-16d2-4a6d-af9b-78b9c0645d3a tempest-DeleteServersTestJSON-1783939539 tempest-DeleteServersTestJSON-1783939539-project-member] Registered counter for database nova_cell1
Jul 16 12:36:18.613736 np0000005234 nova-scheduler[93482]: DEBUG oslo_db.sqlalchemy.engines [None req-a8682ca1-16d2-4a6d-af9b-78b9c0645d3a tempest-DeleteServersTestJSON-1783939539 tempest-DeleteServersTestJSON-1783939539-project-member] MySQL server mode set to STRICT_TRANS_TABLES,STRICT_ALL_TABLES,NO_ZERO_IN_DATE,NO_ZERO_DATE,ERROR_FOR_DIVISION_BY_ZERO,TRADITIONAL,NO_ENGINE_SUBSTITUTION {{(pid=93482) _check_effective_sql_mode /opt/stack/data/venv/lib/python3.12/site-packages/oslo_db/sqlalchemy/engines.py:325}}
Jul 16 12:36:18.621274 np0000005234 nova-scheduler[93482]: DEBUG dbcounter [-] [93482] Writer thread running {{(pid=93482) stat_writer /opt/stack/data/venv/lib/python3.12/site-packages/dbcounter.py:102}}
Jul 16 12:36:18.633442 np0000005234 nova-scheduler[93482]: DEBUG oslo_db.sqlalchemy.engines [None req-a8682ca1-16d2-4a6d-af9b-78b9c0645d3a tempest-DeleteServersTestJSON-1783939539 tempest-DeleteServersTestJSON-1783939539-project-member] Parent process 92140 forked (93482) with an open database connection, which is being discarded and recreated. {{(pid=93482) checkout /opt/stack/data/venv/lib/python3.12/site-packages/oslo_db/sqlalchemy/engines.py:402}}
Jul 16 12:36:18.689073 np0000005234 nova-scheduler[93482]: DEBUG dbcounter [-] [93482] Writer thread running {{(pid=93482) stat_writer /opt/stack/data/venv/lib/python3.12/site-packages/dbcounter.py:102}}
Jul 16 12:36:18.691959 np0000005234 nova-scheduler[93482]: DEBUG oslo_concurrency.lockutils [None req-a8682ca1-16d2-4a6d-af9b-78b9c0645d3a tempest-DeleteServersTestJSON-1783939539 tempest-DeleteServersTestJSON-1783939539-project-member] Acquiring lock "361ed44d-ec74-4ec9-9536-08744e32ca1f" by "nova.context.set_target_cell..get_or_set_cached_cell_and_set_connections" {{(pid=93482) inner /opt/stack/data/venv/lib/python3.12/site-packages/oslo_concurrency/lockutils.py:512}}
Jul 16 12:36:18.692141 np0000005234 nova-scheduler[93482]: DEBUG oslo_concurrency.lockutils [None req-a8682ca1-16d2-4a6d-af9b-78b9c0645d3a tempest-DeleteServersTestJSON-1783939539 tempest-DeleteServersTestJSON-1783939539-project-member] Lock "361ed44d-ec74-4ec9-9536-08744e32ca1f" acquired by "nova.context.set_target_cell..get_or_set_cached_cell_and_set_connections" :: waited 0.000s {{(pid=93482) inner /opt/stack/data/venv/lib/python3.12/site-packages/oslo_concurrency/lockutils.py:525}}
Jul 16 12:36:18.692300 np0000005234 nova-scheduler[93482]: DEBUG oslo_concurrency.lockutils [None req-a8682ca1-16d2-4a6d-af9b-78b9c0645d3a tempest-DeleteServersTestJSON-1783939539 tempest-DeleteServersTestJSON-1783939539-project-member] Lock "361ed44d-ec74-4ec9-9536-08744e32ca1f" "released" by "nova.context.set_target_cell..get_or_set_cached_cell_and_set_connections" :: held 0.000s {{(pid=93482) inner /opt/stack/data/venv/lib/python3.12/site-packages/oslo_concurrency/lockutils.py:544}}
Jul 16 12:36:18.695780 np0000005234 nova-scheduler[93482]: DEBUG oslo_concurrency.lockutils [None req-a8682ca1-16d2-4a6d-af9b-78b9c0645d3a tempest-DeleteServersTestJSON-1783939539 tempest-DeleteServersTestJSON-1783939539-project-member] Acquiring lock "np0000005234-np0000005234" by "nova.scheduler.host_manager.HostState.update.._locked_update" {{(pid=93482) inner /opt/stack/data/venv/lib/python3.12/site-packages/oslo_concurrency/lockutils.py:512}}
Jul 16 12:36:18.696133 np0000005234 nova-scheduler[93482]: DEBUG oslo_concurrency.lockutils [None req-a8682ca1-16d2-4a6d-af9b-78b9c0645d3a tempest-DeleteServersTestJSON-1783939539 tempest-DeleteServersTestJSON-1783939539-project-member] Lock "np0000005234-np0000005234" acquired by "nova.scheduler.host_manager.HostState.update.._locked_update" :: waited 0.000s {{(pid=93482) inner /opt/stack/data/venv/lib/python3.12/site-packages/oslo_concurrency/lockutils.py:525}}
Jul 16 12:36:18.697079 np0000005234 nova-scheduler[93482]: DEBUG nova.scheduler.host_manager [None req-a8682ca1-16d2-4a6d-af9b-78b9c0645d3a tempest-DeleteServersTestJSON-1783939539 tempest-DeleteServersTestJSON-1783939539-project-member] Update host state from compute node: ComputeNode(cpu_allocation_ratio=4.0,cpu_info='{"arch": "x86_64", "model": "EPYC-Milan", "vendor": "AMD", "topology": {"cells": 1, "sockets": 16, "cores": 1, "threads": 1}, "maxphysaddr": {"mode": "emulate", "bits": 40}, "features": ["stibp", "syscall", "mtrr", "amd-ssbd", "avx", "pclmuldq", "tsc-scale", "osvw", "rdrand", "mca", "mce", "gds-no", "bmi1", "movbe", "amd-stibp", "pse36", "cmp_legacy", "xgetbv1", "avx2", "svm", "pschange-mc-no", "3dnowprefetch", "fxsr_opt", "umip", "lahf_lm", "misalignsse", "sse2", "invpcid", "abm", "rdseed", "vgif", "xsaves", "vme", "pdpe1gb", "svme-addr-chk", "smep", "pause-filter", "vaes", "spec-ctrl", "wbnoinvd", "rdpid", "fxsr", "topoext", "fpu", "npt", "perfctr_core", "arat", "pat", "stibp-always-on", "tsc", "ssse3", "lfence-always-serializing", "nx", "xsaveopt", "no-nested-data-bp", "ibrs", "ibpb", "fsrm", "mmxext", "vpclmulqdq", "xsave", "clflushopt", "f16c", "cx8", "erms", "hypervisor", "cmov", "sha-ni", "null-sel-clr-base", "x2apic", "apic", "pcid", "sep", "msr", "ssbd", "mds-no", "adx", "fsgsbase", "pse", "xsavec", "mmx", "sse", "sse4.1", "pae", "lm", "de", "pni", "virt-ssbd", "rdtscp", "pku", "bmi2", "sse4a", "v-vmsave-vmload", "clflush", "cr8legacy", "fma", "amd-psfd", "xsaveerptr", "arch-capabilities", "lbrv", "pfthreshold", "popcnt", "clzero", "tsc_adjust", "cx16", "rdctl-no", "tsc-deadline", "nrip-save", "vmcb-clean", "skip-l1dfl-vmentry", "flushbyasid", "smap", "pge", "aes", "sse4.2", "clwb"]}',created_at=2026-07-16T12:33:55Z,current_workload=0,deleted=False,deleted_at=None,disk_allocation_ratio=1.0,disk_available_least=73,free_disk_gb=95,free_ram_mb=62765,host='np0000005234',host_ip=10.4.3.228,hypervisor_hostname='np0000005234',hypervisor_type='QEMU',hypervisor_version=8002002,id=1,local_gb=95,local_gb_used=0,mapped=1,memory_mb=63277,memory_mb_used=512,metrics='[]',numa_topology='{"nova_object.name": "NUMATopology", "nova_object.namespace": "nova", "nova_object.version": "1.2", "nova_object.data": {"cells": [{"nova_object.name": "NUMACell", "nova_object.namespace": "nova", "nova_object.version": "1.5", "nova_object.data": {"id": 0, "cpuset": [0, 1, 2, 3, 4, 5, 6, 7, 8, 9, 10, 11, 12, 13, 14, 15], "pcpuset": [0, 1, 2, 3, 4, 5, 6, 7, 8, 9, 10, 11, 12, 13, 14, 15], "memory": 63277, "cpu_usage": 0, "memory_usage": 0, "pinned_cpus": [], "siblings": [[6], [12], [2], [15], [5], [11], [8], [14], [4], [1], [7], [10], [0], [13], [3], [9]], "mempages": [{"nova_object.name": "NUMAPagesTopology", "nova_object.namespace": "nova", "nova_object.version": "1.1", "nova_object.data": {"size_kb": 4, "total": 16177927, "used": 0, "reserved": 0}, "nova_object.changes": ["size_kb", "used", "total", "reserved"]}, {"nova_object.name": "NUMAPagesTopology", "nova_object.namespace": "nova", "nova_object.version": "1.1", "nova_object.data": {"size_kb": 2048, "total": 41, "used": 0, "reserved": 0}, "nova_object.changes": ["size_kb", "used", "total", "reserved"]}, {"nova_object.name": "NUMAPagesTopology", "nova_object.namespace": "nova", "nova_object.version": "1.1", "nova_object.data": {"size_kb": 1048576, "total": 0, "used": 0, "reserved": 0}, "nova_object.changes": ["size_kb", "used", "total", "reserved"]}], "network_metadata": {"nova_object.name": "NetworkMetadata", "nova_object.namespace": "nova", "nova_object.version": "1.0", "nova_object.data": {"physnets": [], "tunneled": false}, "nova_object.changes": ["tunneled", "physnets"]}, "socket": null}, "nova_object.changes": ["pinned_cpus", "memory_usage", "socket", "id", "cpuset", "pcpuset", "network_metadata", "siblings", "cpu_usage", "memory", "mempages"]}]}, "nova_object.changes": ["cells"]}',pci_device_pools=PciDevicePoolList,ram_allocation_ratio=1.0,running_vms=0,service_id=2,stats={failed_builds='0',uptime=' 12:35:44 up 13 min, 2 users, load average: 1.31, 1.48, 0.86
Jul 16 12:36:18.697079 np0000005234 nova-scheduler[93482]: '},supported_hv_specs=[HVSpec,HVSpec,HVSpec,HVSpec,HVSpec,HVSpec,HVSpec,HVSpec,HVSpec,HVSpec,HVSpec,HVSpec,HVSpec,HVSpec,HVSpec,HVSpec,HVSpec,HVSpec,HVSpec,HVSpec,HVSpec,HVSpec,HVSpec,HVSpec,HVSpec],updated_at=2026-07-16T12:35:44Z,uuid=ef99fb0d-ab0c-467f-9b56-56409011942a,vcpus=16,vcpus_used=0) {{(pid=93482) _locked_update /opt/stack/nova/nova/scheduler/host_manager.py:168}}
Jul 16 12:36:18.698067 np0000005234 nova-scheduler[93482]: DEBUG nova.scheduler.host_manager [None req-a8682ca1-16d2-4a6d-af9b-78b9c0645d3a tempest-DeleteServersTestJSON-1783939539 tempest-DeleteServersTestJSON-1783939539-project-member] Update host state with aggregates: [] {{(pid=93482) _locked_update /opt/stack/nova/nova/scheduler/host_manager.py:171}}
Jul 16 12:36:18.698221 np0000005234 nova-scheduler[93482]: DEBUG nova.scheduler.host_manager [None req-a8682ca1-16d2-4a6d-af9b-78b9c0645d3a tempest-DeleteServersTestJSON-1783939539 tempest-DeleteServersTestJSON-1783939539-project-member] Update host state with service dict: {'id': 2, 'uuid': '49ce018f-8282-4cca-8563-2a904e283545', 'host': 'np0000005234', 'binary': 'nova-compute', 'topic': 'compute', 'report_count': 2, 'disabled': False, 'disabled_reason': None, 'last_seen_up': datetime.datetime(2026, 7, 16, 12, 36, 2, tzinfo=datetime.timezone.utc), 'forced_down': False, 'version': 72, 'created_at': datetime.datetime(2026, 7, 16, 12, 33, 55, tzinfo=datetime.timezone.utc), 'updated_at': datetime.datetime(2026, 7, 16, 12, 36, 2, tzinfo=datetime.timezone.utc), 'deleted_at': None, 'deleted': False} {{(pid=93482) _locked_update /opt/stack/nova/nova/scheduler/host_manager.py:174}}
Jul 16 12:36:18.698525 np0000005234 nova-scheduler[93482]: DEBUG nova.scheduler.host_manager [None req-a8682ca1-16d2-4a6d-af9b-78b9c0645d3a tempest-DeleteServersTestJSON-1783939539 tempest-DeleteServersTestJSON-1783939539-project-member] Update host state with instances: [] {{(pid=93482) _locked_update /opt/stack/nova/nova/scheduler/host_manager.py:177}}
Jul 16 12:36:18.698674 np0000005234 nova-scheduler[93482]: DEBUG oslo_concurrency.lockutils [None req-a8682ca1-16d2-4a6d-af9b-78b9c0645d3a tempest-DeleteServersTestJSON-1783939539 tempest-DeleteServersTestJSON-1783939539-project-member] Lock "np0000005234-np0000005234" "released" by "nova.scheduler.host_manager.HostState.update.._locked_update" :: held 0.003s {{(pid=93482) inner /opt/stack/data/venv/lib/python3.12/site-packages/oslo_concurrency/lockutils.py:544}}
Jul 16 12:36:18.699398 np0000005234 nova-scheduler[93482]: DEBUG nova.filters [None req-a8682ca1-16d2-4a6d-af9b-78b9c0645d3a tempest-DeleteServersTestJSON-1783939539 tempest-DeleteServersTestJSON-1783939539-project-member] Starting with 1 host(s) {{(pid=93482) get_filtered_objects /opt/stack/nova/nova/filters.py:70}}
Jul 16 12:36:18.699647 np0000005234 nova-scheduler[93482]: DEBUG nova.filters [None req-a8682ca1-16d2-4a6d-af9b-78b9c0645d3a tempest-DeleteServersTestJSON-1783939539 tempest-DeleteServersTestJSON-1783939539-project-member] Filter ComputeFilter returned 1 host(s) {{(pid=93482) get_filtered_objects /opt/stack/nova/nova/filters.py:102}}
Jul 16 12:36:18.699866 np0000005234 nova-scheduler[93482]: DEBUG nova.filters [None req-a8682ca1-16d2-4a6d-af9b-78b9c0645d3a tempest-DeleteServersTestJSON-1783939539 tempest-DeleteServersTestJSON-1783939539-project-member] Filter ComputeCapabilitiesFilter returned 1 host(s) {{(pid=93482) get_filtered_objects /opt/stack/nova/nova/filters.py:102}}
Jul 16 12:36:18.700122 np0000005234 nova-scheduler[93482]: DEBUG nova.filters [None req-a8682ca1-16d2-4a6d-af9b-78b9c0645d3a tempest-DeleteServersTestJSON-1783939539 tempest-DeleteServersTestJSON-1783939539-project-member] Filter ImagePropertiesFilter returned 1 host(s) {{(pid=93482) get_filtered_objects /opt/stack/nova/nova/filters.py:102}}
Jul 16 12:36:18.700316 np0000005234 nova-scheduler[93482]: DEBUG nova.filters [None req-a8682ca1-16d2-4a6d-af9b-78b9c0645d3a tempest-DeleteServersTestJSON-1783939539 tempest-DeleteServersTestJSON-1783939539-project-member] Filter ServerGroupAntiAffinityFilter returned 1 host(s) {{(pid=93482) get_filtered_objects /opt/stack/nova/nova/filters.py:102}}
Jul 16 12:36:18.700607 np0000005234 nova-scheduler[93482]: DEBUG nova.filters [None req-a8682ca1-16d2-4a6d-af9b-78b9c0645d3a tempest-DeleteServersTestJSON-1783939539 tempest-DeleteServersTestJSON-1783939539-project-member] Filter ServerGroupAffinityFilter returned 1 host(s) {{(pid=93482) get_filtered_objects /opt/stack/nova/nova/filters.py:102}}
Jul 16 12:36:18.700671 np0000005234 nova-scheduler[93482]: DEBUG nova.filters [None req-a8682ca1-16d2-4a6d-af9b-78b9c0645d3a tempest-DeleteServersTestJSON-1783939539 tempest-DeleteServersTestJSON-1783939539-project-member] Filter SameHostFilter returned 1 host(s) {{(pid=93482) get_filtered_objects /opt/stack/nova/nova/filters.py:102}}
Jul 16 12:36:18.700910 np0000005234 nova-scheduler[93482]: DEBUG nova.filters [None req-a8682ca1-16d2-4a6d-af9b-78b9c0645d3a tempest-DeleteServersTestJSON-1783939539 tempest-DeleteServersTestJSON-1783939539-project-member] Filter DifferentHostFilter returned 1 host(s) {{(pid=93482) get_filtered_objects /opt/stack/nova/nova/filters.py:102}}
Jul 16 12:36:18.701083 np0000005234 nova-scheduler[93482]: DEBUG nova.scheduler.manager [None req-a8682ca1-16d2-4a6d-af9b-78b9c0645d3a tempest-DeleteServersTestJSON-1783939539 tempest-DeleteServersTestJSON-1783939539-project-member] Filtered [(np0000005234, np0000005234) ram: 62765MB disk: 74752MB io_ops: 0 instances: 0, allocation_candidates: 1] {{(pid=93482) _get_sorted_hosts /opt/stack/nova/nova/scheduler/manager.py:742}}
Jul 16 12:36:18.701371 np0000005234 nova-scheduler[93482]: DEBUG nova.scheduler.manager [None req-a8682ca1-16d2-4a6d-af9b-78b9c0645d3a tempest-DeleteServersTestJSON-1783939539 tempest-DeleteServersTestJSON-1783939539-project-member] Weighed [WeighedHost [host: (np0000005234, np0000005234) ram: 62765MB disk: 74752MB io_ops: 0 instances: 0, allocation_candidates: 1, weight: 0.0]] {{(pid=93482) _get_sorted_hosts /opt/stack/nova/nova/scheduler/manager.py:764}}
Jul 16 12:36:18.701647 np0000005234 nova-scheduler[93482]: DEBUG nova.scheduler.utils [None req-a8682ca1-16d2-4a6d-af9b-78b9c0645d3a tempest-DeleteServersTestJSON-1783939539 tempest-DeleteServersTestJSON-1783939539-project-member] Attempting to claim resources in the placement API for instance 460a2ae7-9577-47db-9c06-5f95564e56b5 {{(pid=93482) claim_resources /opt/stack/nova/nova/scheduler/utils.py:1345}}
Jul 16 12:36:18.869659 np0000005234 nova-scheduler[93482]: DEBUG nova.scheduler.manager [None req-a8682ca1-16d2-4a6d-af9b-78b9c0645d3a tempest-DeleteServersTestJSON-1783939539 tempest-DeleteServersTestJSON-1783939539-project-member] [instance: 460a2ae7-9577-47db-9c06-5f95564e56b5] Selected host: (np0000005234, np0000005234) ram: 62765MB disk: 74752MB io_ops: 0 instances: 0, allocation_candidates: 1 {{(pid=93482) _consume_selected_host /opt/stack/nova/nova/scheduler/manager.py:624}}
Jul 16 12:36:18.869915 np0000005234 nova-scheduler[93482]: DEBUG oslo_concurrency.lockutils [None req-a8682ca1-16d2-4a6d-af9b-78b9c0645d3a tempest-DeleteServersTestJSON-1783939539 tempest-DeleteServersTestJSON-1783939539-project-member] Acquiring lock "np0000005234-np0000005234" by "nova.scheduler.host_manager.HostState.consume_from_request.._locked" {{(pid=93482) inner /opt/stack/data/venv/lib/python3.12/site-packages/oslo_concurrency/lockutils.py:512}}
Jul 16 12:36:18.870169 np0000005234 nova-scheduler[93482]: DEBUG oslo_concurrency.lockutils [None req-a8682ca1-16d2-4a6d-af9b-78b9c0645d3a tempest-DeleteServersTestJSON-1783939539 tempest-DeleteServersTestJSON-1783939539-project-member] Lock "np0000005234-np0000005234" acquired by "nova.scheduler.host_manager.HostState.consume_from_request.._locked" :: waited 0.000s {{(pid=93482) inner /opt/stack/data/venv/lib/python3.12/site-packages/oslo_concurrency/lockutils.py:525}}
Jul 16 12:36:18.870640 np0000005234 nova-scheduler[93482]: DEBUG oslo_concurrency.lockutils [None req-a8682ca1-16d2-4a6d-af9b-78b9c0645d3a tempest-DeleteServersTestJSON-1783939539 tempest-DeleteServersTestJSON-1783939539-project-member] Lock "np0000005234-np0000005234" "released" by "nova.scheduler.host_manager.HostState.consume_from_request.._locked" :: held 0.000s {{(pid=93482) inner /opt/stack/data/venv/lib/python3.12/site-packages/oslo_concurrency/lockutils.py:544}}
Jul 16 12:36:28.002036 np0000005234 nova-scheduler[93480]: DEBUG nova.scheduler.manager [None req-d1a50207-a940-40f8-8b72-d2c50f694d6e tempest-VolumesAdminNegativeTest-904667004 tempest-VolumesAdminNegativeTest-904667004-project-member] Starting to schedule for instances: ['3b4e90b2-c21f-49df-8b0d-be7303d05614'] {{(pid=93480) select_destinations /opt/stack/nova/nova/scheduler/manager.py:209}}
Jul 16 12:36:28.002760 np0000005234 nova-scheduler[93480]: DEBUG nova.scheduler.request_filter [None req-d1a50207-a940-40f8-8b72-d2c50f694d6e tempest-VolumesAdminNegativeTest-904667004 tempest-VolumesAdminNegativeTest-904667004-project-member] compute_status_filter request filter added forbidden trait COMPUTE_STATUS_DISABLED {{(pid=93480) compute_status_filter /opt/stack/nova/nova/scheduler/request_filter.py:253}}
Jul 16 12:36:28.002882 np0000005234 nova-scheduler[93480]: DEBUG nova.scheduler.request_filter [None req-d1a50207-a940-40f8-8b72-d2c50f694d6e tempest-VolumesAdminNegativeTest-904667004 tempest-VolumesAdminNegativeTest-904667004-project-member] Request filter 'compute_status_filter' took 0.0 seconds {{(pid=93480) wrapper /opt/stack/nova/nova/scheduler/request_filter.py:46}}
Jul 16 12:36:28.003068 np0000005234 nova-scheduler[93480]: DEBUG nova.scheduler.request_filter [None req-d1a50207-a940-40f8-8b72-d2c50f694d6e tempest-VolumesAdminNegativeTest-904667004 tempest-VolumesAdminNegativeTest-904667004-project-member] Request filter 'accelerators_filter' took 0.0 seconds {{(pid=93480) wrapper /opt/stack/nova/nova/scheduler/request_filter.py:46}}
