Jun 04 05:20:42.647730 np0000002096 nova-scheduler[95784]: DEBUG cotyledon.oslo_config_glue [-] oslo_limit.collect_timing = False {{(pid=95784) log_opt_values /opt/stack/data/venv/lib/python3.12/site-packages/oslo_config/cfg.py:3256}}
Jun 04 05:20:42.647789 np0000002096 nova-scheduler[95784]: DEBUG cotyledon.oslo_config_glue [-] oslo_limit.connect_retries = None {{(pid=95784) log_opt_values /opt/stack/data/venv/lib/python3.12/site-packages/oslo_config/cfg.py:3256}}
Jun 04 05:20:42.647848 np0000002096 nova-scheduler[95784]: DEBUG cotyledon.oslo_config_glue [-] oslo_limit.connect_retry_delay = None {{(pid=95784) log_opt_values /opt/stack/data/venv/lib/python3.12/site-packages/oslo_config/cfg.py:3256}}
Jun 04 05:20:42.648057 np0000002096 nova-scheduler[95784]: DEBUG cotyledon.oslo_config_glue [-] oslo_limit.endpoint_id = None {{(pid=95784) log_opt_values /opt/stack/data/venv/lib/python3.12/site-packages/oslo_config/cfg.py:3256}}
Jun 04 05:20:42.648137 np0000002096 nova-scheduler[95784]: DEBUG cotyledon.oslo_config_glue [-] oslo_limit.endpoint_interface = public {{(pid=95784) log_opt_values /opt/stack/data/venv/lib/python3.12/site-packages/oslo_config/cfg.py:3256}}
Jun 04 05:20:42.648208 np0000002096 nova-scheduler[95784]: DEBUG cotyledon.oslo_config_glue [-] oslo_limit.endpoint_override = None {{(pid=95784) log_opt_values /opt/stack/data/venv/lib/python3.12/site-packages/oslo_config/cfg.py:3256}}
Jun 04 05:20:42.648289 np0000002096 nova-scheduler[95784]: DEBUG cotyledon.oslo_config_glue [-] oslo_limit.endpoint_region_name = None {{(pid=95784) log_opt_values /opt/stack/data/venv/lib/python3.12/site-packages/oslo_config/cfg.py:3256}}
Jun 04 05:20:42.648370 np0000002096 nova-scheduler[95784]: DEBUG cotyledon.oslo_config_glue [-] oslo_limit.endpoint_service_name = None {{(pid=95784) log_opt_values /opt/stack/data/venv/lib/python3.12/site-packages/oslo_config/cfg.py:3256}}
Jun 04 05:20:42.648426 np0000002096 nova-scheduler[95784]: DEBUG cotyledon.oslo_config_glue [-] oslo_limit.endpoint_service_type = None {{(pid=95784) log_opt_values /opt/stack/data/venv/lib/python3.12/site-packages/oslo_config/cfg.py:3256}}
Jun 04 05:20:42.648487 np0000002096 nova-scheduler[95784]: DEBUG cotyledon.oslo_config_glue [-] oslo_limit.insecure = False {{(pid=95784) log_opt_values /opt/stack/data/venv/lib/python3.12/site-packages/oslo_config/cfg.py:3256}}
Jun 04 05:20:42.648542 np0000002096 nova-scheduler[95784]: DEBUG cotyledon.oslo_config_glue [-] oslo_limit.keyfile = None {{(pid=95784) log_opt_values /opt/stack/data/venv/lib/python3.12/site-packages/oslo_config/cfg.py:3256}}
Jun 04 05:20:42.648598 np0000002096 nova-scheduler[95784]: DEBUG cotyledon.oslo_config_glue [-] oslo_limit.max_version = None {{(pid=95784) log_opt_values /opt/stack/data/venv/lib/python3.12/site-packages/oslo_config/cfg.py:3256}}
Jun 04 05:20:42.648657 np0000002096 nova-scheduler[95784]: DEBUG cotyledon.oslo_config_glue [-] oslo_limit.min_version = None {{(pid=95784) log_opt_values /opt/stack/data/venv/lib/python3.12/site-packages/oslo_config/cfg.py:3256}}
Jun 04 05:20:42.648713 np0000002096 nova-scheduler[95784]: DEBUG cotyledon.oslo_config_glue [-] oslo_limit.region_name = None {{(pid=95784) log_opt_values /opt/stack/data/venv/lib/python3.12/site-packages/oslo_config/cfg.py:3256}}
Jun 04 05:20:42.648780 np0000002096 nova-scheduler[95784]: DEBUG cotyledon.oslo_config_glue [-] oslo_limit.retriable_status_codes = None {{(pid=95784) log_opt_values /opt/stack/data/venv/lib/python3.12/site-packages/oslo_config/cfg.py:3256}}
Jun 04 05:20:42.648870 np0000002096 nova-scheduler[95784]: DEBUG cotyledon.oslo_config_glue [-] oslo_limit.service_name = None {{(pid=95784) log_opt_values /opt/stack/data/venv/lib/python3.12/site-packages/oslo_config/cfg.py:3256}}
Jun 04 05:20:42.648943 np0000002096 nova-scheduler[95784]: DEBUG cotyledon.oslo_config_glue [-] oslo_limit.service_type = None {{(pid=95784) log_opt_values /opt/stack/data/venv/lib/python3.12/site-packages/oslo_config/cfg.py:3256}}
Jun 04 05:20:42.649017 np0000002096 nova-scheduler[95784]: DEBUG cotyledon.oslo_config_glue [-] oslo_limit.split_loggers = False {{(pid=95784) log_opt_values /opt/stack/data/venv/lib/python3.12/site-packages/oslo_config/cfg.py:3256}}
Jun 04 05:20:42.649078 np0000002096 nova-scheduler[95784]: DEBUG cotyledon.oslo_config_glue [-] oslo_limit.status_code_retries = None {{(pid=95784) log_opt_values /opt/stack/data/venv/lib/python3.12/site-packages/oslo_config/cfg.py:3256}}
Jun 04 05:20:42.649133 np0000002096 nova-scheduler[95784]: DEBUG cotyledon.oslo_config_glue [-] oslo_limit.status_code_retry_delay = None {{(pid=95784) log_opt_values /opt/stack/data/venv/lib/python3.12/site-packages/oslo_config/cfg.py:3256}}
Jun 04 05:20:42.649225 np0000002096 nova-scheduler[95784]: DEBUG cotyledon.oslo_config_glue [-] oslo_limit.timeout = None {{(pid=95784) log_opt_values /opt/stack/data/venv/lib/python3.12/site-packages/oslo_config/cfg.py:3256}}
Jun 04 05:20:42.649311 np0000002096 nova-scheduler[95784]: DEBUG cotyledon.oslo_config_glue [-] oslo_limit.valid_interfaces = None {{(pid=95784) log_opt_values /opt/stack/data/venv/lib/python3.12/site-packages/oslo_config/cfg.py:3256}}
Jun 04 05:20:42.649396 np0000002096 nova-scheduler[95784]: DEBUG cotyledon.oslo_config_glue [-] oslo_limit.version = None {{(pid=95784) log_opt_values /opt/stack/data/venv/lib/python3.12/site-packages/oslo_config/cfg.py:3256}}
Jun 04 05:20:42.649483 np0000002096 nova-scheduler[95784]: DEBUG cotyledon.oslo_config_glue [-] oslo_reports.file_event_handler = None {{(pid=95784) log_opt_values /opt/stack/data/venv/lib/python3.12/site-packages/oslo_config/cfg.py:3256}}
Jun 04 05:20:42.649563 np0000002096 nova-scheduler[95784]: DEBUG cotyledon.oslo_config_glue [-] oslo_reports.file_event_handler_interval = 1 {{(pid=95784) log_opt_values /opt/stack/data/venv/lib/python3.12/site-packages/oslo_config/cfg.py:3256}}
Jun 04 05:20:42.649646 np0000002096 nova-scheduler[95784]: DEBUG cotyledon.oslo_config_glue [-] oslo_reports.log_dir = None {{(pid=95784) log_opt_values /opt/stack/data/venv/lib/python3.12/site-packages/oslo_config/cfg.py:3256}}
Jun 04 05:20:42.649721 np0000002096 nova-scheduler[95784]: DEBUG cotyledon.oslo_config_glue [-] ******************************************************************************** {{(pid=95784) log_opt_values /opt/stack/data/venv/lib/python3.12/site-packages/oslo_config/cfg.py:3263}}
Jun 04 05:20:42.649910 np0000002096 nova-scheduler[95784]: DEBUG cotyledon._service_worker [-] Run service ServiceWrapper(2) [95784] {{(pid=95784) wait_forever /opt/stack/data/venv/lib/python3.12/site-packages/cotyledon/_service_worker.py:218}}
Jun 04 05:20:42.651099 np0000002096 nova-scheduler[95784]: INFO nova.service [-] Starting scheduler node (version 33.1.0)
Jun 04 05:20:42.654803 np0000002096 nova-scheduler[95784]: INFO dbcounter [None req-2b97ff36-1075-422f-a529-d400868d9000 None None] Registered counter for database nova_cell0
Jun 04 05:20:42.662704 np0000002096 nova-scheduler[95780]: DEBUG nova.service [None req-9ac5e70a-db96-4f9a-ba66-f690c22b9e17 None None] Creating RPC server for service: nova-scheduler on topic: scheduler {{(pid=95780) start /opt/stack/nova/nova/service.py:195}}
Jun 04 05:20:42.670063 np0000002096 nova-scheduler[95782]: DEBUG oslo_db.sqlalchemy.engines [None req-b65251f8-d671-49fe-b250-701fb2dcc28f None None] MySQL server mode set to STRICT_TRANS_TABLES,STRICT_ALL_TABLES,NO_ZERO_IN_DATE,NO_ZERO_DATE,ERROR_FOR_DIVISION_BY_ZERO,TRADITIONAL,NO_ENGINE_SUBSTITUTION {{(pid=95782) _check_effective_sql_mode /opt/stack/data/venv/lib/python3.12/site-packages/oslo_db/sqlalchemy/engines.py:325}}
Jun 04 05:20:42.679416 np0000002096 nova-scheduler[95782]: DEBUG dbcounter [-] [95782] Writer thread running {{(pid=95782) stat_writer /opt/stack/data/venv/lib/python3.12/site-packages/dbcounter.py:102}}
Jun 04 05:20:42.682032 np0000002096 nova-scheduler[95782]: DEBUG nova.service [None req-b65251f8-d671-49fe-b250-701fb2dcc28f None None] Creating RPC server for service: nova-scheduler on topic: scheduler {{(pid=95782) start /opt/stack/nova/nova/service.py:195}}
Jun 04 05:20:42.685723 np0000002096 nova-scheduler[95780]: DEBUG nova.service [None req-9ac5e70a-db96-4f9a-ba66-f690c22b9e17 None None] Join ServiceGroup membership for this service scheduler {{(pid=95780) start /opt/stack/nova/nova/service.py:221}}
Jun 04 05:20:42.685915 np0000002096 nova-scheduler[95780]: DEBUG nova.servicegroup.drivers.db [None req-9ac5e70a-db96-4f9a-ba66-f690c22b9e17 None None] DB_Driver: join new ServiceGroup member np0000002096 to the scheduler group, service = {{(pid=95780) join /opt/stack/nova/nova/servicegroup/drivers/db.py:44}}
Jun 04 05:20:42.696418 np0000002096 nova-scheduler[95784]: DEBUG oslo_db.sqlalchemy.engines [None req-2b97ff36-1075-422f-a529-d400868d9000 None None] MySQL server mode set to STRICT_TRANS_TABLES,STRICT_ALL_TABLES,NO_ZERO_IN_DATE,NO_ZERO_DATE,ERROR_FOR_DIVISION_BY_ZERO,TRADITIONAL,NO_ENGINE_SUBSTITUTION {{(pid=95784) _check_effective_sql_mode /opt/stack/data/venv/lib/python3.12/site-packages/oslo_db/sqlalchemy/engines.py:325}}
Jun 04 05:20:42.697641 np0000002096 nova-scheduler[95782]: DEBUG nova.service [None req-b65251f8-d671-49fe-b250-701fb2dcc28f None None] Join ServiceGroup membership for this service scheduler {{(pid=95782) start /opt/stack/nova/nova/service.py:221}}
Jun 04 05:20:42.697808 np0000002096 nova-scheduler[95782]: DEBUG nova.servicegroup.drivers.db [None req-b65251f8-d671-49fe-b250-701fb2dcc28f None None] DB_Driver: join new ServiceGroup member np0000002096 to the scheduler group, service = {{(pid=95782) join /opt/stack/nova/nova/servicegroup/drivers/db.py:44}}
Jun 04 05:20:42.705193 np0000002096 nova-scheduler[95784]: DEBUG dbcounter [-] [95784] Writer thread running {{(pid=95784) stat_writer /opt/stack/data/venv/lib/python3.12/site-packages/dbcounter.py:102}}
Jun 04 05:20:42.708034 np0000002096 nova-scheduler[95784]: DEBUG nova.service [None req-2b97ff36-1075-422f-a529-d400868d9000 None None] Creating RPC server for service: nova-scheduler on topic: scheduler {{(pid=95784) start /opt/stack/nova/nova/service.py:195}}
Jun 04 05:20:42.722288 np0000002096 nova-scheduler[95784]: DEBUG nova.service [None req-2b97ff36-1075-422f-a529-d400868d9000 None None] Join ServiceGroup membership for this service scheduler {{(pid=95784) start /opt/stack/nova/nova/service.py:221}}
Jun 04 05:20:42.722559 np0000002096 nova-scheduler[95784]: DEBUG nova.servicegroup.drivers.db [None req-2b97ff36-1075-422f-a529-d400868d9000 None None] DB_Driver: join new ServiceGroup member np0000002096 to the scheduler group, service = {{(pid=95784) join /opt/stack/nova/nova/servicegroup/drivers/db.py:44}}
Jun 04 05:20:47.714342 np0000002096 nova-scheduler[95780]: DEBUG oslo.service.backend._threading.loopingcall [-] Fixed interval looping call 'nova.servicegroup.drivers.db.DbDriver._report_state' sleeping for 119.97 seconds {{(pid=95780) _run_loop /opt/stack/data/venv/lib/python3.12/site-packages/oslo_service/backend/_threading/loopingcall.py:125}}
Jun 04 05:20:47.715667 np0000002096 nova-scheduler[95782]: DEBUG oslo.service.backend._threading.loopingcall [-] Fixed interval looping call 'nova.servicegroup.drivers.db.DbDriver._report_state' sleeping for 119.99 seconds {{(pid=95782) _run_loop /opt/stack/data/venv/lib/python3.12/site-packages/oslo_service/backend/_threading/loopingcall.py:125}}
Jun 04 05:20:47.740715 np0000002096 nova-scheduler[95784]: DEBUG oslo.service.backend._threading.loopingcall [-] Fixed interval looping call 'nova.servicegroup.drivers.db.DbDriver._report_state' sleeping for 119.99 seconds {{(pid=95784) _run_loop /opt/stack/data/venv/lib/python3.12/site-packages/oslo_service/backend/_threading/loopingcall.py:125}}
Jun 04 05:20:51.263577 np0000002096 nova-scheduler[94505]: DEBUG dbcounter [-] [94505] Writing DB stats nova_api:SELECT=3 {{(pid=94505) stat_writer /opt/stack/data/venv/lib/python3.12/site-packages/dbcounter.py:115}}
Jun 04 05:20:51.401953 np0000002096 nova-scheduler[94505]: DEBUG dbcounter [-] [94505] Writing DB stats nova_cell0:SELECT=1 {{(pid=94505) stat_writer /opt/stack/data/venv/lib/python3.12/site-packages/dbcounter.py:115}}
Jun 04 05:20:51.407360 np0000002096 nova-scheduler[94505]: DEBUG dbcounter [-] [94505] Writing DB stats nova_cell1:SELECT=1 {{(pid=94505) stat_writer /opt/stack/data/venv/lib/python3.12/site-packages/dbcounter.py:115}}
Jun 04 05:20:57.698469 np0000002096 nova-scheduler[95780]: DEBUG dbcounter [-] [95780] Writing DB stats nova_cell0:SELECT=4,nova_cell0:INSERT=1,nova_cell0:UPDATE=1 {{(pid=95780) stat_writer /opt/stack/data/venv/lib/python3.12/site-packages/dbcounter.py:115}}
Jun 04 05:20:57.710935 np0000002096 nova-scheduler[95782]: DEBUG dbcounter [-] [95782] Writing DB stats nova_cell0:SELECT=3 {{(pid=95782) stat_writer /opt/stack/data/venv/lib/python3.12/site-packages/dbcounter.py:115}}
Jun 04 05:20:57.735967 np0000002096 nova-scheduler[95784]: DEBUG dbcounter [-] [95784] Writing DB stats nova_cell0:SELECT=3 {{(pid=95784) stat_writer /opt/stack/data/venv/lib/python3.12/site-packages/dbcounter.py:115}}
Jun 04 05:21:21.701993 np0000002096 nova-scheduler[95782]: DEBUG oslo.service.backend._threading.loopingcall [None req-60dde0c6-cc98-407c-904f-68501c4cbfb0 None None] Dynamic interval looping call 'nova.service.Service.periodic_tasks' sleeping for 60.00 seconds {{(pid=95782) _run_loop /opt/stack/data/venv/lib/python3.12/site-packages/oslo_service/backend/_threading/loopingcall.py:125}}
Jun 04 05:21:33.726718 np0000002096 nova-scheduler[95784]: DEBUG oslo.service.backend._threading.loopingcall [None req-36a65521-de65-409d-b956-58f1760e54cd None None] Dynamic interval looping call 'nova.service.Service.periodic_tasks' sleeping for 60.00 seconds {{(pid=95784) _run_loop /opt/stack/data/venv/lib/python3.12/site-packages/oslo_service/backend/_threading/loopingcall.py:125}}
Jun 04 05:21:41.687887 np0000002096 nova-scheduler[95780]: DEBUG oslo.service.backend._threading.loopingcall [None req-b9cc2547-ee31-4304-92dd-92d886944a3f None None] Dynamic interval looping call 'nova.service.Service.periodic_tasks' sleeping for 60.00 seconds {{(pid=95780) _run_loop /opt/stack/data/venv/lib/python3.12/site-packages/oslo_service/backend/_threading/loopingcall.py:125}}
Jun 04 05:22:21.702662 np0000002096 nova-scheduler[95782]: DEBUG oslo.service.backend._threading.loopingcall [None req-60dde0c6-cc98-407c-904f-68501c4cbfb0 None None] Dynamic interval looping call 'nova.service.Service.periodic_tasks' sleeping for 60.00 seconds {{(pid=95782) _run_loop /opt/stack/data/venv/lib/python3.12/site-packages/oslo_service/backend/_threading/loopingcall.py:125}}
Jun 04 05:22:33.727556 np0000002096 nova-scheduler[95784]: DEBUG oslo.service.backend._threading.loopingcall [None req-36a65521-de65-409d-b956-58f1760e54cd None None] Dynamic interval looping call 'nova.service.Service.periodic_tasks' sleeping for 60.00 seconds {{(pid=95784) _run_loop /opt/stack/data/venv/lib/python3.12/site-packages/oslo_service/backend/_threading/loopingcall.py:125}}
Jun 04 05:22:41.688518 np0000002096 nova-scheduler[95780]: DEBUG oslo.service.backend._threading.loopingcall [None req-b9cc2547-ee31-4304-92dd-92d886944a3f None None] Dynamic interval looping call 'nova.service.Service.periodic_tasks' sleeping for 60.00 seconds {{(pid=95780) _run_loop /opt/stack/data/venv/lib/python3.12/site-packages/oslo_service/backend/_threading/loopingcall.py:125}}
Jun 04 05:22:47.693531 np0000002096 nova-scheduler[95780]: DEBUG oslo.service.backend._threading.loopingcall [-] Fixed interval looping call 'nova.servicegroup.drivers.db.DbDriver._report_state' sleeping for 119.99 seconds {{(pid=95780) _run_loop /opt/stack/data/venv/lib/python3.12/site-packages/oslo_service/backend/_threading/loopingcall.py:125}}
Jun 04 05:22:47.710153 np0000002096 nova-scheduler[95782]: DEBUG oslo.service.backend._threading.loopingcall [-] Fixed interval looping call 'nova.servicegroup.drivers.db.DbDriver._report_state' sleeping for 120.00 seconds {{(pid=95782) _run_loop /opt/stack/data/venv/lib/python3.12/site-packages/oslo_service/backend/_threading/loopingcall.py:125}}
Jun 04 05:22:47.735026 np0000002096 nova-scheduler[95784]: DEBUG oslo.service.backend._threading.loopingcall [-] Fixed interval looping call 'nova.servicegroup.drivers.db.DbDriver._report_state' sleeping for 120.00 seconds {{(pid=95784) _run_loop /opt/stack/data/venv/lib/python3.12/site-packages/oslo_service/backend/_threading/loopingcall.py:125}}
Jun 04 05:22:57.687945 np0000002096 nova-scheduler[95780]: DEBUG dbcounter [-] [95780] Writing DB stats nova_cell0:SELECT=1,nova_cell0:UPDATE=1 {{(pid=95780) stat_writer /opt/stack/data/venv/lib/python3.12/site-packages/dbcounter.py:115}}
Jun 04 05:22:57.707969 np0000002096 nova-scheduler[95782]: DEBUG dbcounter [-] [95782] Writing DB stats nova_cell0:SELECT=1 {{(pid=95782) stat_writer /opt/stack/data/venv/lib/python3.12/site-packages/dbcounter.py:115}}
Jun 04 05:22:57.733259 np0000002096 nova-scheduler[95784]: DEBUG dbcounter [-] [95784] Writing DB stats nova_cell0:SELECT=1 {{(pid=95784) stat_writer /opt/stack/data/venv/lib/python3.12/site-packages/dbcounter.py:115}}
Jun 04 05:23:21.703308 np0000002096 nova-scheduler[95782]: DEBUG oslo.service.backend._threading.loopingcall [None req-60dde0c6-cc98-407c-904f-68501c4cbfb0 None None] Dynamic interval looping call 'nova.service.Service.periodic_tasks' sleeping for 60.00 seconds {{(pid=95782) _run_loop /opt/stack/data/venv/lib/python3.12/site-packages/oslo_service/backend/_threading/loopingcall.py:125}}
Jun 04 05:23:33.550598 np0000002096 nova-scheduler[95780]: DEBUG nova.scheduler.manager [None req-b0d98129-54c7-48dd-befb-aef692bef29c tempest-DeleteServersTestJSON-1366167830 tempest-DeleteServersTestJSON-1366167830-project-member] Starting to schedule for instances: ['745aace5-b588-4e38-a077-013ed63ee911'] {{(pid=95780) select_destinations /opt/stack/nova/nova/scheduler/manager.py:210}}
Jun 04 05:23:33.553619 np0000002096 nova-scheduler[95780]: DEBUG nova.scheduler.request_filter [None req-b0d98129-54c7-48dd-befb-aef692bef29c tempest-DeleteServersTestJSON-1366167830 tempest-DeleteServersTestJSON-1366167830-project-member] compute_status_filter request filter added forbidden trait COMPUTE_STATUS_DISABLED {{(pid=95780) compute_status_filter /opt/stack/nova/nova/scheduler/request_filter.py:253}}
Jun 04 05:23:33.553619 np0000002096 nova-scheduler[95780]: DEBUG nova.scheduler.request_filter [None req-b0d98129-54c7-48dd-befb-aef692bef29c tempest-DeleteServersTestJSON-1366167830 tempest-DeleteServersTestJSON-1366167830-project-member] Request filter 'compute_status_filter' took 0.0 seconds {{(pid=95780) wrapper /opt/stack/nova/nova/scheduler/request_filter.py:46}}
Jun 04 05:23:33.553619 np0000002096 nova-scheduler[95780]: DEBUG nova.scheduler.request_filter [None req-b0d98129-54c7-48dd-befb-aef692bef29c tempest-DeleteServersTestJSON-1366167830 tempest-DeleteServersTestJSON-1366167830-project-member] Request filter 'accelerators_filter' took 0.0 seconds {{(pid=95780) wrapper /opt/stack/nova/nova/scheduler/request_filter.py:46}}
Jun 04 05:23:33.553619 np0000002096 nova-scheduler[95780]: DEBUG nova.scheduler.request_filter [None req-b0d98129-54c7-48dd-befb-aef692bef29c tempest-DeleteServersTestJSON-1366167830 tempest-DeleteServersTestJSON-1366167830-project-member] Request filter 'packed_virtqueue_filter' took 0.0 seconds {{(pid=95780) wrapper /opt/stack/nova/nova/scheduler/request_filter.py:46}}
Jun 04 05:23:33.554486 np0000002096 nova-scheduler[95780]: DEBUG nova.scheduler.request_filter [None req-b0d98129-54c7-48dd-befb-aef692bef29c tempest-DeleteServersTestJSON-1366167830 tempest-DeleteServersTestJSON-1366167830-project-member] Request filter 'remote_managed_ports_filter' took 0.0 seconds {{(pid=95780) wrapper /opt/stack/nova/nova/scheduler/request_filter.py:46}}
Jun 04 05:23:33.555825 np0000002096 nova-scheduler[95780]: DEBUG nova.scheduler.request_filter [None req-b0d98129-54c7-48dd-befb-aef692bef29c tempest-DeleteServersTestJSON-1366167830 tempest-DeleteServersTestJSON-1366167830-project-member] ephemeral_encryption_filter skipped {{(pid=95780) ephemeral_encryption_filter /opt/stack/nova/nova/scheduler/request_filter.py:426}}
Jun 04 05:23:33.555825 np0000002096 nova-scheduler[95780]: DEBUG nova.scheduler.request_filter [None req-b0d98129-54c7-48dd-befb-aef692bef29c tempest-DeleteServersTestJSON-1366167830 tempest-DeleteServersTestJSON-1366167830-project-member] virtio_sound_filter skipped {{(pid=95780) virtio_sound_filter /opt/stack/nova/nova/scheduler/request_filter.py:460}}
Jun 04 05:23:33.555825 np0000002096 nova-scheduler[95780]: DEBUG nova.scheduler.request_filter [None req-b0d98129-54c7-48dd-befb-aef692bef29c tempest-DeleteServersTestJSON-1366167830 tempest-DeleteServersTestJSON-1366167830-project-member] tpm_secret_security_filter skipped {{(pid=95780) tpm_secret_security_filter /opt/stack/nova/nova/scheduler/request_filter.py:477}}
Jun 04 05:23:33.728299 np0000002096 nova-scheduler[95784]: DEBUG oslo.service.backend._threading.loopingcall [None req-36a65521-de65-409d-b956-58f1760e54cd None None] Dynamic interval looping call 'nova.service.Service.periodic_tasks' sleeping for 60.00 seconds {{(pid=95784) _run_loop /opt/stack/data/venv/lib/python3.12/site-packages/oslo_service/backend/_threading/loopingcall.py:125}}
Jun 04 05:23:34.332276 np0000002096 nova-scheduler[95780]: INFO nova.utils [None req-b0d98129-54c7-48dd-befb-aef692bef29c tempest-DeleteServersTestJSON-1366167830 tempest-DeleteServersTestJSON-1366167830-project-member] The cell worker thread pool ForkProcess-1.cell_worker is initialized
Jun 04 05:23:34.332709 np0000002096 nova-scheduler[95780]: DEBUG oslo_concurrency.lockutils [None req-b0d98129-54c7-48dd-befb-aef692bef29c tempest-DeleteServersTestJSON-1366167830 tempest-DeleteServersTestJSON-1366167830-project-member] Acquiring lock "2dbdda0e-931f-424c-b83e-22de6d270fed" by "nova.context.set_target_cell..get_or_set_cached_cell_and_set_connections" {{(pid=95780) inner /opt/stack/data/venv/lib/python3.12/site-packages/oslo_concurrency/lockutils.py:511}}
Jun 04 05:23:34.333006 np0000002096 nova-scheduler[95780]: DEBUG oslo_concurrency.lockutils [None req-b0d98129-54c7-48dd-befb-aef692bef29c tempest-DeleteServersTestJSON-1366167830 tempest-DeleteServersTestJSON-1366167830-project-member] Lock "2dbdda0e-931f-424c-b83e-22de6d270fed" acquired by "nova.context.set_target_cell..get_or_set_cached_cell_and_set_connections" :: waited 0.000s {{(pid=95780) inner /opt/stack/data/venv/lib/python3.12/site-packages/oslo_concurrency/lockutils.py:524}}
Jun 04 05:23:34.334660 np0000002096 nova-scheduler[95780]: DEBUG oslo_concurrency.lockutils [None req-b0d98129-54c7-48dd-befb-aef692bef29c tempest-DeleteServersTestJSON-1366167830 tempest-DeleteServersTestJSON-1366167830-project-member] Lock "2dbdda0e-931f-424c-b83e-22de6d270fed" "released" by "nova.context.set_target_cell..get_or_set_cached_cell_and_set_connections" :: held 0.002s {{(pid=95780) inner /opt/stack/data/venv/lib/python3.12/site-packages/oslo_concurrency/lockutils.py:543}}
Jun 04 05:23:34.339866 np0000002096 nova-scheduler[95780]: INFO dbcounter [None req-b0d98129-54c7-48dd-befb-aef692bef29c tempest-DeleteServersTestJSON-1366167830 tempest-DeleteServersTestJSON-1366167830-project-member] Registered counter for database nova_cell1
Jun 04 05:23:34.394426 np0000002096 nova-scheduler[95780]: DEBUG oslo_db.sqlalchemy.engines [None req-b0d98129-54c7-48dd-befb-aef692bef29c tempest-DeleteServersTestJSON-1366167830 tempest-DeleteServersTestJSON-1366167830-project-member] MySQL server mode set to STRICT_TRANS_TABLES,STRICT_ALL_TABLES,NO_ZERO_IN_DATE,NO_ZERO_DATE,ERROR_FOR_DIVISION_BY_ZERO,TRADITIONAL,NO_ENGINE_SUBSTITUTION {{(pid=95780) _check_effective_sql_mode /opt/stack/data/venv/lib/python3.12/site-packages/oslo_db/sqlalchemy/engines.py:325}}
Jun 04 05:23:34.404178 np0000002096 nova-scheduler[95780]: DEBUG dbcounter [-] [95780] Writer thread running {{(pid=95780) stat_writer /opt/stack/data/venv/lib/python3.12/site-packages/dbcounter.py:102}}
Jun 04 05:23:34.421792 np0000002096 nova-scheduler[95780]: DEBUG oslo_db.sqlalchemy.engines [None req-b0d98129-54c7-48dd-befb-aef692bef29c tempest-DeleteServersTestJSON-1366167830 tempest-DeleteServersTestJSON-1366167830-project-member] Parent process 94505 forked (95780) with an open database connection, which is being discarded and recreated. {{(pid=95780) checkout /opt/stack/data/venv/lib/python3.12/site-packages/oslo_db/sqlalchemy/engines.py:402}}
Jun 04 05:23:34.474852 np0000002096 nova-scheduler[95780]: DEBUG dbcounter [-] [95780] Writer thread running {{(pid=95780) stat_writer /opt/stack/data/venv/lib/python3.12/site-packages/dbcounter.py:102}}
Jun 04 05:23:34.478391 np0000002096 nova-scheduler[95780]: DEBUG oslo_concurrency.lockutils [None req-b0d98129-54c7-48dd-befb-aef692bef29c tempest-DeleteServersTestJSON-1366167830 tempest-DeleteServersTestJSON-1366167830-project-member] Acquiring lock "2dbdda0e-931f-424c-b83e-22de6d270fed" by "nova.context.set_target_cell..get_or_set_cached_cell_and_set_connections" {{(pid=95780) inner /opt/stack/data/venv/lib/python3.12/site-packages/oslo_concurrency/lockutils.py:511}}
Jun 04 05:23:34.478504 np0000002096 nova-scheduler[95780]: DEBUG oslo_concurrency.lockutils [None req-b0d98129-54c7-48dd-befb-aef692bef29c tempest-DeleteServersTestJSON-1366167830 tempest-DeleteServersTestJSON-1366167830-project-member] Lock "2dbdda0e-931f-424c-b83e-22de6d270fed" acquired by "nova.context.set_target_cell..get_or_set_cached_cell_and_set_connections" :: waited 0.000s {{(pid=95780) inner /opt/stack/data/venv/lib/python3.12/site-packages/oslo_concurrency/lockutils.py:524}}
Jun 04 05:23:34.478658 np0000002096 nova-scheduler[95780]: DEBUG oslo_concurrency.lockutils [None req-b0d98129-54c7-48dd-befb-aef692bef29c tempest-DeleteServersTestJSON-1366167830 tempest-DeleteServersTestJSON-1366167830-project-member] Lock "2dbdda0e-931f-424c-b83e-22de6d270fed" "released" by "nova.context.set_target_cell..get_or_set_cached_cell_and_set_connections" :: held 0.000s {{(pid=95780) inner /opt/stack/data/venv/lib/python3.12/site-packages/oslo_concurrency/lockutils.py:543}}
Jun 04 05:23:34.482857 np0000002096 nova-scheduler[95780]: DEBUG oslo_concurrency.lockutils [None req-b0d98129-54c7-48dd-befb-aef692bef29c tempest-DeleteServersTestJSON-1366167830 tempest-DeleteServersTestJSON-1366167830-project-member] Acquiring lock "('np0000002096', 'np0000002096')" by "nova.scheduler.host_manager.HostState.update.._locked_update" {{(pid=95780) inner /opt/stack/data/venv/lib/python3.12/site-packages/oslo_concurrency/lockutils.py:511}}
Jun 04 05:23:34.483038 np0000002096 nova-scheduler[95780]: DEBUG oslo_concurrency.lockutils [None req-b0d98129-54c7-48dd-befb-aef692bef29c tempest-DeleteServersTestJSON-1366167830 tempest-DeleteServersTestJSON-1366167830-project-member] Lock "('np0000002096', 'np0000002096')" acquired by "nova.scheduler.host_manager.HostState.update.._locked_update" :: waited 0.000s {{(pid=95780) inner /opt/stack/data/venv/lib/python3.12/site-packages/oslo_concurrency/lockutils.py:524}}
Jun 04 05:23:34.484037 np0000002096 nova-scheduler[95780]: DEBUG nova.scheduler.host_manager [None req-b0d98129-54c7-48dd-befb-aef692bef29c tempest-DeleteServersTestJSON-1366167830 tempest-DeleteServersTestJSON-1366167830-project-member] Update host state from compute node: ComputeNode(cpu_allocation_ratio=4.0,cpu_info='{"arch": "x86_64", "model": "EPYC-Milan", "vendor": "AMD", "topology": {"cells": 1, "sockets": 12, "cores": 1, "threads": 1}, "maxphysaddr": {"mode": "emulate", "bits": 40}, "features": ["vgif", "smep", "nrip-save", "no-nested-data-bp", "xgetbv1", "fsgsbase", "mca", "ssbd", "tsc", "lfence-always-serializing", "fpu", "xsaveerptr", "clflush", "mtrr", "popcnt", "mce", "hypervisor", "fma", "pfthreshold", "pse36", "spec-ctrl", "pcid", "ibpb", "mmx", "sse4a", "x2apic", "pdpe1gb", "perfctr_core", "vmcb-clean", "gds-no", "vpclmulqdq", "misalignsse", "tsc-scale", "amd-stibp", "f16c", "rdrand", "clwb", "sha-ni", "mmxext", "msr", "svme-addr-chk", "de", "npt", "smap", "stibp-always-on", "clflushopt", "amd-psfd", "syscall", "cr8legacy", "ibrs", "sse4.2", "sse4.1", "pause-filter", "movbe", "virt-ssbd", "clzero", "lm", "ssse3", "amd-ssbd", "lahf_lm", "fsrm", "pat", "fxsr", "skip-l1dfl-vmentry", "osvw", "abm", "pae", "xsaveopt", "pku", "arat", "wbnoinvd", "pse", "tsc_adjust", "v-vmsave-vmload", "aes", "pni", "rdctl-no", "invpcid", "flushbyasid", "adx", "pclmuldq", "pge", "sep", "umip", "cmov", "cx8", "stibp", "nx", "null-sel-clr-base", "rdseed", "sse", "vaes", "fxsr_opt", "mds-no", "apic", "3dnowprefetch", "pschange-mc-no", "bmi1", "cx16", "avx", "arch-capabilities", "cmp_legacy", "vme", "bmi2", "rdtscp", "svm", "lbrv", "xsavec", "avx2", "xsave", "xsaves", "rdpid", "topoext", "erms", "sse2", "tsc-deadline"]}',created_at=2026-06-04T05:21:08Z,current_workload=0,deleted=False,deleted_at=None,disk_allocation_ratio=1.0,disk_available_least=74,free_disk_gb=95,free_ram_mb=23518,host='np0000002096',host_ip=10.4.3.199,hypervisor_hostname='np0000002096',hypervisor_type='QEMU',hypervisor_version=8002002,id=1,local_gb=95,local_gb_used=0,mapped=1,memory_mb=24030,memory_mb_used=512,metrics='[]',numa_topology='{"nova_object.name": "NUMATopology", "nova_object.namespace": "nova", "nova_object.version": "1.2", "nova_object.data": {"cells": [{"nova_object.name": "NUMACell", "nova_object.namespace": "nova", "nova_object.version": "1.5", "nova_object.data": {"id": 0, "cpuset": [0, 1, 2, 3, 4, 5, 6, 7, 8, 9, 10, 11], "pcpuset": [0, 1, 2, 3, 4, 5, 6, 7, 8, 9, 10, 11], "memory": 24030, "cpu_usage": 0, "memory_usage": 0, "pinned_cpus": [], "siblings": [[6], [2], [5], [11], [8], [4], [1], [7], [10], [0], [3], [9]], "mempages": [{"nova_object.name": "NUMAPagesTopology", "nova_object.namespace": "nova", "nova_object.version": "1.1", "nova_object.data": {"size_kb": 4, "total": 6151797, "used": 0, "reserved": 0}, "nova_object.changes": ["size_kb", "used", "total", "reserved"]}, {"nova_object.name": "NUMAPagesTopology", "nova_object.namespace": "nova", "nova_object.version": "1.1", "nova_object.data": {"size_kb": 2048, "total": 0, "used": 0, "reserved": 0}, "nova_object.changes": ["size_kb", "used", "total", "reserved"]}, {"nova_object.name": "NUMAPagesTopology", "nova_object.namespace": "nova", "nova_object.version": "1.1", "nova_object.data": {"size_kb": 1048576, "total": 0, "used": 0, "reserved": 0}, "nova_object.changes": ["size_kb", "used", "total", "reserved"]}], "network_metadata": {"nova_object.name": "NetworkMetadata", "nova_object.namespace": "nova", "nova_object.version": "1.0", "nova_object.data": {"physnets": [], "tunneled": false}, "nova_object.changes": ["tunneled", "physnets"]}, "socket": null}, "nova_object.changes": ["mempages", "id", "cpu_usage", "siblings", "pinned_cpus", "cpuset", "pcpuset", "memory_usage", "socket", "network_metadata", "memory"]}]}, "nova_object.changes": ["cells"]}',pci_device_pools=PciDevicePoolList,ram_allocation_ratio=1.0,running_vms=0,service_id=2,stats={failed_builds='0',uptime=' 05:22:53 up 25 min, 2 users, load average: 1.29, 1.50, 0.84
Jun 04 05:23:34.484037 np0000002096 nova-scheduler[95780]: '},supported_hv_specs=[HVSpec,HVSpec,HVSpec,HVSpec,HVSpec,HVSpec,HVSpec,HVSpec,HVSpec,HVSpec,HVSpec,HVSpec,HVSpec,HVSpec,HVSpec,HVSpec,HVSpec,HVSpec,HVSpec,HVSpec,HVSpec,HVSpec,HVSpec,HVSpec,HVSpec],updated_at=2026-06-04T05:22:55Z,uuid=95712b20-97c9-40a8-8b64-e42163df70f0,vcpus=12,vcpus_used=0) {{(pid=95780) _locked_update /opt/stack/nova/nova/scheduler/host_manager.py:168}}
Jun 04 05:23:34.484801 np0000002096 nova-scheduler[95780]: DEBUG nova.scheduler.host_manager [None req-b0d98129-54c7-48dd-befb-aef692bef29c tempest-DeleteServersTestJSON-1366167830 tempest-DeleteServersTestJSON-1366167830-project-member] Update host state with aggregates: [] {{(pid=95780) _locked_update /opt/stack/nova/nova/scheduler/host_manager.py:171}}
Jun 04 05:23:34.484957 np0000002096 nova-scheduler[95780]: DEBUG nova.scheduler.host_manager [None req-b0d98129-54c7-48dd-befb-aef692bef29c tempest-DeleteServersTestJSON-1366167830 tempest-DeleteServersTestJSON-1366167830-project-member] Update host state with service dict: {'id': 2, 'uuid': '7ba60c0f-167f-408f-8d3a-b6eb007354dc', 'host': 'np0000002096', 'binary': 'nova-compute', 'topic': 'compute', 'report_count': 2, 'disabled': False, 'disabled_reason': None, 'last_seen_up': datetime.datetime(2026, 6, 4, 5, 23, 16, tzinfo=datetime.timezone.utc), 'forced_down': False, 'version': 72, 'created_at': datetime.datetime(2026, 6, 4, 5, 21, 6, tzinfo=datetime.timezone.utc), 'updated_at': datetime.datetime(2026, 6, 4, 5, 23, 16, tzinfo=datetime.timezone.utc), 'deleted_at': None, 'deleted': False} {{(pid=95780) _locked_update /opt/stack/nova/nova/scheduler/host_manager.py:174}}
Jun 04 05:23:34.485100 np0000002096 nova-scheduler[95780]: DEBUG nova.scheduler.host_manager [None req-b0d98129-54c7-48dd-befb-aef692bef29c tempest-DeleteServersTestJSON-1366167830 tempest-DeleteServersTestJSON-1366167830-project-member] Update host state with instances: [] {{(pid=95780) _locked_update /opt/stack/nova/nova/scheduler/host_manager.py:177}}
Jun 04 05:23:34.485445 np0000002096 nova-scheduler[95780]: DEBUG oslo_concurrency.lockutils [None req-b0d98129-54c7-48dd-befb-aef692bef29c tempest-DeleteServersTestJSON-1366167830 tempest-DeleteServersTestJSON-1366167830-project-member] Lock "('np0000002096', 'np0000002096')" "released" by "nova.scheduler.host_manager.HostState.update.._locked_update" :: held 0.002s {{(pid=95780) inner /opt/stack/data/venv/lib/python3.12/site-packages/oslo_concurrency/lockutils.py:543}}
Jun 04 05:23:34.485934 np0000002096 nova-scheduler[95780]: DEBUG nova.filters [None req-b0d98129-54c7-48dd-befb-aef692bef29c tempest-DeleteServersTestJSON-1366167830 tempest-DeleteServersTestJSON-1366167830-project-member] Starting with 1 host(s) {{(pid=95780) get_filtered_objects /opt/stack/nova/nova/filters.py:70}}
Jun 04 05:23:34.486122 np0000002096 nova-scheduler[95780]: DEBUG nova.filters [None req-b0d98129-54c7-48dd-befb-aef692bef29c tempest-DeleteServersTestJSON-1366167830 tempest-DeleteServersTestJSON-1366167830-project-member] Filter ComputeFilter returned 1 host(s) {{(pid=95780) get_filtered_objects /opt/stack/nova/nova/filters.py:102}}
Jun 04 05:23:34.486569 np0000002096 nova-scheduler[95780]: DEBUG nova.filters [None req-b0d98129-54c7-48dd-befb-aef692bef29c tempest-DeleteServersTestJSON-1366167830 tempest-DeleteServersTestJSON-1366167830-project-member] Filter ComputeCapabilitiesFilter returned 1 host(s) {{(pid=95780) get_filtered_objects /opt/stack/nova/nova/filters.py:102}}
Jun 04 05:23:34.486642 np0000002096 nova-scheduler[95780]: DEBUG nova.filters [None req-b0d98129-54c7-48dd-befb-aef692bef29c tempest-DeleteServersTestJSON-1366167830 tempest-DeleteServersTestJSON-1366167830-project-member] Filter ImagePropertiesFilter returned 1 host(s) {{(pid=95780) get_filtered_objects /opt/stack/nova/nova/filters.py:102}}
Jun 04 05:23:34.486948 np0000002096 nova-scheduler[95780]: DEBUG nova.filters [None req-b0d98129-54c7-48dd-befb-aef692bef29c tempest-DeleteServersTestJSON-1366167830 tempest-DeleteServersTestJSON-1366167830-project-member] Filter ServerGroupAntiAffinityFilter returned 1 host(s) {{(pid=95780) get_filtered_objects /opt/stack/nova/nova/filters.py:102}}
Jun 04 05:23:34.487029 np0000002096 nova-scheduler[95780]: DEBUG nova.filters [None req-b0d98129-54c7-48dd-befb-aef692bef29c tempest-DeleteServersTestJSON-1366167830 tempest-DeleteServersTestJSON-1366167830-project-member] Filter ServerGroupAffinityFilter returned 1 host(s) {{(pid=95780) get_filtered_objects /opt/stack/nova/nova/filters.py:102}}
Jun 04 05:23:34.487174 np0000002096 nova-scheduler[95780]: DEBUG nova.filters [None req-b0d98129-54c7-48dd-befb-aef692bef29c tempest-DeleteServersTestJSON-1366167830 tempest-DeleteServersTestJSON-1366167830-project-member] Filter SameHostFilter returned 1 host(s) {{(pid=95780) get_filtered_objects /opt/stack/nova/nova/filters.py:102}}
Jun 04 05:23:34.488746 np0000002096 nova-scheduler[95780]: DEBUG nova.filters [None req-b0d98129-54c7-48dd-befb-aef692bef29c tempest-DeleteServersTestJSON-1366167830 tempest-DeleteServersTestJSON-1366167830-project-member] Filter DifferentHostFilter returned 1 host(s) {{(pid=95780) get_filtered_objects /opt/stack/nova/nova/filters.py:102}}
Jun 04 05:23:34.488746 np0000002096 nova-scheduler[95780]: DEBUG nova.scheduler.manager [None req-b0d98129-54c7-48dd-befb-aef692bef29c tempest-DeleteServersTestJSON-1366167830 tempest-DeleteServersTestJSON-1366167830-project-member] Filtered [(np0000002096, np0000002096) ram: 23518MB disk: 75776MB io_ops: 0 instances: 0, allocation_candidates: 1] {{(pid=95780) _get_sorted_hosts /opt/stack/nova/nova/scheduler/manager.py:743}}
Jun 04 05:23:34.488746 np0000002096 nova-scheduler[95780]: DEBUG nova.scheduler.manager [None req-b0d98129-54c7-48dd-befb-aef692bef29c tempest-DeleteServersTestJSON-1366167830 tempest-DeleteServersTestJSON-1366167830-project-member] Weighed [WeighedHost [host: (np0000002096, np0000002096) ram: 23518MB disk: 75776MB io_ops: 0 instances: 0, allocation_candidates: 1, weight: 0.0]] {{(pid=95780) _get_sorted_hosts /opt/stack/nova/nova/scheduler/manager.py:765}}
Jun 04 05:23:34.488746 np0000002096 nova-scheduler[95780]: DEBUG nova.scheduler.utils [None req-b0d98129-54c7-48dd-befb-aef692bef29c tempest-DeleteServersTestJSON-1366167830 tempest-DeleteServersTestJSON-1366167830-project-member] Attempting to claim resources in the placement API for instance 745aace5-b588-4e38-a077-013ed63ee911 {{(pid=95780) claim_resources /opt/stack/nova/nova/scheduler/utils.py:1345}}
Jun 04 05:23:34.679346 np0000002096 nova-scheduler[95780]: DEBUG nova.scheduler.manager [None req-b0d98129-54c7-48dd-befb-aef692bef29c tempest-DeleteServersTestJSON-1366167830 tempest-DeleteServersTestJSON-1366167830-project-member] [instance: 745aace5-b588-4e38-a077-013ed63ee911] Selected host: (np0000002096, np0000002096) ram: 23518MB disk: 75776MB io_ops: 0 instances: 0, allocation_candidates: 1 {{(pid=95780) _consume_selected_host /opt/stack/nova/nova/scheduler/manager.py:625}}
Jun 04 05:23:34.679346 np0000002096 nova-scheduler[95780]: DEBUG oslo_concurrency.lockutils [None req-b0d98129-54c7-48dd-befb-aef692bef29c tempest-DeleteServersTestJSON-1366167830 tempest-DeleteServersTestJSON-1366167830-project-member] Acquiring lock "('np0000002096', 'np0000002096')" by "nova.scheduler.host_manager.HostState.consume_from_request.._locked" {{(pid=95780) inner /opt/stack/data/venv/lib/python3.12/site-packages/oslo_concurrency/lockutils.py:511}}
Jun 04 05:23:34.679346 np0000002096 nova-scheduler[95780]: DEBUG oslo_concurrency.lockutils [None req-b0d98129-54c7-48dd-befb-aef692bef29c tempest-DeleteServersTestJSON-1366167830 tempest-DeleteServersTestJSON-1366167830-project-member] Lock "('np0000002096', 'np0000002096')" acquired by "nova.scheduler.host_manager.HostState.consume_from_request.._locked" :: waited 0.000s {{(pid=95780) inner /opt/stack/data/venv/lib/python3.12/site-packages/oslo_concurrency/lockutils.py:524}}
Jun 04 05:23:34.679346 np0000002096 nova-scheduler[95780]: DEBUG oslo_concurrency.lockutils [None req-b0d98129-54c7-48dd-befb-aef692bef29c tempest-DeleteServersTestJSON-1366167830 tempest-DeleteServersTestJSON-1366167830-project-member] Lock "('np0000002096', 'np0000002096')" "released" by "nova.scheduler.host_manager.HostState.consume_from_request.._locked" :: held 0.000s {{(pid=95780) inner /opt/stack/data/venv/lib/python3.12/site-packages/oslo_concurrency/lockutils.py:543}}
Jun 04 05:23:37.734833 np0000002096 nova-scheduler[95782]: DEBUG nova.scheduler.manager [None req-ebe0b8d8-8b15-4a2b-bef9-8bc3b24cdbf9 tempest-AttachVolumeShelveTestJSON-1132148771 tempest-AttachVolumeShelveTestJSON-1132148771-project-member] Starting to schedule for instances: ['0cb3d928-da7b-4a25-8df1-a4d222c947c1'] {{(pid=95782) select_destinations /opt/stack/nova/nova/scheduler/manager.py:210}}
Jun 04 05:23:37.736057 np0000002096 nova-scheduler[95782]: DEBUG nova.scheduler.request_filter [None req-ebe0b8d8-8b15-4a2b-bef9-8bc3b24cdbf9 tempest-AttachVolumeShelveTestJSON-1132148771 tempest-AttachVolumeShelveTestJSON-1132148771-project-member] compute_status_filter request filter added forbidden trait COMPUTE_STATUS_DISABLED {{(pid=95782) compute_status_filter /opt/stack/nova/nova/scheduler/request_filter.py:253}}
Jun 04 05:23:37.736196 np0000002096 nova-scheduler[95782]: DEBUG nova.scheduler.request_filter [None req-ebe0b8d8-8b15-4a2b-bef9-8bc3b24cdbf9 tempest-AttachVolumeShelveTestJSON-1132148771 tempest-AttachVolumeShelveTestJSON-1132148771-project-member] Request filter 'compute_status_filter' took 0.0 seconds {{(pid=95782) wrapper /opt/stack/nova/nova/scheduler/request_filter.py:46}}
Jun 04 05:23:37.736443 np0000002096 nova-scheduler[95782]: DEBUG nova.scheduler.request_filter [None req-ebe0b8d8-8b15-4a2b-bef9-8bc3b24cdbf9 tempest-AttachVolumeShelveTestJSON-1132148771 tempest-AttachVolumeShelveTestJSON-1132148771-project-member] Request filter 'accelerators_filter' took 0.0 seconds {{(pid=95782) wrapper /opt/stack/nova/nova/scheduler/request_filter.py:46}}
Jun 04 05:23:37.736678 np0000002096 nova-scheduler[95782]: DEBUG nova.scheduler.request_filter [None req-ebe0b8d8-8b15-4a2b-bef9-8bc3b24cdbf9 tempest-AttachVolumeShelveTestJSON-1132148771 tempest-AttachVolumeShelveTestJSON-1132148771-project-member] Request filter 'packed_virtqueue_filter' took 0.0 seconds {{(pid=95782) wrapper /opt/stack/nova/nova/scheduler/request_filter.py:46}}
Jun 04 05:23:37.737116 np0000002096 nova-scheduler[95782]: DEBUG nova.scheduler.request_filter [None req-ebe0b8d8-8b15-4a2b-bef9-8bc3b24cdbf9 tempest-AttachVolumeShelveTestJSON-1132148771 tempest-AttachVolumeShelveTestJSON-1132148771-project-member] Request filter 'remote_managed_ports_filter' took 0.0 seconds {{(pid=95782) wrapper /opt/stack/nova/nova/scheduler/request_filter.py:46}}
Jun 04 05:23:37.737286 np0000002096 nova-scheduler[95782]: DEBUG nova.scheduler.request_filter [None req-ebe0b8d8-8b15-4a2b-bef9-8bc3b24cdbf9 tempest-AttachVolumeShelveTestJSON-1132148771 tempest-AttachVolumeShelveTestJSON-1132148771-project-member] ephemeral_encryption_filter skipped {{(pid=95782) ephemeral_encryption_filter /opt/stack/nova/nova/scheduler/request_filter.py:426}}
Jun 04 05:23:37.737416 np0000002096 nova-scheduler[95782]: DEBUG nova.scheduler.request_filter [None req-ebe0b8d8-8b15-4a2b-bef9-8bc3b24cdbf9 tempest-AttachVolumeShelveTestJSON-1132148771 tempest-AttachVolumeShelveTestJSON-1132148771-project-member] virtio_sound_filter skipped {{(pid=95782) virtio_sound_filter /opt/stack/nova/nova/scheduler/request_filter.py:460}}
Jun 04 05:23:37.737545 np0000002096 nova-scheduler[95782]: DEBUG nova.scheduler.request_filter [None req-ebe0b8d8-8b15-4a2b-bef9-8bc3b24cdbf9 tempest-AttachVolumeShelveTestJSON-1132148771 tempest-AttachVolumeShelveTestJSON-1132148771-project-member] tpm_secret_security_filter skipped {{(pid=95782) tpm_secret_security_filter /opt/stack/nova/nova/scheduler/request_filter.py:477}}
Jun 04 05:23:37.871915 np0000002096 nova-scheduler[95782]: INFO nova.utils [None req-ebe0b8d8-8b15-4a2b-bef9-8bc3b24cdbf9 tempest-AttachVolumeShelveTestJSON-1132148771 tempest-AttachVolumeShelveTestJSON-1132148771-project-member] The cell worker thread pool ForkProcess-2.cell_worker is initialized
Jun 04 05:23:37.872402 np0000002096 nova-scheduler[95782]: DEBUG oslo_concurrency.lockutils [None req-ebe0b8d8-8b15-4a2b-bef9-8bc3b24cdbf9 tempest-AttachVolumeShelveTestJSON-1132148771 tempest-AttachVolumeShelveTestJSON-1132148771-project-member] Acquiring lock "2dbdda0e-931f-424c-b83e-22de6d270fed" by "nova.context.set_target_cell..get_or_set_cached_cell_and_set_connections" {{(pid=95782) inner /opt/stack/data/venv/lib/python3.12/site-packages/oslo_concurrency/lockutils.py:511}}
Jun 04 05:23:37.874340 np0000002096 nova-scheduler[95782]: DEBUG oslo_concurrency.lockutils [None req-ebe0b8d8-8b15-4a2b-bef9-8bc3b24cdbf9 tempest-AttachVolumeShelveTestJSON-1132148771 tempest-AttachVolumeShelveTestJSON-1132148771-project-member] Lock "2dbdda0e-931f-424c-b83e-22de6d270fed" acquired by "nova.context.set_target_cell..get_or_set_cached_cell_and_set_connections" :: waited 0.000s {{(pid=95782) inner /opt/stack/data/venv/lib/python3.12/site-packages/oslo_concurrency/lockutils.py:524}}
Jun 04 05:23:37.874671 np0000002096 nova-scheduler[95782]: DEBUG oslo_concurrency.lockutils [None req-ebe0b8d8-8b15-4a2b-bef9-8bc3b24cdbf9 tempest-AttachVolumeShelveTestJSON-1132148771 tempest-AttachVolumeShelveTestJSON-1132148771-project-member] Lock "2dbdda0e-931f-424c-b83e-22de6d270fed" "released" by "nova.context.set_target_cell..get_or_set_cached_cell_and_set_connections" :: held 0.002s {{(pid=95782) inner /opt/stack/data/venv/lib/python3.12/site-packages/oslo_concurrency/lockutils.py:543}}
Jun 04 05:23:37.877119 np0000002096 nova-scheduler[95782]: INFO dbcounter [None req-ebe0b8d8-8b15-4a2b-bef9-8bc3b24cdbf9 tempest-AttachVolumeShelveTestJSON-1132148771 tempest-AttachVolumeShelveTestJSON-1132148771-project-member] Registered counter for database nova_cell1
Jun 04 05:23:37.918725 np0000002096 nova-scheduler[95782]: DEBUG oslo_db.sqlalchemy.engines [None req-ebe0b8d8-8b15-4a2b-bef9-8bc3b24cdbf9 tempest-AttachVolumeShelveTestJSON-1132148771 tempest-AttachVolumeShelveTestJSON-1132148771-project-member] MySQL server mode set to STRICT_TRANS_TABLES,STRICT_ALL_TABLES,NO_ZERO_IN_DATE,NO_ZERO_DATE,ERROR_FOR_DIVISION_BY_ZERO,TRADITIONAL,NO_ENGINE_SUBSTITUTION {{(pid=95782) _check_effective_sql_mode /opt/stack/data/venv/lib/python3.12/site-packages/oslo_db/sqlalchemy/engines.py:325}}
Jun 04 05:23:37.924129 np0000002096 nova-scheduler[95782]: DEBUG dbcounter [-] [95782] Writer thread running {{(pid=95782) stat_writer /opt/stack/data/venv/lib/python3.12/site-packages/dbcounter.py:102}}
Jun 04 05:23:37.976843 np0000002096 nova-scheduler[95782]: DEBUG dbcounter [-] [95782] Writer thread running {{(pid=95782) stat_writer /opt/stack/data/venv/lib/python3.12/site-packages/dbcounter.py:102}}
Jun 04 05:23:37.979748 np0000002096 nova-scheduler[95782]: DEBUG oslo_concurrency.lockutils [None req-ebe0b8d8-8b15-4a2b-bef9-8bc3b24cdbf9 tempest-AttachVolumeShelveTestJSON-1132148771 tempest-AttachVolumeShelveTestJSON-1132148771-project-member] Acquiring lock "2dbdda0e-931f-424c-b83e-22de6d270fed" by "nova.context.set_target_cell..get_or_set_cached_cell_and_set_connections" {{(pid=95782) inner /opt/stack/data/venv/lib/python3.12/site-packages/oslo_concurrency/lockutils.py:511}}
Jun 04 05:23:37.979881 np0000002096 nova-scheduler[95782]: DEBUG oslo_concurrency.lockutils [None req-ebe0b8d8-8b15-4a2b-bef9-8bc3b24cdbf9 tempest-AttachVolumeShelveTestJSON-1132148771 tempest-AttachVolumeShelveTestJSON-1132148771-project-member] Lock "2dbdda0e-931f-424c-b83e-22de6d270fed" acquired by "nova.context.set_target_cell..get_or_set_cached_cell_and_set_connections" :: waited 0.000s {{(pid=95782) inner /opt/stack/data/venv/lib/python3.12/site-packages/oslo_concurrency/lockutils.py:524}}
Jun 04 05:23:37.980196 np0000002096 nova-scheduler[95782]: DEBUG oslo_concurrency.lockutils [None req-ebe0b8d8-8b15-4a2b-bef9-8bc3b24cdbf9 tempest-AttachVolumeShelveTestJSON-1132148771 tempest-AttachVolumeShelveTestJSON-1132148771-project-member] Lock "2dbdda0e-931f-424c-b83e-22de6d270fed" "released" by "nova.context.set_target_cell..get_or_set_cached_cell_and_set_connections" :: held 0.000s {{(pid=95782) inner /opt/stack/data/venv/lib/python3.12/site-packages/oslo_concurrency/lockutils.py:543}}
Jun 04 05:23:37.985504 np0000002096 nova-scheduler[95782]: DEBUG oslo_concurrency.lockutils [None req-ebe0b8d8-8b15-4a2b-bef9-8bc3b24cdbf9 tempest-AttachVolumeShelveTestJSON-1132148771 tempest-AttachVolumeShelveTestJSON-1132148771-project-member] Acquiring lock "('np0000002096', 'np0000002096')" by "nova.scheduler.host_manager.HostState.update.._locked_update" {{(pid=95782) inner /opt/stack/data/venv/lib/python3.12/site-packages/oslo_concurrency/lockutils.py:511}}
Jun 04 05:23:37.985681 np0000002096 nova-scheduler[95782]: DEBUG oslo_concurrency.lockutils [None req-ebe0b8d8-8b15-4a2b-bef9-8bc3b24cdbf9 tempest-AttachVolumeShelveTestJSON-1132148771 tempest-AttachVolumeShelveTestJSON-1132148771-project-member] Lock "('np0000002096', 'np0000002096')" acquired by "nova.scheduler.host_manager.HostState.update.._locked_update" :: waited 0.000s {{(pid=95782) inner /opt/stack/data/venv/lib/python3.12/site-packages/oslo_concurrency/lockutils.py:524}}
