Jun 30 17:17:05.522169 np0000004010 nova-scheduler[96488]: DEBUG cotyledon.oslo_config_glue [-] profiler.connection_string = messaging:// {{(pid=96488) log_opt_values /opt/stack/data/venv/lib/python3.12/site-packages/oslo_config/cfg.py:3253}}
Jun 30 17:17:05.522169 np0000004010 nova-scheduler[96488]: DEBUG cotyledon.oslo_config_glue [-] profiler.enabled = False {{(pid=96488) log_opt_values /opt/stack/data/venv/lib/python3.12/site-packages/oslo_config/cfg.py:3253}}
Jun 30 17:17:05.522169 np0000004010 nova-scheduler[96488]: DEBUG cotyledon.oslo_config_glue [-] profiler.es_doc_type = notification {{(pid=96488) log_opt_values /opt/stack/data/venv/lib/python3.12/site-packages/oslo_config/cfg.py:3253}}
Jun 30 17:17:05.522169 np0000004010 nova-scheduler[96488]: DEBUG cotyledon.oslo_config_glue [-] profiler.es_scroll_size = 10000 {{(pid=96488) log_opt_values /opt/stack/data/venv/lib/python3.12/site-packages/oslo_config/cfg.py:3253}}
Jun 30 17:17:05.522169 np0000004010 nova-scheduler[96488]: DEBUG cotyledon.oslo_config_glue [-] profiler.es_scroll_time = 2m {{(pid=96488) log_opt_values /opt/stack/data/venv/lib/python3.12/site-packages/oslo_config/cfg.py:3253}}
Jun 30 17:17:05.522169 np0000004010 nova-scheduler[96488]: DEBUG cotyledon.oslo_config_glue [-] profiler.filter_error_trace = False {{(pid=96488) log_opt_values /opt/stack/data/venv/lib/python3.12/site-packages/oslo_config/cfg.py:3253}}
Jun 30 17:17:05.522339 np0000004010 nova-scheduler[96488]: DEBUG cotyledon.oslo_config_glue [-] profiler.hmac_keys = **** {{(pid=96488) log_opt_values /opt/stack/data/venv/lib/python3.12/site-packages/oslo_config/cfg.py:3253}}
Jun 30 17:17:05.522339 np0000004010 nova-scheduler[96488]: DEBUG cotyledon.oslo_config_glue [-] profiler.sentinel_service_name = mymaster {{(pid=96488) log_opt_values /opt/stack/data/venv/lib/python3.12/site-packages/oslo_config/cfg.py:3253}}
Jun 30 17:17:05.522339 np0000004010 nova-scheduler[96488]: DEBUG cotyledon.oslo_config_glue [-] profiler.socket_timeout = 0.1 {{(pid=96488) log_opt_values /opt/stack/data/venv/lib/python3.12/site-packages/oslo_config/cfg.py:3253}}
Jun 30 17:17:05.522339 np0000004010 nova-scheduler[96488]: DEBUG cotyledon.oslo_config_glue [-] profiler.trace_requests = False {{(pid=96488) log_opt_values /opt/stack/data/venv/lib/python3.12/site-packages/oslo_config/cfg.py:3253}}
Jun 30 17:17:05.522339 np0000004010 nova-scheduler[96488]: DEBUG cotyledon.oslo_config_glue [-] profiler.trace_sqlalchemy = False {{(pid=96488) log_opt_values /opt/stack/data/venv/lib/python3.12/site-packages/oslo_config/cfg.py:3253}}
Jun 30 17:17:05.522339 np0000004010 nova-scheduler[96488]: DEBUG cotyledon.oslo_config_glue [-] profiler_jaeger.process_tags = {} {{(pid=96488) log_opt_values /opt/stack/data/venv/lib/python3.12/site-packages/oslo_config/cfg.py:3253}}
Jun 30 17:17:05.522339 np0000004010 nova-scheduler[96488]: DEBUG cotyledon.oslo_config_glue [-] profiler_jaeger.service_name_prefix = None {{(pid=96488) log_opt_values /opt/stack/data/venv/lib/python3.12/site-packages/oslo_config/cfg.py:3253}}
Jun 30 17:17:05.522339 np0000004010 nova-scheduler[96488]: DEBUG cotyledon.oslo_config_glue [-] profiler_otlp.service_name_prefix = None {{(pid=96488) log_opt_values /opt/stack/data/venv/lib/python3.12/site-packages/oslo_config/cfg.py:3253}}
Jun 30 17:17:05.522339 np0000004010 nova-scheduler[96488]: DEBUG cotyledon.oslo_config_glue [-] oslo_messaging_rabbit.amqp_auto_delete = False {{(pid=96488) log_opt_values /opt/stack/data/venv/lib/python3.12/site-packages/oslo_config/cfg.py:3253}}
Jun 30 17:17:05.522497 np0000004010 nova-scheduler[96488]: DEBUG cotyledon.oslo_config_glue [-] oslo_messaging_rabbit.amqp_durable_queues = False {{(pid=96488) log_opt_values /opt/stack/data/venv/lib/python3.12/site-packages/oslo_config/cfg.py:3253}}
Jun 30 17:17:05.522497 np0000004010 nova-scheduler[96488]: DEBUG cotyledon.oslo_config_glue [-] oslo_messaging_rabbit.conn_pool_min_size = 2 {{(pid=96488) log_opt_values /opt/stack/data/venv/lib/python3.12/site-packages/oslo_config/cfg.py:3253}}
Jun 30 17:17:05.522497 np0000004010 nova-scheduler[96488]: DEBUG cotyledon.oslo_config_glue [-] oslo_messaging_rabbit.conn_pool_ttl = 1200 {{(pid=96488) log_opt_values /opt/stack/data/venv/lib/python3.12/site-packages/oslo_config/cfg.py:3253}}
Jun 30 17:17:05.522497 np0000004010 nova-scheduler[96488]: DEBUG cotyledon.oslo_config_glue [-] oslo_messaging_rabbit.direct_mandatory_flag = True {{(pid=96488) log_opt_values /opt/stack/data/venv/lib/python3.12/site-packages/oslo_config/cfg.py:3253}}
Jun 30 17:17:05.522497 np0000004010 nova-scheduler[96488]: DEBUG cotyledon.oslo_config_glue [-] oslo_messaging_rabbit.enable_cancel_on_failover = False {{(pid=96488) log_opt_values /opt/stack/data/venv/lib/python3.12/site-packages/oslo_config/cfg.py:3253}}
Jun 30 17:17:05.522497 np0000004010 nova-scheduler[96488]: DEBUG cotyledon.oslo_config_glue [-] oslo_messaging_rabbit.heartbeat_rate = 3 {{(pid=96488) log_opt_values /opt/stack/data/venv/lib/python3.12/site-packages/oslo_config/cfg.py:3253}}
Jun 30 17:17:05.522497 np0000004010 nova-scheduler[96488]: DEBUG cotyledon.oslo_config_glue [-] oslo_messaging_rabbit.heartbeat_timeout_threshold = 60 {{(pid=96488) log_opt_values /opt/stack/data/venv/lib/python3.12/site-packages/oslo_config/cfg.py:3253}}
Jun 30 17:17:05.522497 np0000004010 nova-scheduler[96488]: DEBUG cotyledon.oslo_config_glue [-] oslo_messaging_rabbit.hostname = np0000004010 {{(pid=96488) log_opt_values /opt/stack/data/venv/lib/python3.12/site-packages/oslo_config/cfg.py:3253}}
Jun 30 17:17:05.522497 np0000004010 nova-scheduler[96488]: DEBUG cotyledon.oslo_config_glue [-] oslo_messaging_rabbit.kombu_compression = None {{(pid=96488) log_opt_values /opt/stack/data/venv/lib/python3.12/site-packages/oslo_config/cfg.py:3253}}
Jun 30 17:17:05.522747 np0000004010 nova-scheduler[96488]: DEBUG cotyledon.oslo_config_glue [-] oslo_messaging_rabbit.kombu_failover_strategy = round-robin {{(pid=96488) log_opt_values /opt/stack/data/venv/lib/python3.12/site-packages/oslo_config/cfg.py:3253}}
Jun 30 17:17:05.522747 np0000004010 nova-scheduler[96488]: DEBUG cotyledon.oslo_config_glue [-] oslo_messaging_rabbit.kombu_missing_consumer_retry_timeout = 60 {{(pid=96488) log_opt_values /opt/stack/data/venv/lib/python3.12/site-packages/oslo_config/cfg.py:3253}}
Jun 30 17:17:05.522747 np0000004010 nova-scheduler[96488]: DEBUG cotyledon.oslo_config_glue [-] oslo_messaging_rabbit.kombu_reconnect_delay = 1.0 {{(pid=96488) log_opt_values /opt/stack/data/venv/lib/python3.12/site-packages/oslo_config/cfg.py:3253}}
Jun 30 17:17:05.522747 np0000004010 nova-scheduler[96488]: DEBUG cotyledon.oslo_config_glue [-] oslo_messaging_rabbit.kombu_reconnect_splay = 0.0 {{(pid=96488) log_opt_values /opt/stack/data/venv/lib/python3.12/site-packages/oslo_config/cfg.py:3253}}
Jun 30 17:17:05.522747 np0000004010 nova-scheduler[96488]: DEBUG cotyledon.oslo_config_glue [-] oslo_messaging_rabbit.processname = nova-scheduler {{(pid=96488) log_opt_values /opt/stack/data/venv/lib/python3.12/site-packages/oslo_config/cfg.py:3253}}
Jun 30 17:17:05.522747 np0000004010 nova-scheduler[96488]: DEBUG cotyledon.oslo_config_glue [-] oslo_messaging_rabbit.rabbit_ha_queues = False {{(pid=96488) log_opt_values /opt/stack/data/venv/lib/python3.12/site-packages/oslo_config/cfg.py:3253}}
Jun 30 17:17:05.522747 np0000004010 nova-scheduler[96488]: DEBUG cotyledon.oslo_config_glue [-] oslo_messaging_rabbit.rabbit_interval_max = 30 {{(pid=96488) log_opt_values /opt/stack/data/venv/lib/python3.12/site-packages/oslo_config/cfg.py:3253}}
Jun 30 17:17:05.522747 np0000004010 nova-scheduler[96488]: DEBUG cotyledon.oslo_config_glue [-] oslo_messaging_rabbit.rabbit_login_method = AMQPLAIN {{(pid=96488) log_opt_values /opt/stack/data/venv/lib/python3.12/site-packages/oslo_config/cfg.py:3253}}
Jun 30 17:17:05.522936 np0000004010 nova-scheduler[96488]: DEBUG cotyledon.oslo_config_glue [-] oslo_messaging_rabbit.rabbit_qos_prefetch_count = 0 {{(pid=96488) log_opt_values /opt/stack/data/venv/lib/python3.12/site-packages/oslo_config/cfg.py:3253}}
Jun 30 17:17:05.522936 np0000004010 nova-scheduler[96488]: DEBUG cotyledon.oslo_config_glue [-] oslo_messaging_rabbit.rabbit_quorum_delivery_limit = 0 {{(pid=96488) log_opt_values /opt/stack/data/venv/lib/python3.12/site-packages/oslo_config/cfg.py:3253}}
Jun 30 17:17:05.522936 np0000004010 nova-scheduler[96488]: DEBUG cotyledon.oslo_config_glue [-] oslo_messaging_rabbit.rabbit_quorum_max_memory_bytes = 0 {{(pid=96488) log_opt_values /opt/stack/data/venv/lib/python3.12/site-packages/oslo_config/cfg.py:3253}}
Jun 30 17:17:05.522936 np0000004010 nova-scheduler[96488]: DEBUG cotyledon.oslo_config_glue [-] oslo_messaging_rabbit.rabbit_quorum_max_memory_length = 0 {{(pid=96488) log_opt_values /opt/stack/data/venv/lib/python3.12/site-packages/oslo_config/cfg.py:3253}}
Jun 30 17:17:05.522936 np0000004010 nova-scheduler[96488]: DEBUG cotyledon.oslo_config_glue [-] oslo_messaging_rabbit.rabbit_quorum_queue = False {{(pid=96488) log_opt_values /opt/stack/data/venv/lib/python3.12/site-packages/oslo_config/cfg.py:3253}}
Jun 30 17:17:05.522936 np0000004010 nova-scheduler[96488]: DEBUG cotyledon.oslo_config_glue [-] oslo_messaging_rabbit.rabbit_retry_backoff = 2 {{(pid=96488) log_opt_values /opt/stack/data/venv/lib/python3.12/site-packages/oslo_config/cfg.py:3253}}
Jun 30 17:17:05.523064 np0000004010 nova-scheduler[96488]: DEBUG cotyledon.oslo_config_glue [-] oslo_messaging_rabbit.rabbit_retry_interval = 1 {{(pid=96488) log_opt_values /opt/stack/data/venv/lib/python3.12/site-packages/oslo_config/cfg.py:3253}}
Jun 30 17:17:05.523122 np0000004010 nova-scheduler[96488]: DEBUG cotyledon.oslo_config_glue [-] oslo_messaging_rabbit.rabbit_stream_fanout = False {{(pid=96488) log_opt_values /opt/stack/data/venv/lib/python3.12/site-packages/oslo_config/cfg.py:3253}}
Jun 30 17:17:05.523170 np0000004010 nova-scheduler[96488]: DEBUG cotyledon.oslo_config_glue [-] oslo_messaging_rabbit.rabbit_transient_queues_ttl = 1800 {{(pid=96488) log_opt_values /opt/stack/data/venv/lib/python3.12/site-packages/oslo_config/cfg.py:3253}}
Jun 30 17:17:05.523241 np0000004010 nova-scheduler[96488]: DEBUG cotyledon.oslo_config_glue [-] oslo_messaging_rabbit.rabbit_transient_quorum_queue = False {{(pid=96488) log_opt_values /opt/stack/data/venv/lib/python3.12/site-packages/oslo_config/cfg.py:3253}}
Jun 30 17:17:05.523313 np0000004010 nova-scheduler[96488]: DEBUG cotyledon.oslo_config_glue [-] oslo_messaging_rabbit.rpc_conn_pool_size = 30 {{(pid=96488) log_opt_values /opt/stack/data/venv/lib/python3.12/site-packages/oslo_config/cfg.py:3253}}
Jun 30 17:17:05.523392 np0000004010 nova-scheduler[96488]: DEBUG cotyledon.oslo_config_glue [-] oslo_messaging_rabbit.ssl = False {{(pid=96488) log_opt_values /opt/stack/data/venv/lib/python3.12/site-packages/oslo_config/cfg.py:3253}}
Jun 30 17:17:05.523465 np0000004010 nova-scheduler[96488]: DEBUG cotyledon.oslo_config_glue [-] oslo_messaging_rabbit.ssl_ca_file = {{(pid=96488) log_opt_values /opt/stack/data/venv/lib/python3.12/site-packages/oslo_config/cfg.py:3253}}
Jun 30 17:17:05.523538 np0000004010 nova-scheduler[96488]: DEBUG cotyledon.oslo_config_glue [-] oslo_messaging_rabbit.ssl_cert_file = {{(pid=96488) log_opt_values /opt/stack/data/venv/lib/python3.12/site-packages/oslo_config/cfg.py:3253}}
Jun 30 17:17:05.523611 np0000004010 nova-scheduler[96488]: DEBUG cotyledon.oslo_config_glue [-] oslo_messaging_rabbit.ssl_enforce_fips_mode = False {{(pid=96488) log_opt_values /opt/stack/data/venv/lib/python3.12/site-packages/oslo_config/cfg.py:3253}}
Jun 30 17:17:05.523678 np0000004010 nova-scheduler[96488]: DEBUG cotyledon.oslo_config_glue [-] oslo_messaging_rabbit.ssl_enforce_hostname_verification = True {{(pid=96488) log_opt_values /opt/stack/data/venv/lib/python3.12/site-packages/oslo_config/cfg.py:3253}}
Jun 30 17:17:05.523748 np0000004010 nova-scheduler[96488]: DEBUG cotyledon.oslo_config_glue [-] oslo_messaging_rabbit.ssl_key_file = {{(pid=96488) log_opt_values /opt/stack/data/venv/lib/python3.12/site-packages/oslo_config/cfg.py:3253}}
Jun 30 17:17:05.523810 np0000004010 nova-scheduler[96488]: DEBUG cotyledon.oslo_config_glue [-] oslo_messaging_rabbit.ssl_version = {{(pid=96488) log_opt_values /opt/stack/data/venv/lib/python3.12/site-packages/oslo_config/cfg.py:3253}}
Jun 30 17:17:05.523877 np0000004010 nova-scheduler[96488]: DEBUG cotyledon.oslo_config_glue [-] oslo_messaging_rabbit.use_queue_manager = False {{(pid=96488) log_opt_values /opt/stack/data/venv/lib/python3.12/site-packages/oslo_config/cfg.py:3253}}
Jun 30 17:17:05.523954 np0000004010 nova-scheduler[96488]: DEBUG cotyledon.oslo_config_glue [-] oslo_messaging_notifications.driver = ['messagingv2'] {{(pid=96488) log_opt_values /opt/stack/data/venv/lib/python3.12/site-packages/oslo_config/cfg.py:3253}}
Jun 30 17:17:05.524015 np0000004010 nova-scheduler[96488]: DEBUG cotyledon.oslo_config_glue [-] oslo_messaging_notifications.retry = -1 {{(pid=96488) log_opt_values /opt/stack/data/venv/lib/python3.12/site-packages/oslo_config/cfg.py:3253}}
Jun 30 17:17:05.524128 np0000004010 nova-scheduler[96488]: DEBUG cotyledon.oslo_config_glue [-] oslo_messaging_notifications.topics = ['notifications'] {{(pid=96488) log_opt_values /opt/stack/data/venv/lib/python3.12/site-packages/oslo_config/cfg.py:3253}}
Jun 30 17:17:05.524218 np0000004010 nova-scheduler[96488]: DEBUG cotyledon.oslo_config_glue [-] oslo_messaging_notifications.transport_url = **** {{(pid=96488) log_opt_values /opt/stack/data/venv/lib/python3.12/site-packages/oslo_config/cfg.py:3253}}
Jun 30 17:17:05.524478 np0000004010 nova-scheduler[96488]: DEBUG cotyledon.oslo_config_glue [-] oslo_limit.auth_section = None {{(pid=96488) log_opt_values /opt/stack/data/venv/lib/python3.12/site-packages/oslo_config/cfg.py:3253}}
Jun 30 17:17:05.524574 np0000004010 nova-scheduler[96488]: DEBUG cotyledon.oslo_config_glue [-] oslo_limit.auth_type = None {{(pid=96488) log_opt_values /opt/stack/data/venv/lib/python3.12/site-packages/oslo_config/cfg.py:3253}}
Jun 30 17:17:05.524665 np0000004010 nova-scheduler[96488]: DEBUG cotyledon.oslo_config_glue [-] oslo_limit.cafile = None {{(pid=96488) log_opt_values /opt/stack/data/venv/lib/python3.12/site-packages/oslo_config/cfg.py:3253}}
Jun 30 17:17:05.524740 np0000004010 nova-scheduler[96488]: DEBUG cotyledon.oslo_config_glue [-] oslo_limit.certfile = None {{(pid=96488) log_opt_values /opt/stack/data/venv/lib/python3.12/site-packages/oslo_config/cfg.py:3253}}
Jun 30 17:17:05.524810 np0000004010 nova-scheduler[96488]: DEBUG cotyledon.oslo_config_glue [-] oslo_limit.collect_timing = False {{(pid=96488) log_opt_values /opt/stack/data/venv/lib/python3.12/site-packages/oslo_config/cfg.py:3253}}
Jun 30 17:17:05.524884 np0000004010 nova-scheduler[96488]: DEBUG cotyledon.oslo_config_glue [-] oslo_limit.connect_retries = None {{(pid=96488) log_opt_values /opt/stack/data/venv/lib/python3.12/site-packages/oslo_config/cfg.py:3253}}
Jun 30 17:17:05.524959 np0000004010 nova-scheduler[96488]: DEBUG cotyledon.oslo_config_glue [-] oslo_limit.connect_retry_delay = None {{(pid=96488) log_opt_values /opt/stack/data/venv/lib/python3.12/site-packages/oslo_config/cfg.py:3253}}
Jun 30 17:17:05.525029 np0000004010 nova-scheduler[96488]: DEBUG cotyledon.oslo_config_glue [-] oslo_limit.endpoint_id = None {{(pid=96488) log_opt_values /opt/stack/data/venv/lib/python3.12/site-packages/oslo_config/cfg.py:3253}}
Jun 30 17:17:05.525132 np0000004010 nova-scheduler[96488]: DEBUG cotyledon.oslo_config_glue [-] oslo_limit.endpoint_interface = public {{(pid=96488) log_opt_values /opt/stack/data/venv/lib/python3.12/site-packages/oslo_config/cfg.py:3253}}
Jun 30 17:17:05.525184 np0000004010 nova-scheduler[96488]: DEBUG cotyledon.oslo_config_glue [-] oslo_limit.endpoint_override = None {{(pid=96488) log_opt_values /opt/stack/data/venv/lib/python3.12/site-packages/oslo_config/cfg.py:3253}}
Jun 30 17:17:05.525266 np0000004010 nova-scheduler[96488]: DEBUG cotyledon.oslo_config_glue [-] oslo_limit.endpoint_region_name = None {{(pid=96488) log_opt_values /opt/stack/data/venv/lib/python3.12/site-packages/oslo_config/cfg.py:3253}}
Jun 30 17:17:05.525361 np0000004010 nova-scheduler[96488]: DEBUG cotyledon.oslo_config_glue [-] oslo_limit.endpoint_service_name = None {{(pid=96488) log_opt_values /opt/stack/data/venv/lib/python3.12/site-packages/oslo_config/cfg.py:3253}}
Jun 30 17:17:05.525418 np0000004010 nova-scheduler[96488]: DEBUG cotyledon.oslo_config_glue [-] oslo_limit.endpoint_service_type = None {{(pid=96488) log_opt_values /opt/stack/data/venv/lib/python3.12/site-packages/oslo_config/cfg.py:3253}}
Jun 30 17:17:05.525487 np0000004010 nova-scheduler[96482]: DEBUG dbcounter [-] [96482] Writer thread running {{(pid=96482) stat_writer /opt/stack/data/venv/lib/python3.12/site-packages/dbcounter.py:102}}
Jun 30 17:17:05.525544 np0000004010 nova-scheduler[96488]: DEBUG cotyledon.oslo_config_glue [-] oslo_limit.insecure = False {{(pid=96488) log_opt_values /opt/stack/data/venv/lib/python3.12/site-packages/oslo_config/cfg.py:3253}}
Jun 30 17:17:05.525592 np0000004010 nova-scheduler[96488]: DEBUG cotyledon.oslo_config_glue [-] oslo_limit.keyfile = None {{(pid=96488) log_opt_values /opt/stack/data/venv/lib/python3.12/site-packages/oslo_config/cfg.py:3253}}
Jun 30 17:17:05.525652 np0000004010 nova-scheduler[96488]: DEBUG cotyledon.oslo_config_glue [-] oslo_limit.max_version = None {{(pid=96488) log_opt_values /opt/stack/data/venv/lib/python3.12/site-packages/oslo_config/cfg.py:3253}}
Jun 30 17:17:05.525713 np0000004010 nova-scheduler[96488]: DEBUG cotyledon.oslo_config_glue [-] oslo_limit.min_version = None {{(pid=96488) log_opt_values /opt/stack/data/venv/lib/python3.12/site-packages/oslo_config/cfg.py:3253}}
Jun 30 17:17:05.525795 np0000004010 nova-scheduler[96488]: DEBUG cotyledon.oslo_config_glue [-] oslo_limit.region_name = None {{(pid=96488) log_opt_values /opt/stack/data/venv/lib/python3.12/site-packages/oslo_config/cfg.py:3253}}
Jun 30 17:17:05.525868 np0000004010 nova-scheduler[96488]: DEBUG cotyledon.oslo_config_glue [-] oslo_limit.retriable_status_codes = None {{(pid=96488) log_opt_values /opt/stack/data/venv/lib/python3.12/site-packages/oslo_config/cfg.py:3253}}
Jun 30 17:17:05.525954 np0000004010 nova-scheduler[96488]: DEBUG cotyledon.oslo_config_glue [-] oslo_limit.service_name = None {{(pid=96488) log_opt_values /opt/stack/data/venv/lib/python3.12/site-packages/oslo_config/cfg.py:3253}}
Jun 30 17:17:05.526018 np0000004010 nova-scheduler[96488]: DEBUG cotyledon.oslo_config_glue [-] oslo_limit.service_type = None {{(pid=96488) log_opt_values /opt/stack/data/venv/lib/python3.12/site-packages/oslo_config/cfg.py:3253}}
Jun 30 17:17:05.526119 np0000004010 nova-scheduler[96488]: DEBUG cotyledon.oslo_config_glue [-] oslo_limit.split_loggers = False {{(pid=96488) log_opt_values /opt/stack/data/venv/lib/python3.12/site-packages/oslo_config/cfg.py:3253}}
Jun 30 17:17:05.526195 np0000004010 nova-scheduler[96488]: DEBUG cotyledon.oslo_config_glue [-] oslo_limit.status_code_retries = None {{(pid=96488) log_opt_values /opt/stack/data/venv/lib/python3.12/site-packages/oslo_config/cfg.py:3253}}
Jun 30 17:17:05.526279 np0000004010 nova-scheduler[96488]: DEBUG cotyledon.oslo_config_glue [-] oslo_limit.status_code_retry_delay = None {{(pid=96488) log_opt_values /opt/stack/data/venv/lib/python3.12/site-packages/oslo_config/cfg.py:3253}}
Jun 30 17:17:05.526346 np0000004010 nova-scheduler[96488]: DEBUG cotyledon.oslo_config_glue [-] oslo_limit.timeout = None {{(pid=96488) log_opt_values /opt/stack/data/venv/lib/python3.12/site-packages/oslo_config/cfg.py:3253}}
Jun 30 17:17:05.526422 np0000004010 nova-scheduler[96488]: DEBUG cotyledon.oslo_config_glue [-] oslo_limit.valid_interfaces = None {{(pid=96488) log_opt_values /opt/stack/data/venv/lib/python3.12/site-packages/oslo_config/cfg.py:3253}}
Jun 30 17:17:05.526489 np0000004010 nova-scheduler[96488]: DEBUG cotyledon.oslo_config_glue [-] oslo_limit.version = None {{(pid=96488) log_opt_values /opt/stack/data/venv/lib/python3.12/site-packages/oslo_config/cfg.py:3253}}
Jun 30 17:17:05.526583 np0000004010 nova-scheduler[96488]: DEBUG cotyledon.oslo_config_glue [-] oslo_reports.file_event_handler = None {{(pid=96488) log_opt_values /opt/stack/data/venv/lib/python3.12/site-packages/oslo_config/cfg.py:3253}}
Jun 30 17:17:05.526651 np0000004010 nova-scheduler[96488]: DEBUG cotyledon.oslo_config_glue [-] oslo_reports.file_event_handler_interval = 1 {{(pid=96488) log_opt_values /opt/stack/data/venv/lib/python3.12/site-packages/oslo_config/cfg.py:3253}}
Jun 30 17:17:05.526726 np0000004010 nova-scheduler[96488]: DEBUG cotyledon.oslo_config_glue [-] oslo_reports.log_dir = None {{(pid=96488) log_opt_values /opt/stack/data/venv/lib/python3.12/site-packages/oslo_config/cfg.py:3253}}
Jun 30 17:17:05.526801 np0000004010 nova-scheduler[96488]: DEBUG cotyledon.oslo_config_glue [-] ******************************************************************************** {{(pid=96488) log_opt_values /opt/stack/data/venv/lib/python3.12/site-packages/oslo_config/cfg.py:3260}}
Jun 30 17:17:05.526991 np0000004010 nova-scheduler[96488]: DEBUG cotyledon._service_worker [-] Run service ServiceWrapper(3) [96488] {{(pid=96488) wait_forever /opt/stack/data/venv/lib/python3.12/site-packages/cotyledon/_service_worker.py:218}}
Jun 30 17:17:05.528600 np0000004010 nova-scheduler[96488]: INFO nova.service [-] Starting scheduler node (version 33.1.0)
Jun 30 17:17:05.530988 np0000004010 nova-scheduler[96484]: DEBUG dbcounter [-] [96484] Writer thread running {{(pid=96484) stat_writer /opt/stack/data/venv/lib/python3.12/site-packages/dbcounter.py:102}}
Jun 30 17:17:05.532633 np0000004010 nova-scheduler[96486]: DEBUG oslo_db.sqlalchemy.engines [None req-e05708b8-488d-47e2-bc29-bd4974db42d0 None None] MySQL server mode set to STRICT_TRANS_TABLES,STRICT_ALL_TABLES,NO_ZERO_IN_DATE,NO_ZERO_DATE,ERROR_FOR_DIVISION_BY_ZERO,TRADITIONAL,NO_ENGINE_SUBSTITUTION {{(pid=96486) _check_effective_sql_mode /opt/stack/data/venv/lib/python3.12/site-packages/oslo_db/sqlalchemy/engines.py:325}}
Jun 30 17:17:05.532688 np0000004010 nova-scheduler[96488]: INFO dbcounter [None req-68519fb6-2a46-4280-97ef-ba9e163134a9 None None] Registered counter for database nova_cell0
Jun 30 17:17:05.542233 np0000004010 nova-scheduler[96486]: DEBUG dbcounter [-] [96486] Writer thread running {{(pid=96486) stat_writer /opt/stack/data/venv/lib/python3.12/site-packages/dbcounter.py:102}}
Jun 30 17:17:05.548655 np0000004010 nova-scheduler[96482]: DEBUG nova.service [None req-7af66fd6-8185-4360-9653-4527be17045c None None] Creating RPC server for service: nova-scheduler on topic: scheduler {{(pid=96482) start /opt/stack/nova/nova/service.py:196}}
Jun 30 17:17:05.553519 np0000004010 nova-scheduler[96484]: DEBUG nova.service [None req-536e3de4-a838-42fd-a845-17cdb829ad87 None None] Creating RPC server for service: nova-scheduler on topic: scheduler {{(pid=96484) start /opt/stack/nova/nova/service.py:196}}
Jun 30 17:17:05.557512 np0000004010 nova-scheduler[96486]: DEBUG nova.service [None req-e05708b8-488d-47e2-bc29-bd4974db42d0 None None] Creating RPC server for service: nova-scheduler on topic: scheduler {{(pid=96486) start /opt/stack/nova/nova/service.py:196}}
Jun 30 17:17:05.573692 np0000004010 nova-scheduler[96488]: DEBUG oslo_db.sqlalchemy.engines [None req-68519fb6-2a46-4280-97ef-ba9e163134a9 None None] MySQL server mode set to STRICT_TRANS_TABLES,STRICT_ALL_TABLES,NO_ZERO_IN_DATE,NO_ZERO_DATE,ERROR_FOR_DIVISION_BY_ZERO,TRADITIONAL,NO_ENGINE_SUBSTITUTION {{(pid=96488) _check_effective_sql_mode /opt/stack/data/venv/lib/python3.12/site-packages/oslo_db/sqlalchemy/engines.py:325}}
Jun 30 17:17:05.582988 np0000004010 nova-scheduler[96488]: DEBUG dbcounter [-] [96488] Writer thread running {{(pid=96488) stat_writer /opt/stack/data/venv/lib/python3.12/site-packages/dbcounter.py:102}}
Jun 30 17:17:05.586010 np0000004010 nova-scheduler[96482]: DEBUG nova.service [None req-7af66fd6-8185-4360-9653-4527be17045c None None] Join ServiceGroup membership for this service scheduler {{(pid=96482) start /opt/stack/nova/nova/service.py:222}}
Jun 30 17:17:05.586402 np0000004010 nova-scheduler[96482]: DEBUG nova.servicegroup.drivers.db [None req-7af66fd6-8185-4360-9653-4527be17045c None None] DB_Driver: join new ServiceGroup member np0000004010 to the scheduler group, service = {{(pid=96482) join /opt/stack/nova/nova/servicegroup/drivers/db.py:44}}
Jun 30 17:17:05.586497 np0000004010 nova-scheduler[96486]: DEBUG nova.service [None req-e05708b8-488d-47e2-bc29-bd4974db42d0 None None] Join ServiceGroup membership for this service scheduler {{(pid=96486) start /opt/stack/nova/nova/service.py:222}}
Jun 30 17:17:05.586897 np0000004010 nova-scheduler[96486]: DEBUG nova.servicegroup.drivers.db [None req-e05708b8-488d-47e2-bc29-bd4974db42d0 None None] DB_Driver: join new ServiceGroup member np0000004010 to the scheduler group, service = {{(pid=96486) join /opt/stack/nova/nova/servicegroup/drivers/db.py:44}}
Jun 30 17:17:05.591680 np0000004010 nova-scheduler[96488]: DEBUG nova.service [None req-68519fb6-2a46-4280-97ef-ba9e163134a9 None None] Creating RPC server for service: nova-scheduler on topic: scheduler {{(pid=96488) start /opt/stack/nova/nova/service.py:196}}
Jun 30 17:17:05.592945 np0000004010 nova-scheduler[96484]: DEBUG nova.service [None req-536e3de4-a838-42fd-a845-17cdb829ad87 None None] Join ServiceGroup membership for this service scheduler {{(pid=96484) start /opt/stack/nova/nova/service.py:222}}
Jun 30 17:17:05.593413 np0000004010 nova-scheduler[96484]: DEBUG nova.servicegroup.drivers.db [None req-536e3de4-a838-42fd-a845-17cdb829ad87 None None] DB_Driver: join new ServiceGroup member np0000004010 to the scheduler group, service = {{(pid=96484) join /opt/stack/nova/nova/servicegroup/drivers/db.py:44}}
Jun 30 17:17:05.611234 np0000004010 nova-scheduler[96488]: DEBUG nova.service [None req-68519fb6-2a46-4280-97ef-ba9e163134a9 None None] Join ServiceGroup membership for this service scheduler {{(pid=96488) start /opt/stack/nova/nova/service.py:222}}
Jun 30 17:17:05.611436 np0000004010 nova-scheduler[96488]: DEBUG nova.servicegroup.drivers.db [None req-68519fb6-2a46-4280-97ef-ba9e163134a9 None None] DB_Driver: join new ServiceGroup member np0000004010 to the scheduler group, service = {{(pid=96488) join /opt/stack/nova/nova/servicegroup/drivers/db.py:44}}
Jun 30 17:17:08.589476 np0000004010 nova-scheduler[96482]: DEBUG oslo.service.backend._threading.loopingcall [None req-fc4b093b-ec9e-4c75-849c-fafc01bf6350 None None] Dynamic interval looping call 'nova.service.Service.periodic_tasks' sleeping for 60.00 seconds {{(pid=96482) _run_loop /opt/stack/data/venv/lib/python3.12/site-packages/oslo_service/backend/_threading/loopingcall.py:125}}
Jun 30 17:17:10.609597 np0000004010 nova-scheduler[96482]: DEBUG oslo.service.backend._threading.loopingcall [-] Fixed interval looping call 'nova.servicegroup.drivers.db.DbDriver._report_state' sleeping for 119.98 seconds {{(pid=96482) _run_loop /opt/stack/data/venv/lib/python3.12/site-packages/oslo_service/backend/_threading/loopingcall.py:125}}
Jun 30 17:17:10.610278 np0000004010 nova-scheduler[96486]: DEBUG oslo.service.backend._threading.loopingcall [-] Fixed interval looping call 'nova.servicegroup.drivers.db.DbDriver._report_state' sleeping for 119.98 seconds {{(pid=96486) _run_loop /opt/stack/data/venv/lib/python3.12/site-packages/oslo_service/backend/_threading/loopingcall.py:125}}
Jun 30 17:17:10.610536 np0000004010 nova-scheduler[96484]: DEBUG oslo.service.backend._threading.loopingcall [-] Fixed interval looping call 'nova.servicegroup.drivers.db.DbDriver._report_state' sleeping for 119.98 seconds {{(pid=96484) _run_loop /opt/stack/data/venv/lib/python3.12/site-packages/oslo_service/backend/_threading/loopingcall.py:125}}
Jun 30 17:17:10.631396 np0000004010 nova-scheduler[96488]: DEBUG oslo.service.backend._threading.loopingcall [-] Fixed interval looping call 'nova.servicegroup.drivers.db.DbDriver._report_state' sleeping for 119.98 seconds {{(pid=96488) _run_loop /opt/stack/data/venv/lib/python3.12/site-packages/oslo_service/backend/_threading/loopingcall.py:125}}
Jun 30 17:17:14.063920 np0000004010 nova-scheduler[95213]: DEBUG dbcounter [-] [95213] Writing DB stats nova_api:SELECT=3 {{(pid=95213) stat_writer /opt/stack/data/venv/lib/python3.12/site-packages/dbcounter.py:115}}
Jun 30 17:17:14.220464 np0000004010 nova-scheduler[95213]: DEBUG dbcounter [-] [95213] Writing DB stats nova_cell0:SELECT=1 {{(pid=95213) stat_writer /opt/stack/data/venv/lib/python3.12/site-packages/dbcounter.py:115}}
Jun 30 17:17:14.225013 np0000004010 nova-scheduler[95213]: DEBUG dbcounter [-] [95213] Writing DB stats nova_cell1:SELECT=1 {{(pid=95213) stat_writer /opt/stack/data/venv/lib/python3.12/site-packages/dbcounter.py:115}}
Jun 30 17:17:20.598953 np0000004010 nova-scheduler[96486]: DEBUG dbcounter [-] [96486] Writing DB stats nova_cell0:SELECT=4,nova_cell0:INSERT=1,nova_cell0:UPDATE=1 {{(pid=96486) stat_writer /opt/stack/data/venv/lib/python3.12/site-packages/dbcounter.py:115}}
Jun 30 17:17:20.605125 np0000004010 nova-scheduler[96482]: DEBUG dbcounter [-] [96482] Writing DB stats nova_cell0:SELECT=4,nova_cell0:INSERT=1,nova_cell0:UPDATE=1 {{(pid=96482) stat_writer /opt/stack/data/venv/lib/python3.12/site-packages/dbcounter.py:115}}
Jun 30 17:17:20.608293 np0000004010 nova-scheduler[96484]: DEBUG dbcounter [-] [96484] Writing DB stats nova_cell0:SELECT=5,nova_cell0:INSERT=1,nova_cell0:UPDATE=1 {{(pid=96484) stat_writer /opt/stack/data/venv/lib/python3.12/site-packages/dbcounter.py:115}}
Jun 30 17:17:20.629491 np0000004010 nova-scheduler[96488]: DEBUG dbcounter [-] [96488] Writing DB stats nova_cell0:SELECT=3 {{(pid=96488) stat_writer /opt/stack/data/venv/lib/python3.12/site-packages/dbcounter.py:115}}
Jun 30 17:17:31.589224 np0000004010 nova-scheduler[96486]: DEBUG oslo.service.backend._threading.loopingcall [None req-cc1fe7bb-08c8-40b0-ba9a-6f783c2882ae None None] Dynamic interval looping call 'nova.service.Service.periodic_tasks' sleeping for 60.00 seconds {{(pid=96486) _run_loop /opt/stack/data/venv/lib/python3.12/site-packages/oslo_service/backend/_threading/loopingcall.py:125}}
Jun 30 17:17:35.613599 np0000004010 nova-scheduler[96488]: DEBUG oslo.service.backend._threading.loopingcall [None req-dff55785-17ba-49ff-bc4d-b78466910b60 None None] Dynamic interval looping call 'nova.service.Service.periodic_tasks' sleeping for 60.00 seconds {{(pid=96488) _run_loop /opt/stack/data/venv/lib/python3.12/site-packages/oslo_service/backend/_threading/loopingcall.py:125}}
Jun 30 17:18:00.595670 np0000004010 nova-scheduler[96484]: DEBUG oslo.service.backend._threading.loopingcall [None req-eec37831-7793-4217-9336-861dd6ffbcfa None None] Dynamic interval looping call 'nova.service.Service.periodic_tasks' sleeping for 60.00 seconds {{(pid=96484) _run_loop /opt/stack/data/venv/lib/python3.12/site-packages/oslo_service/backend/_threading/loopingcall.py:125}}
Jun 30 17:18:08.589965 np0000004010 nova-scheduler[96482]: DEBUG oslo.service.backend._threading.loopingcall [None req-fc4b093b-ec9e-4c75-849c-fafc01bf6350 None None] Dynamic interval looping call 'nova.service.Service.periodic_tasks' sleeping for 60.00 seconds {{(pid=96482) _run_loop /opt/stack/data/venv/lib/python3.12/site-packages/oslo_service/backend/_threading/loopingcall.py:125}}
Jun 30 17:18:31.589722 np0000004010 nova-scheduler[96486]: DEBUG oslo.service.backend._threading.loopingcall [None req-cc1fe7bb-08c8-40b0-ba9a-6f783c2882ae None None] Dynamic interval looping call 'nova.service.Service.periodic_tasks' sleeping for 60.00 seconds {{(pid=96486) _run_loop /opt/stack/data/venv/lib/python3.12/site-packages/oslo_service/backend/_threading/loopingcall.py:125}}
Jun 30 17:18:35.614077 np0000004010 nova-scheduler[96488]: DEBUG oslo.service.backend._threading.loopingcall [None req-dff55785-17ba-49ff-bc4d-b78466910b60 None None] Dynamic interval looping call 'nova.service.Service.periodic_tasks' sleeping for 60.00 seconds {{(pid=96488) _run_loop /opt/stack/data/venv/lib/python3.12/site-packages/oslo_service/backend/_threading/loopingcall.py:125}}
Jun 30 17:19:00.596165 np0000004010 nova-scheduler[96484]: DEBUG oslo.service.backend._threading.loopingcall [None req-eec37831-7793-4217-9336-861dd6ffbcfa None None] Dynamic interval looping call 'nova.service.Service.periodic_tasks' sleeping for 60.00 seconds {{(pid=96484) _run_loop /opt/stack/data/venv/lib/python3.12/site-packages/oslo_service/backend/_threading/loopingcall.py:125}}
Jun 30 17:19:08.590539 np0000004010 nova-scheduler[96482]: DEBUG oslo.service.backend._threading.loopingcall [None req-fc4b093b-ec9e-4c75-849c-fafc01bf6350 None None] Dynamic interval looping call 'nova.service.Service.periodic_tasks' sleeping for 60.00 seconds {{(pid=96482) _run_loop /opt/stack/data/venv/lib/python3.12/site-packages/oslo_service/backend/_threading/loopingcall.py:125}}
Jun 30 17:19:10.595704 np0000004010 nova-scheduler[96482]: DEBUG oslo.service.backend._threading.loopingcall [-] Fixed interval looping call 'nova.servicegroup.drivers.db.DbDriver._report_state' sleeping for 119.99 seconds {{(pid=96482) _run_loop /opt/stack/data/venv/lib/python3.12/site-packages/oslo_service/backend/_threading/loopingcall.py:125}}
Jun 30 17:19:10.596284 np0000004010 nova-scheduler[96486]: DEBUG oslo.service.backend._threading.loopingcall [-] Fixed interval looping call 'nova.servicegroup.drivers.db.DbDriver._report_state' sleeping for 119.99 seconds {{(pid=96486) _run_loop /opt/stack/data/venv/lib/python3.12/site-packages/oslo_service/backend/_threading/loopingcall.py:125}}
Jun 30 17:19:10.596713 np0000004010 nova-scheduler[96484]: DEBUG oslo.service.backend._threading.loopingcall [-] Fixed interval looping call 'nova.servicegroup.drivers.db.DbDriver._report_state' sleeping for 119.99 seconds {{(pid=96484) _run_loop /opt/stack/data/venv/lib/python3.12/site-packages/oslo_service/backend/_threading/loopingcall.py:125}}
Jun 30 17:19:10.615073 np0000004010 nova-scheduler[96488]: DEBUG oslo.service.backend._threading.loopingcall [-] Fixed interval looping call 'nova.servicegroup.drivers.db.DbDriver._report_state' sleeping for 120.00 seconds {{(pid=96488) _run_loop /opt/stack/data/venv/lib/python3.12/site-packages/oslo_service/backend/_threading/loopingcall.py:125}}
Jun 30 17:19:20.594154 np0000004010 nova-scheduler[96482]: DEBUG dbcounter [-] [96482] Writing DB stats nova_cell0:SELECT=1,nova_cell0:UPDATE=1 {{(pid=96482) stat_writer /opt/stack/data/venv/lib/python3.12/site-packages/dbcounter.py:115}}
Jun 30 17:19:20.594516 np0000004010 nova-scheduler[96484]: DEBUG dbcounter [-] [96484] Writing DB stats nova_cell0:SELECT=1,nova_cell0:UPDATE=1 {{(pid=96484) stat_writer /opt/stack/data/venv/lib/python3.12/site-packages/dbcounter.py:115}}
Jun 30 17:19:20.594772 np0000004010 nova-scheduler[96486]: DEBUG dbcounter [-] [96486] Writing DB stats nova_cell0:SELECT=1,nova_cell0:UPDATE=1 {{(pid=96486) stat_writer /opt/stack/data/venv/lib/python3.12/site-packages/dbcounter.py:115}}
Jun 30 17:19:20.613278 np0000004010 nova-scheduler[96488]: DEBUG dbcounter [-] [96488] Writing DB stats nova_cell0:SELECT=1 {{(pid=96488) stat_writer /opt/stack/data/venv/lib/python3.12/site-packages/dbcounter.py:115}}
Jun 30 17:19:24.859151 np0000004010 nova-scheduler[96482]: DEBUG nova.scheduler.manager [None req-27540d1a-e88c-4558-b69e-b41f72d7f079 tempest-ServerRescueNegativeTestJSON-240867646 tempest-ServerRescueNegativeTestJSON-240867646-project-member] Starting to schedule for instances: ['4400f6ff-4b1d-4db0-bdaf-61f063706ad8'] {{(pid=96482) select_destinations /opt/stack/nova/nova/scheduler/manager.py:209}}
Jun 30 17:19:24.860268 np0000004010 nova-scheduler[96482]: DEBUG nova.scheduler.request_filter [None req-27540d1a-e88c-4558-b69e-b41f72d7f079 tempest-ServerRescueNegativeTestJSON-240867646 tempest-ServerRescueNegativeTestJSON-240867646-project-member] compute_status_filter request filter added forbidden trait COMPUTE_STATUS_DISABLED {{(pid=96482) compute_status_filter /opt/stack/nova/nova/scheduler/request_filter.py:253}}
Jun 30 17:19:24.860395 np0000004010 nova-scheduler[96482]: DEBUG nova.scheduler.request_filter [None req-27540d1a-e88c-4558-b69e-b41f72d7f079 tempest-ServerRescueNegativeTestJSON-240867646 tempest-ServerRescueNegativeTestJSON-240867646-project-member] Request filter 'compute_status_filter' took 0.0 seconds {{(pid=96482) wrapper /opt/stack/nova/nova/scheduler/request_filter.py:46}}
Jun 30 17:19:24.860662 np0000004010 nova-scheduler[96482]: DEBUG nova.scheduler.request_filter [None req-27540d1a-e88c-4558-b69e-b41f72d7f079 tempest-ServerRescueNegativeTestJSON-240867646 tempest-ServerRescueNegativeTestJSON-240867646-project-member] Request filter 'accelerators_filter' took 0.0 seconds {{(pid=96482) wrapper /opt/stack/nova/nova/scheduler/request_filter.py:46}}
Jun 30 17:19:24.860904 np0000004010 nova-scheduler[96482]: DEBUG nova.scheduler.request_filter [None req-27540d1a-e88c-4558-b69e-b41f72d7f079 tempest-ServerRescueNegativeTestJSON-240867646 tempest-ServerRescueNegativeTestJSON-240867646-project-member] Request filter 'packed_virtqueue_filter' took 0.0 seconds {{(pid=96482) wrapper /opt/stack/nova/nova/scheduler/request_filter.py:46}}
Jun 30 17:19:24.861413 np0000004010 nova-scheduler[96482]: DEBUG nova.scheduler.request_filter [None req-27540d1a-e88c-4558-b69e-b41f72d7f079 tempest-ServerRescueNegativeTestJSON-240867646 tempest-ServerRescueNegativeTestJSON-240867646-project-member] Request filter 'remote_managed_ports_filter' took 0.0 seconds {{(pid=96482) wrapper /opt/stack/nova/nova/scheduler/request_filter.py:46}}
Jun 30 17:19:24.861602 np0000004010 nova-scheduler[96482]: DEBUG nova.scheduler.request_filter [None req-27540d1a-e88c-4558-b69e-b41f72d7f079 tempest-ServerRescueNegativeTestJSON-240867646 tempest-ServerRescueNegativeTestJSON-240867646-project-member] ephemeral_encryption_filter skipped {{(pid=96482) ephemeral_encryption_filter /opt/stack/nova/nova/scheduler/request_filter.py:426}}
Jun 30 17:19:24.861730 np0000004010 nova-scheduler[96482]: DEBUG nova.scheduler.request_filter [None req-27540d1a-e88c-4558-b69e-b41f72d7f079 tempest-ServerRescueNegativeTestJSON-240867646 tempest-ServerRescueNegativeTestJSON-240867646-project-member] virtio_sound_filter skipped {{(pid=96482) virtio_sound_filter /opt/stack/nova/nova/scheduler/request_filter.py:460}}
Jun 30 17:19:24.861911 np0000004010 nova-scheduler[96482]: DEBUG nova.scheduler.request_filter [None req-27540d1a-e88c-4558-b69e-b41f72d7f079 tempest-ServerRescueNegativeTestJSON-240867646 tempest-ServerRescueNegativeTestJSON-240867646-project-member] tpm_secret_security_filter skipped {{(pid=96482) tpm_secret_security_filter /opt/stack/nova/nova/scheduler/request_filter.py:477}}
Jun 30 17:19:25.409122 np0000004010 nova-scheduler[96482]: INFO nova.utils [None req-27540d1a-e88c-4558-b69e-b41f72d7f079 tempest-ServerRescueNegativeTestJSON-240867646 tempest-ServerRescueNegativeTestJSON-240867646-project-member] The cell worker thread pool ForkProcess-1.cell_worker is initialized
Jun 30 17:19:25.409534 np0000004010 nova-scheduler[96482]: DEBUG oslo_concurrency.lockutils [None req-27540d1a-e88c-4558-b69e-b41f72d7f079 tempest-ServerRescueNegativeTestJSON-240867646 tempest-ServerRescueNegativeTestJSON-240867646-project-member] Acquiring lock "952242a5-c052-4536-a8d4-e997fffec8b0" by "nova.context.set_target_cell..get_or_set_cached_cell_and_set_connections" {{(pid=96482) inner /opt/stack/data/venv/lib/python3.12/site-packages/oslo_concurrency/lockutils.py:511}}
Jun 30 17:19:25.409733 np0000004010 nova-scheduler[96482]: DEBUG oslo_concurrency.lockutils [None req-27540d1a-e88c-4558-b69e-b41f72d7f079 tempest-ServerRescueNegativeTestJSON-240867646 tempest-ServerRescueNegativeTestJSON-240867646-project-member] Lock "952242a5-c052-4536-a8d4-e997fffec8b0" acquired by "nova.context.set_target_cell..get_or_set_cached_cell_and_set_connections" :: waited 0.000s {{(pid=96482) inner /opt/stack/data/venv/lib/python3.12/site-packages/oslo_concurrency/lockutils.py:524}}
Jun 30 17:19:25.411259 np0000004010 nova-scheduler[96482]: DEBUG oslo_concurrency.lockutils [None req-27540d1a-e88c-4558-b69e-b41f72d7f079 tempest-ServerRescueNegativeTestJSON-240867646 tempest-ServerRescueNegativeTestJSON-240867646-project-member] Lock "952242a5-c052-4536-a8d4-e997fffec8b0" "released" by "nova.context.set_target_cell..get_or_set_cached_cell_and_set_connections" :: held 0.001s {{(pid=96482) inner /opt/stack/data/venv/lib/python3.12/site-packages/oslo_concurrency/lockutils.py:543}}
Jun 30 17:19:25.413404 np0000004010 nova-scheduler[96482]: INFO dbcounter [None req-27540d1a-e88c-4558-b69e-b41f72d7f079 tempest-ServerRescueNegativeTestJSON-240867646 tempest-ServerRescueNegativeTestJSON-240867646-project-member] Registered counter for database nova_cell1
Jun 30 17:19:25.460553 np0000004010 nova-scheduler[96482]: DEBUG oslo_db.sqlalchemy.engines [None req-27540d1a-e88c-4558-b69e-b41f72d7f079 tempest-ServerRescueNegativeTestJSON-240867646 tempest-ServerRescueNegativeTestJSON-240867646-project-member] MySQL server mode set to STRICT_TRANS_TABLES,STRICT_ALL_TABLES,NO_ZERO_IN_DATE,NO_ZERO_DATE,ERROR_FOR_DIVISION_BY_ZERO,TRADITIONAL,NO_ENGINE_SUBSTITUTION {{(pid=96482) _check_effective_sql_mode /opt/stack/data/venv/lib/python3.12/site-packages/oslo_db/sqlalchemy/engines.py:325}}
Jun 30 17:19:25.467490 np0000004010 nova-scheduler[96482]: DEBUG dbcounter [-] [96482] Writer thread running {{(pid=96482) stat_writer /opt/stack/data/venv/lib/python3.12/site-packages/dbcounter.py:102}}
Jun 30 17:19:25.481301 np0000004010 nova-scheduler[96482]: DEBUG oslo_db.sqlalchemy.engines [None req-27540d1a-e88c-4558-b69e-b41f72d7f079 tempest-ServerRescueNegativeTestJSON-240867646 tempest-ServerRescueNegativeTestJSON-240867646-project-member] Parent process 95213 forked (96482) with an open database connection, which is being discarded and recreated. {{(pid=96482) checkout /opt/stack/data/venv/lib/python3.12/site-packages/oslo_db/sqlalchemy/engines.py:402}}
Jun 30 17:19:25.528177 np0000004010 nova-scheduler[96482]: DEBUG dbcounter [-] [96482] Writer thread running {{(pid=96482) stat_writer /opt/stack/data/venv/lib/python3.12/site-packages/dbcounter.py:102}}
Jun 30 17:19:25.529320 np0000004010 nova-scheduler[96482]: DEBUG oslo_concurrency.lockutils [None req-27540d1a-e88c-4558-b69e-b41f72d7f079 tempest-ServerRescueNegativeTestJSON-240867646 tempest-ServerRescueNegativeTestJSON-240867646-project-member] Acquiring lock "952242a5-c052-4536-a8d4-e997fffec8b0" by "nova.context.set_target_cell..get_or_set_cached_cell_and_set_connections" {{(pid=96482) inner /opt/stack/data/venv/lib/python3.12/site-packages/oslo_concurrency/lockutils.py:511}}
Jun 30 17:19:25.529320 np0000004010 nova-scheduler[96482]: DEBUG oslo_concurrency.lockutils [None req-27540d1a-e88c-4558-b69e-b41f72d7f079 tempest-ServerRescueNegativeTestJSON-240867646 tempest-ServerRescueNegativeTestJSON-240867646-project-member] Lock "952242a5-c052-4536-a8d4-e997fffec8b0" acquired by "nova.context.set_target_cell..get_or_set_cached_cell_and_set_connections" :: waited 0.000s {{(pid=96482) inner /opt/stack/data/venv/lib/python3.12/site-packages/oslo_concurrency/lockutils.py:524}}
Jun 30 17:19:25.529320 np0000004010 nova-scheduler[96482]: DEBUG oslo_concurrency.lockutils [None req-27540d1a-e88c-4558-b69e-b41f72d7f079 tempest-ServerRescueNegativeTestJSON-240867646 tempest-ServerRescueNegativeTestJSON-240867646-project-member] Lock "952242a5-c052-4536-a8d4-e997fffec8b0" "released" by "nova.context.set_target_cell..get_or_set_cached_cell_and_set_connections" :: held 0.000s {{(pid=96482) inner /opt/stack/data/venv/lib/python3.12/site-packages/oslo_concurrency/lockutils.py:543}}
Jun 30 17:19:25.532684 np0000004010 nova-scheduler[96482]: DEBUG oslo_concurrency.lockutils [None req-27540d1a-e88c-4558-b69e-b41f72d7f079 tempest-ServerRescueNegativeTestJSON-240867646 tempest-ServerRescueNegativeTestJSON-240867646-project-member] Acquiring lock "np0000004010-np0000004010" by "nova.scheduler.host_manager.HostState.update.._locked_update" {{(pid=96482) inner /opt/stack/data/venv/lib/python3.12/site-packages/oslo_concurrency/lockutils.py:511}}
Jun 30 17:19:25.533291 np0000004010 nova-scheduler[96482]: DEBUG oslo_concurrency.lockutils [None req-27540d1a-e88c-4558-b69e-b41f72d7f079 tempest-ServerRescueNegativeTestJSON-240867646 tempest-ServerRescueNegativeTestJSON-240867646-project-member] Lock "np0000004010-np0000004010" acquired by "nova.scheduler.host_manager.HostState.update.._locked_update" :: waited 0.000s {{(pid=96482) inner /opt/stack/data/venv/lib/python3.12/site-packages/oslo_concurrency/lockutils.py:524}}
Jun 30 17:19:25.533998 np0000004010 nova-scheduler[96482]: DEBUG nova.scheduler.host_manager [None req-27540d1a-e88c-4558-b69e-b41f72d7f079 tempest-ServerRescueNegativeTestJSON-240867646 tempest-ServerRescueNegativeTestJSON-240867646-project-member] Update host state from compute node: ComputeNode(cpu_allocation_ratio=4.0,cpu_info='{"arch": "x86_64", "model": "EPYC-Milan", "vendor": "AMD", "topology": {"cells": 1, "sockets": 16, "cores": 1, "threads": 1}, "maxphysaddr": {"mode": "emulate", "bits": 40}, "features": ["skip-l1dfl-vmentry", "v-vmsave-vmload", "clflushopt", "cr8legacy", "x2apic", "pcid", "xsavec", "amd-ssbd", "pni", "cmp_legacy", "fpu", "sse", "fxsr_opt", "hypervisor", "aes", "null-sel-clr-base", "mce", "svme-addr-chk", "syscall", "vmcb-clean", "vaes", "msr", "flushbyasid", "tsc-scale", "lbrv", "vpclmulqdq", "pclmuldq", "bmi1", "apic", "fxsr", "cmov", "arch-capabilities", "stibp", "vgif", "gds-no", "virt-ssbd", "pat", "xgetbv1", "ssse3", "rdctl-no", "npt", "cx8", "popcnt", "clwb", "xsaves", "fsgsbase", "invpcid", "wbnoinvd", "spec-ctrl", "misalignsse", "avx", "pge", "rdrand", "erms", "3dnowprefetch", "lfence-always-serializing", "fma", "smap", "pfthreshold", "clflush", "ssbd", "pse36", "tsc", "ibpb", "nrip-save", "tsc_adjust", "lm", "rdtscp", "svm", "f16c", "sha-ni", "rdpid", "pae", "sse4.1", "no-nested-data-bp", "pschange-mc-no", "fsrm", "ibrs", "vme", "xsave", "abm", "lahf_lm", "avx2", "adx", "cx16", "mca", "sse4a", "movbe", "mds-no", "xsaveerptr", "clzero", "mtrr", "rdseed", "pause-filter", "pdpe1gb", "arat", "pse", "de", "nx", "pku", "umip", "perfctr_core", "sse4.2", "sep", "bmi2", "topoext", "stibp-always-on", "osvw", "amd-psfd", "mmx", "mmxext", "smep", "amd-stibp", "xsaveopt", "tsc-deadline", "sse2"]}',created_at=2026-06-30T17:17:30Z,current_workload=0,deleted=False,deleted_at=None,disk_allocation_ratio=1.0,disk_available_least=75,free_disk_gb=95,free_ram_mb=63789,host='np0000004010',host_ip=10.4.3.213,hypervisor_hostname='np0000004010',hypervisor_type='QEMU',hypervisor_version=8002002,id=1,local_gb=95,local_gb_used=0,mapped=1,memory_mb=64301,memory_mb_used=512,metrics='[]',numa_topology='{"nova_object.name": "NUMATopology", "nova_object.namespace": "nova", "nova_object.version": "1.2", "nova_object.data": {"cells": [{"nova_object.name": "NUMACell", "nova_object.namespace": "nova", "nova_object.version": "1.5", "nova_object.data": {"id": 0, "cpuset": [0, 1, 2, 3, 4, 5, 6, 7, 8, 9, 10, 11, 12, 13, 14, 15], "pcpuset": [0, 1, 2, 3, 4, 5, 6, 7, 8, 9, 10, 11, 12, 13, 14, 15], "memory": 64301, "cpu_usage": 0, "memory_usage": 0, "pinned_cpus": [], "siblings": [[6], [12], [2], [15], [5], [11], [8], [14], [4], [1], [7], [10], [0], [13], [3], [9]], "mempages": [{"nova_object.name": "NUMAPagesTopology", "nova_object.namespace": "nova", "nova_object.version": "1.1", "nova_object.data": {"size_kb": 4, "total": 16461069, "used": 0, "reserved": 0}, "nova_object.changes": ["total", "reserved", "size_kb", "used"]}, {"nova_object.name": "NUMAPagesTopology", "nova_object.namespace": "nova", "nova_object.version": "1.1", "nova_object.data": {"size_kb": 2048, "total": 0, "used": 0, "reserved": 0}, "nova_object.changes": ["total", "reserved", "size_kb", "used"]}, {"nova_object.name": "NUMAPagesTopology", "nova_object.namespace": "nova", "nova_object.version": "1.1", "nova_object.data": {"size_kb": 1048576, "total": 0, "used": 0, "reserved": 0}, "nova_object.changes": ["total", "reserved", "size_kb", "used"]}], "network_metadata": {"nova_object.name": "NetworkMetadata", "nova_object.namespace": "nova", "nova_object.version": "1.0", "nova_object.data": {"physnets": [], "tunneled": false}, "nova_object.changes": ["physnets", "tunneled"]}, "socket": null}, "nova_object.changes": ["siblings", "id", "cpuset", "network_metadata", "pinned_cpus", "mempages", "pcpuset", "socket", "memory_usage", "cpu_usage", "memory"]}]}, "nova_object.changes": ["cells"]}',pci_device_pools=PciDevicePoolList,ram_allocation_ratio=1.0,running_vms=0,service_id=3,stats={failed_builds='0',uptime=' 17:19:16 up 25 min, 2 users, load average: 1.86, 1.43, 0.82
Jun 30 17:19:25.533998 np0000004010 nova-scheduler[96482]: '},supported_hv_specs=[HVSpec,HVSpec,HVSpec,HVSpec,HVSpec,HVSpec,HVSpec,HVSpec,HVSpec,HVSpec,HVSpec,HVSpec,HVSpec,HVSpec,HVSpec,HVSpec,HVSpec,HVSpec,HVSpec,HVSpec,HVSpec,HVSpec,HVSpec,HVSpec,HVSpec],updated_at=2026-06-30T17:19:18Z,uuid=3eadbb5d-ab15-4e78-879e-4cb67367659e,vcpus=16,vcpus_used=0) {{(pid=96482) _locked_update /opt/stack/nova/nova/scheduler/host_manager.py:168}}
Jun 30 17:19:25.534653 np0000004010 nova-scheduler[96482]: DEBUG nova.scheduler.host_manager [None req-27540d1a-e88c-4558-b69e-b41f72d7f079 tempest-ServerRescueNegativeTestJSON-240867646 tempest-ServerRescueNegativeTestJSON-240867646-project-member] Update host state with aggregates: [] {{(pid=96482) _locked_update /opt/stack/nova/nova/scheduler/host_manager.py:171}}
