Jul 19 16:16:29.124641 np0000005444 devstack@g-api.service[102975]: DEBUG glance.api.middleware.version_negotiation [None req-cb8383c9-8ae6-44ad-b6af-ad67f2d03b3c tempest-ServersNegativeTestJSON-673822299 tempest-ServersNegativeTestJSON-673822299-project-member] new path /v2/schemas/image {{(pid=102975) process_request /opt/stack/glance/glance/api/middleware/version_negotiation.py:70}}
Jul 19 16:16:29.127500 np0000005444 devstack@g-api.service[102975]: [pid: 102975|app: 0|req: 9/33] 127.0.0.1 () {44 vars in 1051 bytes} [Sun Jul 19 16:16:29 2026] GET /v2/schemas/image => generated 6083 bytes in 3 msecs (HTTP/1.1 200) 4 headers in 158 bytes (1 switches on core 0)
Jul 19 16:16:29.140280 np0000005444 devstack@g-api.service[102974]: DEBUG glance.api.middleware.version_negotiation [None req-cb8383c9-8ae6-44ad-b6af-ad67f2d03b3c tempest-ServersNegativeTestJSON-673822299 tempest-ServersNegativeTestJSON-673822299-project-member] Determining version of request: GET /v2/schemas/image Accept: */* {{(pid=102974) process_request /opt/stack/glance/glance/api/middleware/version_negotiation.py:44}}
Jul 19 16:16:29.140280 np0000005444 devstack@g-api.service[102974]: DEBUG glance.api.middleware.version_negotiation [None req-cb8383c9-8ae6-44ad-b6af-ad67f2d03b3c tempest-ServersNegativeTestJSON-673822299 tempest-ServersNegativeTestJSON-673822299-project-member] Using url versioning {{(pid=102974) process_request /opt/stack/glance/glance/api/middleware/version_negotiation.py:57}}
Jul 19 16:16:29.140280 np0000005444 devstack@g-api.service[102974]: DEBUG glance.api.middleware.version_negotiation [None req-cb8383c9-8ae6-44ad-b6af-ad67f2d03b3c tempest-ServersNegativeTestJSON-673822299 tempest-ServersNegativeTestJSON-673822299-project-member] Matched version: v2 {{(pid=102974) process_request /opt/stack/glance/glance/api/middleware/version_negotiation.py:69}}
Jul 19 16:16:29.140280 np0000005444 devstack@g-api.service[102974]: DEBUG glance.api.middleware.version_negotiation [None req-cb8383c9-8ae6-44ad-b6af-ad67f2d03b3c tempest-ServersNegativeTestJSON-673822299 tempest-ServersNegativeTestJSON-673822299-project-member] new path /v2/schemas/image {{(pid=102974) process_request /opt/stack/glance/glance/api/middleware/version_negotiation.py:70}}
Jul 19 16:16:29.144326 np0000005444 devstack@g-api.service[102974]: [pid: 102974|app: 0|req: 9/34] 127.0.0.1 () {44 vars in 1051 bytes} [Sun Jul 19 16:16:29 2026] GET /v2/schemas/image => generated 6083 bytes in 5 msecs (HTTP/1.1 200) 4 headers in 158 bytes (1 switches on core 0)
Jul 19 16:16:29.156647 np0000005444 devstack@g-api.service[102977]: DEBUG glance.api.middleware.version_negotiation [None req-607e1ef4-697f-44bd-a235-672531fd98e4 tempest-TaggedBootDevicesTest-975828915 tempest-TaggedBootDevicesTest-975828915-project-member] Determining version of request: GET /v2/images/a168524d-9957-4b44-9284-3ce77be3624c Accept: */* {{(pid=102977) process_request /opt/stack/glance/glance/api/middleware/version_negotiation.py:44}}
Jul 19 16:16:29.158008 np0000005444 devstack@g-api.service[102977]: DEBUG glance.api.middleware.version_negotiation [None req-607e1ef4-697f-44bd-a235-672531fd98e4 tempest-TaggedBootDevicesTest-975828915 tempest-TaggedBootDevicesTest-975828915-project-member] Using url versioning {{(pid=102977) process_request /opt/stack/glance/glance/api/middleware/version_negotiation.py:57}}
Jul 19 16:16:29.158008 np0000005444 devstack@g-api.service[102977]: DEBUG glance.api.middleware.version_negotiation [None req-607e1ef4-697f-44bd-a235-672531fd98e4 tempest-TaggedBootDevicesTest-975828915 tempest-TaggedBootDevicesTest-975828915-project-member] Matched version: v2 {{(pid=102977) process_request /opt/stack/glance/glance/api/middleware/version_negotiation.py:69}}
Jul 19 16:16:29.158008 np0000005444 devstack@g-api.service[102977]: DEBUG glance.api.middleware.version_negotiation [None req-607e1ef4-697f-44bd-a235-672531fd98e4 tempest-TaggedBootDevicesTest-975828915 tempest-TaggedBootDevicesTest-975828915-project-member] new path /v2/images/a168524d-9957-4b44-9284-3ce77be3624c {{(pid=102977) process_request /opt/stack/glance/glance/api/middleware/version_negotiation.py:70}}
Jul 19 16:16:29.170988 np0000005444 devstack@g-api.service[102977]: [pid: 102977|app: 0|req: 10/35] 127.0.0.1 () {44 vars in 1111 bytes} [Sun Jul 19 16:16:29 2026] GET /v2/images/a168524d-9957-4b44-9284-3ce77be3624c => generated 1044 bytes in 14 msecs (HTTP/1.1 200) 4 headers in 158 bytes (1 switches on core 0)
Jul 19 16:16:29.181595 np0000005444 devstack@g-api.service[102975]: DEBUG glance.api.middleware.version_negotiation [None req-607e1ef4-697f-44bd-a235-672531fd98e4 tempest-TaggedBootDevicesTest-975828915 tempest-TaggedBootDevicesTest-975828915-project-member] Determining version of request: GET /v2/schemas/image Accept: */* {{(pid=102975) process_request /opt/stack/glance/glance/api/middleware/version_negotiation.py:44}}
Jul 19 16:16:29.181748 np0000005444 devstack@g-api.service[102975]: DEBUG glance.api.middleware.version_negotiation [None req-607e1ef4-697f-44bd-a235-672531fd98e4 tempest-TaggedBootDevicesTest-975828915 tempest-TaggedBootDevicesTest-975828915-project-member] Using url versioning {{(pid=102975) process_request /opt/stack/glance/glance/api/middleware/version_negotiation.py:57}}
Jul 19 16:16:29.181864 np0000005444 devstack@g-api.service[102975]: DEBUG glance.api.middleware.version_negotiation [None req-607e1ef4-697f-44bd-a235-672531fd98e4 tempest-TaggedBootDevicesTest-975828915 tempest-TaggedBootDevicesTest-975828915-project-member] Matched version: v2 {{(pid=102975) process_request /opt/stack/glance/glance/api/middleware/version_negotiation.py:69}}
Jul 19 16:16:29.181961 np0000005444 devstack@g-api.service[102975]: DEBUG glance.api.middleware.version_negotiation [None req-607e1ef4-697f-44bd-a235-672531fd98e4 tempest-TaggedBootDevicesTest-975828915 tempest-TaggedBootDevicesTest-975828915-project-member] new path /v2/schemas/image {{(pid=102975) process_request /opt/stack/glance/glance/api/middleware/version_negotiation.py:70}}
Jul 19 16:16:29.190599 np0000005444 devstack@g-api.service[102975]: [pid: 102975|app: 0|req: 10/36] 127.0.0.1 () {44 vars in 1051 bytes} [Sun Jul 19 16:16:29 2026] GET /v2/schemas/image => generated 6083 bytes in 9 msecs (HTTP/1.1 200) 4 headers in 158 bytes (1 switches on core 0)
Jul 19 16:16:29.204780 np0000005444 devstack@g-api.service[102974]: DEBUG glance.api.middleware.version_negotiation [None req-607e1ef4-697f-44bd-a235-672531fd98e4 tempest-TaggedBootDevicesTest-975828915 tempest-TaggedBootDevicesTest-975828915-project-member] Determining version of request: GET /v2/schemas/image Accept: */* {{(pid=102974) process_request /opt/stack/glance/glance/api/middleware/version_negotiation.py:44}}
Jul 19 16:16:29.204906 np0000005444 devstack@g-api.service[102974]: DEBUG glance.api.middleware.version_negotiation [None req-607e1ef4-697f-44bd-a235-672531fd98e4 tempest-TaggedBootDevicesTest-975828915 tempest-TaggedBootDevicesTest-975828915-project-member] Using url versioning {{(pid=102974) process_request /opt/stack/glance/glance/api/middleware/version_negotiation.py:57}}
Jul 19 16:16:29.205023 np0000005444 devstack@g-api.service[102974]: DEBUG glance.api.middleware.version_negotiation [None req-607e1ef4-697f-44bd-a235-672531fd98e4 tempest-TaggedBootDevicesTest-975828915 tempest-TaggedBootDevicesTest-975828915-project-member] Matched version: v2 {{(pid=102974) process_request /opt/stack/glance/glance/api/middleware/version_negotiation.py:69}}
Jul 19 16:16:29.205105 np0000005444 devstack@g-api.service[102974]: DEBUG glance.api.middleware.version_negotiation [None req-607e1ef4-697f-44bd-a235-672531fd98e4 tempest-TaggedBootDevicesTest-975828915 tempest-TaggedBootDevicesTest-975828915-project-member] new path /v2/schemas/image {{(pid=102974) process_request /opt/stack/glance/glance/api/middleware/version_negotiation.py:70}}
Jul 19 16:16:29.207444 np0000005444 devstack@g-api.service[102974]: [pid: 102974|app: 0|req: 10/37] 127.0.0.1 () {44 vars in 1051 bytes} [Sun Jul 19 16:16:29 2026] GET /v2/schemas/image => generated 6083 bytes in 2 msecs (HTTP/1.1 200) 4 headers in 158 bytes (1 switches on core 0)
Jul 19 16:16:29.264511 np0000005444 devstack@g-api.service[102977]: DEBUG glance.api.middleware.version_negotiation [None req-607e1ef4-697f-44bd-a235-672531fd98e4 tempest-TaggedBootDevicesTest-975828915 tempest-TaggedBootDevicesTest-975828915-project-member] Determining version of request: GET /v2/images/a168524d-9957-4b44-9284-3ce77be3624c Accept: */* {{(pid=102977) process_request /opt/stack/glance/glance/api/middleware/version_negotiation.py:44}}
Jul 19 16:16:29.264679 np0000005444 devstack@g-api.service[102977]: DEBUG glance.api.middleware.version_negotiation [None req-607e1ef4-697f-44bd-a235-672531fd98e4 tempest-TaggedBootDevicesTest-975828915 tempest-TaggedBootDevicesTest-975828915-project-member] Using url versioning {{(pid=102977) process_request /opt/stack/glance/glance/api/middleware/version_negotiation.py:57}}
Jul 19 16:16:29.264787 np0000005444 devstack@g-api.service[102977]: DEBUG glance.api.middleware.version_negotiation [None req-607e1ef4-697f-44bd-a235-672531fd98e4 tempest-TaggedBootDevicesTest-975828915 tempest-TaggedBootDevicesTest-975828915-project-member] Matched version: v2 {{(pid=102977) process_request /opt/stack/glance/glance/api/middleware/version_negotiation.py:69}}
Jul 19 16:16:29.264884 np0000005444 devstack@g-api.service[102977]: DEBUG glance.api.middleware.version_negotiation [None req-607e1ef4-697f-44bd-a235-672531fd98e4 tempest-TaggedBootDevicesTest-975828915 tempest-TaggedBootDevicesTest-975828915-project-member] new path /v2/images/a168524d-9957-4b44-9284-3ce77be3624c {{(pid=102977) process_request /opt/stack/glance/glance/api/middleware/version_negotiation.py:70}}
Jul 19 16:16:29.280336 np0000005444 devstack@g-api.service[102977]: [pid: 102977|app: 0|req: 11/38] 127.0.0.1 () {44 vars in 1111 bytes} [Sun Jul 19 16:16:29 2026] GET /v2/images/a168524d-9957-4b44-9284-3ce77be3624c => generated 1044 bytes in 16 msecs (HTTP/1.1 200) 4 headers in 158 bytes (1 switches on core 0)
Jul 19 16:16:29.289112 np0000005444 devstack@g-api.service[102975]: DEBUG glance.api.middleware.version_negotiation [None req-607e1ef4-697f-44bd-a235-672531fd98e4 tempest-TaggedBootDevicesTest-975828915 tempest-TaggedBootDevicesTest-975828915-project-member] Determining version of request: GET /v2/schemas/image Accept: */* {{(pid=102975) process_request /opt/stack/glance/glance/api/middleware/version_negotiation.py:44}}
Jul 19 16:16:29.289112 np0000005444 devstack@g-api.service[102975]: DEBUG glance.api.middleware.version_negotiation [None req-607e1ef4-697f-44bd-a235-672531fd98e4 tempest-TaggedBootDevicesTest-975828915 tempest-TaggedBootDevicesTest-975828915-project-member] Using url versioning {{(pid=102975) process_request /opt/stack/glance/glance/api/middleware/version_negotiation.py:57}}
Jul 19 16:16:29.289112 np0000005444 devstack@g-api.service[102975]: DEBUG glance.api.middleware.version_negotiation [None req-607e1ef4-697f-44bd-a235-672531fd98e4 tempest-TaggedBootDevicesTest-975828915 tempest-TaggedBootDevicesTest-975828915-project-member] Matched version: v2 {{(pid=102975) process_request /opt/stack/glance/glance/api/middleware/version_negotiation.py:69}}
Jul 19 16:16:29.289223 np0000005444 devstack@g-api.service[102976]: INFO glance.api.v2.image_data [None req-b0f415d4-f376-47c0-a6aa-ff6d591d6612 tempest-AttachSCSIVolumeTestJSON-365196788 tempest-AttachSCSIVolumeTestJSON-365196788-project-admin] Unable to create trust: no such option collect_timing in group [keystone_authtoken] Use the existing user token.
Jul 19 16:16:29.289281 np0000005444 devstack@g-api.service[102975]: DEBUG glance.api.middleware.version_negotiation [None req-607e1ef4-697f-44bd-a235-672531fd98e4 tempest-TaggedBootDevicesTest-975828915 tempest-TaggedBootDevicesTest-975828915-project-member] new path /v2/schemas/image {{(pid=102975) process_request /opt/stack/glance/glance/api/middleware/version_negotiation.py:70}}
Jul 19 16:16:29.291485 np0000005444 devstack@g-api.service[102975]: [pid: 102975|app: 0|req: 11/39] 127.0.0.1 () {44 vars in 1051 bytes} [Sun Jul 19 16:16:29 2026] GET /v2/schemas/image => generated 6083 bytes in 3 msecs (HTTP/1.1 200) 4 headers in 158 bytes (1 switches on core 0)
Jul 19 16:16:29.302709 np0000005444 devstack@g-api.service[102974]: DEBUG glance.api.middleware.version_negotiation [None req-607e1ef4-697f-44bd-a235-672531fd98e4 tempest-TaggedBootDevicesTest-975828915 tempest-TaggedBootDevicesTest-975828915-project-member] Determining version of request: GET /v2/schemas/image Accept: */* {{(pid=102974) process_request /opt/stack/glance/glance/api/middleware/version_negotiation.py:44}}
Jul 19 16:16:29.302838 np0000005444 devstack@g-api.service[102974]: DEBUG glance.api.middleware.version_negotiation [None req-607e1ef4-697f-44bd-a235-672531fd98e4 tempest-TaggedBootDevicesTest-975828915 tempest-TaggedBootDevicesTest-975828915-project-member] Using url versioning {{(pid=102974) process_request /opt/stack/glance/glance/api/middleware/version_negotiation.py:57}}
Jul 19 16:16:29.303031 np0000005444 devstack@g-api.service[102974]: DEBUG glance.api.middleware.version_negotiation [None req-607e1ef4-697f-44bd-a235-672531fd98e4 tempest-TaggedBootDevicesTest-975828915 tempest-TaggedBootDevicesTest-975828915-project-member] Matched version: v2 {{(pid=102974) process_request /opt/stack/glance/glance/api/middleware/version_negotiation.py:69}}
Jul 19 16:16:29.303165 np0000005444 devstack@g-api.service[102974]: DEBUG glance.api.middleware.version_negotiation [None req-607e1ef4-697f-44bd-a235-672531fd98e4 tempest-TaggedBootDevicesTest-975828915 tempest-TaggedBootDevicesTest-975828915-project-member] new path /v2/schemas/image {{(pid=102974) process_request /opt/stack/glance/glance/api/middleware/version_negotiation.py:70}}
Jul 19 16:16:29.305485 np0000005444 devstack@g-api.service[102974]: [pid: 102974|app: 0|req: 11/40] 127.0.0.1 () {44 vars in 1051 bytes} [Sun Jul 19 16:16:29 2026] GET /v2/schemas/image => generated 6083 bytes in 3 msecs (HTTP/1.1 200) 4 headers in 158 bytes (1 switches on core 0)
Jul 19 16:16:30.000382 np0000005444 devstack@g-api.service[102976]: DEBUG glance.location [None req-b0f415d4-f376-47c0-a6aa-ff6d591d6612 tempest-AttachSCSIVolumeTestJSON-365196788 tempest-AttachSCSIVolumeTestJSON-365196788-project-admin] Enabling in-flight format inspection for qcow2 {{(pid=102976) set_data /opt/stack/glance/glance/location.py:596}}
Jul 19 16:16:30.001705 np0000005444 devstack@g-api.service[102976]: DEBUG glance_store.backend [None req-b0f415d4-f376-47c0-a6aa-ff6d591d6612 tempest-AttachSCSIVolumeTestJSON-365196788 tempest-AttachSCSIVolumeTestJSON-365196788-project-admin] Attempting to import store swift {{(pid=102976) _load_store /opt/stack/data/venv/lib/python3.12/site-packages/glance_store/backend.py:215}}
Jul 19 16:16:30.002980 np0000005444 devstack@g-api.service[102976]: DEBUG glance_store.capabilities [None req-b0f415d4-f376-47c0-a6aa-ff6d591d6612 tempest-AttachSCSIVolumeTestJSON-365196788 tempest-AttachSCSIVolumeTestJSON-365196788-project-admin] Store glance_store._drivers.swift.store.SingleTenantStore doesn't support updating dynamic storage capabilities. Please overwrite 'update_capabilities' method of the store to implement updating logics if needed. {{(pid=102976) update_capabilities /opt/stack/data/venv/lib/python3.12/site-packages/glance_store/capabilities.py:91}}
Jul 19 16:16:30.003156 np0000005444 devstack@g-api.service[102976]: DEBUG glance_store.driver [None req-b0f415d4-f376-47c0-a6aa-ff6d591d6612 tempest-AttachSCSIVolumeTestJSON-365196788 tempest-AttachSCSIVolumeTestJSON-365196788-project-admin] Late loading location class glance_store._drivers.swift.store.StoreLocation {{(pid=102976) get_store_location_class /opt/stack/data/venv/lib/python3.12/site-packages/glance_store/driver.py:134}}
Jul 19 16:16:30.003327 np0000005444 devstack@g-api.service[102976]: DEBUG glance_store.location [None req-b0f415d4-f376-47c0-a6aa-ff6d591d6612 tempest-AttachSCSIVolumeTestJSON-365196788 tempest-AttachSCSIVolumeTestJSON-365196788-project-admin] Registering scheme swift+https with {'store': , 'location_class': , 'store_entry': 'swift'} {{(pid=102976) register_scheme_map /opt/stack/data/venv/lib/python3.12/site-packages/glance_store/location.py:146}}
Jul 19 16:16:30.003469 np0000005444 devstack@g-api.service[102976]: DEBUG glance_store.location [None req-b0f415d4-f376-47c0-a6aa-ff6d591d6612 tempest-AttachSCSIVolumeTestJSON-365196788 tempest-AttachSCSIVolumeTestJSON-365196788-project-admin] Registering scheme swift+https with {'store': , 'location_class': , 'store_entry': 'swift'} {{(pid=102976) register_scheme_map /opt/stack/data/venv/lib/python3.12/site-packages/glance_store/location.py:146}}
Jul 19 16:16:30.003568 np0000005444 devstack@g-api.service[102976]: DEBUG glance_store.location [None req-b0f415d4-f376-47c0-a6aa-ff6d591d6612 tempest-AttachSCSIVolumeTestJSON-365196788 tempest-AttachSCSIVolumeTestJSON-365196788-project-admin] Registering scheme swift with {'store': , 'location_class': , 'store_entry': 'swift'} {{(pid=102976) register_scheme_map /opt/stack/data/venv/lib/python3.12/site-packages/glance_store/location.py:146}}
Jul 19 16:16:30.003684 np0000005444 devstack@g-api.service[102976]: DEBUG glance_store.location [None req-b0f415d4-f376-47c0-a6aa-ff6d591d6612 tempest-AttachSCSIVolumeTestJSON-365196788 tempest-AttachSCSIVolumeTestJSON-365196788-project-admin] Registering scheme swift+https with {'store': , 'location_class': , 'store_entry': 'swift'} {{(pid=102976) register_scheme_map /opt/stack/data/venv/lib/python3.12/site-packages/glance_store/location.py:146}}
Jul 19 16:16:30.003801 np0000005444 devstack@g-api.service[102976]: DEBUG glance_store.location [None req-b0f415d4-f376-47c0-a6aa-ff6d591d6612 tempest-AttachSCSIVolumeTestJSON-365196788 tempest-AttachSCSIVolumeTestJSON-365196788-project-admin] Registering scheme swift with {'store': , 'location_class': , 'store_entry': 'swift'} {{(pid=102976) register_scheme_map /opt/stack/data/venv/lib/python3.12/site-packages/glance_store/location.py:146}}
Jul 19 16:16:30.003945 np0000005444 devstack@g-api.service[102976]: DEBUG glance_store.location [None req-b0f415d4-f376-47c0-a6aa-ff6d591d6612 tempest-AttachSCSIVolumeTestJSON-365196788 tempest-AttachSCSIVolumeTestJSON-365196788-project-admin] Registering scheme swift+http with {'store': , 'location_class': , 'store_entry': 'swift'} {{(pid=102976) register_scheme_map /opt/stack/data/venv/lib/python3.12/site-packages/glance_store/location.py:146}}
Jul 19 16:16:30.004055 np0000005444 devstack@g-api.service[102976]: DEBUG glance_store.location [None req-b0f415d4-f376-47c0-a6aa-ff6d591d6612 tempest-AttachSCSIVolumeTestJSON-365196788 tempest-AttachSCSIVolumeTestJSON-365196788-project-admin] Registering scheme swift+https with {'store': , 'location_class': , 'store_entry': 'swift'} {{(pid=102976) register_scheme_map /opt/stack/data/venv/lib/python3.12/site-packages/glance_store/location.py:146}}
Jul 19 16:16:30.004222 np0000005444 devstack@g-api.service[102976]: DEBUG glance_store.location [None req-b0f415d4-f376-47c0-a6aa-ff6d591d6612 tempest-AttachSCSIVolumeTestJSON-365196788 tempest-AttachSCSIVolumeTestJSON-365196788-project-admin] Registering scheme swift with {'store': , 'location_class': , 'store_entry': 'swift'} {{(pid=102976) register_scheme_map /opt/stack/data/venv/lib/python3.12/site-packages/glance_store/location.py:146}}
Jul 19 16:16:30.004357 np0000005444 devstack@g-api.service[102976]: DEBUG glance_store.location [None req-b0f415d4-f376-47c0-a6aa-ff6d591d6612 tempest-AttachSCSIVolumeTestJSON-365196788 tempest-AttachSCSIVolumeTestJSON-365196788-project-admin] Registering scheme swift+http with {'store': , 'location_class': , 'store_entry': 'swift'} {{(pid=102976) register_scheme_map /opt/stack/data/venv/lib/python3.12/site-packages/glance_store/location.py:146}}
Jul 19 16:16:30.004668 np0000005444 devstack@g-api.service[102976]: DEBUG glance_store.location [None req-b0f415d4-f376-47c0-a6aa-ff6d591d6612 tempest-AttachSCSIVolumeTestJSON-365196788 tempest-AttachSCSIVolumeTestJSON-365196788-project-admin] Registering scheme swift+config with {'store': , 'location_class': , 'store_entry': 'swift'} {{(pid=102976) register_scheme_map /opt/stack/data/venv/lib/python3.12/site-packages/glance_store/location.py:146}}
Jul 19 16:16:30.124747 np0000005444 devstack@g-api.service[102977]: DEBUG glance.api.middleware.version_negotiation [None req-607e1ef4-697f-44bd-a235-672531fd98e4 tempest-TaggedBootDevicesTest-975828915 tempest-TaggedBootDevicesTest-975828915-project-member] Determining version of request: GET /versions Accept: */* {{(pid=102977) process_request /opt/stack/glance/glance/api/middleware/version_negotiation.py:44}}
Jul 19 16:16:30.125624 np0000005444 devstack@g-api.service[102977]: [pid: 102977|app: 0|req: 12/41] 127.0.0.1 () {44 vars in 1035 bytes} [Sun Jul 19 16:16:30 2026] GET /versions => generated 1501 bytes in 1 msecs (HTTP/1.1 200) 3 headers in 92 bytes (1 switches on core 0)
Jul 19 16:16:30.139623 np0000005444 devstack@g-api.service[102975]: DEBUG glance.api.middleware.version_negotiation [None req-607e1ef4-697f-44bd-a235-672531fd98e4 tempest-TaggedBootDevicesTest-975828915 tempest-TaggedBootDevicesTest-975828915-project-member] Determining version of request: GET /v2/images/a168524d-9957-4b44-9284-3ce77be3624c/locations Accept: */* {{(pid=102975) process_request /opt/stack/glance/glance/api/middleware/version_negotiation.py:44}}
Jul 19 16:16:30.139965 np0000005444 devstack@g-api.service[102975]: DEBUG glance.api.middleware.version_negotiation [None req-607e1ef4-697f-44bd-a235-672531fd98e4 tempest-TaggedBootDevicesTest-975828915 tempest-TaggedBootDevicesTest-975828915-project-member] Using url versioning {{(pid=102975) process_request /opt/stack/glance/glance/api/middleware/version_negotiation.py:57}}
Jul 19 16:16:30.139965 np0000005444 devstack@g-api.service[102975]: DEBUG glance.api.middleware.version_negotiation [None req-607e1ef4-697f-44bd-a235-672531fd98e4 tempest-TaggedBootDevicesTest-975828915 tempest-TaggedBootDevicesTest-975828915-project-member] Matched version: v2 {{(pid=102975) process_request /opt/stack/glance/glance/api/middleware/version_negotiation.py:69}}
Jul 19 16:16:30.140047 np0000005444 devstack@g-api.service[102975]: DEBUG glance.api.middleware.version_negotiation [None req-607e1ef4-697f-44bd-a235-672531fd98e4 tempest-TaggedBootDevicesTest-975828915 tempest-TaggedBootDevicesTest-975828915-project-member] new path /v2/images/a168524d-9957-4b44-9284-3ce77be3624c/locations {{(pid=102975) process_request /opt/stack/glance/glance/api/middleware/version_negotiation.py:70}}
Jul 19 16:16:30.437985 np0000005444 devstack@g-api.service[102976]: DEBUG swiftclient [None req-b0f415d4-f376-47c0-a6aa-ff6d591d6612 tempest-AttachSCSIVolumeTestJSON-365196788 tempest-AttachSCSIVolumeTestJSON-365196788-project-admin] REQ: curl -i https://10.4.3.67:8080/v1/AUTH_310eddbd29c745049074a888a59ed6f8/glance -I -H "X-Auth-Token: gAAAAABqXPhe6CH3..." {{(pid=102976) http_log /opt/stack/data/venv/lib/python3.12/site-packages/swiftclient/client.py:160}}
Jul 19 16:16:30.437985 np0000005444 devstack@g-api.service[102976]: DEBUG swiftclient [None req-b0f415d4-f376-47c0-a6aa-ff6d591d6612 tempest-AttachSCSIVolumeTestJSON-365196788 tempest-AttachSCSIVolumeTestJSON-365196788-project-admin] RESP STATUS: 204 No Content {{(pid=102976) http_log /opt/stack/data/venv/lib/python3.12/site-packages/swiftclient/client.py:161}}
Jul 19 16:16:30.438181 np0000005444 devstack@g-api.service[102976]: DEBUG swiftclient [None req-b0f415d4-f376-47c0-a6aa-ff6d591d6612 tempest-AttachSCSIVolumeTestJSON-365196788 tempest-AttachSCSIVolumeTestJSON-365196788-project-admin] RESP HEADERS: {'Date': 'Sun, 19 Jul 2026 16:16:30 GMT', 'Server': 'Apache/2.4.58 (Ubuntu)', 'Content-Type': 'text/plain; charset=utf-8', 'X-Container-Object-Count': '3', 'X-Container-Bytes-Used': '64356352', 'X-Timestamp': '1784477681.32910', 'Last-Modified': 'Sun, 19 Jul 2026 16:14:42 GMT', 'Accept-Ranges': 'bytes', 'X-Storage-Policy': 'Policy-0', 'X-Container-Sharding': 'False', 'Vary': 'Accept', 'X-Trans-Id': 'tx95213128a7884b71a5483-006a5cf85e', 'X-Openstack-Request-Id': 'tx95213128a7884b71a5483-006a5cf85e', 'Connection': 'close'} {{(pid=102976) http_log /opt/stack/data/venv/lib/python3.12/site-packages/swiftclient/client.py:162}}
Jul 19 16:16:30.438360 np0000005444 devstack@g-api.service[102976]: DEBUG glance_store._drivers.swift.store [None req-b0f415d4-f376-47c0-a6aa-ff6d591d6612 tempest-AttachSCSIVolumeTestJSON-365196788 tempest-AttachSCSIVolumeTestJSON-365196788-project-admin] Adding image object '4af777bd-1080-4961-8abf-cc325311ee38' to Swift {{(pid=102976) add /opt/stack/data/venv/lib/python3.12/site-packages/glance_store/_drivers/swift/store.py:970}}
Jul 19 16:16:30.438474 np0000005444 devstack@g-api.service[102976]: DEBUG glance_store._drivers.swift.store [None req-b0f415d4-f376-47c0-a6aa-ff6d591d6612 tempest-AttachSCSIVolumeTestJSON-365196788 tempest-AttachSCSIVolumeTestJSON-365196788-project-admin] Cannot determine image size because it is either not provided in the request or chunked-transfer encoding is used. Adding image as a segmented object to Swift. {{(pid=102976) add /opt/stack/data/venv/lib/python3.12/site-packages/glance_store/_drivers/swift/store.py:994}}
Jul 19 16:16:30.445584 np0000005444 devstack@g-api.service[102976]: DEBUG oslo_utils.imageutils.format_inspector [None req-b0f415d4-f376-47c0-a6aa-ff6d591d6612 tempest-AttachSCSIVolumeTestJSON-365196788 tempest-AttachSCSIVolumeTestJSON-365196788-project-admin] Format inspector for vmdk does not match, excluding from consideration (Signature KDMV not found: b'QFI\xfb') {{(pid=102976) _process_chunk /opt/stack/data/venv/lib/python3.12/site-packages/oslo_utils/imageutils/format_inspector.py:1758}}
Jul 19 16:16:30.448641 np0000005444 devstack@g-api.service[102976]: DEBUG oslo_utils.imageutils.format_inspector [None req-b0f415d4-f376-47c0-a6aa-ff6d591d6612 tempest-AttachSCSIVolumeTestJSON-365196788 tempest-AttachSCSIVolumeTestJSON-365196788-project-admin] Format inspector for vhdx does not match, excluding from consideration (Region signature not found at 30000) {{(pid=102976) _process_chunk /opt/stack/data/venv/lib/python3.12/site-packages/oslo_utils/imageutils/format_inspector.py:1758}}
Jul 19 16:16:30.665373 np0000005444 devstack@g-api.service[102975]: [pid: 102975|app: 0|req: 12/42] 127.0.0.1 () {44 vars in 1131 bytes} [Sun Jul 19 16:16:30 2026] GET /v2/images/a168524d-9957-4b44-9284-3ce77be3624c/locations => generated 92 bytes in 526 msecs (HTTP/1.1 200) 4 headers in 156 bytes (1 switches on core 0)
Jul 19 16:16:30.674142 np0000005444 devstack@g-api.service[102974]: DEBUG glance.api.middleware.version_negotiation [None req-607e1ef4-697f-44bd-a235-672531fd98e4 tempest-TaggedBootDevicesTest-975828915 tempest-TaggedBootDevicesTest-975828915-project-member] Determining version of request: GET /v2/images/a168524d-9957-4b44-9284-3ce77be3624c Accept: */* {{(pid=102974) process_request /opt/stack/glance/glance/api/middleware/version_negotiation.py:44}}
Jul 19 16:16:30.674142 np0000005444 devstack@g-api.service[102974]: DEBUG glance.api.middleware.version_negotiation [None req-607e1ef4-697f-44bd-a235-672531fd98e4 tempest-TaggedBootDevicesTest-975828915 tempest-TaggedBootDevicesTest-975828915-project-member] Using url versioning {{(pid=102974) process_request /opt/stack/glance/glance/api/middleware/version_negotiation.py:57}}
Jul 19 16:16:30.674630 np0000005444 devstack@g-api.service[102974]: DEBUG glance.api.middleware.version_negotiation [None req-607e1ef4-697f-44bd-a235-672531fd98e4 tempest-TaggedBootDevicesTest-975828915 tempest-TaggedBootDevicesTest-975828915-project-member] Matched version: v2 {{(pid=102974) process_request /opt/stack/glance/glance/api/middleware/version_negotiation.py:69}}
Jul 19 16:16:30.674630 np0000005444 devstack@g-api.service[102974]: DEBUG glance.api.middleware.version_negotiation [None req-607e1ef4-697f-44bd-a235-672531fd98e4 tempest-TaggedBootDevicesTest-975828915 tempest-TaggedBootDevicesTest-975828915-project-member] new path /v2/images/a168524d-9957-4b44-9284-3ce77be3624c {{(pid=102974) process_request /opt/stack/glance/glance/api/middleware/version_negotiation.py:70}}
Jul 19 16:16:30.682103 np0000005444 devstack@g-api.service[102976]: DEBUG swiftclient [None req-b0f415d4-f376-47c0-a6aa-ff6d591d6612 tempest-AttachSCSIVolumeTestJSON-365196788 tempest-AttachSCSIVolumeTestJSON-365196788-project-admin] REQ: curl -i https://10.4.3.67:8080/v1/AUTH_310eddbd29c745049074a888a59ed6f8/glance/4af777bd-1080-4961-8abf-cc325311ee38-00001 -X PUT -H "X-Auth-Token: gAAAAABqXPhe6CH3..." {{(pid=102976) http_log /opt/stack/data/venv/lib/python3.12/site-packages/swiftclient/client.py:160}}
Jul 19 16:16:30.682206 np0000005444 devstack@g-api.service[102976]: DEBUG swiftclient [None req-b0f415d4-f376-47c0-a6aa-ff6d591d6612 tempest-AttachSCSIVolumeTestJSON-365196788 tempest-AttachSCSIVolumeTestJSON-365196788-project-admin] RESP STATUS: 201 Created {{(pid=102976) http_log /opt/stack/data/venv/lib/python3.12/site-packages/swiftclient/client.py:161}}
Jul 19 16:16:30.682389 np0000005444 devstack@g-api.service[102976]: DEBUG swiftclient [None req-b0f415d4-f376-47c0-a6aa-ff6d591d6612 tempest-AttachSCSIVolumeTestJSON-365196788 tempest-AttachSCSIVolumeTestJSON-365196788-project-admin] RESP HEADERS: {'Date': 'Sun, 19 Jul 2026 16:16:30 GMT', 'Server': 'Apache/2.4.58 (Ubuntu)', 'Content-Type': 'text/html; charset=UTF-8', 'Content-Length': '0', 'Etag': '87617e24a5e30cb3b87fda8c0764838f', 'Last-Modified': 'Sun, 19 Jul 2026 16:16:31 GMT', 'X-Trans-Id': 'txd14881bc843f4719aaa14-006a5cf85e', 'X-Openstack-Request-Id': 'txd14881bc843f4719aaa14-006a5cf85e', 'Connection': 'close'} {{(pid=102976) http_log /opt/stack/data/venv/lib/python3.12/site-packages/swiftclient/client.py:162}}
Jul 19 16:16:30.682485 np0000005444 devstack@g-api.service[102976]: DEBUG glance_store._drivers.swift.store [None req-b0f415d4-f376-47c0-a6aa-ff6d591d6612 tempest-AttachSCSIVolumeTestJSON-365196788 tempest-AttachSCSIVolumeTestJSON-365196788-project-admin] Wrote chunk 4af777bd-1080-4961-8abf-cc325311ee38-00001 (1/?) of length 21692416 to Swift returning MD5 of content: 87617e24a5e30cb3b87fda8c0764838f {{(pid=102976) add /opt/stack/data/venv/lib/python3.12/site-packages/glance_store/_drivers/swift/store.py:1059}}
Jul 19 16:16:30.682730 np0000005444 devstack@g-api.service[102976]: DEBUG glance_store._drivers.swift.store [None req-b0f415d4-f376-47c0-a6aa-ff6d591d6612 tempest-AttachSCSIVolumeTestJSON-365196788 tempest-AttachSCSIVolumeTestJSON-365196788-project-admin] Not writing zero-length chunk. {{(pid=102976) add /opt/stack/data/venv/lib/python3.12/site-packages/glance_store/_drivers/swift/store.py:1028}}
Jul 19 16:16:30.690465 np0000005444 devstack@g-api.service[102974]: [pid: 102974|app: 0|req: 12/43] 127.0.0.1 () {44 vars in 1111 bytes} [Sun Jul 19 16:16:30 2026] GET /v2/images/a168524d-9957-4b44-9284-3ce77be3624c => generated 1044 bytes in 16 msecs (HTTP/1.1 200) 4 headers in 158 bytes (1 switches on core 0)
Jul 19 16:16:30.701618 np0000005444 devstack@g-api.service[102977]: DEBUG glance.api.middleware.version_negotiation [None req-607e1ef4-697f-44bd-a235-672531fd98e4 tempest-TaggedBootDevicesTest-975828915 tempest-TaggedBootDevicesTest-975828915-project-member] Determining version of request: GET /v2/schemas/image Accept: */* {{(pid=102977) process_request /opt/stack/glance/glance/api/middleware/version_negotiation.py:44}}
Jul 19 16:16:30.701845 np0000005444 devstack@g-api.service[102977]: DEBUG glance.api.middleware.version_negotiation [None req-607e1ef4-697f-44bd-a235-672531fd98e4 tempest-TaggedBootDevicesTest-975828915 tempest-TaggedBootDevicesTest-975828915-project-member] Using url versioning {{(pid=102977) process_request /opt/stack/glance/glance/api/middleware/version_negotiation.py:57}}
Jul 19 16:16:30.701942 np0000005444 devstack@g-api.service[102977]: DEBUG glance.api.middleware.version_negotiation [None req-607e1ef4-697f-44bd-a235-672531fd98e4 tempest-TaggedBootDevicesTest-975828915 tempest-TaggedBootDevicesTest-975828915-project-member] Matched version: v2 {{(pid=102977) process_request /opt/stack/glance/glance/api/middleware/version_negotiation.py:69}}
Jul 19 16:16:30.702032 np0000005444 devstack@g-api.service[102977]: DEBUG glance.api.middleware.version_negotiation [None req-607e1ef4-697f-44bd-a235-672531fd98e4 tempest-TaggedBootDevicesTest-975828915 tempest-TaggedBootDevicesTest-975828915-project-member] new path /v2/schemas/image {{(pid=102977) process_request /opt/stack/glance/glance/api/middleware/version_negotiation.py:70}}
Jul 19 16:16:30.705451 np0000005444 devstack@g-api.service[102977]: [pid: 102977|app: 0|req: 13/44] 127.0.0.1 () {44 vars in 1051 bytes} [Sun Jul 19 16:16:30 2026] GET /v2/schemas/image => generated 6083 bytes in 4 msecs (HTTP/1.1 200) 4 headers in 158 bytes (1 switches on core 0)
Jul 19 16:16:30.713431 np0000005444 devstack@g-api.service[102976]: DEBUG swiftclient [None req-b0f415d4-f376-47c0-a6aa-ff6d591d6612 tempest-AttachSCSIVolumeTestJSON-365196788 tempest-AttachSCSIVolumeTestJSON-365196788-project-admin] REQ: curl -i https://10.4.3.67:8080/v1/AUTH_310eddbd29c745049074a888a59ed6f8/glance/4af777bd-1080-4961-8abf-cc325311ee38 -X PUT -H "X-Object-Manifest: glance/4af777bd-1080-4961-8abf-cc325311ee38-" -H "X-Auth-Token: gAAAAABqXPhe6CH3..." -H "Content-Length: 0" {{(pid=102976) http_log /opt/stack/data/venv/lib/python3.12/site-packages/swiftclient/client.py:160}}
Jul 19 16:16:30.713431 np0000005444 devstack@g-api.service[102976]: DEBUG swiftclient [None req-b0f415d4-f376-47c0-a6aa-ff6d591d6612 tempest-AttachSCSIVolumeTestJSON-365196788 tempest-AttachSCSIVolumeTestJSON-365196788-project-admin] RESP STATUS: 201 Created {{(pid=102976) http_log /opt/stack/data/venv/lib/python3.12/site-packages/swiftclient/client.py:161}}
Jul 19 16:16:30.713431 np0000005444 devstack@g-api.service[102976]: DEBUG swiftclient [None req-b0f415d4-f376-47c0-a6aa-ff6d591d6612 tempest-AttachSCSIVolumeTestJSON-365196788 tempest-AttachSCSIVolumeTestJSON-365196788-project-admin] RESP HEADERS: {'Date': 'Sun, 19 Jul 2026 16:16:30 GMT', 'Server': 'Apache/2.4.58 (Ubuntu)', 'Content-Type': 'text/html; charset=UTF-8', 'Content-Length': '0', 'Etag': 'd41d8cd98f00b204e9800998ecf8427e', 'Last-Modified': 'Sun, 19 Jul 2026 16:16:31 GMT', 'X-Trans-Id': 'tx91457f79b4254c098deb7-006a5cf85e', 'X-Openstack-Request-Id': 'tx91457f79b4254c098deb7-006a5cf85e', 'Connection': 'close'} {{(pid=102976) http_log /opt/stack/data/venv/lib/python3.12/site-packages/swiftclient/client.py:162}}
Jul 19 16:16:30.713674 np0000005444 devstack@g-api.service[102976]: INFO glance.location [None req-b0f415d4-f376-47c0-a6aa-ff6d591d6612 tempest-AttachSCSIVolumeTestJSON-365196788 tempest-AttachSCSIVolumeTestJSON-365196788-project-admin] Image format matched and virtual size computed: 117440512
Jul 19 16:16:30.720807 np0000005444 devstack@g-api.service[102975]: DEBUG glance.api.middleware.version_negotiation [None req-607e1ef4-697f-44bd-a235-672531fd98e4 service glance] Determining version of request: GET /v2/schemas/image Accept: */* {{(pid=102975) process_request /opt/stack/glance/glance/api/middleware/version_negotiation.py:44}}
Jul 19 16:16:30.720807 np0000005444 devstack@g-api.service[102975]: DEBUG glance.api.middleware.version_negotiation [None req-607e1ef4-697f-44bd-a235-672531fd98e4 service glance] Using url versioning {{(pid=102975) process_request /opt/stack/glance/glance/api/middleware/version_negotiation.py:57}}
Jul 19 16:16:30.720807 np0000005444 devstack@g-api.service[102975]: DEBUG glance.api.middleware.version_negotiation [None req-607e1ef4-697f-44bd-a235-672531fd98e4 service glance] Matched version: v2 {{(pid=102975) process_request /opt/stack/glance/glance/api/middleware/version_negotiation.py:69}}
Jul 19 16:16:30.720807 np0000005444 devstack@g-api.service[102975]: DEBUG glance.api.middleware.version_negotiation [None req-607e1ef4-697f-44bd-a235-672531fd98e4 service glance] new path /v2/schemas/image {{(pid=102975) process_request /opt/stack/glance/glance/api/middleware/version_negotiation.py:70}}
Jul 19 16:16:30.724859 np0000005444 devstack@g-api.service[102975]: [pid: 102975|app: 0|req: 13/45] 127.0.0.1 () {44 vars in 1051 bytes} [Sun Jul 19 16:16:30 2026] GET /v2/schemas/image => generated 6083 bytes in 5 msecs (HTTP/1.1 200) 4 headers in 158 bytes (1 switches on core 0)
Jul 19 16:16:30.739733 np0000005444 devstack@g-api.service[102976]: DEBUG glance_store.backend [None req-b0f415d4-f376-47c0-a6aa-ff6d591d6612 tempest-AttachSCSIVolumeTestJSON-365196788 tempest-AttachSCSIVolumeTestJSON-365196788-project-admin] Attempting to import store swift {{(pid=102976) _load_store /opt/stack/data/venv/lib/python3.12/site-packages/glance_store/backend.py:215}}
Jul 19 16:16:30.741475 np0000005444 devstack@g-api.service[102976]: DEBUG glance_store.capabilities [None req-b0f415d4-f376-47c0-a6aa-ff6d591d6612 tempest-AttachSCSIVolumeTestJSON-365196788 tempest-AttachSCSIVolumeTestJSON-365196788-project-admin] Store glance_store._drivers.swift.store.SingleTenantStore doesn't support updating dynamic storage capabilities. Please overwrite 'update_capabilities' method of the store to implement updating logics if needed. {{(pid=102976) update_capabilities /opt/stack/data/venv/lib/python3.12/site-packages/glance_store/capabilities.py:91}}
Jul 19 16:16:30.741550 np0000005444 devstack@g-api.service[102976]: DEBUG glance_store.driver [None req-b0f415d4-f376-47c0-a6aa-ff6d591d6612 tempest-AttachSCSIVolumeTestJSON-365196788 tempest-AttachSCSIVolumeTestJSON-365196788-project-admin] Late loading location class glance_store._drivers.swift.store.StoreLocation {{(pid=102976) get_store_location_class /opt/stack/data/venv/lib/python3.12/site-packages/glance_store/driver.py:134}}
Jul 19 16:16:30.741678 np0000005444 devstack@g-api.service[102976]: DEBUG glance_store.location [None req-b0f415d4-f376-47c0-a6aa-ff6d591d6612 tempest-AttachSCSIVolumeTestJSON-365196788 tempest-AttachSCSIVolumeTestJSON-365196788-project-admin] Registering scheme swift+https with {'store': , 'location_class': , 'store_entry': 'swift'} {{(pid=102976) register_scheme_map /opt/stack/data/venv/lib/python3.12/site-packages/glance_store/location.py:146}}
Jul 19 16:16:30.741790 np0000005444 devstack@g-api.service[102976]: DEBUG glance_store.location [None req-b0f415d4-f376-47c0-a6aa-ff6d591d6612 tempest-AttachSCSIVolumeTestJSON-365196788 tempest-AttachSCSIVolumeTestJSON-365196788-project-admin] Registering scheme swift+https with {'store': , 'location_class': , 'store_entry': 'swift'} {{(pid=102976) register_scheme_map /opt/stack/data/venv/lib/python3.12/site-packages/glance_store/location.py:146}}
Jul 19 16:16:30.741891 np0000005444 devstack@g-api.service[102976]: DEBUG glance_store.location [None req-b0f415d4-f376-47c0-a6aa-ff6d591d6612 tempest-AttachSCSIVolumeTestJSON-365196788 tempest-AttachSCSIVolumeTestJSON-365196788-project-admin] Registering scheme swift with {'store': , 'location_class': , 'store_entry': 'swift'} {{(pid=102976) register_scheme_map /opt/stack/data/venv/lib/python3.12/site-packages/glance_store/location.py:146}}
Jul 19 16:16:30.742008 np0000005444 devstack@g-api.service[102976]: DEBUG glance_store.location [None req-b0f415d4-f376-47c0-a6aa-ff6d591d6612 tempest-AttachSCSIVolumeTestJSON-365196788 tempest-AttachSCSIVolumeTestJSON-365196788-project-admin] Registering scheme swift+https with {'store': , 'location_class': , 'store_entry': 'swift'} {{(pid=102976) register_scheme_map /opt/stack/data/venv/lib/python3.12/site-packages/glance_store/location.py:146}}
Jul 19 16:16:30.742146 np0000005444 devstack@g-api.service[102976]: DEBUG glance_store.location [None req-b0f415d4-f376-47c0-a6aa-ff6d591d6612 tempest-AttachSCSIVolumeTestJSON-365196788 tempest-AttachSCSIVolumeTestJSON-365196788-project-admin] Registering scheme swift with {'store': , 'location_class': , 'store_entry': 'swift'} {{(pid=102976) register_scheme_map /opt/stack/data/venv/lib/python3.12/site-packages/glance_store/location.py:146}}
Jul 19 16:16:30.742288 np0000005444 devstack@g-api.service[102976]: DEBUG glance_store.location [None req-b0f415d4-f376-47c0-a6aa-ff6d591d6612 tempest-AttachSCSIVolumeTestJSON-365196788 tempest-AttachSCSIVolumeTestJSON-365196788-project-admin] Registering scheme swift+http with {'store': , 'location_class': , 'store_entry': 'swift'} {{(pid=102976) register_scheme_map /opt/stack/data/venv/lib/python3.12/site-packages/glance_store/location.py:146}}
Jul 19 16:16:30.742400 np0000005444 devstack@g-api.service[102976]: DEBUG glance_store.location [None req-b0f415d4-f376-47c0-a6aa-ff6d591d6612 tempest-AttachSCSIVolumeTestJSON-365196788 tempest-AttachSCSIVolumeTestJSON-365196788-project-admin] Registering scheme swift+https with {'store': , 'location_class': , 'store_entry': 'swift'} {{(pid=102976) register_scheme_map /opt/stack/data/venv/lib/python3.12/site-packages/glance_store/location.py:146}}
Jul 19 16:16:30.742587 np0000005444 devstack@g-api.service[102976]: DEBUG glance_store.location [None req-b0f415d4-f376-47c0-a6aa-ff6d591d6612 tempest-AttachSCSIVolumeTestJSON-365196788 tempest-AttachSCSIVolumeTestJSON-365196788-project-admin] Registering scheme swift with {'store': , 'location_class': , 'store_entry': 'swift'} {{(pid=102976) register_scheme_map /opt/stack/data/venv/lib/python3.12/site-packages/glance_store/location.py:146}}
Jul 19 16:16:30.742587 np0000005444 devstack@g-api.service[102976]: DEBUG glance_store.location [None req-b0f415d4-f376-47c0-a6aa-ff6d591d6612 tempest-AttachSCSIVolumeTestJSON-365196788 tempest-AttachSCSIVolumeTestJSON-365196788-project-admin] Registering scheme swift+http with {'store': , 'location_class': , 'store_entry': 'swift'} {{(pid=102976) register_scheme_map /opt/stack/data/venv/lib/python3.12/site-packages/glance_store/location.py:146}}
Jul 19 16:16:30.742739 np0000005444 devstack@g-api.service[102976]: DEBUG glance_store.location [None req-b0f415d4-f376-47c0-a6aa-ff6d591d6612 tempest-AttachSCSIVolumeTestJSON-365196788 tempest-AttachSCSIVolumeTestJSON-365196788-project-admin] Registering scheme swift+config with {'store': , 'location_class': , 'store_entry': 'swift'} {{(pid=102976) register_scheme_map /opt/stack/data/venv/lib/python3.12/site-packages/glance_store/location.py:146}}
Jul 19 16:16:30.742739 np0000005444 devstack@g-api.service[102976]: DEBUG glance_store.backend [None req-b0f415d4-f376-47c0-a6aa-ff6d591d6612 tempest-AttachSCSIVolumeTestJSON-365196788 tempest-AttachSCSIVolumeTestJSON-365196788-project-admin] Skipping store.set_acls... not implemented. {{(pid=102976) set_acls /opt/stack/data/venv/lib/python3.12/site-packages/glance_store/backend.py:507}}
Jul 19 16:16:30.745648 np0000005444 devstack@g-api.service[102976]: [pid: 102976|app: 0|req: 8/46] 127.0.0.1 () {40 vars in 854 bytes} [Sun Jul 19 16:16:28 2026] PUT /v2/images/4af777bd-1080-4961-8abf-cc325311ee38/file => generated 0 bytes in 2139 msecs (HTTP/1.1 204) 4 headers in 171 bytes (1 switches on core 0)
Jul 19 16:16:30.763254 np0000005444 devstack@g-api.service[102974]: DEBUG glance.api.middleware.version_negotiation [None req-607e1ef4-697f-44bd-a235-672531fd98e4 tempest-TaggedBootDevicesTest-975828915 tempest-TaggedBootDevicesTest-975828915-project-member] Determining version of request: GET /v2/images/a168524d-9957-4b44-9284-3ce77be3624c Accept: */* {{(pid=102974) process_request /opt/stack/glance/glance/api/middleware/version_negotiation.py:44}}
Jul 19 16:16:30.763254 np0000005444 devstack@g-api.service[102974]: DEBUG glance.api.middleware.version_negotiation [None req-607e1ef4-697f-44bd-a235-672531fd98e4 tempest-TaggedBootDevicesTest-975828915 tempest-TaggedBootDevicesTest-975828915-project-member] Using url versioning {{(pid=102974) process_request /opt/stack/glance/glance/api/middleware/version_negotiation.py:57}}
Jul 19 16:16:30.763254 np0000005444 devstack@g-api.service[102974]: DEBUG glance.api.middleware.version_negotiation [None req-607e1ef4-697f-44bd-a235-672531fd98e4 tempest-TaggedBootDevicesTest-975828915 tempest-TaggedBootDevicesTest-975828915-project-member] Matched version: v2 {{(pid=102974) process_request /opt/stack/glance/glance/api/middleware/version_negotiation.py:69}}
Jul 19 16:16:30.763254 np0000005444 devstack@g-api.service[102974]: DEBUG glance.api.middleware.version_negotiation [None req-607e1ef4-697f-44bd-a235-672531fd98e4 tempest-TaggedBootDevicesTest-975828915 tempest-TaggedBootDevicesTest-975828915-project-member] new path /v2/images/a168524d-9957-4b44-9284-3ce77be3624c {{(pid=102974) process_request /opt/stack/glance/glance/api/middleware/version_negotiation.py:70}}
Jul 19 16:16:30.773820 np0000005444 devstack@g-api.service[102974]: [pid: 102974|app: 0|req: 13/47] 127.0.0.1 () {44 vars in 1111 bytes} [Sun Jul 19 16:16:30 2026] GET /v2/images/a168524d-9957-4b44-9284-3ce77be3624c => generated 1044 bytes in 11 msecs (HTTP/1.1 200) 4 headers in 158 bytes (1 switches on core 0)
Jul 19 16:16:30.785598 np0000005444 devstack@g-api.service[102977]: DEBUG glance.api.middleware.version_negotiation [None req-607e1ef4-697f-44bd-a235-672531fd98e4 tempest-TaggedBootDevicesTest-975828915 tempest-TaggedBootDevicesTest-975828915-project-member] Determining version of request: GET /v2/images/a168524d-9957-4b44-9284-3ce77be3624c/file Accept: */* {{(pid=102977) process_request /opt/stack/glance/glance/api/middleware/version_negotiation.py:44}}
Jul 19 16:16:30.785774 np0000005444 devstack@g-api.service[102977]: DEBUG glance.api.middleware.version_negotiation [None req-607e1ef4-697f-44bd-a235-672531fd98e4 tempest-TaggedBootDevicesTest-975828915 tempest-TaggedBootDevicesTest-975828915-project-member] Using url versioning {{(pid=102977) process_request /opt/stack/glance/glance/api/middleware/version_negotiation.py:57}}
Jul 19 16:16:30.785888 np0000005444 devstack@g-api.service[102977]: DEBUG glance.api.middleware.version_negotiation [None req-607e1ef4-697f-44bd-a235-672531fd98e4 tempest-TaggedBootDevicesTest-975828915 tempest-TaggedBootDevicesTest-975828915-project-member] Matched version: v2 {{(pid=102977) process_request /opt/stack/glance/glance/api/middleware/version_negotiation.py:69}}
Jul 19 16:16:30.785994 np0000005444 devstack@g-api.service[102977]: DEBUG glance.api.middleware.version_negotiation [None req-607e1ef4-697f-44bd-a235-672531fd98e4 tempest-TaggedBootDevicesTest-975828915 tempest-TaggedBootDevicesTest-975828915-project-member] new path /v2/images/a168524d-9957-4b44-9284-3ce77be3624c/file {{(pid=102977) process_request /opt/stack/glance/glance/api/middleware/version_negotiation.py:70}}
Jul 19 16:16:30.797182 np0000005444 devstack@g-api.service[102977]: DEBUG glance.api.middleware.cache [None req-607e1ef4-697f-44bd-a235-672531fd98e4 tempest-TaggedBootDevicesTest-975828915 tempest-TaggedBootDevicesTest-975828915-project-member] Cache hit for image 'a168524d-9957-4b44-9284-3ce77be3624c' {{(pid=102977) process_request /opt/stack/glance/glance/api/middleware/cache.py:160}}
Jul 19 16:16:30.872581 np0000005444 devstack@g-api.service[102977]: [pid: 102977|app: 0|req: 14/48] 127.0.0.1 () {44 vars in 1121 bytes} [Sun Jul 19 16:16:30 2026] GET /v2/images/a168524d-9957-4b44-9284-3ce77be3624c/file => generated 21692416 bytes in 87 msecs (HTTP/1.1 200) 5 headers in 217 bytes (338 switches on core 0)
Jul 19 16:16:30.947766 np0000005444 devstack@g-api.service[102975]: DEBUG glance.api.middleware.version_negotiation [None req-607e1ef4-697f-44bd-a235-672531fd98e4 tempest-TaggedBootDevicesTest-975828915 tempest-TaggedBootDevicesTest-975828915-project-member] Determining version of request: GET /v2/images/a168524d-9957-4b44-9284-3ce77be3624c Accept: */* {{(pid=102975) process_request /opt/stack/glance/glance/api/middleware/version_negotiation.py:44}}
Jul 19 16:16:30.948858 np0000005444 devstack@g-api.service[102975]: DEBUG glance.api.middleware.version_negotiation [None req-607e1ef4-697f-44bd-a235-672531fd98e4 tempest-TaggedBootDevicesTest-975828915 tempest-TaggedBootDevicesTest-975828915-project-member] Using url versioning {{(pid=102975) process_request /opt/stack/glance/glance/api/middleware/version_negotiation.py:57}}
Jul 19 16:16:30.948858 np0000005444 devstack@g-api.service[102975]: DEBUG glance.api.middleware.version_negotiation [None req-607e1ef4-697f-44bd-a235-672531fd98e4 tempest-TaggedBootDevicesTest-975828915 tempest-TaggedBootDevicesTest-975828915-project-member] Matched version: v2 {{(pid=102975) process_request /opt/stack/glance/glance/api/middleware/version_negotiation.py:69}}
Jul 19 16:16:30.948858 np0000005444 devstack@g-api.service[102975]: DEBUG glance.api.middleware.version_negotiation [None req-607e1ef4-697f-44bd-a235-672531fd98e4 tempest-TaggedBootDevicesTest-975828915 tempest-TaggedBootDevicesTest-975828915-project-member] new path /v2/images/a168524d-9957-4b44-9284-3ce77be3624c {{(pid=102975) process_request /opt/stack/glance/glance/api/middleware/version_negotiation.py:70}}
Jul 19 16:16:30.966739 np0000005444 devstack@g-api.service[102975]: [pid: 102975|app: 0|req: 14/49] 127.0.0.1 () {44 vars in 1111 bytes} [Sun Jul 19 16:16:30 2026] GET /v2/images/a168524d-9957-4b44-9284-3ce77be3624c => generated 1044 bytes in 19 msecs (HTTP/1.1 200) 4 headers in 158 bytes (1 switches on core 0)
Jul 19 16:16:30.975769 np0000005444 devstack@g-api.service[102976]: DEBUG glance.api.middleware.version_negotiation [None req-b0f415d4-f376-47c0-a6aa-ff6d591d6612 tempest-AttachSCSIVolumeTestJSON-365196788 tempest-AttachSCSIVolumeTestJSON-365196788-project-admin] Determining version of request: GET /v2/schemas/image Accept: */* {{(pid=102976) process_request /opt/stack/glance/glance/api/middleware/version_negotiation.py:44}}
