May 18 16:25:02.860795 np0000000962 devstack@g-api.service[98549]: DEBUG glance.api.middleware.version_negotiation [None req-276d14dd-d8a0-437f-8dec-59ec88834910 tempest-ServerStableDeviceRescueTest-1980616913 tempest-ServerStableDeviceRescueTest-1980616913-project-member] Determining version of request: PATCH /v2/images/d54792da-4722-40fa-bb2c-ee99b4abda30 Accept: */* {{(pid=98549) process_request /opt/stack/glance/glance/api/middleware/version_negotiation.py:44}}
May 18 16:25:02.861725 np0000000962 devstack@g-api.service[98549]: DEBUG glance.api.middleware.version_negotiation [None req-276d14dd-d8a0-437f-8dec-59ec88834910 tempest-ServerStableDeviceRescueTest-1980616913 tempest-ServerStableDeviceRescueTest-1980616913-project-member] Using url versioning {{(pid=98549) process_request /opt/stack/glance/glance/api/middleware/version_negotiation.py:57}}
May 18 16:25:02.863164 np0000000962 devstack@g-api.service[98549]: DEBUG glance.api.middleware.version_negotiation [None req-276d14dd-d8a0-437f-8dec-59ec88834910 tempest-ServerStableDeviceRescueTest-1980616913 tempest-ServerStableDeviceRescueTest-1980616913-project-member] Matched version: v2 {{(pid=98549) process_request /opt/stack/glance/glance/api/middleware/version_negotiation.py:69}}
May 18 16:25:02.863827 np0000000962 devstack@g-api.service[98549]: DEBUG glance.api.middleware.version_negotiation [None req-276d14dd-d8a0-437f-8dec-59ec88834910 tempest-ServerStableDeviceRescueTest-1980616913 tempest-ServerStableDeviceRescueTest-1980616913-project-member] new path /v2/images/d54792da-4722-40fa-bb2c-ee99b4abda30 {{(pid=98549) process_request /opt/stack/glance/glance/api/middleware/version_negotiation.py:70}}
May 18 16:25:03.104917 np0000000962 devstack@g-api.service[98549]: [pid: 98549|app: 0|req: 98/199] 127.0.0.1 () {46 vars in 1158 bytes} [Mon May 18 16:25:02 2026] PATCH /v2/images/d54792da-4722-40fa-bb2c-ee99b4abda30 => generated 1446 bytes in 246 msecs (HTTP/1.1 200) 4 headers in 158 bytes (1 switches on core 0)
May 18 16:25:03.162754 np0000000962 devstack@g-api.service[98548]: DEBUG glance.api.middleware.version_negotiation [None req-276d14dd-d8a0-437f-8dec-59ec88834910 tempest-ServerStableDeviceRescueTest-1980616913 tempest-ServerStableDeviceRescueTest-1980616913-project-member] Determining version of request: GET /v2/images/d54792da-4722-40fa-bb2c-ee99b4abda30 Accept: */* {{(pid=98548) process_request /opt/stack/glance/glance/api/middleware/version_negotiation.py:44}}
May 18 16:25:03.163305 np0000000962 devstack@g-api.service[98548]: DEBUG glance.api.middleware.version_negotiation [None req-276d14dd-d8a0-437f-8dec-59ec88834910 tempest-ServerStableDeviceRescueTest-1980616913 tempest-ServerStableDeviceRescueTest-1980616913-project-member] Using url versioning {{(pid=98548) process_request /opt/stack/glance/glance/api/middleware/version_negotiation.py:57}}
May 18 16:25:03.163305 np0000000962 devstack@g-api.service[98548]: DEBUG glance.api.middleware.version_negotiation [None req-276d14dd-d8a0-437f-8dec-59ec88834910 tempest-ServerStableDeviceRescueTest-1980616913 tempest-ServerStableDeviceRescueTest-1980616913-project-member] Matched version: v2 {{(pid=98548) process_request /opt/stack/glance/glance/api/middleware/version_negotiation.py:69}}
May 18 16:25:03.163305 np0000000962 devstack@g-api.service[98548]: DEBUG glance.api.middleware.version_negotiation [None req-276d14dd-d8a0-437f-8dec-59ec88834910 tempest-ServerStableDeviceRescueTest-1980616913 tempest-ServerStableDeviceRescueTest-1980616913-project-member] new path /v2/images/d54792da-4722-40fa-bb2c-ee99b4abda30 {{(pid=98548) process_request /opt/stack/glance/glance/api/middleware/version_negotiation.py:70}}
May 18 16:25:03.170271 np0000000962 devstack@g-api.service[98549]: DEBUG glance.api.middleware.version_negotiation [None req-276d14dd-d8a0-437f-8dec-59ec88834910 tempest-ServerStableDeviceRescueTest-1980616913 tempest-ServerStableDeviceRescueTest-1980616913-project-member] Determining version of request: GET /v2/images/d54792da-4722-40fa-bb2c-ee99b4abda30 Accept: */* {{(pid=98549) process_request /opt/stack/glance/glance/api/middleware/version_negotiation.py:44}}
May 18 16:25:03.170470 np0000000962 devstack@g-api.service[98549]: DEBUG glance.api.middleware.version_negotiation [None req-276d14dd-d8a0-437f-8dec-59ec88834910 tempest-ServerStableDeviceRescueTest-1980616913 tempest-ServerStableDeviceRescueTest-1980616913-project-member] Using url versioning {{(pid=98549) process_request /opt/stack/glance/glance/api/middleware/version_negotiation.py:57}}
May 18 16:25:03.170634 np0000000962 devstack@g-api.service[98549]: DEBUG glance.api.middleware.version_negotiation [None req-276d14dd-d8a0-437f-8dec-59ec88834910 tempest-ServerStableDeviceRescueTest-1980616913 tempest-ServerStableDeviceRescueTest-1980616913-project-member] Matched version: v2 {{(pid=98549) process_request /opt/stack/glance/glance/api/middleware/version_negotiation.py:69}}
May 18 16:25:03.170786 np0000000962 devstack@g-api.service[98549]: DEBUG glance.api.middleware.version_negotiation [None req-276d14dd-d8a0-437f-8dec-59ec88834910 tempest-ServerStableDeviceRescueTest-1980616913 tempest-ServerStableDeviceRescueTest-1980616913-project-member] new path /v2/images/d54792da-4722-40fa-bb2c-ee99b4abda30 {{(pid=98549) process_request /opt/stack/glance/glance/api/middleware/version_negotiation.py:70}}
May 18 16:25:03.178287 np0000000962 devstack@g-api.service[98548]: [pid: 98548|app: 0|req: 102/200] 127.0.0.1 () {44 vars in 1115 bytes} [Mon May 18 16:25:03 2026] GET /v2/images/d54792da-4722-40fa-bb2c-ee99b4abda30 => generated 1446 bytes in 16 msecs (HTTP/1.1 200) 4 headers in 158 bytes (1 switches on core 0)
May 18 16:25:03.180729 np0000000962 devstack@g-api.service[98549]: [pid: 98549|app: 0|req: 99/201] 127.0.0.1 () {44 vars in 1115 bytes} [Mon May 18 16:25:03 2026] GET /v2/images/d54792da-4722-40fa-bb2c-ee99b4abda30 => generated 1446 bytes in 10 msecs (HTTP/1.1 200) 4 headers in 158 bytes (1 switches on core 0)
May 18 16:25:03.223311 np0000000962 devstack@g-api.service[98548]: DEBUG glance.api.middleware.version_negotiation [None req-76a38472-2dd1-4470-86d8-de454abd7ec3 tempest-ServerStableDeviceRescueTest-1980616913 tempest-ServerStableDeviceRescueTest-1980616913-project-member] Determining version of request: GET /v2/schemas/image Accept: */* {{(pid=98548) process_request /opt/stack/glance/glance/api/middleware/version_negotiation.py:44}}
May 18 16:25:03.224238 np0000000962 devstack@g-api.service[98548]: DEBUG glance.api.middleware.version_negotiation [None req-76a38472-2dd1-4470-86d8-de454abd7ec3 tempest-ServerStableDeviceRescueTest-1980616913 tempest-ServerStableDeviceRescueTest-1980616913-project-member] Using url versioning {{(pid=98548) process_request /opt/stack/glance/glance/api/middleware/version_negotiation.py:57}}
May 18 16:25:03.224695 np0000000962 devstack@g-api.service[98548]: DEBUG glance.api.middleware.version_negotiation [None req-76a38472-2dd1-4470-86d8-de454abd7ec3 tempest-ServerStableDeviceRescueTest-1980616913 tempest-ServerStableDeviceRescueTest-1980616913-project-member] Matched version: v2 {{(pid=98548) process_request /opt/stack/glance/glance/api/middleware/version_negotiation.py:69}}
May 18 16:25:03.225163 np0000000962 devstack@g-api.service[98548]: DEBUG glance.api.middleware.version_negotiation [None req-76a38472-2dd1-4470-86d8-de454abd7ec3 tempest-ServerStableDeviceRescueTest-1980616913 tempest-ServerStableDeviceRescueTest-1980616913-project-member] new path /v2/schemas/image {{(pid=98548) process_request /opt/stack/glance/glance/api/middleware/version_negotiation.py:70}}
May 18 16:25:03.227172 np0000000962 devstack@g-api.service[98548]: [pid: 98548|app: 0|req: 103/202] 127.0.0.1 () {44 vars in 1055 bytes} [Mon May 18 16:25:03 2026] GET /v2/schemas/image => generated 6083 bytes in 4 msecs (HTTP/1.1 200) 4 headers in 158 bytes (1 switches on core 0)
May 18 16:25:03.228239 np0000000962 devstack@g-api.service[98549]: DEBUG glance.api.middleware.version_negotiation [None req-276d14dd-d8a0-437f-8dec-59ec88834910 tempest-ServerStableDeviceRescueTest-1980616913 tempest-ServerStableDeviceRescueTest-1980616913-project-member] Determining version of request: PUT /v2/images/d54792da-4722-40fa-bb2c-ee99b4abda30/file Accept: */* {{(pid=98549) process_request /opt/stack/glance/glance/api/middleware/version_negotiation.py:44}}
May 18 16:25:03.230672 np0000000962 devstack@g-api.service[98549]: DEBUG glance.api.middleware.version_negotiation [None req-276d14dd-d8a0-437f-8dec-59ec88834910 tempest-ServerStableDeviceRescueTest-1980616913 tempest-ServerStableDeviceRescueTest-1980616913-project-member] Using url versioning {{(pid=98549) process_request /opt/stack/glance/glance/api/middleware/version_negotiation.py:57}}
May 18 16:25:03.232944 np0000000962 devstack@g-api.service[98549]: DEBUG glance.api.middleware.version_negotiation [None req-276d14dd-d8a0-437f-8dec-59ec88834910 tempest-ServerStableDeviceRescueTest-1980616913 tempest-ServerStableDeviceRescueTest-1980616913-project-member] Matched version: v2 {{(pid=98549) process_request /opt/stack/glance/glance/api/middleware/version_negotiation.py:69}}
May 18 16:25:03.233104 np0000000962 devstack@g-api.service[98549]: DEBUG glance.api.middleware.version_negotiation [None req-276d14dd-d8a0-437f-8dec-59ec88834910 tempest-ServerStableDeviceRescueTest-1980616913 tempest-ServerStableDeviceRescueTest-1980616913-project-member] new path /v2/images/d54792da-4722-40fa-bb2c-ee99b4abda30/file {{(pid=98549) process_request /opt/stack/glance/glance/api/middleware/version_negotiation.py:70}}
May 18 16:25:03.678422 np0000000962 devstack@g-api.service[98549]: INFO glance.api.v2.image_data [None req-276d14dd-d8a0-437f-8dec-59ec88834910 tempest-ServerStableDeviceRescueTest-1980616913 tempest-ServerStableDeviceRescueTest-1980616913-project-member] Unable to create trust: no such option collect_timing in group [keystone_authtoken] Use the existing user token.
May 18 16:25:04.124951 np0000000962 devstack@g-api.service[98549]: DEBUG glance.location [None req-276d14dd-d8a0-437f-8dec-59ec88834910 tempest-ServerStableDeviceRescueTest-1980616913 tempest-ServerStableDeviceRescueTest-1980616913-project-member] Enabling in-flight format inspection for qcow2 {{(pid=98549) set_data /opt/stack/glance/glance/location.py:616}}
May 18 16:25:04.124951 np0000000962 devstack@g-api.service[98549]: DEBUG glance_store.backend [None req-276d14dd-d8a0-437f-8dec-59ec88834910 tempest-ServerStableDeviceRescueTest-1980616913 tempest-ServerStableDeviceRescueTest-1980616913-project-member] Attempting to import store swift {{(pid=98549) _load_store /opt/stack/data/venv/lib/python3.12/site-packages/glance_store/backend.py:215}}
May 18 16:25:04.127520 np0000000962 devstack@g-api.service[98549]: DEBUG glance_store.capabilities [None req-276d14dd-d8a0-437f-8dec-59ec88834910 tempest-ServerStableDeviceRescueTest-1980616913 tempest-ServerStableDeviceRescueTest-1980616913-project-member] Store glance_store._drivers.swift.store.SingleTenantStore doesn't support updating dynamic storage capabilities. Please overwrite 'update_capabilities' method of the store to implement updating logics if needed. {{(pid=98549) update_capabilities /opt/stack/data/venv/lib/python3.12/site-packages/glance_store/capabilities.py:91}}
May 18 16:25:04.127520 np0000000962 devstack@g-api.service[98549]: DEBUG glance_store.driver [None req-276d14dd-d8a0-437f-8dec-59ec88834910 tempest-ServerStableDeviceRescueTest-1980616913 tempest-ServerStableDeviceRescueTest-1980616913-project-member] Late loading location class glance_store._drivers.swift.store.StoreLocation {{(pid=98549) get_store_location_class /opt/stack/data/venv/lib/python3.12/site-packages/glance_store/driver.py:134}}
May 18 16:25:04.127520 np0000000962 devstack@g-api.service[98549]: DEBUG glance_store.location [None req-276d14dd-d8a0-437f-8dec-59ec88834910 tempest-ServerStableDeviceRescueTest-1980616913 tempest-ServerStableDeviceRescueTest-1980616913-project-member] Registering scheme swift+https with {'store': , 'location_class': , 'store_entry': 'swift'} {{(pid=98549) register_scheme_map /opt/stack/data/venv/lib/python3.12/site-packages/glance_store/location.py:146}}
May 18 16:25:04.127520 np0000000962 devstack@g-api.service[98549]: DEBUG glance_store.location [None req-276d14dd-d8a0-437f-8dec-59ec88834910 tempest-ServerStableDeviceRescueTest-1980616913 tempest-ServerStableDeviceRescueTest-1980616913-project-member] Registering scheme swift+https with {'store': , 'location_class': , 'store_entry': 'swift'} {{(pid=98549) register_scheme_map /opt/stack/data/venv/lib/python3.12/site-packages/glance_store/location.py:146}}
May 18 16:25:04.127520 np0000000962 devstack@g-api.service[98549]: DEBUG glance_store.location [None req-276d14dd-d8a0-437f-8dec-59ec88834910 tempest-ServerStableDeviceRescueTest-1980616913 tempest-ServerStableDeviceRescueTest-1980616913-project-member] Registering scheme swift with {'store': , 'location_class': , 'store_entry': 'swift'} {{(pid=98549) register_scheme_map /opt/stack/data/venv/lib/python3.12/site-packages/glance_store/location.py:146}}
May 18 16:25:04.127520 np0000000962 devstack@g-api.service[98549]: DEBUG glance_store.location [None req-276d14dd-d8a0-437f-8dec-59ec88834910 tempest-ServerStableDeviceRescueTest-1980616913 tempest-ServerStableDeviceRescueTest-1980616913-project-member] Registering scheme swift+https with {'store': , 'location_class': , 'store_entry': 'swift'} {{(pid=98549) register_scheme_map /opt/stack/data/venv/lib/python3.12/site-packages/glance_store/location.py:146}}
May 18 16:25:04.127520 np0000000962 devstack@g-api.service[98549]: DEBUG glance_store.location [None req-276d14dd-d8a0-437f-8dec-59ec88834910 tempest-ServerStableDeviceRescueTest-1980616913 tempest-ServerStableDeviceRescueTest-1980616913-project-member] Registering scheme swift with {'store': , 'location_class': , 'store_entry': 'swift'} {{(pid=98549) register_scheme_map /opt/stack/data/venv/lib/python3.12/site-packages/glance_store/location.py:146}}
May 18 16:25:04.127520 np0000000962 devstack@g-api.service[98549]: DEBUG glance_store.location [None req-276d14dd-d8a0-437f-8dec-59ec88834910 tempest-ServerStableDeviceRescueTest-1980616913 tempest-ServerStableDeviceRescueTest-1980616913-project-member] Registering scheme swift+http with {'store': , 'location_class': , 'store_entry': 'swift'} {{(pid=98549) register_scheme_map /opt/stack/data/venv/lib/python3.12/site-packages/glance_store/location.py:146}}
May 18 16:25:04.127520 np0000000962 devstack@g-api.service[98549]: DEBUG glance_store.location [None req-276d14dd-d8a0-437f-8dec-59ec88834910 tempest-ServerStableDeviceRescueTest-1980616913 tempest-ServerStableDeviceRescueTest-1980616913-project-member] Registering scheme swift+https with {'store': , 'location_class': , 'store_entry': 'swift'} {{(pid=98549) register_scheme_map /opt/stack/data/venv/lib/python3.12/site-packages/glance_store/location.py:146}}
May 18 16:25:04.127520 np0000000962 devstack@g-api.service[98549]: DEBUG glance_store.location [None req-276d14dd-d8a0-437f-8dec-59ec88834910 tempest-ServerStableDeviceRescueTest-1980616913 tempest-ServerStableDeviceRescueTest-1980616913-project-member] Registering scheme swift with {'store': , 'location_class': , 'store_entry': 'swift'} {{(pid=98549) register_scheme_map /opt/stack/data/venv/lib/python3.12/site-packages/glance_store/location.py:146}}
May 18 16:25:04.127520 np0000000962 devstack@g-api.service[98549]: DEBUG glance_store.location [None req-276d14dd-d8a0-437f-8dec-59ec88834910 tempest-ServerStableDeviceRescueTest-1980616913 tempest-ServerStableDeviceRescueTest-1980616913-project-member] Registering scheme swift+http with {'store': , 'location_class': , 'store_entry': 'swift'} {{(pid=98549) register_scheme_map /opt/stack/data/venv/lib/python3.12/site-packages/glance_store/location.py:146}}
May 18 16:25:04.127976 np0000000962 devstack@g-api.service[98549]: DEBUG glance_store.location [None req-276d14dd-d8a0-437f-8dec-59ec88834910 tempest-ServerStableDeviceRescueTest-1980616913 tempest-ServerStableDeviceRescueTest-1980616913-project-member] Registering scheme swift+config with {'store': , 'location_class': , 'store_entry': 'swift'} {{(pid=98549) register_scheme_map /opt/stack/data/venv/lib/python3.12/site-packages/glance_store/location.py:146}}
May 18 16:25:04.324240 np0000000962 devstack@g-api.service[98548]: DEBUG glance.api.middleware.version_negotiation [None req-76a38472-2dd1-4470-86d8-de454abd7ec3 tempest-ServerStableDeviceRescueTest-1980616913 tempest-ServerStableDeviceRescueTest-1980616913-project-member] Determining version of request: GET /v2/images/d54792da-4722-40fa-bb2c-ee99b4abda30 Accept: */* {{(pid=98548) process_request /opt/stack/glance/glance/api/middleware/version_negotiation.py:44}}
May 18 16:25:04.324569 np0000000962 devstack@g-api.service[98548]: DEBUG glance.api.middleware.version_negotiation [None req-76a38472-2dd1-4470-86d8-de454abd7ec3 tempest-ServerStableDeviceRescueTest-1980616913 tempest-ServerStableDeviceRescueTest-1980616913-project-member] Using url versioning {{(pid=98548) process_request /opt/stack/glance/glance/api/middleware/version_negotiation.py:57}}
May 18 16:25:04.324569 np0000000962 devstack@g-api.service[98548]: DEBUG glance.api.middleware.version_negotiation [None req-76a38472-2dd1-4470-86d8-de454abd7ec3 tempest-ServerStableDeviceRescueTest-1980616913 tempest-ServerStableDeviceRescueTest-1980616913-project-member] Matched version: v2 {{(pid=98548) process_request /opt/stack/glance/glance/api/middleware/version_negotiation.py:69}}
May 18 16:25:04.324972 np0000000962 devstack@g-api.service[98548]: DEBUG glance.api.middleware.version_negotiation [None req-76a38472-2dd1-4470-86d8-de454abd7ec3 tempest-ServerStableDeviceRescueTest-1980616913 tempest-ServerStableDeviceRescueTest-1980616913-project-member] new path /v2/images/d54792da-4722-40fa-bb2c-ee99b4abda30 {{(pid=98548) process_request /opt/stack/glance/glance/api/middleware/version_negotiation.py:70}}
May 18 16:25:04.330442 np0000000962 devstack@g-api.service[98549]: DEBUG swiftclient [None req-276d14dd-d8a0-437f-8dec-59ec88834910 tempest-ServerStableDeviceRescueTest-1980616913 tempest-ServerStableDeviceRescueTest-1980616913-project-member] REQ: curl -i https://10.4.3.173:8080/v1/AUTH_9fd507f2b8ab473a9f549a4897bbca12/glance -I -H "X-Auth-Token: gAAAAABqCz1g11Av..." {{(pid=98549) http_log /opt/stack/data/venv/lib/python3.12/site-packages/swiftclient/client.py:160}}
May 18 16:25:04.330517 np0000000962 devstack@g-api.service[98549]: DEBUG swiftclient [None req-276d14dd-d8a0-437f-8dec-59ec88834910 tempest-ServerStableDeviceRescueTest-1980616913 tempest-ServerStableDeviceRescueTest-1980616913-project-member] RESP STATUS: 204 No Content {{(pid=98549) http_log /opt/stack/data/venv/lib/python3.12/site-packages/swiftclient/client.py:161}}
May 18 16:25:04.333265 np0000000962 devstack@g-api.service[98549]: DEBUG swiftclient [None req-276d14dd-d8a0-437f-8dec-59ec88834910 tempest-ServerStableDeviceRescueTest-1980616913 tempest-ServerStableDeviceRescueTest-1980616913-project-member] RESP HEADERS: {'Date': 'Mon, 18 May 2026 16:25:04 GMT', 'Server': 'Apache/2.4.58 (Ubuntu)', 'Content-Type': 'text/plain; charset=utf-8', 'X-Container-Object-Count': '5', 'X-Container-Bytes-Used': '86048768', 'X-Timestamp': '1779121181.47333', 'Last-Modified': 'Mon, 18 May 2026 16:19:42 GMT', 'Accept-Ranges': 'bytes', 'X-Storage-Policy': 'Policy-0', 'X-Container-Sharding': 'False', 'Vary': 'Accept', 'X-Trans-Id': 'tx15385ec6845642ebb7a56-006a0b3d60', 'X-Openstack-Request-Id': 'tx15385ec6845642ebb7a56-006a0b3d60', 'Connection': 'close'} {{(pid=98549) http_log /opt/stack/data/venv/lib/python3.12/site-packages/swiftclient/client.py:162}}
May 18 16:25:04.333491 np0000000962 devstack@g-api.service[98549]: DEBUG glance_store._drivers.swift.store [None req-276d14dd-d8a0-437f-8dec-59ec88834910 tempest-ServerStableDeviceRescueTest-1980616913 tempest-ServerStableDeviceRescueTest-1980616913-project-member] Adding image object 'd54792da-4722-40fa-bb2c-ee99b4abda30' to Swift {{(pid=98549) add /opt/stack/data/venv/lib/python3.12/site-packages/glance_store/_drivers/swift/store.py:978}}
May 18 16:25:04.333570 np0000000962 devstack@g-api.service[98549]: DEBUG glance_store._drivers.swift.store [None req-276d14dd-d8a0-437f-8dec-59ec88834910 tempest-ServerStableDeviceRescueTest-1980616913 tempest-ServerStableDeviceRescueTest-1980616913-project-member] Cannot determine image size because it is either not provided in the request or chunked-transfer encoding is used. Adding image as a segmented object to Swift. {{(pid=98549) add /opt/stack/data/venv/lib/python3.12/site-packages/glance_store/_drivers/swift/store.py:1002}}
May 18 16:25:04.339722 np0000000962 devstack@g-api.service[98549]: DEBUG oslo_utils.imageutils.format_inspector [None req-276d14dd-d8a0-437f-8dec-59ec88834910 tempest-ServerStableDeviceRescueTest-1980616913 tempest-ServerStableDeviceRescueTest-1980616913-project-member] Format inspector for vmdk does not match, excluding from consideration (Signature KDMV not found: b'QFI\xfb') {{(pid=98549) _process_chunk /opt/stack/data/venv/lib/python3.12/site-packages/oslo_utils/imageutils/format_inspector.py:1538}}
May 18 16:25:04.343582 np0000000962 devstack@g-api.service[98548]: [pid: 98548|app: 0|req: 104/203] 127.0.0.1 () {44 vars in 1115 bytes} [Mon May 18 16:25:04 2026] GET /v2/images/d54792da-4722-40fa-bb2c-ee99b4abda30 => generated 1446 bytes in 19 msecs (HTTP/1.1 200) 4 headers in 158 bytes (1 switches on core 0)
May 18 16:25:04.344632 np0000000962 devstack@g-api.service[98549]: DEBUG oslo_utils.imageutils.format_inspector [None req-276d14dd-d8a0-437f-8dec-59ec88834910 tempest-ServerStableDeviceRescueTest-1980616913 tempest-ServerStableDeviceRescueTest-1980616913-project-member] Format inspector for vhdx does not match, excluding from consideration (Region signature not found at 30000) {{(pid=98549) _process_chunk /opt/stack/data/venv/lib/python3.12/site-packages/oslo_utils/imageutils/format_inspector.py:1538}}
May 18 16:25:04.389273 np0000000962 devstack@g-api.service[98548]: DEBUG glance.api.middleware.version_negotiation [None req-42501194-7011-40da-aad2-a0f6c9d6db94 tempest-ServerStableDeviceRescueTest-1980616913 tempest-ServerStableDeviceRescueTest-1980616913-project-member] Determining version of request: GET /v2/schemas/image Accept: */* {{(pid=98548) process_request /opt/stack/glance/glance/api/middleware/version_negotiation.py:44}}
May 18 16:25:04.389603 np0000000962 devstack@g-api.service[98548]: DEBUG glance.api.middleware.version_negotiation [None req-42501194-7011-40da-aad2-a0f6c9d6db94 tempest-ServerStableDeviceRescueTest-1980616913 tempest-ServerStableDeviceRescueTest-1980616913-project-member] Using url versioning {{(pid=98548) process_request /opt/stack/glance/glance/api/middleware/version_negotiation.py:57}}
May 18 16:25:04.390297 np0000000962 devstack@g-api.service[98548]: DEBUG glance.api.middleware.version_negotiation [None req-42501194-7011-40da-aad2-a0f6c9d6db94 tempest-ServerStableDeviceRescueTest-1980616913 tempest-ServerStableDeviceRescueTest-1980616913-project-member] Matched version: v2 {{(pid=98548) process_request /opt/stack/glance/glance/api/middleware/version_negotiation.py:69}}
May 18 16:25:04.390297 np0000000962 devstack@g-api.service[98548]: DEBUG glance.api.middleware.version_negotiation [None req-42501194-7011-40da-aad2-a0f6c9d6db94 tempest-ServerStableDeviceRescueTest-1980616913 tempest-ServerStableDeviceRescueTest-1980616913-project-member] new path /v2/schemas/image {{(pid=98548) process_request /opt/stack/glance/glance/api/middleware/version_negotiation.py:70}}
May 18 16:25:04.392960 np0000000962 devstack@g-api.service[98548]: [pid: 98548|app: 0|req: 105/204] 127.0.0.1 () {44 vars in 1055 bytes} [Mon May 18 16:25:04 2026] GET /v2/schemas/image => generated 6083 bytes in 4 msecs (HTTP/1.1 200) 4 headers in 158 bytes (1 switches on core 0)
May 18 16:25:04.816826 np0000000962 devstack@g-api.service[98549]: DEBUG swiftclient [None req-276d14dd-d8a0-437f-8dec-59ec88834910 tempest-ServerStableDeviceRescueTest-1980616913 tempest-ServerStableDeviceRescueTest-1980616913-project-member] REQ: curl -i https://10.4.3.173:8080/v1/AUTH_9fd507f2b8ab473a9f549a4897bbca12/glance/d54792da-4722-40fa-bb2c-ee99b4abda30-00001 -X PUT -H "X-Auth-Token: gAAAAABqCz1g11Av..." {{(pid=98549) http_log /opt/stack/data/venv/lib/python3.12/site-packages/swiftclient/client.py:160}}
May 18 16:25:04.816918 np0000000962 devstack@g-api.service[98549]: DEBUG swiftclient [None req-276d14dd-d8a0-437f-8dec-59ec88834910 tempest-ServerStableDeviceRescueTest-1980616913 tempest-ServerStableDeviceRescueTest-1980616913-project-member] RESP STATUS: 201 Created {{(pid=98549) http_log /opt/stack/data/venv/lib/python3.12/site-packages/swiftclient/client.py:161}}
May 18 16:25:04.817032 np0000000962 devstack@g-api.service[98549]: DEBUG swiftclient [None req-276d14dd-d8a0-437f-8dec-59ec88834910 tempest-ServerStableDeviceRescueTest-1980616913 tempest-ServerStableDeviceRescueTest-1980616913-project-member] RESP HEADERS: {'Date': 'Mon, 18 May 2026 16:25:04 GMT', 'Server': 'Apache/2.4.58 (Ubuntu)', 'Content-Type': 'text/html; charset=UTF-8', 'Content-Length': '0', 'Etag': '380c7f050d18e11fe8c0877fd6295511', 'Last-Modified': 'Mon, 18 May 2026 16:25:05 GMT', 'X-Trans-Id': 'tx0b509d343a5c4933b7101-006a0b3d60', 'X-Openstack-Request-Id': 'tx0b509d343a5c4933b7101-006a0b3d60', 'Connection': 'close'} {{(pid=98549) http_log /opt/stack/data/venv/lib/python3.12/site-packages/swiftclient/client.py:162}}
May 18 16:25:04.817145 np0000000962 devstack@g-api.service[98549]: DEBUG glance_store._drivers.swift.store [None req-276d14dd-d8a0-437f-8dec-59ec88834910 tempest-ServerStableDeviceRescueTest-1980616913 tempest-ServerStableDeviceRescueTest-1980616913-project-member] Wrote chunk d54792da-4722-40fa-bb2c-ee99b4abda30-00001 (1/?) of length 53608448 to Swift returning MD5 of content: 380c7f050d18e11fe8c0877fd6295511 {{(pid=98549) add /opt/stack/data/venv/lib/python3.12/site-packages/glance_store/_drivers/swift/store.py:1067}}
May 18 16:25:04.817369 np0000000962 devstack@g-api.service[98549]: DEBUG glance_store._drivers.swift.store [None req-276d14dd-d8a0-437f-8dec-59ec88834910 tempest-ServerStableDeviceRescueTest-1980616913 tempest-ServerStableDeviceRescueTest-1980616913-project-member] Not writing zero-length chunk. {{(pid=98549) add /opt/stack/data/venv/lib/python3.12/site-packages/glance_store/_drivers/swift/store.py:1036}}
May 18 16:25:04.843739 np0000000962 devstack@g-api.service[98549]: DEBUG swiftclient [None req-276d14dd-d8a0-437f-8dec-59ec88834910 tempest-ServerStableDeviceRescueTest-1980616913 tempest-ServerStableDeviceRescueTest-1980616913-project-member] REQ: curl -i https://10.4.3.173:8080/v1/AUTH_9fd507f2b8ab473a9f549a4897bbca12/glance/d54792da-4722-40fa-bb2c-ee99b4abda30 -X PUT -H "X-Object-Manifest: glance/d54792da-4722-40fa-bb2c-ee99b4abda30-" -H "X-Auth-Token: gAAAAABqCz1g11Av..." -H "Content-Length: 0" {{(pid=98549) http_log /opt/stack/data/venv/lib/python3.12/site-packages/swiftclient/client.py:160}}
May 18 16:25:04.843739 np0000000962 devstack@g-api.service[98549]: DEBUG swiftclient [None req-276d14dd-d8a0-437f-8dec-59ec88834910 tempest-ServerStableDeviceRescueTest-1980616913 tempest-ServerStableDeviceRescueTest-1980616913-project-member] RESP STATUS: 201 Created {{(pid=98549) http_log /opt/stack/data/venv/lib/python3.12/site-packages/swiftclient/client.py:161}}
May 18 16:25:04.843739 np0000000962 devstack@g-api.service[98549]: DEBUG swiftclient [None req-276d14dd-d8a0-437f-8dec-59ec88834910 tempest-ServerStableDeviceRescueTest-1980616913 tempest-ServerStableDeviceRescueTest-1980616913-project-member] RESP HEADERS: {'Date': 'Mon, 18 May 2026 16:25:04 GMT', 'Server': 'Apache/2.4.58 (Ubuntu)', 'Content-Type': 'text/html; charset=UTF-8', 'Content-Length': '0', 'Etag': 'd41d8cd98f00b204e9800998ecf8427e', 'Last-Modified': 'Mon, 18 May 2026 16:25:05 GMT', 'X-Trans-Id': 'tx6388992bc3cd411199ac9-006a0b3d60', 'X-Openstack-Request-Id': 'tx6388992bc3cd411199ac9-006a0b3d60', 'Connection': 'close'} {{(pid=98549) http_log /opt/stack/data/venv/lib/python3.12/site-packages/swiftclient/client.py:162}}
May 18 16:25:04.843739 np0000000962 devstack@g-api.service[98549]: INFO glance.location [None req-276d14dd-d8a0-437f-8dec-59ec88834910 tempest-ServerStableDeviceRescueTest-1980616913 tempest-ServerStableDeviceRescueTest-1980616913-project-member] Image format matched and virtual size computed: 1073741824
May 18 16:25:04.868057 np0000000962 devstack@g-api.service[98549]: DEBUG glance_store.backend [None req-276d14dd-d8a0-437f-8dec-59ec88834910 tempest-ServerStableDeviceRescueTest-1980616913 tempest-ServerStableDeviceRescueTest-1980616913-project-member] Attempting to import store swift {{(pid=98549) _load_store /opt/stack/data/venv/lib/python3.12/site-packages/glance_store/backend.py:215}}
May 18 16:25:04.869123 np0000000962 devstack@g-api.service[98549]: DEBUG glance_store.capabilities [None req-276d14dd-d8a0-437f-8dec-59ec88834910 tempest-ServerStableDeviceRescueTest-1980616913 tempest-ServerStableDeviceRescueTest-1980616913-project-member] Store glance_store._drivers.swift.store.SingleTenantStore doesn't support updating dynamic storage capabilities. Please overwrite 'update_capabilities' method of the store to implement updating logics if needed. {{(pid=98549) update_capabilities /opt/stack/data/venv/lib/python3.12/site-packages/glance_store/capabilities.py:91}}
May 18 16:25:04.869281 np0000000962 devstack@g-api.service[98549]: DEBUG glance_store.driver [None req-276d14dd-d8a0-437f-8dec-59ec88834910 tempest-ServerStableDeviceRescueTest-1980616913 tempest-ServerStableDeviceRescueTest-1980616913-project-member] Late loading location class glance_store._drivers.swift.store.StoreLocation {{(pid=98549) get_store_location_class /opt/stack/data/venv/lib/python3.12/site-packages/glance_store/driver.py:134}}
May 18 16:25:04.869355 np0000000962 devstack@g-api.service[98549]: DEBUG glance_store.location [None req-276d14dd-d8a0-437f-8dec-59ec88834910 tempest-ServerStableDeviceRescueTest-1980616913 tempest-ServerStableDeviceRescueTest-1980616913-project-member] Registering scheme swift+https with {'store': , 'location_class': , 'store_entry': 'swift'} {{(pid=98549) register_scheme_map /opt/stack/data/venv/lib/python3.12/site-packages/glance_store/location.py:146}}
May 18 16:25:04.869464 np0000000962 devstack@g-api.service[98549]: DEBUG glance_store.location [None req-276d14dd-d8a0-437f-8dec-59ec88834910 tempest-ServerStableDeviceRescueTest-1980616913 tempest-ServerStableDeviceRescueTest-1980616913-project-member] Registering scheme swift+https with {'store': , 'location_class': , 'store_entry': 'swift'} {{(pid=98549) register_scheme_map /opt/stack/data/venv/lib/python3.12/site-packages/glance_store/location.py:146}}
May 18 16:25:04.869464 np0000000962 devstack@g-api.service[98549]: DEBUG glance_store.location [None req-276d14dd-d8a0-437f-8dec-59ec88834910 tempest-ServerStableDeviceRescueTest-1980616913 tempest-ServerStableDeviceRescueTest-1980616913-project-member] Registering scheme swift with {'store': , 'location_class': , 'store_entry': 'swift'} {{(pid=98549) register_scheme_map /opt/stack/data/venv/lib/python3.12/site-packages/glance_store/location.py:146}}
May 18 16:25:04.869618 np0000000962 devstack@g-api.service[98549]: DEBUG glance_store.location [None req-276d14dd-d8a0-437f-8dec-59ec88834910 tempest-ServerStableDeviceRescueTest-1980616913 tempest-ServerStableDeviceRescueTest-1980616913-project-member] Registering scheme swift+https with {'store': , 'location_class': , 'store_entry': 'swift'} {{(pid=98549) register_scheme_map /opt/stack/data/venv/lib/python3.12/site-packages/glance_store/location.py:146}}
May 18 16:25:04.869618 np0000000962 devstack@g-api.service[98549]: DEBUG glance_store.location [None req-276d14dd-d8a0-437f-8dec-59ec88834910 tempest-ServerStableDeviceRescueTest-1980616913 tempest-ServerStableDeviceRescueTest-1980616913-project-member] Registering scheme swift with {'store': , 'location_class': , 'store_entry': 'swift'} {{(pid=98549) register_scheme_map /opt/stack/data/venv/lib/python3.12/site-packages/glance_store/location.py:146}}
May 18 16:25:04.869783 np0000000962 devstack@g-api.service[98549]: DEBUG glance_store.location [None req-276d14dd-d8a0-437f-8dec-59ec88834910 tempest-ServerStableDeviceRescueTest-1980616913 tempest-ServerStableDeviceRescueTest-1980616913-project-member] Registering scheme swift+http with {'store': , 'location_class': , 'store_entry': 'swift'} {{(pid=98549) register_scheme_map /opt/stack/data/venv/lib/python3.12/site-packages/glance_store/location.py:146}}
May 18 16:25:04.869783 np0000000962 devstack@g-api.service[98549]: DEBUG glance_store.location [None req-276d14dd-d8a0-437f-8dec-59ec88834910 tempest-ServerStableDeviceRescueTest-1980616913 tempest-ServerStableDeviceRescueTest-1980616913-project-member] Registering scheme swift+https with {'store': , 'location_class': , 'store_entry': 'swift'} {{(pid=98549) register_scheme_map /opt/stack/data/venv/lib/python3.12/site-packages/glance_store/location.py:146}}
May 18 16:25:04.869783 np0000000962 devstack@g-api.service[98549]: DEBUG glance_store.location [None req-276d14dd-d8a0-437f-8dec-59ec88834910 tempest-ServerStableDeviceRescueTest-1980616913 tempest-ServerStableDeviceRescueTest-1980616913-project-member] Registering scheme swift with {'store': , 'location_class': , 'store_entry': 'swift'} {{(pid=98549) register_scheme_map /opt/stack/data/venv/lib/python3.12/site-packages/glance_store/location.py:146}}
May 18 16:25:04.869991 np0000000962 devstack@g-api.service[98549]: DEBUG glance_store.location [None req-276d14dd-d8a0-437f-8dec-59ec88834910 tempest-ServerStableDeviceRescueTest-1980616913 tempest-ServerStableDeviceRescueTest-1980616913-project-member] Registering scheme swift+http with {'store': , 'location_class': , 'store_entry': 'swift'} {{(pid=98549) register_scheme_map /opt/stack/data/venv/lib/python3.12/site-packages/glance_store/location.py:146}}
May 18 16:25:04.869991 np0000000962 devstack@g-api.service[98549]: DEBUG glance_store.location [None req-276d14dd-d8a0-437f-8dec-59ec88834910 tempest-ServerStableDeviceRescueTest-1980616913 tempest-ServerStableDeviceRescueTest-1980616913-project-member] Registering scheme swift+config with {'store': , 'location_class': , 'store_entry': 'swift'} {{(pid=98549) register_scheme_map /opt/stack/data/venv/lib/python3.12/site-packages/glance_store/location.py:146}}
May 18 16:25:04.870064 np0000000962 devstack@g-api.service[98549]: DEBUG glance_store.backend [None req-276d14dd-d8a0-437f-8dec-59ec88834910 tempest-ServerStableDeviceRescueTest-1980616913 tempest-ServerStableDeviceRescueTest-1980616913-project-member] Skipping store.set_acls... not implemented. {{(pid=98549) set_acls /opt/stack/data/venv/lib/python3.12/site-packages/glance_store/backend.py:507}}
May 18 16:25:04.871645 np0000000962 devstack@g-api.service[98549]: [pid: 98549|app: 0|req: 100/205] 127.0.0.1 () {46 vars in 1158 bytes} [Mon May 18 16:25:03 2026] PUT /v2/images/d54792da-4722-40fa-bb2c-ee99b4abda30/file => generated 0 bytes in 1643 msecs (HTTP/1.1 204) 4 headers in 171 bytes (1 switches on core 0)
May 18 16:25:04.911787 np0000000962 devstack@g-api.service[98548]: DEBUG glance.api.middleware.version_negotiation [None req-42501194-7011-40da-aad2-a0f6c9d6db94 tempest-ServerStableDeviceRescueTest-1980616913 tempest-ServerStableDeviceRescueTest-1980616913-project-member] Determining version of request: GET /v2/images/d54792da-4722-40fa-bb2c-ee99b4abda30 Accept: */* {{(pid=98548) process_request /opt/stack/glance/glance/api/middleware/version_negotiation.py:44}}
May 18 16:25:04.911787 np0000000962 devstack@g-api.service[98548]: DEBUG glance.api.middleware.version_negotiation [None req-42501194-7011-40da-aad2-a0f6c9d6db94 tempest-ServerStableDeviceRescueTest-1980616913 tempest-ServerStableDeviceRescueTest-1980616913-project-member] Using url versioning {{(pid=98548) process_request /opt/stack/glance/glance/api/middleware/version_negotiation.py:57}}
May 18 16:25:04.911787 np0000000962 devstack@g-api.service[98548]: DEBUG glance.api.middleware.version_negotiation [None req-42501194-7011-40da-aad2-a0f6c9d6db94 tempest-ServerStableDeviceRescueTest-1980616913 tempest-ServerStableDeviceRescueTest-1980616913-project-member] Matched version: v2 {{(pid=98548) process_request /opt/stack/glance/glance/api/middleware/version_negotiation.py:69}}
May 18 16:25:04.911787 np0000000962 devstack@g-api.service[98548]: DEBUG glance.api.middleware.version_negotiation [None req-42501194-7011-40da-aad2-a0f6c9d6db94 tempest-ServerStableDeviceRescueTest-1980616913 tempest-ServerStableDeviceRescueTest-1980616913-project-member] new path /v2/images/d54792da-4722-40fa-bb2c-ee99b4abda30 {{(pid=98548) process_request /opt/stack/glance/glance/api/middleware/version_negotiation.py:70}}
May 18 16:25:04.926474 np0000000962 devstack@g-api.service[98548]: [pid: 98548|app: 0|req: 106/206] 127.0.0.1 () {44 vars in 1115 bytes} [Mon May 18 16:25:04 2026] GET /v2/images/d54792da-4722-40fa-bb2c-ee99b4abda30 => generated 1616 bytes in 16 msecs (HTTP/1.1 200) 4 headers in 158 bytes (1 switches on core 0)
May 18 16:25:04.961814 np0000000962 devstack@g-api.service[98549]: DEBUG glance.api.middleware.version_negotiation [None req-276d14dd-d8a0-437f-8dec-59ec88834910 tempest-ServerStableDeviceRescueTest-1980616913 tempest-ServerStableDeviceRescueTest-1980616913-project-member] Determining version of request: GET /v2/schemas/image Accept: */* {{(pid=98549) process_request /opt/stack/glance/glance/api/middleware/version_negotiation.py:44}}
May 18 16:25:04.962019 np0000000962 devstack@g-api.service[98549]: DEBUG glance.api.middleware.version_negotiation [None req-276d14dd-d8a0-437f-8dec-59ec88834910 tempest-ServerStableDeviceRescueTest-1980616913 tempest-ServerStableDeviceRescueTest-1980616913-project-member] Using url versioning {{(pid=98549) process_request /opt/stack/glance/glance/api/middleware/version_negotiation.py:57}}
May 18 16:25:04.962167 np0000000962 devstack@g-api.service[98549]: DEBUG glance.api.middleware.version_negotiation [None req-276d14dd-d8a0-437f-8dec-59ec88834910 tempest-ServerStableDeviceRescueTest-1980616913 tempest-ServerStableDeviceRescueTest-1980616913-project-member] Matched version: v2 {{(pid=98549) process_request /opt/stack/glance/glance/api/middleware/version_negotiation.py:69}}
May 18 16:25:04.962329 np0000000962 devstack@g-api.service[98549]: DEBUG glance.api.middleware.version_negotiation [None req-276d14dd-d8a0-437f-8dec-59ec88834910 tempest-ServerStableDeviceRescueTest-1980616913 tempest-ServerStableDeviceRescueTest-1980616913-project-member] new path /v2/schemas/image {{(pid=98549) process_request /opt/stack/glance/glance/api/middleware/version_negotiation.py:70}}
May 18 16:25:04.964903 np0000000962 devstack@g-api.service[98549]: [pid: 98549|app: 0|req: 101/207] 127.0.0.1 () {44 vars in 1055 bytes} [Mon May 18 16:25:04 2026] GET /v2/schemas/image => generated 6083 bytes in 3 msecs (HTTP/1.1 200) 4 headers in 158 bytes (1 switches on core 0)
May 18 16:25:05.608930 np0000000962 devstack@g-api.service[98548]: DEBUG glance.api.middleware.version_negotiation [None req-276d14dd-d8a0-437f-8dec-59ec88834910 tempest-ServerStableDeviceRescueTest-1980616913 tempest-ServerStableDeviceRescueTest-1980616913-project-member] Determining version of request: GET /v2/images/d54792da-4722-40fa-bb2c-ee99b4abda30 Accept: */* {{(pid=98548) process_request /opt/stack/glance/glance/api/middleware/version_negotiation.py:44}}
May 18 16:25:05.609263 np0000000962 devstack@g-api.service[98548]: DEBUG glance.api.middleware.version_negotiation [None req-276d14dd-d8a0-437f-8dec-59ec88834910 tempest-ServerStableDeviceRescueTest-1980616913 tempest-ServerStableDeviceRescueTest-1980616913-project-member] Using url versioning {{(pid=98548) process_request /opt/stack/glance/glance/api/middleware/version_negotiation.py:57}}
May 18 16:25:05.609263 np0000000962 devstack@g-api.service[98548]: DEBUG glance.api.middleware.version_negotiation [None req-276d14dd-d8a0-437f-8dec-59ec88834910 tempest-ServerStableDeviceRescueTest-1980616913 tempest-ServerStableDeviceRescueTest-1980616913-project-member] Matched version: v2 {{(pid=98548) process_request /opt/stack/glance/glance/api/middleware/version_negotiation.py:69}}
May 18 16:25:05.609263 np0000000962 devstack@g-api.service[98548]: DEBUG glance.api.middleware.version_negotiation [None req-276d14dd-d8a0-437f-8dec-59ec88834910 tempest-ServerStableDeviceRescueTest-1980616913 tempest-ServerStableDeviceRescueTest-1980616913-project-member] new path /v2/images/d54792da-4722-40fa-bb2c-ee99b4abda30 {{(pid=98548) process_request /opt/stack/glance/glance/api/middleware/version_negotiation.py:70}}
May 18 16:25:05.623331 np0000000962 devstack@g-api.service[98548]: [pid: 98548|app: 0|req: 107/208] 127.0.0.1 () {44 vars in 1115 bytes} [Mon May 18 16:25:05 2026] GET /v2/images/d54792da-4722-40fa-bb2c-ee99b4abda30 => generated 1616 bytes in 14 msecs (HTTP/1.1 200) 4 headers in 158 bytes (1 switches on core 0)
May 18 16:25:05.654173 np0000000962 devstack@g-api.service[98549]: DEBUG glance.api.middleware.version_negotiation [None req-276d14dd-d8a0-437f-8dec-59ec88834910 tempest-ServerStableDeviceRescueTest-1980616913 tempest-ServerStableDeviceRescueTest-1980616913-project-member] Determining version of request: GET /v2/schemas/image Accept: */* {{(pid=98549) process_request /opt/stack/glance/glance/api/middleware/version_negotiation.py:44}}
May 18 16:25:05.654478 np0000000962 devstack@g-api.service[98549]: DEBUG glance.api.middleware.version_negotiation [None req-276d14dd-d8a0-437f-8dec-59ec88834910 tempest-ServerStableDeviceRescueTest-1980616913 tempest-ServerStableDeviceRescueTest-1980616913-project-member] Using url versioning {{(pid=98549) process_request /opt/stack/glance/glance/api/middleware/version_negotiation.py:57}}
May 18 16:25:05.654478 np0000000962 devstack@g-api.service[98549]: DEBUG glance.api.middleware.version_negotiation [None req-276d14dd-d8a0-437f-8dec-59ec88834910 tempest-ServerStableDeviceRescueTest-1980616913 tempest-ServerStableDeviceRescueTest-1980616913-project-member] Matched version: v2 {{(pid=98549) process_request /opt/stack/glance/glance/api/middleware/version_negotiation.py:69}}
May 18 16:25:05.654532 np0000000962 devstack@g-api.service[98549]: DEBUG glance.api.middleware.version_negotiation [None req-276d14dd-d8a0-437f-8dec-59ec88834910 tempest-ServerStableDeviceRescueTest-1980616913 tempest-ServerStableDeviceRescueTest-1980616913-project-member] new path /v2/schemas/image {{(pid=98549) process_request /opt/stack/glance/glance/api/middleware/version_negotiation.py:70}}
May 18 16:25:05.656539 np0000000962 devstack@g-api.service[98549]: [pid: 98549|app: 0|req: 102/209] 127.0.0.1 () {44 vars in 1055 bytes} [Mon May 18 16:25:05 2026] GET /v2/schemas/image => generated 6083 bytes in 2 msecs (HTTP/1.1 200) 4 headers in 158 bytes (1 switches on core 0)
May 18 16:25:05.827020 np0000000962 devstack@g-api.service[98548]: DEBUG glance.api.middleware.version_negotiation [None req-a435272c-4cbb-4f1d-a7a0-818961db54c9 tempest-ServerStableDeviceRescueTest-1980616913 tempest-ServerStableDeviceRescueTest-1980616913-project-member] Determining version of request: GET /v2/images/d54792da-4722-40fa-bb2c-ee99b4abda30 Accept: */* {{(pid=98548) process_request /opt/stack/glance/glance/api/middleware/version_negotiation.py:44}}
May 18 16:25:05.827175 np0000000962 devstack@g-api.service[98548]: DEBUG glance.api.middleware.version_negotiation [None req-a435272c-4cbb-4f1d-a7a0-818961db54c9 tempest-ServerStableDeviceRescueTest-1980616913 tempest-ServerStableDeviceRescueTest-1980616913-project-member] Using url versioning {{(pid=98548) process_request /opt/stack/glance/glance/api/middleware/version_negotiation.py:57}}
May 18 16:25:05.827421 np0000000962 devstack@g-api.service[98548]: DEBUG glance.api.middleware.version_negotiation [None req-a435272c-4cbb-4f1d-a7a0-818961db54c9 tempest-ServerStableDeviceRescueTest-1980616913 tempest-ServerStableDeviceRescueTest-1980616913-project-member] Matched version: v2 {{(pid=98548) process_request /opt/stack/glance/glance/api/middleware/version_negotiation.py:69}}
May 18 16:25:05.827522 np0000000962 devstack@g-api.service[98548]: DEBUG glance.api.middleware.version_negotiation [None req-a435272c-4cbb-4f1d-a7a0-818961db54c9 tempest-ServerStableDeviceRescueTest-1980616913 tempest-ServerStableDeviceRescueTest-1980616913-project-member] new path /v2/images/d54792da-4722-40fa-bb2c-ee99b4abda30 {{(pid=98548) process_request /opt/stack/glance/glance/api/middleware/version_negotiation.py:70}}
May 18 16:25:05.842024 np0000000962 devstack@g-api.service[98548]: [pid: 98548|app: 0|req: 108/210] 127.0.0.1 () {44 vars in 1115 bytes} [Mon May 18 16:25:05 2026] GET /v2/images/d54792da-4722-40fa-bb2c-ee99b4abda30 => generated 1616 bytes in 15 msecs (HTTP/1.1 200) 4 headers in 158 bytes (1 switches on core 0)
May 18 16:25:05.872677 np0000000962 devstack@g-api.service[98549]: DEBUG glance.api.middleware.version_negotiation [None req-a435272c-4cbb-4f1d-a7a0-818961db54c9 tempest-ServerStableDeviceRescueTest-1980616913 tempest-ServerStableDeviceRescueTest-1980616913-project-member] Determining version of request: GET /v2/schemas/image Accept: */* {{(pid=98549) process_request /opt/stack/glance/glance/api/middleware/version_negotiation.py:44}}
May 18 16:25:05.872814 np0000000962 devstack@g-api.service[98549]: DEBUG glance.api.middleware.version_negotiation [None req-a435272c-4cbb-4f1d-a7a0-818961db54c9 tempest-ServerStableDeviceRescueTest-1980616913 tempest-ServerStableDeviceRescueTest-1980616913-project-member] Using url versioning {{(pid=98549) process_request /opt/stack/glance/glance/api/middleware/version_negotiation.py:57}}
May 18 16:25:05.872925 np0000000962 devstack@g-api.service[98549]: DEBUG glance.api.middleware.version_negotiation [None req-a435272c-4cbb-4f1d-a7a0-818961db54c9 tempest-ServerStableDeviceRescueTest-1980616913 tempest-ServerStableDeviceRescueTest-1980616913-project-member] Matched version: v2 {{(pid=98549) process_request /opt/stack/glance/glance/api/middleware/version_negotiation.py:69}}
May 18 16:25:05.873016 np0000000962 devstack@g-api.service[98549]: DEBUG glance.api.middleware.version_negotiation [None req-a435272c-4cbb-4f1d-a7a0-818961db54c9 tempest-ServerStableDeviceRescueTest-1980616913 tempest-ServerStableDeviceRescueTest-1980616913-project-member] new path /v2/schemas/image {{(pid=98549) process_request /opt/stack/glance/glance/api/middleware/version_negotiation.py:70}}
May 18 16:25:05.878383 np0000000962 devstack@g-api.service[98549]: [pid: 98549|app: 0|req: 103/211] 127.0.0.1 () {44 vars in 1055 bytes} [Mon May 18 16:25:05 2026] GET /v2/schemas/image => generated 6083 bytes in 6 msecs (HTTP/1.1 200) 4 headers in 158 bytes (1 switches on core 0)
May 18 16:25:06.097065 np0000000962 devstack@g-api.service[98548]: DEBUG glance.api.middleware.version_negotiation [None req-0cb177a9-def9-406d-946f-5d2c0f0b76f1 tempest-ServerStableDeviceRescueTest-1980616913 tempest-ServerStableDeviceRescueTest-1980616913-project-member] Determining version of request: PATCH /v2/images/d54792da-4722-40fa-bb2c-ee99b4abda30 Accept: {{(pid=98548) process_request /opt/stack/glance/glance/api/middleware/version_negotiation.py:44}}
May 18 16:25:06.097196 np0000000962 devstack@g-api.service[98548]: DEBUG glance.api.middleware.version_negotiation [None req-0cb177a9-def9-406d-946f-5d2c0f0b76f1 tempest-ServerStableDeviceRescueTest-1980616913 tempest-ServerStableDeviceRescueTest-1980616913-project-member] Using url versioning {{(pid=98548) process_request /opt/stack/glance/glance/api/middleware/version_negotiation.py:57}}
May 18 16:25:06.097375 np0000000962 devstack@g-api.service[98548]: DEBUG glance.api.middleware.version_negotiation [None req-0cb177a9-def9-406d-946f-5d2c0f0b76f1 tempest-ServerStableDeviceRescueTest-1980616913 tempest-ServerStableDeviceRescueTest-1980616913-project-member] Matched version: v2 {{(pid=98548) process_request /opt/stack/glance/glance/api/middleware/version_negotiation.py:69}}
May 18 16:25:06.097519 np0000000962 devstack@g-api.service[98548]: DEBUG glance.api.middleware.version_negotiation [None req-0cb177a9-def9-406d-946f-5d2c0f0b76f1 tempest-ServerStableDeviceRescueTest-1980616913 tempest-ServerStableDeviceRescueTest-1980616913-project-member] new path /v2/images/d54792da-4722-40fa-bb2c-ee99b4abda30 {{(pid=98548) process_request /opt/stack/glance/glance/api/middleware/version_negotiation.py:70}}
May 18 16:25:06.148420 np0000000962 devstack@g-api.service[98548]: DEBUG glance_store.backend [None req-9073ac18-74b8-4453-a94a-11130ba12cfc tempest-ServerStableDeviceRescueTest-1980616913 tempest-ServerStableDeviceRescueTest-1980616913-project-member] Attempting to import store swift {{(pid=98548) _load_store /opt/stack/data/venv/lib/python3.12/site-packages/glance_store/backend.py:215}}
May 18 16:25:06.149455 np0000000962 devstack@g-api.service[98548]: DEBUG glance_store.capabilities [None req-9073ac18-74b8-4453-a94a-11130ba12cfc tempest-ServerStableDeviceRescueTest-1980616913 tempest-ServerStableDeviceRescueTest-1980616913-project-member] Store glance_store._drivers.swift.store.SingleTenantStore doesn't support updating dynamic storage capabilities. Please overwrite 'update_capabilities' method of the store to implement updating logics if needed. {{(pid=98548) update_capabilities /opt/stack/data/venv/lib/python3.12/site-packages/glance_store/capabilities.py:91}}
