May 18 16:18:52.300188 np0000000962 devstack@neutron-api.service[86612]: DEBUG ovsdbapp.backend.ovs_idl [None req-49636ac9-a661-475e-8287-13b3465e016a None None] Created schema index Port_Group.name {{(pid=86612) autocreate_indices /opt/stack/data/venv/lib/python3.12/site-packages/ovsdbapp/backend/ovs_idl/__init__.py:106}}
May 18 16:18:52.300335 np0000000962 devstack@neutron-api.service[86612]: DEBUG ovsdbapp.backend.ovs_idl [None req-49636ac9-a661-475e-8287-13b3465e016a None None] Created schema index Logical_Switch_Port.name {{(pid=86612) autocreate_indices /opt/stack/data/venv/lib/python3.12/site-packages/ovsdbapp/backend/ovs_idl/__init__.py:106}}
May 18 16:18:52.303220 np0000000962 devstack@neutron-api.service[86612]: INFO ovsdbapp.backend.ovs_idl.vlog [None req-49636ac9-a661-475e-8287-13b3465e016a None None] ssl:10.4.3.173:6641: connecting...
May 18 16:18:52.307114 np0000000962 devstack@neutron-api.service[86612]: INFO ovsdbapp.backend.ovs_idl.vlog [None req-49636ac9-a661-475e-8287-13b3465e016a None None] ssl:10.4.3.173:6641: connected
May 18 16:18:52.332775 np0000000962 devstack@neutron-api.service[86612]: DEBUG neutron.common.ovn.hash_ring_manager [None req-49636ac9-a661-475e-8287-13b3465e016a None None] Allow caching, nodes 2>=2 {{(pid=86612) _wait_startup_before_caching /opt/stack/neutron/neutron/common/ovn/hash_ring_manager.py:65}}
May 18 16:18:52.336987 np0000000962 devstack@neutron-api.service[86612]: DEBUG neutron.common.ovn.hash_ring_manager [None req-49636ac9-a661-475e-8287-13b3465e016a None None] Hash Ring loaded. 2 active nodes. 0 offline nodes {{(pid=86612) _load_hash_ring /opt/stack/neutron/neutron/common/ovn/hash_ring_manager.py:102}}
May 18 16:18:52.337193 np0000000962 devstack@neutron-api.service[86612]: DEBUG neutron.plugins.ml2.drivers.ovn.mech_driver.ovsdb.ovsdb_monitor [None req-49636ac9-a661-475e-8287-13b3465e016a None None] Hash Ring: Node 9d5a64db4adc59a392f7a5700434bf52 (host: np0000000962) handling event "create" for row 2ee76542-77b8-4d05-86eb-025eb9ebe6b6 (table: ACL) {{(pid=86612) notify /opt/stack/neutron/neutron/plugins/ml2/drivers/ovn/mech_driver/ovsdb/ovsdb_monitor.py:942}}
May 18 16:18:52.337435 np0000000962 devstack@neutron-api.service[86612]: DEBUG neutron.plugins.ml2.drivers.ovn.mech_driver.ovsdb.ovsdb_monitor [None req-49636ac9-a661-475e-8287-13b3465e016a None None] Hash Ring: Node 9d5a64db4adc59a392f7a5700434bf52 (host: np0000000962) handling event "create" for row 0996a5eb-337a-4692-bd2c-b4f65194f3be (table: NB_Global) {{(pid=86612) notify /opt/stack/neutron/neutron/plugins/ml2/drivers/ovn/mech_driver/ovsdb/ovsdb_monitor.py:942}}
May 18 16:18:52.338134 np0000000962 devstack@neutron-api.service[86612]: INFO neutron.plugins.ml2.drivers.ovn.mech_driver.ovsdb.impl_idl_ovn [None req-49636ac9-a661-475e-8287-13b3465e016a None None] Getting OvsdbSbOvnIdl for WorkerService with retry
May 18 16:18:52.360086 np0000000962 devstack@neutron-api.service[86612]: DEBUG ovsdbapp.backend.ovs_idl [None req-49636ac9-a661-475e-8287-13b3465e016a None None] Created lookup_table index Chassis.name {{(pid=86612) autocreate_indices /opt/stack/data/venv/lib/python3.12/site-packages/ovsdbapp/backend/ovs_idl/__init__.py:87}}
May 18 16:18:52.360181 np0000000962 devstack@neutron-api.service[86612]: DEBUG ovsdbapp.backend.ovs_idl [None req-49636ac9-a661-475e-8287-13b3465e016a None None] Created lookup_table index Port_Binding.logical_port {{(pid=86612) autocreate_indices /opt/stack/data/venv/lib/python3.12/site-packages/ovsdbapp/backend/ovs_idl/__init__.py:87}}
May 18 16:18:52.360263 np0000000962 devstack@neutron-api.service[86612]: DEBUG ovsdbapp.backend.ovs_idl [None req-49636ac9-a661-475e-8287-13b3465e016a None None] Created schema index Chassis_Private.name {{(pid=86612) autocreate_indices /opt/stack/data/venv/lib/python3.12/site-packages/ovsdbapp/backend/ovs_idl/__init__.py:106}}
May 18 16:18:52.360355 np0000000962 devstack@neutron-api.service[86612]: DEBUG ovsdbapp.backend.ovs_idl [None req-49636ac9-a661-475e-8287-13b3465e016a None None] Created schema index Datapath_Binding.tunnel_key {{(pid=86612) autocreate_indices /opt/stack/data/venv/lib/python3.12/site-packages/ovsdbapp/backend/ovs_idl/__init__.py:106}}
May 18 16:18:52.361953 np0000000962 devstack@neutron-api.service[86612]: INFO ovsdbapp.backend.ovs_idl.vlog [None req-49636ac9-a661-475e-8287-13b3465e016a None None] ssl:10.4.3.173:6642: connecting...
May 18 16:18:52.365516 np0000000962 devstack@neutron-api.service[86612]: INFO ovsdbapp.backend.ovs_idl.vlog [None req-49636ac9-a661-475e-8287-13b3465e016a None None] ssl:10.4.3.173:6642: connected
May 18 16:18:52.400013 np0000000962 devstack@neutron-api.service[86612]: DEBUG neutron.common.ovn.hash_ring_manager [None req-49636ac9-a661-475e-8287-13b3465e016a None None] Allow caching, nodes 2>=2 {{(pid=86612) _wait_startup_before_caching /opt/stack/neutron/neutron/common/ovn/hash_ring_manager.py:65}}
May 18 16:18:52.403075 np0000000962 devstack@neutron-api.service[86612]: DEBUG neutron.common.ovn.hash_ring_manager [None req-49636ac9-a661-475e-8287-13b3465e016a None None] Hash Ring loaded. 2 active nodes. 0 offline nodes {{(pid=86612) _load_hash_ring /opt/stack/neutron/neutron/common/ovn/hash_ring_manager.py:102}}
May 18 16:18:52.403267 np0000000962 devstack@neutron-api.service[86612]: DEBUG neutron.plugins.ml2.drivers.ovn.mech_driver.ovsdb.ovsdb_monitor [None req-49636ac9-a661-475e-8287-13b3465e016a None None] ChassisOVNAgentWriteEvent : Matched Chassis_Private, create, None None {{(pid=86612) matches /opt/stack/neutron/neutron/plugins/ml2/drivers/ovn/mech_driver/ovsdb/ovsdb_monitor.py:64}}
May 18 16:18:52.403267 np0000000962 devstack@neutron-api.service[86612]: DEBUG neutron.plugins.ml2.drivers.ovn.mech_driver.ovsdb.ovsdb_monitor [None req-49636ac9-a661-475e-8287-13b3465e016a None None] ChassisAgentWriteEvent : Matched Chassis_Private, create, None None {{(pid=86612) matches /opt/stack/neutron/neutron/plugins/ml2/drivers/ovn/mech_driver/ovsdb/ovsdb_monitor.py:64}}
May 18 16:18:52.404322 np0000000962 devstack@neutron-api.service[86612]: INFO neutron.plugins.ml2.drivers.ovn.mech_driver.mech_driver [None req-49636ac9-a661-475e-8287-13b3465e016a None None] WorkerService process has finished the post initialization
May 18 16:18:52.405295 np0000000962 devstack@neutron-api.service[86612]: WSGI app 0 (mountpoint='') ready in 6 seconds on interpreter 0x7142a4ca3668 pid: 86612 (default app)
May 18 16:18:54.144497 np0000000962 devstack@neutron-api.service[86613]: DEBUG neutron.common.ovn.hash_ring_manager [-] Allow caching, nodes 2>=2 {{(pid=86613) _wait_startup_before_caching /opt/stack/neutron/neutron/common/ovn/hash_ring_manager.py:65}}
May 18 16:18:54.144849 np0000000962 devstack@neutron-api.service[86613]: DEBUG neutron.plugins.ml2.drivers.ovn.mech_driver.ovsdb.ovsdb_monitor [-] Hash Ring: Node 0640e3bdddb05d8399028607b90f1482 (host: np0000000962) handling event "update" for row d2fb592e-18c1-426e-b0d3-cf3567e3dfd4 (table: Connection) {{(pid=86613) notify /opt/stack/neutron/neutron/plugins/ml2/drivers/ovn/mech_driver/ovsdb/ovsdb_monitor.py:942}}
May 18 16:18:55.874705 np0000000962 devstack@neutron-api.service[86613]: DEBUG neutron.api.wsgi [None req-0c2647bb-5d2b-42ca-8aa4-a8416f25461b admin admin] Missing Content-Type {{(pid=86613) get_content_type /opt/stack/neutron/neutron/api/wsgi.py:80}}
May 18 16:18:55.875139 np0000000962 devstack@neutron-api.service[86613]: DEBUG neutron.api.wsgi [None req-0c2647bb-5d2b-42ca-8aa4-a8416f25461b admin admin] https://10.4.3.173/networking/v2.0/extensions returned with HTTP 200 {{(pid=86613) __call__ /opt/stack/neutron/neutron/api/wsgi.py:540}}
May 18 16:18:55.875399 np0000000962 devstack@neutron-api.service[86613]: [pid: 86613|app: 0|req: 2/2] 10.4.3.173 () {64 vars in 1292 bytes} [Mon May 18 16:18:55 2026] GET /networking/v2.0/extensions => generated 15209 bytes in 365 msecs (HTTP/1.1 200) 4 headers in 159 bytes (1 switches on core 0)
May 18 16:18:56.233732 np0000000962 devstack@neutron-api.service[86612]: DEBUG neutron.api.v2.base [None req-5654828a-d335-43ed-84ad-d1640a9f92e7 admin admin] Request body: {'subnetpool': {'shared': True, 'is_default': True, 'default_prefixlen': 26, 'name': 'shared-default-subnetpool-v4', 'prefixes': ['10.1.0.0/20']}} {{(pid=86612) prepare_request_body /opt/stack/neutron/neutron/api/v2/base.py:727}}
May 18 16:18:56.444601 np0000000962 devstack@neutron-api.service[86612]: DEBUG neutron.policy [None req-5654828a-d335-43ed-84ad-d1640a9f92e7 admin admin] Loaded default policies from ['neutron'] under neutron.policies entry points {{(pid=86612) register_rules /opt/stack/neutron/neutron/policy.py:65}}
May 18 16:18:56.564170 np0000000962 devstack@neutron-api.service[86612]: DEBUG neutron_lib.callbacks.manager [None req-5654828a-d335-43ed-84ad-d1640a9f92e7 admin admin] Publish callbacks ['neutron.objects.securitygroup.RbacNeutronDbObjectMixin.validate_rbac_policy_change-1326173695644', 'neutron.objects.address_group.RbacNeutronDbObjectMixin.validate_rbac_policy_change-1326173668980', 'neutron.objects.network.RbacNeutronDbObjectMixin.validate_rbac_policy_change-1326173533431', 'neutron.objects.qos.policy.RbacNeutronDbObjectMixin.validate_rbac_policy_change-1326173649733', 'neutron.objects.subnetpool.RbacNeutronDbObjectMixin.validate_rbac_policy_change-1326173630916', 'neutron.objects.address_scope.RbacNeutronDbObjectMixin.validate_rbac_policy_change-1326173617094', 'neutron.plugins.ml2.plugin.External_net_db_mixin._process_ext_policy_create-1477455', 'neutron.plugins.ml2.plugin.NeutronDbPluginV2.validate_network_rbac_policy_change-1485359'] for rbac-policy (None), before_create {{(pid=86612) _notify_loop /opt/stack/data/venv/lib/python3.12/site-packages/neutron_lib/callbacks/manager.py:184}}
May 18 16:18:56.595161 np0000000962 devstack@neutron-api.service[86612]: DEBUG neutron_lib.callbacks.manager [None req-5654828a-d335-43ed-84ad-d1640a9f92e7 admin admin] Publish callbacks [] for subnetpool (None), before_response {{(pid=86612) _notify_loop /opt/stack/data/venv/lib/python3.12/site-packages/neutron_lib/callbacks/manager.py:184}}
May 18 16:18:56.595769 np0000000962 devstack@neutron-api.service[86612]: [pid: 86612|app: 0|req: 1/3] 10.4.3.173 () {68 vars in 1336 bytes} [Mon May 18 16:18:56 2026] POST /networking/v2.0/subnetpools => generated 533 bytes in 441 msecs (HTTP/1.1 201) 4 headers in 162 bytes (1 switches on core 0)
May 18 16:18:56.789222 np0000000962 devstack@neutron-api.service[86613]: DEBUG neutron.api.v2.base [None req-3fe965ee-72ae-4520-b20f-44f076b9c4bc admin admin] Request body: {'subnetpool': {'shared': True, 'is_default': True, 'default_prefixlen': 64, 'name': 'shared-default-subnetpool-v6', 'prefixes': ['fd5e:86ff:95e8::/56']}} {{(pid=86613) prepare_request_body /opt/stack/neutron/neutron/api/v2/base.py:727}}
May 18 16:18:56.948433 np0000000962 devstack@neutron-api.service[86613]: DEBUG neutron.policy [None req-3fe965ee-72ae-4520-b20f-44f076b9c4bc admin admin] Loaded default policies from ['neutron'] under neutron.policies entry points {{(pid=86613) register_rules /opt/stack/neutron/neutron/policy.py:65}}
May 18 16:18:57.221370 np0000000962 devstack@neutron-api.service[86613]: DEBUG neutron_lib.callbacks.manager [None req-3fe965ee-72ae-4520-b20f-44f076b9c4bc admin admin] Publish callbacks ['neutron.objects.securitygroup.RbacNeutronDbObjectMixin.validate_rbac_policy_change-1326172105583', 'neutron.objects.address_group.RbacNeutronDbObjectMixin.validate_rbac_policy_change-1326172078748', 'neutron.objects.network.RbacNeutronDbObjectMixin.validate_rbac_policy_change-1326172134049', 'neutron.objects.qos.policy.RbacNeutronDbObjectMixin.validate_rbac_policy_change-1326172130914', 'neutron.objects.subnetpool.RbacNeutronDbObjectMixin.validate_rbac_policy_change-1326172157041', 'neutron.objects.address_scope.RbacNeutronDbObjectMixin.validate_rbac_policy_change-1326172116944', 'neutron.plugins.ml2.plugin.External_net_db_mixin._process_ext_policy_create-4103405', 'neutron.plugins.ml2.plugin.NeutronDbPluginV2.validate_network_rbac_policy_change-71693'] for rbac-policy (None), before_create {{(pid=86613) _notify_loop /opt/stack/data/venv/lib/python3.12/site-packages/neutron_lib/callbacks/manager.py:184}}
May 18 16:18:57.256894 np0000000962 devstack@neutron-api.service[86613]: DEBUG neutron_lib.callbacks.manager [None req-3fe965ee-72ae-4520-b20f-44f076b9c4bc admin admin] Publish callbacks [] for subnetpool (None), before_response {{(pid=86613) _notify_loop /opt/stack/data/venv/lib/python3.12/site-packages/neutron_lib/callbacks/manager.py:184}}
May 18 16:18:57.257291 np0000000962 devstack@neutron-api.service[86613]: [pid: 86613|app: 0|req: 3/4] 10.4.3.173 () {68 vars in 1336 bytes} [Mon May 18 16:18:56 2026] POST /networking/v2.0/subnetpools => generated 543 bytes in 471 msecs (HTTP/1.1 201) 4 headers in 162 bytes (1 switches on core 0)
May 18 16:18:57.465673 np0000000962 devstack@neutron-api.service[86612]: DEBUG neutron.api.v2.base [None req-0a0e46dc-046a-4ae1-ad43-320c5a3d93d4 admin admin] Request body: {'network': {'admin_state_up': True, 'name': 'private'}} {{(pid=86612) prepare_request_body /opt/stack/neutron/neutron/api/v2/base.py:727}}
May 18 16:18:57.478942 np0000000962 devstack@neutron-api.service[86612]: DEBUG neutron.pecan_wsgi.hooks.quota_enforcement [None req-0a0e46dc-046a-4ae1-ad43-320c5a3d93d4 admin admin] Made reservation on behalf of 9eb88d2182734e6ca32b7f026bf78142 for: {'network': 1} {{(pid=86612) before /opt/stack/neutron/neutron/pecan_wsgi/hooks/quota_enforcement.py:66}}
May 18 16:18:57.481675 np0000000962 devstack@neutron-api.service[86612]: DEBUG neutron_lib.callbacks.manager [None req-0a0e46dc-046a-4ae1-ad43-320c5a3d93d4 admin admin] Publish callbacks ['neutron.plugins.ml2.plugin.SecurityGroupDbMixin._ensure_default_security_group_handler-1533897'] for network (None), before_create {{(pid=86612) _notify_loop /opt/stack/data/venv/lib/python3.12/site-packages/neutron_lib/callbacks/manager.py:184}}
May 18 16:18:57.497313 np0000000962 devstack@neutron-api.service[86612]: DEBUG neutron_lib.callbacks.manager [None req-0a0e46dc-046a-4ae1-ad43-320c5a3d93d4 admin admin] Publish callbacks [] for security_group (None), before_create {{(pid=86612) _notify_loop /opt/stack/data/venv/lib/python3.12/site-packages/neutron_lib/callbacks/manager.py:184}}
May 18 16:18:57.575501 np0000000962 devstack@neutron-api.service[86612]: DEBUG neutron_lib.callbacks.manager [None req-0a0e46dc-046a-4ae1-ad43-320c5a3d93d4 admin admin] Publish callbacks ['neutron.plugins.ml2.drivers.ovn.mech_driver.mech_driver.OVNMechanismDriver._create_security_group_precommit-300864'] for security_group (34a94d16-673b-4ccb-82b3-9af50e5744bb), precommit_create {{(pid=86612) _notify_loop /opt/stack/data/venv/lib/python3.12/site-packages/neutron_lib/callbacks/manager.py:184}}
May 18 16:18:57.575632 np0000000962 devstack@neutron-api.service[86612]: DEBUG neutron.db.ovn_revision_numbers_db [None req-0a0e46dc-046a-4ae1-ad43-320c5a3d93d4 admin admin] create_initial_revision uuid=34a94d16-673b-4ccb-82b3-9af50e5744bb, type=security_groups, rev=-1 {{(pid=86612) create_initial_revision /opt/stack/neutron/neutron/db/ovn_revision_numbers_db.py:98}}
May 18 16:18:57.577496 np0000000962 devstack@neutron-api.service[86612]: DEBUG neutron.db.ovn_revision_numbers_db [None req-0a0e46dc-046a-4ae1-ad43-320c5a3d93d4 admin admin] create_initial_revision uuid=360745d8-a06c-456a-a057-d2ede88860f2, type=security_group_rules, rev=-1 {{(pid=86612) create_initial_revision /opt/stack/neutron/neutron/db/ovn_revision_numbers_db.py:98}}
May 18 16:18:57.578453 np0000000962 devstack@neutron-api.service[86612]: DEBUG neutron.db.ovn_revision_numbers_db [None req-0a0e46dc-046a-4ae1-ad43-320c5a3d93d4 admin admin] create_initial_revision uuid=4c8e07d0-8d7c-4b0f-84ab-26ed7ac79319, type=security_group_rules, rev=-1 {{(pid=86612) create_initial_revision /opt/stack/neutron/neutron/db/ovn_revision_numbers_db.py:98}}
May 18 16:18:57.579235 np0000000962 devstack@neutron-api.service[86612]: DEBUG neutron.db.ovn_revision_numbers_db [None req-0a0e46dc-046a-4ae1-ad43-320c5a3d93d4 admin admin] create_initial_revision uuid=61e2c336-5d3e-4298-9c44-5340fc2babce, type=security_group_rules, rev=-1 {{(pid=86612) create_initial_revision /opt/stack/neutron/neutron/db/ovn_revision_numbers_db.py:98}}
May 18 16:18:57.580044 np0000000962 devstack@neutron-api.service[86612]: DEBUG neutron.db.ovn_revision_numbers_db [None req-0a0e46dc-046a-4ae1-ad43-320c5a3d93d4 admin admin] create_initial_revision uuid=e5499ca3-4510-42e3-90eb-68816fba8f56, type=security_group_rules, rev=-1 {{(pid=86612) create_initial_revision /opt/stack/neutron/neutron/db/ovn_revision_numbers_db.py:98}}
May 18 16:18:57.582723 np0000000962 devstack@neutron-api.service[86612]: DEBUG neutron_lib.callbacks.manager [None req-0a0e46dc-046a-4ae1-ad43-320c5a3d93d4 admin admin] Publish callbacks ['neutron.plugins.ml2.drivers.ovn.mech_driver.mech_driver.OVNMechanismDriver._create_security_group-300878', 'neutron.plugins.ml2.ovo_rpc._ObjectChangeHandler.handle_event-2539503'] for security_group (34a94d16-673b-4ccb-82b3-9af50e5744bb), after_create {{(pid=86612) _notify_loop /opt/stack/data/venv/lib/python3.12/site-packages/neutron_lib/callbacks/manager.py:184}}
May 18 16:18:57.582885 np0000000962 devstack@neutron-api.service[86612]: INFO neutron.plugins.ml2.drivers.ovn.mech_driver.ovsdb.extensions.qos [None req-0a0e46dc-046a-4ae1-ad43-320c5a3d93d4 admin admin] Starting OVNClientQosExtension
May 18 16:18:57.582995 np0000000962 devstack@neutron-api.service[86612]: INFO neutron.plugins.ml2.drivers.ovn.mech_driver.ovsdb.extensions.placement [None req-0a0e46dc-046a-4ae1-ad43-320c5a3d93d4 admin admin] Starting OVNClientPlacementExtension
May 18 16:18:57.583987 np0000000962 devstack@neutron-api.service[86612]: DEBUG ovsdbapp.backend.ovs_idl.transaction [-] Running txn n=1 command(idx=0): PgAddCommand(_result=None, name=pg_34a94d16_673b_4ccb_82b3_9af50e5744bb, may_exist=False, columns={'acls': [], 'external_ids': {'neutron:security_group_id': '34a94d16-673b-4ccb-82b3-9af50e5744bb'}}) {{(pid=86612) do_commit /opt/stack/data/venv/lib/python3.12/site-packages/ovsdbapp/backend/ovs_idl/transaction.py:89}}
May 18 16:18:57.585050 np0000000962 devstack@neutron-api.service[86612]: DEBUG ovsdbapp.backend.ovs_idl.transaction [-] Running txn n=1 command(idx=1): PgAclAddCommand(_result=None, entity=pg_34a94d16_673b_4ccb_82b3_9af50e5744bb, direction=to-lport, priority=1002, match=outport == @pg_34a94d16_673b_4ccb_82b3_9af50e5744bb && ip4 && ip4.src == $pg_34a94d16_673b_4ccb_82b3_9af50e5744bb_ip4, action=allow-related, log=False, may_exist=True, severity=[], name=[], meter=[], external_ids={'neutron:security_group_rule_id': '360745d8-a06c-456a-a057-d2ede88860f2'}) {{(pid=86612) do_commit /opt/stack/data/venv/lib/python3.12/site-packages/ovsdbapp/backend/ovs_idl/transaction.py:89}}
May 18 16:18:57.585387 np0000000962 devstack@neutron-api.service[86612]: DEBUG ovsdbapp.backend.ovs_idl.transaction [-] Running txn n=1 command(idx=2): PgAclAddCommand(_result=None, entity=pg_34a94d16_673b_4ccb_82b3_9af50e5744bb, direction=to-lport, priority=1002, match=outport == @pg_34a94d16_673b_4ccb_82b3_9af50e5744bb && ip6 && ip6.src == $pg_34a94d16_673b_4ccb_82b3_9af50e5744bb_ip6, action=allow-related, log=False, may_exist=True, severity=[], name=[], meter=[], external_ids={'neutron:security_group_rule_id': '4c8e07d0-8d7c-4b0f-84ab-26ed7ac79319'}) {{(pid=86612) do_commit /opt/stack/data/venv/lib/python3.12/site-packages/ovsdbapp/backend/ovs_idl/transaction.py:89}}
May 18 16:18:57.585628 np0000000962 devstack@neutron-api.service[86612]: DEBUG ovsdbapp.backend.ovs_idl.transaction [-] Running txn n=1 command(idx=3): PgAclAddCommand(_result=None, entity=pg_34a94d16_673b_4ccb_82b3_9af50e5744bb, direction=from-lport, priority=1002, match=inport == @pg_34a94d16_673b_4ccb_82b3_9af50e5744bb && ip4, action=allow-related, log=False, may_exist=True, severity=[], name=[], meter=[], external_ids={'neutron:security_group_rule_id': '61e2c336-5d3e-4298-9c44-5340fc2babce'}) {{(pid=86612) do_commit /opt/stack/data/venv/lib/python3.12/site-packages/ovsdbapp/backend/ovs_idl/transaction.py:89}}
May 18 16:18:57.585842 np0000000962 devstack@neutron-api.service[86612]: DEBUG ovsdbapp.backend.ovs_idl.transaction [-] Running txn n=1 command(idx=4): PgAclAddCommand(_result=None, entity=pg_34a94d16_673b_4ccb_82b3_9af50e5744bb, direction=from-lport, priority=1002, match=inport == @pg_34a94d16_673b_4ccb_82b3_9af50e5744bb && ip6, action=allow-related, log=False, may_exist=True, severity=[], name=[], meter=[], external_ids={'neutron:security_group_rule_id': 'e5499ca3-4510-42e3-90eb-68816fba8f56'}) {{(pid=86612) do_commit /opt/stack/data/venv/lib/python3.12/site-packages/ovsdbapp/backend/ovs_idl/transaction.py:89}}
May 18 16:18:57.605286 np0000000962 devstack@neutron-api.service[86612]: DEBUG neutron.plugins.ml2.drivers.ovn.mech_driver.ovsdb.ovsdb_monitor [-] Hash Ring: Node 9d5a64db4adc59a392f7a5700434bf52 (host: np0000000962) handling event "create" for row 331a3533-c1a0-43ff-be24-7c75dce510f2 (table: ACL) {{(pid=86612) notify /opt/stack/neutron/neutron/plugins/ml2/drivers/ovn/mech_driver/ovsdb/ovsdb_monitor.py:942}}
May 18 16:18:57.605489 np0000000962 devstack@neutron-api.service[86612]: DEBUG neutron.plugins.ml2.drivers.ovn.mech_driver.ovsdb.ovsdb_monitor [-] Hash Ring: Node 9d5a64db4adc59a392f7a5700434bf52 (host: np0000000962) handling event "create" for row 9a51fd93-a63d-4951-97ee-5784b2ca78be (table: ACL) {{(pid=86612) notify /opt/stack/neutron/neutron/plugins/ml2/drivers/ovn/mech_driver/ovsdb/ovsdb_monitor.py:942}}
May 18 16:18:57.605647 np0000000962 devstack@neutron-api.service[86612]: DEBUG neutron.plugins.ml2.drivers.ovn.mech_driver.ovsdb.ovsdb_monitor [-] Hash Ring: Node 9d5a64db4adc59a392f7a5700434bf52 (host: np0000000962) handling event "create" for row 5de22c87-d3ef-4a32-9650-9aa842008f2b (table: Port_Group) {{(pid=86612) notify /opt/stack/neutron/neutron/plugins/ml2/drivers/ovn/mech_driver/ovsdb/ovsdb_monitor.py:942}}
May 18 16:18:57.606738 np0000000962 devstack@neutron-api.service[86613]: DEBUG neutron.plugins.ml2.drivers.ovn.mech_driver.ovsdb.ovsdb_monitor [-] Hash Ring: Node 0640e3bdddb05d8399028607b90f1482 (host: np0000000962) handling event "create" for row 079e4762-a439-4f1f-8603-da1698ce4604 (table: ACL) {{(pid=86613) notify /opt/stack/neutron/neutron/plugins/ml2/drivers/ovn/mech_driver/ovsdb/ovsdb_monitor.py:942}}
May 18 16:18:57.606738 np0000000962 devstack@neutron-api.service[86613]: DEBUG neutron.plugins.ml2.drivers.ovn.mech_driver.ovsdb.ovsdb_monitor [-] Hash Ring: Node 0640e3bdddb05d8399028607b90f1482 (host: np0000000962) handling event "create" for row 331a3533-c1a0-43ff-be24-7c75dce510f2 (table: ACL) {{(pid=86613) notify /opt/stack/neutron/neutron/plugins/ml2/drivers/ovn/mech_driver/ovsdb/ovsdb_monitor.py:942}}
May 18 16:18:57.606738 np0000000962 devstack@neutron-api.service[86613]: DEBUG neutron.plugins.ml2.drivers.ovn.mech_driver.ovsdb.ovsdb_monitor [-] Hash Ring: Node 0640e3bdddb05d8399028607b90f1482 (host: np0000000962) handling event "create" for row 9a51fd93-a63d-4951-97ee-5784b2ca78be (table: ACL) {{(pid=86613) notify /opt/stack/neutron/neutron/plugins/ml2/drivers/ovn/mech_driver/ovsdb/ovsdb_monitor.py:942}}
May 18 16:18:57.606738 np0000000962 devstack@neutron-api.service[86613]: DEBUG neutron.plugins.ml2.drivers.ovn.mech_driver.ovsdb.ovsdb_monitor [-] Hash Ring: Node 0640e3bdddb05d8399028607b90f1482 (host: np0000000962) handling event "create" for row c224bfc3-1f06-4150-a4b9-46288c17faba (table: ACL) {{(pid=86613) notify /opt/stack/neutron/neutron/plugins/ml2/drivers/ovn/mech_driver/ovsdb/ovsdb_monitor.py:942}}
May 18 16:18:57.606982 np0000000962 devstack@neutron-api.service[86613]: DEBUG neutron.plugins.ml2.drivers.ovn.mech_driver.ovsdb.ovsdb_monitor [-] Hash Ring: Node 0640e3bdddb05d8399028607b90f1482 (host: np0000000962) handling event "create" for row 5de22c87-d3ef-4a32-9650-9aa842008f2b (table: Port_Group) {{(pid=86613) notify /opt/stack/neutron/neutron/plugins/ml2/drivers/ovn/mech_driver/ovsdb/ovsdb_monitor.py:942}}
May 18 16:18:57.624539 np0000000962 devstack@neutron-api.service[86612]: INFO neutron.db.ovn_revision_numbers_db [None req-0a0e46dc-046a-4ae1-ad43-320c5a3d93d4 admin admin] Successfully bumped revision number for resource 34a94d16-673b-4ccb-82b3-9af50e5744bb (type: security_groups) to 1
May 18 16:18:57.636232 np0000000962 devstack@neutron-api.service[86612]: INFO neutron.db.ovn_revision_numbers_db [None req-0a0e46dc-046a-4ae1-ad43-320c5a3d93d4 admin admin] Successfully bumped revision number for resource 360745d8-a06c-456a-a057-d2ede88860f2 (type: security_group_rules) to 0
May 18 16:18:57.643759 np0000000962 devstack@neutron-api.service[86612]: INFO neutron.db.ovn_revision_numbers_db [None req-0a0e46dc-046a-4ae1-ad43-320c5a3d93d4 admin admin] Successfully bumped revision number for resource 4c8e07d0-8d7c-4b0f-84ab-26ed7ac79319 (type: security_group_rules) to 0
May 18 16:18:57.651586 np0000000962 devstack@neutron-api.service[86612]: INFO neutron.db.ovn_revision_numbers_db [None req-0a0e46dc-046a-4ae1-ad43-320c5a3d93d4 admin admin] Successfully bumped revision number for resource 61e2c336-5d3e-4298-9c44-5340fc2babce (type: security_group_rules) to 0
May 18 16:18:57.659465 np0000000962 devstack@neutron-api.service[86612]: INFO neutron.db.ovn_revision_numbers_db [None req-0a0e46dc-046a-4ae1-ad43-320c5a3d93d4 admin admin] Successfully bumped revision number for resource e5499ca3-4510-42e3-90eb-68816fba8f56 (type: security_group_rules) to 0
May 18 16:18:57.677174 np0000000962 devstack@neutron-api.service[86612]: DEBUG neutron.api.rpc.handlers.resources_rpc [None req-0a0e46dc-046a-4ae1-ad43-320c5a3d93d4 admin admin] Pushing event updated for resources: {'SecurityGroup': ['ID=34a94d16-673b-4ccb-82b3-9af50e5744bb,revision_number=1']} {{(pid=86612) push /opt/stack/neutron/neutron/api/rpc/handlers/resources_rpc.py:237}}
May 18 16:18:57.683248 np0000000962 devstack@neutron-api.service[86612]: DEBUG ovsdbapp.backend.ovs_idl.transaction [-] Running txn n=1 command(idx=0): CheckLivenessCommand(_result=None) {{(pid=86612) do_commit /opt/stack/data/venv/lib/python3.12/site-packages/ovsdbapp/backend/ovs_idl/transaction.py:89}}
May 18 16:18:57.684762 np0000000962 devstack@neutron-api.service[86613]: DEBUG neutron.plugins.ml2.drivers.ovn.mech_driver.ovsdb.ovsdb_monitor [-] Hash Ring: Node 0640e3bdddb05d8399028607b90f1482 (host: np0000000962) handling event "update" for row 0996a5eb-337a-4692-bd2c-b4f65194f3be (table: NB_Global) {{(pid=86613) notify /opt/stack/neutron/neutron/plugins/ml2/drivers/ovn/mech_driver/ovsdb/ovsdb_monitor.py:942}}
May 18 16:18:57.685618 np0000000962 devstack@neutron-api.service[86613]: DEBUG neutron.plugins.ml2.drivers.ovn.mech_driver.ovsdb.ovsdb_monitor [-] Hash Ring: Node 0640e3bdddb05d8399028607b90f1482 (host: np0000000962) handling event "update" for row 0996a5eb-337a-4692-bd2c-b4f65194f3be (table: NB_Global) {{(pid=86613) notify /opt/stack/neutron/neutron/plugins/ml2/drivers/ovn/mech_driver/ovsdb/ovsdb_monitor.py:942}}
May 18 16:18:57.688008 np0000000962 devstack@neutron-api.service[86612]: DEBUG neutron.plugins.ml2.drivers.ovn.mech_driver.ovsdb.ovsdb_monitor [-] Hash Ring: Node 9d5a64db4adc59a392f7a5700434bf52 (host: np0000000962) handling event "update" for row 0996a5eb-337a-4692-bd2c-b4f65194f3be (table: NB_Global) {{(pid=86612) notify /opt/stack/neutron/neutron/plugins/ml2/drivers/ovn/mech_driver/ovsdb/ovsdb_monitor.py:942}}
May 18 16:18:57.688095 np0000000962 devstack@neutron-api.service[86613]: DEBUG neutron.plugins.ml2.drivers.ovn.mech_driver.ovsdb.ovsdb_monitor [-] Hash Ring: Node 0640e3bdddb05d8399028607b90f1482 (host: np0000000962) handling event "update" for row 0996a5eb-337a-4692-bd2c-b4f65194f3be (table: NB_Global) {{(pid=86613) notify /opt/stack/neutron/neutron/plugins/ml2/drivers/ovn/mech_driver/ovsdb/ovsdb_monitor.py:942}}
May 18 16:18:57.688154 np0000000962 devstack@neutron-api.service[86612]: DEBUG neutron.plugins.ml2.drivers.ovn.mech_driver.ovsdb.ovsdb_monitor [-] Hash Ring: Node 9d5a64db4adc59a392f7a5700434bf52 (host: np0000000962) handling event "update" for row 0996a5eb-337a-4692-bd2c-b4f65194f3be (table: NB_Global) {{(pid=86612) notify /opt/stack/neutron/neutron/plugins/ml2/drivers/ovn/mech_driver/ovsdb/ovsdb_monitor.py:942}}
May 18 16:18:57.688304 np0000000962 devstack@neutron-api.service[86613]: DEBUG neutron.plugins.ml2.drivers.ovn.mech_driver.ovsdb.ovsdb_monitor [-] ChassisAgentWriteEvent : Matched Chassis_Private, update, None None {{(pid=86613) matches /opt/stack/neutron/neutron/plugins/ml2/drivers/ovn/mech_driver/ovsdb/ovsdb_monitor.py:64}}
May 18 16:18:57.688764 np0000000962 devstack@neutron-api.service[86612]: DEBUG neutron.plugins.ml2.drivers.ovn.mech_driver.ovsdb.ovsdb_monitor [-] ChassisAgentWriteEvent : Matched Chassis_Private, update, None None {{(pid=86612) matches /opt/stack/neutron/neutron/plugins/ml2/drivers/ovn/mech_driver/ovsdb/ovsdb_monitor.py:64}}
May 18 16:18:57.689845 np0000000962 devstack@neutron-api.service[86612]: DEBUG neutron.plugins.ml2.drivers.ovn.mech_driver.ovsdb.ovsdb_monitor [-] Hash Ring: Node 9d5a64db4adc59a392f7a5700434bf52 (host: np0000000962) handling event "update" for row 0996a5eb-337a-4692-bd2c-b4f65194f3be (table: NB_Global) {{(pid=86612) notify /opt/stack/neutron/neutron/plugins/ml2/drivers/ovn/mech_driver/ovsdb/ovsdb_monitor.py:942}}
May 18 16:18:57.690568 np0000000962 devstack@neutron-api.service[86613]: DEBUG neutron.plugins.ml2.drivers.ovn.mech_driver.ovsdb.ovsdb_monitor [-] Hash Ring: Node 0640e3bdddb05d8399028607b90f1482 (host: np0000000962) handling event "update" for row 0996a5eb-337a-4692-bd2c-b4f65194f3be (table: NB_Global) {{(pid=86613) notify /opt/stack/neutron/neutron/plugins/ml2/drivers/ovn/mech_driver/ovsdb/ovsdb_monitor.py:942}}
May 18 16:18:57.691310 np0000000962 devstack@neutron-api.service[86612]: DEBUG neutron.plugins.ml2.drivers.ovn.mech_driver.ovsdb.ovsdb_monitor [-] Hash Ring: Node 9d5a64db4adc59a392f7a5700434bf52 (host: np0000000962) handling event "update" for row 0996a5eb-337a-4692-bd2c-b4f65194f3be (table: NB_Global) {{(pid=86612) notify /opt/stack/neutron/neutron/plugins/ml2/drivers/ovn/mech_driver/ovsdb/ovsdb_monitor.py:942}}
May 18 16:18:57.692578 np0000000962 devstack@neutron-api.service[86613]: DEBUG neutron.common.ovn.hash_ring_manager [-] Allow caching, nodes 2>=2 {{(pid=86613) _wait_startup_before_caching /opt/stack/neutron/neutron/common/ovn/hash_ring_manager.py:65}}
May 18 16:18:57.692752 np0000000962 devstack@neutron-api.service[86613]: DEBUG neutron.plugins.ml2.drivers.ovn.mech_driver.ovsdb.ovsdb_monitor [-] Hash Ring: Node 0640e3bdddb05d8399028607b90f1482 (host: np0000000962) handling event "update" for row 4a1a73cb-904d-49b2-9e88-b3e89c91389c (table: Chassis_Private) {{(pid=86613) notify /opt/stack/neutron/neutron/plugins/ml2/drivers/ovn/mech_driver/ovsdb/ovsdb_monitor.py:942}}
May 18 16:18:57.693174 np0000000962 devstack@neutron-api.service[86612]: DEBUG neutron.api.rpc.callbacks.version_manager [None req-0a0e46dc-046a-4ae1-ad43-320c5a3d93d4 admin admin] Tracked resource versions report:
May 18 16:18:57.693174 np0000000962 devstack@neutron-api.service[86612]: pushed versions:
May 18 16:18:57.693174 np0000000962 devstack@neutron-api.service[86612]: { 'AddressGroup': {'1.2'},
May 18 16:18:57.693174 np0000000962 devstack@neutron-api.service[86612]: 'Agent': {'1.1'},
May 18 16:18:57.693174 np0000000962 devstack@neutron-api.service[86612]: 'ConntrackHelper': {'1.0'},
May 18 16:18:57.693174 np0000000962 devstack@neutron-api.service[86612]: 'LocalIPAssociation': {'1.0'},
May 18 16:18:57.693174 np0000000962 devstack@neutron-api.service[86612]: 'Log': {'1.0'},
May 18 16:18:57.693174 np0000000962 devstack@neutron-api.service[86612]: 'NDPProxy': {'1.0'},
May 18 16:18:57.693174 np0000000962 devstack@neutron-api.service[86612]: 'Network': {'1.2'},
May 18 16:18:57.693174 np0000000962 devstack@neutron-api.service[86612]: 'Port': {'1.10'},
May 18 16:18:57.693174 np0000000962 devstack@neutron-api.service[86612]: 'PortForwarding': {'1.3'},
May 18 16:18:57.693174 np0000000962 devstack@neutron-api.service[86612]: 'QosPolicy': {'1.10'},
May 18 16:18:57.693174 np0000000962 devstack@neutron-api.service[86612]: 'SecurityGroup': {'1.6'},
May 18 16:18:57.693174 np0000000962 devstack@neutron-api.service[86612]: 'SecurityGroupRule': {'1.3'},
May 18 16:18:57.693174 np0000000962 devstack@neutron-api.service[86612]: 'SubPort': {'1.0'},
May 18 16:18:57.693174 np0000000962 devstack@neutron-api.service[86612]: 'Subnet': {'1.2'},
May 18 16:18:57.693174 np0000000962 devstack@neutron-api.service[86612]: 'Trunk': {'1.1'}}
May 18 16:18:57.693174 np0000000962 devstack@neutron-api.service[86612]: consumer versions:
May 18 16:18:57.693174 np0000000962 devstack@neutron-api.service[86612]: {OVN Controller Gateway agent@np0000000962: {}}
May 18 16:18:57.693174 np0000000962 devstack@neutron-api.service[86612]: {{(pid=86612) report /opt/stack/neutron/neutron/api/rpc/callbacks/version_manager.py:183}}
May 18 16:18:57.693571 np0000000962 devstack@neutron-api.service[86613]: DEBUG neutron.plugins.ml2.drivers.ovn.mech_driver.ovsdb.ovsdb_monitor [-] ChassisOVNAgentWriteEvent : Matched Chassis_Private, update, None None {{(pid=86613) matches /opt/stack/neutron/neutron/plugins/ml2/drivers/ovn/mech_driver/ovsdb/ovsdb_monitor.py:64}}
May 18 16:18:57.693629 np0000000962 devstack@neutron-api.service[86613]: DEBUG neutron.plugins.ml2.drivers.ovn.mech_driver.ovsdb.ovsdb_monitor [-] Hash Ring: Node 0640e3bdddb05d8399028607b90f1482 (host: np0000000962) handling event "update" for row 4a1a73cb-904d-49b2-9e88-b3e89c91389c (table: Chassis_Private) {{(pid=86613) notify /opt/stack/neutron/neutron/plugins/ml2/drivers/ovn/mech_driver/ovsdb/ovsdb_monitor.py:942}}
May 18 16:18:57.695897 np0000000962 devstack@neutron-api.service[86612]: DEBUG neutron.plugins.ml2.drivers.ovn.mech_driver.ovsdb.ovsdb_monitor [-] ChassisOVNAgentWriteEvent : Matched Chassis_Private, update, None None {{(pid=86612) matches /opt/stack/neutron/neutron/plugins/ml2/drivers/ovn/mech_driver/ovsdb/ovsdb_monitor.py:64}}
May 18 16:18:57.730098 np0000000962 devstack@neutron-api.service[86612]: DEBUG neutron.plugins.ml2.drivers.helpers [None req-0a0e46dc-046a-4ae1-ad43-320c5a3d93d4 admin admin] geneve segment allocate from pool success with {'geneve_vni': 14879} {{(pid=86612) allocate_partially_specified_segment /opt/stack/neutron/neutron/plugins/ml2/drivers/helpers.py:142}}
May 18 16:18:57.737957 np0000000962 devstack@neutron-api.service[86612]: DEBUG neutron_lib.callbacks.manager [None req-0a0e46dc-046a-4ae1-ad43-320c5a3d93d4 admin admin] Publish callbacks ['neutron.services.segments.db._add_segment_host_mapping_for_segment-7783183327866', 'neutron.plugins.ml2.plugin.Ml2Plugin._handle_segment_change-2825311'] for segment (eb1a3745-7d95-4e1d-8f8b-19328d86cbe9), precommit_create {{(pid=86612) _notify_loop /opt/stack/data/venv/lib/python3.12/site-packages/neutron_lib/callbacks/manager.py:184}}
May 18 16:18:57.738122 np0000000962 devstack@neutron-api.service[86612]: INFO neutron.db.segments_db [None req-0a0e46dc-046a-4ae1-ad43-320c5a3d93d4 admin admin] Added segment eb1a3745-7d95-4e1d-8f8b-19328d86cbe9 of type geneve for network 7f4cba71-2802-4722-a381-0fe31518b5fa
May 18 16:18:57.771388 np0000000962 devstack@neutron-api.service[86612]: DEBUG neutron_lib.callbacks.manager [None req-0a0e46dc-046a-4ae1-ad43-320c5a3d93d4 admin admin] Publish callbacks ['neutron.services.auto_allocate.db._ensure_external_network_default_value_callback-7783181579388'] for network (7f4cba71-2802-4722-a381-0fe31518b5fa), precommit_create {{(pid=86612) _notify_loop /opt/stack/data/venv/lib/python3.12/site-packages/neutron_lib/callbacks/manager.py:184}}
May 18 16:18:57.786219 np0000000962 devstack@neutron-api.service[86612]: DEBUG neutron.plugins.ml2.drivers.ovn.mech_driver.mech_driver [None req-0a0e46dc-046a-4ae1-ad43-320c5a3d93d4 admin admin] Validating network segment with type geneve, segmentation ID 14879, physical network None {{(pid=86612) _validate_network_segments /opt/stack/neutron/neutron/plugins/ml2/drivers/ovn/mech_driver/mech_driver.py:641}}
May 18 16:18:57.786333 np0000000962 devstack@neutron-api.service[86612]: DEBUG neutron.db.ovn_revision_numbers_db [None req-0a0e46dc-046a-4ae1-ad43-320c5a3d93d4 admin admin] create_initial_revision uuid=7f4cba71-2802-4722-a381-0fe31518b5fa, type=networks, rev=-1 {{(pid=86612) create_initial_revision /opt/stack/neutron/neutron/db/ovn_revision_numbers_db.py:98}}
May 18 16:18:57.797378 np0000000962 devstack@neutron-api.service[86612]: DEBUG neutron_lib.callbacks.manager [None req-0a0e46dc-046a-4ae1-ad43-320c5a3d93d4 admin admin] Publish callbacks ['neutron.plugins.ml2.ovo_rpc._ObjectChangeHandler.handle_event-2539490'] for network (7f4cba71-2802-4722-a381-0fe31518b5fa), after_create {{(pid=86612) _notify_loop /opt/stack/data/venv/lib/python3.12/site-packages/neutron_lib/callbacks/manager.py:184}}
May 18 16:18:57.834921 np0000000962 devstack@neutron-api.service[86612]: DEBUG neutron.api.rpc.handlers.resources_rpc [None req-0a0e46dc-046a-4ae1-ad43-320c5a3d93d4 admin admin] Pushing event updated for resources: {'Network': ['ID=7f4cba71-2802-4722-a381-0fe31518b5fa,revision_number=1']} {{(pid=86612) push /opt/stack/neutron/neutron/api/rpc/handlers/resources_rpc.py:237}}
May 18 16:18:57.841732 np0000000962 devstack@neutron-api.service[86612]: DEBUG ovsdbapp.backend.ovs_idl.transaction [-] Running txn n=1 command(idx=0): AddNetworkCommand(_result=None, network_uuid=7f4cba71-2802-4722-a381-0fe31518b5fa, may_exist=True, columns={'external_ids': {'neutron:network_name': 'private', 'neutron:mtu': '1372', 'neutron:revision_number': '1', 'neutron:availability_zone_hints': '', 'neutron:provnet-network-type': 'geneve'}, 'other_config': {'mcast_snoop': 'false', 'mcast_flood_unregistered': 'false', 'vlan-passthru': 'false'}}) {{(pid=86612) do_commit /opt/stack/data/venv/lib/python3.12/site-packages/ovsdbapp/backend/ovs_idl/transaction.py:89}}
May 18 16:18:57.842025 np0000000962 devstack@neutron-api.service[86612]: DEBUG neutron.common.ovn.utils [-] OVS persist_uuid supported=True {{(pid=86612) ovs_persist_uuid_supported /opt/stack/neutron/neutron/common/ovn/utils.py:1537}}
May 18 16:18:57.844135 np0000000962 devstack@neutron-api.service[86613]: DEBUG neutron.plugins.ml2.drivers.ovn.mech_driver.ovsdb.ovsdb_monitor [-] Hash Ring: Node 0640e3bdddb05d8399028607b90f1482 (host: np0000000962) handling event "create" for row 7f4cba71-2802-4722-a381-0fe31518b5fa (table: Logical_Switch) {{(pid=86613) notify /opt/stack/neutron/neutron/plugins/ml2/drivers/ovn/mech_driver/ovsdb/ovsdb_monitor.py:942}}
May 18 16:18:57.847347 np0000000962 devstack@neutron-api.service[86613]: DEBUG neutron.plugins.ml2.drivers.ovn.mech_driver.ovsdb.ovsdb_monitor [-] Hash Ring: Node 0640e3bdddb05d8399028607b90f1482 (host: np0000000962) handling event "create" for row 19a3244d-917d-4dc9-8591-ef1c532c60e7 (table: Datapath_Binding) {{(pid=86613) notify /opt/stack/neutron/neutron/plugins/ml2/drivers/ovn/mech_driver/ovsdb/ovsdb_monitor.py:942}}
May 18 16:18:57.868501 np0000000962 devstack@neutron-api.service[86612]: INFO neutron.db.ovn_revision_numbers_db [None req-0a0e46dc-046a-4ae1-ad43-320c5a3d93d4 admin admin] Successfully bumped revision number for resource 7f4cba71-2802-4722-a381-0fe31518b5fa (type: networks) to 1
May 18 16:18:57.911920 np0000000962 devstack@neutron-api.service[86612]: DEBUG neutron_lib.callbacks.manager [None req-0a0e46dc-046a-4ae1-ad43-320c5a3d93d4 admin admin] Publish callbacks ['neutron.plugins.ml2.plugin.SecurityGroupDbMixin._ensure_default_security_group_handler-1533897'] for port (None), before_create {{(pid=86612) _notify_loop /opt/stack/data/venv/lib/python3.12/site-packages/neutron_lib/callbacks/manager.py:184}}
May 18 16:18:58.012591 np0000000962 devstack@neutron-api.service[86612]: DEBUG neutron_lib.callbacks.manager [None req-0a0e46dc-046a-4ae1-ad43-320c5a3d93d4 admin admin] Publish callbacks ['neutron.plugins.ml2.drivers.ovn.mech_driver.mech_driver.OVNMechanismDriver._validate_allowed_address_pairs-300760'] for allowed_address_pair (2a648e56-31c0-46df-8a83-521b2fd0481f), before_create {{(pid=86612) _notify_loop /opt/stack/data/venv/lib/python3.12/site-packages/neutron_lib/callbacks/manager.py:184}}
May 18 16:18:58.013074 np0000000962 devstack@neutron-api.service[86612]: DEBUG neutron_lib.callbacks.manager [None req-0a0e46dc-046a-4ae1-ad43-320c5a3d93d4 admin admin] Publish callbacks [] for port (2a648e56-31c0-46df-8a83-521b2fd0481f), precommit_create {{(pid=86612) _notify_loop /opt/stack/data/venv/lib/python3.12/site-packages/neutron_lib/callbacks/manager.py:184}}
May 18 16:18:58.013264 np0000000962 devstack@neutron-api.service[86612]: DEBUG neutron.plugins.ml2.drivers.ovn.mech_driver.mech_driver [None req-0a0e46dc-046a-4ae1-ad43-320c5a3d93d4 admin admin] No provisioning block for port 2a648e56-31c0-46df-8a83-521b2fd0481f since it does not have a host {{(pid=86612) _is_port_provisioning_required /opt/stack/neutron/neutron/plugins/ml2/drivers/ovn/mech_driver/mech_driver.py:894}}
May 18 16:18:58.013425 np0000000962 devstack@neutron-api.service[86612]: DEBUG neutron.db.ovn_revision_numbers_db [None req-0a0e46dc-046a-4ae1-ad43-320c5a3d93d4 admin admin] create_initial_revision uuid=2a648e56-31c0-46df-8a83-521b2fd0481f, type=ports, rev=-1 {{(pid=86612) create_initial_revision /opt/stack/neutron/neutron/db/ovn_revision_numbers_db.py:98}}
May 18 16:18:58.229259 np0000000962 devstack@neutron-api.service[86612]: DEBUG neutron_lib.callbacks.manager [None req-0a0e46dc-046a-4ae1-ad43-320c5a3d93d4 admin admin] Publish callbacks ['neutron.plugins.ml2.ovo_rpc._ObjectChangeHandler.handle_event-2539037'] for port (2a648e56-31c0-46df-8a83-521b2fd0481f), after_create {{(pid=86612) _notify_loop /opt/stack/data/venv/lib/python3.12/site-packages/neutron_lib/callbacks/manager.py:184}}
May 18 16:18:58.277718 np0000000962 devstack@neutron-api.service[86612]: DEBUG neutron.api.rpc.handlers.resources_rpc [None req-0a0e46dc-046a-4ae1-ad43-320c5a3d93d4 admin admin] Pushing event updated for resources: {'Port': ['ID=2a648e56-31c0-46df-8a83-521b2fd0481f,revision_number=1']} {{(pid=86612) push /opt/stack/neutron/neutron/api/rpc/handlers/resources_rpc.py:237}}
May 18 16:18:58.305766 np0000000962 devstack@neutron-api.service[86612]: DEBUG ovsdbapp.backend.ovs_idl.transaction [-] Running txn n=1 command(idx=0): AddLSwitchPortCommand(_result=None, lport=2a648e56-31c0-46df-8a83-521b2fd0481f, lswitch=neutron-7f4cba71-2802-4722-a381-0fe31518b5fa, may_exist=True, network_uuid=7f4cba71-2802-4722-a381-0fe31518b5fa, columns={'addresses': ['fa:16:3e:11:e3:23'], 'external_ids': {'neutron:port_name': '', 'neutron:device_id': 'ovnmeta-7f4cba71-2802-4722-a381-0fe31518b5fa', 'neutron:project_id': '9eb88d2182734e6ca32b7f026bf78142', 'neutron:cidrs': '', 'neutron:device_owner': 'network:distributed', 'neutron:subnet_pool_addr_scope4': '', 'neutron:subnet_pool_addr_scope6': '', 'neutron:network_name': 'neutron-7f4cba71-2802-4722-a381-0fe31518b5fa', 'neutron:security_group_ids': '', 'neutron:revision_number': '1', 'neutron:vnic_type': 'normal', 'neutron:port_capabilities': '', 'neutron:mtu': ''}, 'parent_name': [], 'tag': [], 'enabled': True, 'options': {}, 'type': 'localport', 'port_security': [], 'dhcpv4_options': [], 'dhcpv6_options': []}) {{(pid=86612) do_commit /opt/stack/data/venv/lib/python3.12/site-packages/ovsdbapp/backend/ovs_idl/transaction.py:89}}
May 18 16:18:58.306208 np0000000962 devstack@neutron-api.service[86612]: DEBUG ovsdbapp.backend.ovs_idl.transaction [-] Running txn n=1 command(idx=1): QoSDelCommand(_result=None, switch=neutron-7f4cba71-2802-4722-a381-0fe31518b5fa, conditions=[('direction', '=', 'to-lport'), ('priority', '=', 2002), ('match', '=', 'outport == "2a648e56-31c0-46df-8a83-521b2fd0481f"')], if_exists=True) {{(pid=86612) do_commit /opt/stack/data/venv/lib/python3.12/site-packages/ovsdbapp/backend/ovs_idl/transaction.py:89}}
May 18 16:18:58.306383 np0000000962 devstack@neutron-api.service[86612]: DEBUG ovsdbapp.backend.ovs_idl.transaction [-] Running txn n=1 command(idx=2): QoSDelCommand(_result=None, switch=neutron-7f4cba71-2802-4722-a381-0fe31518b5fa, conditions=[('direction', '=', 'from-lport'), ('priority', '=', 2002), ('match', '=', 'inport == "2a648e56-31c0-46df-8a83-521b2fd0481f"')], if_exists=True) {{(pid=86612) do_commit /opt/stack/data/venv/lib/python3.12/site-packages/ovsdbapp/backend/ovs_idl/transaction.py:89}}
May 18 16:18:58.308539 np0000000962 devstack@neutron-api.service[86612]: DEBUG neutron.plugins.ml2.drivers.ovn.mech_driver.ovsdb.ovsdb_monitor [-] Hash Ring: Node 9d5a64db4adc59a392f7a5700434bf52 (host: np0000000962) handling event "create" for row 59894122-e4b3-477e-9184-f28cd9c0706c (table: Logical_Switch_Port) {{(pid=86612) notify /opt/stack/neutron/neutron/plugins/ml2/drivers/ovn/mech_driver/ovsdb/ovsdb_monitor.py:942}}
May 18 16:18:58.309720 np0000000962 devstack@neutron-api.service[86613]: DEBUG neutron.plugins.ml2.drivers.ovn.mech_driver.ovsdb.ovsdb_monitor [-] Hash Ring: Node 0640e3bdddb05d8399028607b90f1482 (host: np0000000962) handling event "update" for row 7f4cba71-2802-4722-a381-0fe31518b5fa (table: Logical_Switch) {{(pid=86613) notify /opt/stack/neutron/neutron/plugins/ml2/drivers/ovn/mech_driver/ovsdb/ovsdb_monitor.py:942}}
May 18 16:18:58.309720 np0000000962 devstack@neutron-api.service[86613]: DEBUG neutron.plugins.ml2.drivers.ovn.mech_driver.ovsdb.ovsdb_monitor [-] Hash Ring: Node 0640e3bdddb05d8399028607b90f1482 (host: np0000000962) handling event "create" for row 59894122-e4b3-477e-9184-f28cd9c0706c (table: Logical_Switch_Port) {{(pid=86613) notify /opt/stack/neutron/neutron/plugins/ml2/drivers/ovn/mech_driver/ovsdb/ovsdb_monitor.py:942}}
May 18 16:18:58.310132 np0000000962 devstack@neutron-api.service[86612]: DEBUG ovsdbapp.backend.ovs_idl.event [-] Matched CREATE: LogicalSwitchPortCreateEvent(events=('create',), table='Logical_Switch_Port', conditions=[], old_conditions=None), priority=20 to row=Logical_Switch_Port(uuid=59894122-e4b3-477e-9184-f28cd9c0706c, addresses=['fa:16:3e:11:e3:23'], dhcpv4_options=[], dhcpv6_options=[], dynamic_addresses=[], enabled=True, external_ids={'neutron:cidrs': '', 'neutron:device_id': 'ovnmeta-7f4cba71-2802-4722-a381-0fe31518b5fa', 'neutron:device_owner': 'network:distributed', 'neutron:mtu': '', 'neutron:network_name': 'neutron-7f4cba71-2802-4722-a381-0fe31518b5fa', 'neutron:port_capabilities': '', 'neutron:port_name': '', 'neutron:project_id': '9eb88d2182734e6ca32b7f026bf78142', 'neutron:revision_number': '1', 'neutron:security_group_ids': '', 'neutron:subnet_pool_addr_scope4': '', 'neutron:subnet_pool_addr_scope6': '', 'neutron:vnic_type': 'normal'}, ha_chassis_group=[], mirror_rules=[], name='2a648e56-31c0-46df-8a83-521b2fd0481f', options={}, parent_name=[], port_security=[], tag=[], tag_request=[], type='localport', up=[]) old= {{(pid=86612) matches /opt/stack/data/venv/lib/python3.12/site-packages/ovsdbapp/backend/ovs_idl/event.py:55}}
May 18 16:18:58.310234 np0000000962 devstack@neutron-api.service[86613]: DEBUG ovsdbapp.backend.ovs_idl.event [-] Matched CREATE: LogicalSwitchPortCreateEvent(events=('create',), table='Logical_Switch_Port', conditions=[], old_conditions=None), priority=20 to row=Logical_Switch_Port(uuid=59894122-e4b3-477e-9184-f28cd9c0706c, addresses=['fa:16:3e:11:e3:23'], dhcpv4_options=[], dhcpv6_options=[], dynamic_addresses=[], enabled=True, external_ids={'neutron:cidrs': '', 'neutron:device_id': 'ovnmeta-7f4cba71-2802-4722-a381-0fe31518b5fa', 'neutron:device_owner': 'network:distributed', 'neutron:mtu': '', 'neutron:network_name': 'neutron-7f4cba71-2802-4722-a381-0fe31518b5fa', 'neutron:port_capabilities': '', 'neutron:port_name': '', 'neutron:project_id': '9eb88d2182734e6ca32b7f026bf78142', 'neutron:revision_number': '1', 'neutron:security_group_ids': '', 'neutron:subnet_pool_addr_scope4': '', 'neutron:subnet_pool_addr_scope6': '', 'neutron:vnic_type': 'normal'}, ha_chassis_group=[], mirror_rules=[], name='2a648e56-31c0-46df-8a83-521b2fd0481f', options={}, parent_name=[], port_security=[], tag=[], tag_request=[], type='localport', up=[]) old= {{(pid=86613) matches /opt/stack/data/venv/lib/python3.12/site-packages/ovsdbapp/backend/ovs_idl/event.py:55}}
May 18 16:18:58.310349 np0000000962 devstack@neutron-api.service[86612]: DEBUG neutron.plugins.ml2.drivers.ovn.mech_driver.ovsdb.ovsdb_monitor [-] Hash Ring: Node 9d5a64db4adc59a392f7a5700434bf52 (host: np0000000962) handling event "update" for row 59894122-e4b3-477e-9184-f28cd9c0706c (table: Logical_Switch_Port) {{(pid=86612) notify /opt/stack/neutron/neutron/plugins/ml2/drivers/ovn/mech_driver/ovsdb/ovsdb_monitor.py:942}}
May 18 16:18:58.310854 np0000000962 devstack@neutron-api.service[86612]: INFO neutron.plugins.ml2.drivers.ovn.mech_driver.mech_driver [-] OVN reports status down for port: 2a648e56-31c0-46df-8a83-521b2fd0481f
May 18 16:18:58.311400 np0000000962 devstack@neutron-api.service[86613]: INFO neutron.plugins.ml2.drivers.ovn.mech_driver.mech_driver [-] OVN reports status down for port: 2a648e56-31c0-46df-8a83-521b2fd0481f
May 18 16:18:58.312079 np0000000962 devstack@neutron-api.service[86613]: DEBUG neutron.plugins.ml2.drivers.ovn.mech_driver.ovsdb.ovsdb_monitor [-] Hash Ring: Node 0640e3bdddb05d8399028607b90f1482 (host: np0000000962) handling event "create" for row 860f77af-b0ff-4bc5-a541-df36649feb5b (table: Port_Binding) {{(pid=86613) notify /opt/stack/neutron/neutron/plugins/ml2/drivers/ovn/mech_driver/ovsdb/ovsdb_monitor.py:942}}
