May 18 16:18:52.448732 np0000000962 neutron-periodic-workers[88723]: DEBUG cotyledon.oslo_config_glue [-] ovn.broadcast_arps_to_all_routers = True {{(pid=88723) log_opt_values /opt/stack/data/venv/lib/python3.12/site-packages/oslo_config/cfg.py:3006}}
May 18 16:18:52.448732 np0000000962 neutron-periodic-workers[88723]: DEBUG cotyledon.oslo_config_glue [-] ovn.dhcp_default_lease_time = 43200 {{(pid=88723) log_opt_values /opt/stack/data/venv/lib/python3.12/site-packages/oslo_config/cfg.py:3006}}
May 18 16:18:52.448732 np0000000962 neutron-periodic-workers[88723]: DEBUG cotyledon.oslo_config_glue [-] ovn.disable_ovn_dhcp_for_baremetal_ports = False {{(pid=88723) log_opt_values /opt/stack/data/venv/lib/python3.12/site-packages/oslo_config/cfg.py:3006}}
May 18 16:18:52.448732 np0000000962 neutron-periodic-workers[88723]: DEBUG cotyledon.oslo_config_glue [-] ovn.dns_records_ovn_owned = False {{(pid=88723) log_opt_values /opt/stack/data/venv/lib/python3.12/site-packages/oslo_config/cfg.py:3006}}
May 18 16:18:52.448732 np0000000962 neutron-periodic-workers[88723]: DEBUG cotyledon.oslo_config_glue [-] ovn.dns_servers = [] {{(pid=88723) log_opt_values /opt/stack/data/venv/lib/python3.12/site-packages/oslo_config/cfg.py:3006}}
May 18 16:18:52.448732 np0000000962 neutron-periodic-workers[88723]: DEBUG cotyledon.oslo_config_glue [-] ovn.enable_distributed_floating_ip = False {{(pid=88723) log_opt_values /opt/stack/data/venv/lib/python3.12/site-packages/oslo_config/cfg.py:3006}}
May 18 16:18:52.448732 np0000000962 neutron-periodic-workers[88723]: DEBUG cotyledon.oslo_config_glue [-] ovn.fdb_age_threshold = 300 {{(pid=88723) log_opt_values /opt/stack/data/venv/lib/python3.12/site-packages/oslo_config/cfg.py:3006}}
May 18 16:18:52.448732 np0000000962 neutron-periodic-workers[88723]: DEBUG cotyledon.oslo_config_glue [-] ovn.ha_failover_strategy = normal {{(pid=88723) log_opt_values /opt/stack/data/venv/lib/python3.12/site-packages/oslo_config/cfg.py:3006}}
May 18 16:18:52.448732 np0000000962 neutron-periodic-workers[88723]: DEBUG cotyledon.oslo_config_glue [-] ovn.live_migration_activation_strategy = rarp {{(pid=88723) log_opt_values /opt/stack/data/venv/lib/python3.12/site-packages/oslo_config/cfg.py:3006}}
May 18 16:18:52.448925 np0000000962 neutron-periodic-workers[88723]: DEBUG cotyledon.oslo_config_glue [-] ovn.localnet_learn_fdb = False {{(pid=88723) log_opt_values /opt/stack/data/venv/lib/python3.12/site-packages/oslo_config/cfg.py:3006}}
May 18 16:18:52.448925 np0000000962 neutron-periodic-workers[88723]: DEBUG cotyledon.oslo_config_glue [-] ovn.mac_binding_age_threshold = 300 {{(pid=88723) log_opt_values /opt/stack/data/venv/lib/python3.12/site-packages/oslo_config/cfg.py:3006}}
May 18 16:18:52.448925 np0000000962 neutron-periodic-workers[88723]: DEBUG cotyledon.oslo_config_glue [-] ovn.neutron_sync_mode = log {{(pid=88723) log_opt_values /opt/stack/data/venv/lib/python3.12/site-packages/oslo_config/cfg.py:3006}}
May 18 16:18:52.448925 np0000000962 neutron-periodic-workers[88723]: DEBUG cotyledon.oslo_config_glue [-] ovn.ovn_dhcp4_global_options = {} {{(pid=88723) log_opt_values /opt/stack/data/venv/lib/python3.12/site-packages/oslo_config/cfg.py:3006}}
May 18 16:18:52.448925 np0000000962 neutron-periodic-workers[88723]: DEBUG cotyledon.oslo_config_glue [-] ovn.ovn_dhcp6_global_options = {} {{(pid=88723) log_opt_values /opt/stack/data/venv/lib/python3.12/site-packages/oslo_config/cfg.py:3006}}
May 18 16:18:52.448925 np0000000962 neutron-periodic-workers[88723]: DEBUG cotyledon.oslo_config_glue [-] ovn.ovn_l3_scheduler = leastloaded {{(pid=88723) log_opt_values /opt/stack/data/venv/lib/python3.12/site-packages/oslo_config/cfg.py:3006}}
May 18 16:18:52.448925 np0000000962 neutron-periodic-workers[88723]: DEBUG cotyledon.oslo_config_glue [-] ovn.ovn_metadata_enabled = True {{(pid=88723) log_opt_values /opt/stack/data/venv/lib/python3.12/site-packages/oslo_config/cfg.py:3006}}
May 18 16:18:52.448925 np0000000962 neutron-periodic-workers[88723]: DEBUG cotyledon.oslo_config_glue [-] ovn.ovn_nb_ca_cert = /opt/stack/data/CA/int-ca/ca-chain.pem {{(pid=88723) log_opt_values /opt/stack/data/venv/lib/python3.12/site-packages/oslo_config/cfg.py:3006}}
May 18 16:18:52.448925 np0000000962 neutron-periodic-workers[88723]: DEBUG cotyledon.oslo_config_glue [-] ovn.ovn_nb_certificate = /opt/stack/data/CA/int-ca/devstack-cert.crt {{(pid=88723) log_opt_values /opt/stack/data/venv/lib/python3.12/site-packages/oslo_config/cfg.py:3006}}
May 18 16:18:52.449110 np0000000962 neutron-periodic-workers[88723]: DEBUG cotyledon.oslo_config_glue [-] ovn.ovn_nb_connection = ['ssl:10.4.3.173:6641'] {{(pid=88723) log_opt_values /opt/stack/data/venv/lib/python3.12/site-packages/oslo_config/cfg.py:3006}}
May 18 16:18:52.449110 np0000000962 neutron-periodic-workers[88723]: DEBUG cotyledon.oslo_config_glue [-] ovn.ovn_nb_private_key = /opt/stack/data/CA/int-ca/private/devstack-cert.key {{(pid=88723) log_opt_values /opt/stack/data/venv/lib/python3.12/site-packages/oslo_config/cfg.py:3006}}
May 18 16:18:52.449110 np0000000962 neutron-periodic-workers[88723]: DEBUG cotyledon.oslo_config_glue [-] ovn.ovn_router_indirect_snat = False {{(pid=88723) log_opt_values /opt/stack/data/venv/lib/python3.12/site-packages/oslo_config/cfg.py:3006}}
May 18 16:18:52.449110 np0000000962 neutron-periodic-workers[88723]: DEBUG cotyledon.oslo_config_glue [-] ovn.ovn_sb_ca_cert = /opt/stack/data/CA/int-ca/ca-chain.pem {{(pid=88723) log_opt_values /opt/stack/data/venv/lib/python3.12/site-packages/oslo_config/cfg.py:3006}}
May 18 16:18:52.449110 np0000000962 neutron-periodic-workers[88723]: DEBUG cotyledon.oslo_config_glue [-] ovn.ovn_sb_certificate = /opt/stack/data/CA/int-ca/devstack-cert.crt {{(pid=88723) log_opt_values /opt/stack/data/venv/lib/python3.12/site-packages/oslo_config/cfg.py:3006}}
May 18 16:18:52.449110 np0000000962 neutron-periodic-workers[88723]: DEBUG cotyledon.oslo_config_glue [-] ovn.ovn_sb_connection = ['ssl:10.4.3.173:6642'] {{(pid=88723) log_opt_values /opt/stack/data/venv/lib/python3.12/site-packages/oslo_config/cfg.py:3006}}
May 18 16:18:52.449110 np0000000962 neutron-periodic-workers[88723]: DEBUG cotyledon.oslo_config_glue [-] ovn.ovn_sb_private_key = /opt/stack/data/CA/int-ca/private/devstack-cert.key {{(pid=88723) log_opt_values /opt/stack/data/venv/lib/python3.12/site-packages/oslo_config/cfg.py:3006}}
May 18 16:18:52.449110 np0000000962 neutron-periodic-workers[88723]: DEBUG cotyledon.oslo_config_glue [-] ovn.ovs_create_tap = False {{(pid=88723) log_opt_values /opt/stack/data/venv/lib/python3.12/site-packages/oslo_config/cfg.py:3006}}
May 18 16:18:52.449269 np0000000962 neutron-periodic-workers[88723]: DEBUG cotyledon.oslo_config_glue [-] ovn.ovsdb_connection_timeout = 180 {{(pid=88723) log_opt_values /opt/stack/data/venv/lib/python3.12/site-packages/oslo_config/cfg.py:3006}}
May 18 16:18:52.449269 np0000000962 neutron-periodic-workers[88723]: DEBUG cotyledon.oslo_config_glue [-] ovn.ovsdb_log_level = INFO {{(pid=88723) log_opt_values /opt/stack/data/venv/lib/python3.12/site-packages/oslo_config/cfg.py:3006}}
May 18 16:18:52.449269 np0000000962 neutron-periodic-workers[88723]: DEBUG cotyledon.oslo_config_glue [-] ovn.ovsdb_probe_interval = 60000 {{(pid=88723) log_opt_values /opt/stack/data/venv/lib/python3.12/site-packages/oslo_config/cfg.py:3006}}
May 18 16:18:52.449269 np0000000962 neutron-periodic-workers[88723]: DEBUG cotyledon.oslo_config_glue [-] ovn.ovsdb_retry_max_interval = 180 {{(pid=88723) log_opt_values /opt/stack/data/venv/lib/python3.12/site-packages/oslo_config/cfg.py:3006}}
May 18 16:18:52.449269 np0000000962 neutron-periodic-workers[88723]: DEBUG cotyledon.oslo_config_glue [-] ovn.stateless_nat_enabled = False {{(pid=88723) log_opt_values /opt/stack/data/venv/lib/python3.12/site-packages/oslo_config/cfg.py:3006}}
May 18 16:18:52.449269 np0000000962 neutron-periodic-workers[88723]: DEBUG cotyledon.oslo_config_glue [-] ovn.vhost_sock_dir = /var/run/openvswitch {{(pid=88723) log_opt_values /opt/stack/data/venv/lib/python3.12/site-packages/oslo_config/cfg.py:3006}}
May 18 16:18:52.449269 np0000000962 neutron-periodic-workers[88723]: DEBUG cotyledon.oslo_config_glue [-] OVS.bridge_mac_table_size = 50000 {{(pid=88723) log_opt_values /opt/stack/data/venv/lib/python3.12/site-packages/oslo_config/cfg.py:3006}}
May 18 16:18:52.449269 np0000000962 neutron-periodic-workers[88723]: DEBUG cotyledon.oslo_config_glue [-] OVS.igmp_flood = False {{(pid=88723) log_opt_values /opt/stack/data/venv/lib/python3.12/site-packages/oslo_config/cfg.py:3006}}
May 18 16:18:52.449269 np0000000962 neutron-periodic-workers[88723]: DEBUG cotyledon.oslo_config_glue [-] OVS.igmp_flood_reports = True {{(pid=88723) log_opt_values /opt/stack/data/venv/lib/python3.12/site-packages/oslo_config/cfg.py:3006}}
May 18 16:18:52.449478 np0000000962 neutron-periodic-workers[88723]: DEBUG cotyledon.oslo_config_glue [-] OVS.igmp_flood_unregistered = False {{(pid=88723) log_opt_values /opt/stack/data/venv/lib/python3.12/site-packages/oslo_config/cfg.py:3006}}
May 18 16:18:52.449478 np0000000962 neutron-periodic-workers[88723]: DEBUG cotyledon.oslo_config_glue [-] OVS.igmp_snooping_enable = False {{(pid=88723) log_opt_values /opt/stack/data/venv/lib/python3.12/site-packages/oslo_config/cfg.py:3006}}
May 18 16:18:52.449478 np0000000962 neutron-periodic-workers[88723]: DEBUG cotyledon.oslo_config_glue [-] OVS.ovsdb_timeout = 10 {{(pid=88723) log_opt_values /opt/stack/data/venv/lib/python3.12/site-packages/oslo_config/cfg.py:3006}}
May 18 16:18:52.449478 np0000000962 neutron-periodic-workers[88723]: DEBUG cotyledon.oslo_config_glue [-] ovn_nb_global.fdb_removal_limit = 0 {{(pid=88723) log_opt_values /opt/stack/data/venv/lib/python3.12/site-packages/oslo_config/cfg.py:3006}}
May 18 16:18:52.449478 np0000000962 neutron-periodic-workers[88723]: DEBUG cotyledon.oslo_config_glue [-] ovn_nb_global.ignore_lsp_down = False {{(pid=88723) log_opt_values /opt/stack/data/venv/lib/python3.12/site-packages/oslo_config/cfg.py:3006}}
May 18 16:18:52.449478 np0000000962 neutron-periodic-workers[88723]: DEBUG cotyledon.oslo_config_glue [-] ovn_nb_global.mac_binding_removal_limit = 0 {{(pid=88723) log_opt_values /opt/stack/data/venv/lib/python3.12/site-packages/oslo_config/cfg.py:3006}}
May 18 16:18:52.449478 np0000000962 neutron-periodic-workers[88723]: DEBUG cotyledon.oslo_config_glue [-] ******************************************************************************** {{(pid=88723) log_opt_values /opt/stack/data/venv/lib/python3.12/site-packages/oslo_config/cfg.py:3013}}
May 18 16:18:52.449478 np0000000962 neutron-periodic-workers[88723]: DEBUG cotyledon._service_worker [-] Run service ServiceWrapper(0) [88723] {{(pid=88723) wait_forever /opt/stack/data/venv/lib/python3.12/site-packages/cotyledon/_service_worker.py:218}}
May 18 16:19:02.100241 np0000000962 neutron-periodic-workers[87677]: DEBUG dbcounter [-] [87677] Writing DB stats neutron:SELECT=4 {{(pid=87677) stat_writer /opt/stack/data/venv/lib/python3.12/site-packages/dbcounter.py:115}}
May 18 16:19:32.427820 np0000000962 neutron-periodic-workers[88707]: DEBUG oslo_db.sqlalchemy.engines [None req-e9f3a91c-f5a0-4238-8caa-abef80ec245c None None] Parent process 87677 forked (88707) with an open database connection, which is being discarded and recreated. {{(pid=88707) checkout /opt/stack/data/venv/lib/python3.12/site-packages/oslo_db/sqlalchemy/engines.py:402}}
May 18 16:19:32.433183 np0000000962 neutron-periodic-workers[88707]: DEBUG dbcounter [-] [88707] Writer thread running {{(pid=88707) stat_writer /opt/stack/data/venv/lib/python3.12/site-packages/dbcounter.py:102}}
May 18 16:19:32.440856 np0000000962 neutron-periodic-workers[88707]: DEBUG oslo.service.backend._threading.loopingcall [None req-e9f3a91c-f5a0-4238-8caa-abef80ec245c None None] Fixed interval looping call 'neutron.plugins.ml2.plugin.DhcpAgentSchedulerDbMixin.remove_networks_from_down_agents' sleeping for 36.98 seconds {{(pid=88707) _run_loop /opt/stack/data/venv/lib/python3.12/site-packages/oslo_service/backend/_threading/loopingcall.py:125}}
May 18 16:19:42.439943 np0000000962 neutron-periodic-workers[88707]: DEBUG dbcounter [-] [88707] Writing DB stats neutron:SELECT=3 {{(pid=88707) stat_writer /opt/stack/data/venv/lib/python3.12/site-packages/dbcounter.py:115}}
May 18 16:19:59.433267 np0000000962 neutron-periodic-workers[88712]: DEBUG dbcounter [-] [88712] Writer thread running {{(pid=88712) stat_writer /opt/stack/data/venv/lib/python3.12/site-packages/dbcounter.py:102}}
May 18 16:19:59.436246 np0000000962 neutron-periodic-workers[88712]: DEBUG neutron.db.agents_db [None req-0090ed43-aa13-4c04-b249-3925ea52d439 None None] Agent healthcheck: found 0 active agents {{(pid=88712) agent_health_check /opt/stack/neutron/neutron/db/agents_db.py:322}}
May 18 16:19:59.436246 np0000000962 neutron-periodic-workers[88712]: DEBUG oslo.service.backend._threading.loopingcall [None req-0090ed43-aa13-4c04-b249-3925ea52d439 None None] Fixed interval looping call 'neutron.plugins.ml2.plugin.AgentDbMixin.agent_health_check' sleeping for 36.99 seconds {{(pid=88712) _run_loop /opt/stack/data/venv/lib/python3.12/site-packages/oslo_service/backend/_threading/loopingcall.py:125}}
May 18 16:20:09.426626 np0000000962 neutron-periodic-workers[88707]: DEBUG oslo.service.backend._threading.loopingcall [None req-e9f3a91c-f5a0-4238-8caa-abef80ec245c None None] Fixed interval looping call 'neutron.plugins.ml2.plugin.DhcpAgentSchedulerDbMixin.remove_networks_from_down_agents' sleeping for 36.99 seconds {{(pid=88707) _run_loop /opt/stack/data/venv/lib/python3.12/site-packages/oslo_service/backend/_threading/loopingcall.py:125}}
May 18 16:20:09.434098 np0000000962 neutron-periodic-workers[88712]: DEBUG dbcounter [-] [88712] Writing DB stats neutron:SELECT=1 {{(pid=88712) stat_writer /opt/stack/data/venv/lib/python3.12/site-packages/dbcounter.py:115}}
May 18 16:20:19.426127 np0000000962 neutron-periodic-workers[88707]: DEBUG dbcounter [-] [88707] Writing DB stats neutron:SELECT=3 {{(pid=88707) stat_writer /opt/stack/data/venv/lib/python3.12/site-packages/dbcounter.py:115}}
May 18 16:20:36.430009 np0000000962 neutron-periodic-workers[88712]: DEBUG neutron.db.agents_db [None req-0090ed43-aa13-4c04-b249-3925ea52d439 None None] Agent healthcheck: found 0 active agents {{(pid=88712) agent_health_check /opt/stack/neutron/neutron/db/agents_db.py:322}}
May 18 16:20:36.430009 np0000000962 neutron-periodic-workers[88712]: DEBUG oslo.service.backend._threading.loopingcall [None req-0090ed43-aa13-4c04-b249-3925ea52d439 None None] Fixed interval looping call 'neutron.plugins.ml2.plugin.AgentDbMixin.agent_health_check' sleeping for 37.00 seconds {{(pid=88712) _run_loop /opt/stack/data/venv/lib/python3.12/site-packages/oslo_service/backend/_threading/loopingcall.py:125}}
May 18 16:20:46.421336 np0000000962 neutron-periodic-workers[88707]: DEBUG oslo.service.backend._threading.loopingcall [None req-e9f3a91c-f5a0-4238-8caa-abef80ec245c None None] Fixed interval looping call 'neutron.plugins.ml2.plugin.DhcpAgentSchedulerDbMixin.remove_networks_from_down_agents' sleeping for 37.00 seconds {{(pid=88707) _run_loop /opt/stack/data/venv/lib/python3.12/site-packages/oslo_service/backend/_threading/loopingcall.py:125}}
May 18 16:20:46.428825 np0000000962 neutron-periodic-workers[88712]: DEBUG dbcounter [-] [88712] Writing DB stats neutron:SELECT=1 {{(pid=88712) stat_writer /opt/stack/data/venv/lib/python3.12/site-packages/dbcounter.py:115}}
May 18 16:20:52.447069 np0000000962 neutron-periodic-workers[88717]: DEBUG dbcounter [-] [88717] Writer thread running {{(pid=88717) stat_writer /opt/stack/data/venv/lib/python3.12/site-packages/dbcounter.py:102}}
May 18 16:20:52.448563 np0000000962 neutron-periodic-workers[88717]: DEBUG oslo.service.backend._threading.loopingcall [None req-13abdcc1-8616-4af4-bee0-678a4d499fbf None None] Fixed interval looping call 'neutron.db.quota.driver_nolock.DbQuotaNoLockDriver._remove_expired_reservations' sleeping for 119.99 seconds {{(pid=88717) _run_loop /opt/stack/data/venv/lib/python3.12/site-packages/oslo_service/backend/_threading/loopingcall.py:125}}
May 18 16:20:56.420682 np0000000962 neutron-periodic-workers[88707]: DEBUG dbcounter [-] [88707] Writing DB stats neutron:SELECT=3 {{(pid=88707) stat_writer /opt/stack/data/venv/lib/python3.12/site-packages/dbcounter.py:115}}
May 18 16:20:59.471904 np0000000962 neutron-periodic-workers[88723]: DEBUG dbcounter [-] [88723] Writer thread running {{(pid=88723) stat_writer /opt/stack/data/venv/lib/python3.12/site-packages/dbcounter.py:102}}
May 18 16:20:59.481520 np0000000962 neutron-periodic-workers[88723]: DEBUG oslo.service.backend._threading.loopingcall [None req-d849e2ec-fe21-48d3-b3b7-b3e27b5ae77e None None] Fixed interval looping call 'neutron.services.ovn_l3.plugin.L3_NAT_dbonly_mixin._clean_garbage' sleeping for 299.97 seconds {{(pid=88723) _run_loop /opt/stack/data/venv/lib/python3.12/site-packages/oslo_service/backend/_threading/loopingcall.py:125}}
May 18 16:21:02.447576 np0000000962 neutron-periodic-workers[88717]: DEBUG dbcounter [-] [88717] Writing DB stats neutron:DELETE=1 {{(pid=88717) stat_writer /opt/stack/data/venv/lib/python3.12/site-packages/dbcounter.py:115}}
May 18 16:21:09.472351 np0000000962 neutron-periodic-workers[88723]: DEBUG dbcounter [-] [88723] Writing DB stats neutron:SELECT=1 {{(pid=88723) stat_writer /opt/stack/data/venv/lib/python3.12/site-packages/dbcounter.py:115}}
May 18 16:21:13.433083 np0000000962 neutron-periodic-workers[88712]: DEBUG neutron.db.agents_db [None req-0090ed43-aa13-4c04-b249-3925ea52d439 None None] Agent healthcheck: found 0 active agents {{(pid=88712) agent_health_check /opt/stack/neutron/neutron/db/agents_db.py:322}}
May 18 16:21:13.433544 np0000000962 neutron-periodic-workers[88712]: DEBUG oslo.service.backend._threading.loopingcall [None req-0090ed43-aa13-4c04-b249-3925ea52d439 None None] Fixed interval looping call 'neutron.plugins.ml2.plugin.AgentDbMixin.agent_health_check' sleeping for 37.00 seconds {{(pid=88712) _run_loop /opt/stack/data/venv/lib/python3.12/site-packages/oslo_service/backend/_threading/loopingcall.py:125}}
May 18 16:21:23.426914 np0000000962 neutron-periodic-workers[88707]: DEBUG oslo.service.backend._threading.loopingcall [None req-e9f3a91c-f5a0-4238-8caa-abef80ec245c None None] Fixed interval looping call 'neutron.plugins.ml2.plugin.DhcpAgentSchedulerDbMixin.remove_networks_from_down_agents' sleeping for 36.99 seconds {{(pid=88707) _run_loop /opt/stack/data/venv/lib/python3.12/site-packages/oslo_service/backend/_threading/loopingcall.py:125}}
May 18 16:21:23.432356 np0000000962 neutron-periodic-workers[88712]: DEBUG dbcounter [-] [88712] Writing DB stats neutron:SELECT=1 {{(pid=88712) stat_writer /opt/stack/data/venv/lib/python3.12/site-packages/dbcounter.py:115}}
May 18 16:21:33.426428 np0000000962 neutron-periodic-workers[88707]: DEBUG dbcounter [-] [88707] Writing DB stats neutron:SELECT=3 {{(pid=88707) stat_writer /opt/stack/data/venv/lib/python3.12/site-packages/dbcounter.py:115}}
May 18 16:21:50.438184 np0000000962 neutron-periodic-workers[88712]: DEBUG neutron.db.agents_db [None req-0090ed43-aa13-4c04-b249-3925ea52d439 None None] Agent healthcheck: found 0 active agents {{(pid=88712) agent_health_check /opt/stack/neutron/neutron/db/agents_db.py:322}}
May 18 16:21:50.438579 np0000000962 neutron-periodic-workers[88712]: DEBUG oslo.service.backend._threading.loopingcall [None req-0090ed43-aa13-4c04-b249-3925ea52d439 None None] Fixed interval looping call 'neutron.plugins.ml2.plugin.AgentDbMixin.agent_health_check' sleeping for 37.00 seconds {{(pid=88712) _run_loop /opt/stack/data/venv/lib/python3.12/site-packages/oslo_service/backend/_threading/loopingcall.py:125}}
May 18 16:22:00.424299 np0000000962 neutron-periodic-workers[88707]: DEBUG oslo.service.backend._threading.loopingcall [None req-e9f3a91c-f5a0-4238-8caa-abef80ec245c None None] Fixed interval looping call 'neutron.plugins.ml2.plugin.DhcpAgentSchedulerDbMixin.remove_networks_from_down_agents' sleeping for 36.99 seconds {{(pid=88707) _run_loop /opt/stack/data/venv/lib/python3.12/site-packages/oslo_service/backend/_threading/loopingcall.py:125}}
May 18 16:22:00.437200 np0000000962 neutron-periodic-workers[88712]: DEBUG dbcounter [-] [88712] Writing DB stats neutron:SELECT=1 {{(pid=88712) stat_writer /opt/stack/data/venv/lib/python3.12/site-packages/dbcounter.py:115}}
May 18 16:22:10.423571 np0000000962 neutron-periodic-workers[88707]: DEBUG dbcounter [-] [88707] Writing DB stats neutron:SELECT=3 {{(pid=88707) stat_writer /opt/stack/data/venv/lib/python3.12/site-packages/dbcounter.py:115}}
May 18 16:22:27.441326 np0000000962 neutron-periodic-workers[88712]: DEBUG neutron.db.agents_db [None req-0090ed43-aa13-4c04-b249-3925ea52d439 None None] Agent healthcheck: found 0 active agents {{(pid=88712) agent_health_check /opt/stack/neutron/neutron/db/agents_db.py:322}}
May 18 16:22:27.441778 np0000000962 neutron-periodic-workers[88712]: DEBUG oslo.service.backend._threading.loopingcall [None req-0090ed43-aa13-4c04-b249-3925ea52d439 None None] Fixed interval looping call 'neutron.plugins.ml2.plugin.AgentDbMixin.agent_health_check' sleeping for 37.00 seconds {{(pid=88712) _run_loop /opt/stack/data/venv/lib/python3.12/site-packages/oslo_service/backend/_threading/loopingcall.py:125}}
May 18 16:22:37.420332 np0000000962 neutron-periodic-workers[88707]: DEBUG oslo.service.backend._threading.loopingcall [None req-e9f3a91c-f5a0-4238-8caa-abef80ec245c None None] Fixed interval looping call 'neutron.plugins.ml2.plugin.DhcpAgentSchedulerDbMixin.remove_networks_from_down_agents' sleeping for 36.99 seconds {{(pid=88707) _run_loop /opt/stack/data/venv/lib/python3.12/site-packages/oslo_service/backend/_threading/loopingcall.py:125}}
May 18 16:22:37.441315 np0000000962 neutron-periodic-workers[88712]: DEBUG dbcounter [-] [88712] Writing DB stats neutron:SELECT=1 {{(pid=88712) stat_writer /opt/stack/data/venv/lib/python3.12/site-packages/dbcounter.py:115}}
May 18 16:22:47.420158 np0000000962 neutron-periodic-workers[88707]: DEBUG dbcounter [-] [88707] Writing DB stats neutron:SELECT=3 {{(pid=88707) stat_writer /opt/stack/data/venv/lib/python3.12/site-packages/dbcounter.py:115}}
May 18 16:22:52.441855 np0000000962 neutron-periodic-workers[88717]: DEBUG oslo.service.backend._threading.loopingcall [None req-13abdcc1-8616-4af4-bee0-678a4d499fbf None None] Fixed interval looping call 'neutron.db.quota.driver_nolock.DbQuotaNoLockDriver._remove_expired_reservations' sleeping for 120.00 seconds {{(pid=88717) _run_loop /opt/stack/data/venv/lib/python3.12/site-packages/oslo_service/backend/_threading/loopingcall.py:125}}
May 18 16:23:02.441174 np0000000962 neutron-periodic-workers[88717]: DEBUG dbcounter [-] [88717] Writing DB stats neutron:DELETE=1 {{(pid=88717) stat_writer /opt/stack/data/venv/lib/python3.12/site-packages/dbcounter.py:115}}
May 18 16:23:04.445842 np0000000962 neutron-periodic-workers[88712]: DEBUG neutron.db.agents_db [None req-0090ed43-aa13-4c04-b249-3925ea52d439 None None] Agent healthcheck: found 0 active agents {{(pid=88712) agent_health_check /opt/stack/neutron/neutron/db/agents_db.py:322}}
May 18 16:23:04.446355 np0000000962 neutron-periodic-workers[88712]: DEBUG oslo.service.backend._threading.loopingcall [None req-0090ed43-aa13-4c04-b249-3925ea52d439 None None] Fixed interval looping call 'neutron.plugins.ml2.plugin.AgentDbMixin.agent_health_check' sleeping for 37.00 seconds {{(pid=88712) _run_loop /opt/stack/data/venv/lib/python3.12/site-packages/oslo_service/backend/_threading/loopingcall.py:125}}
May 18 16:23:14.423718 np0000000962 neutron-periodic-workers[88707]: DEBUG oslo.service.backend._threading.loopingcall [None req-e9f3a91c-f5a0-4238-8caa-abef80ec245c None None] Fixed interval looping call 'neutron.plugins.ml2.plugin.DhcpAgentSchedulerDbMixin.remove_networks_from_down_agents' sleeping for 36.99 seconds {{(pid=88707) _run_loop /opt/stack/data/venv/lib/python3.12/site-packages/oslo_service/backend/_threading/loopingcall.py:125}}
May 18 16:23:14.445073 np0000000962 neutron-periodic-workers[88712]: DEBUG dbcounter [-] [88712] Writing DB stats neutron:SELECT=1 {{(pid=88712) stat_writer /opt/stack/data/venv/lib/python3.12/site-packages/dbcounter.py:115}}
May 18 16:23:24.422397 np0000000962 neutron-periodic-workers[88707]: DEBUG dbcounter [-] [88707] Writing DB stats neutron:SELECT=3 {{(pid=88707) stat_writer /opt/stack/data/venv/lib/python3.12/site-packages/dbcounter.py:115}}
May 18 16:23:41.449218 np0000000962 neutron-periodic-workers[88712]: DEBUG neutron.db.agents_db [None req-0090ed43-aa13-4c04-b249-3925ea52d439 None None] Agent healthcheck: found 0 active agents {{(pid=88712) agent_health_check /opt/stack/neutron/neutron/db/agents_db.py:322}}
May 18 16:23:41.449528 np0000000962 neutron-periodic-workers[88712]: DEBUG oslo.service.backend._threading.loopingcall [None req-0090ed43-aa13-4c04-b249-3925ea52d439 None None] Fixed interval looping call 'neutron.plugins.ml2.plugin.AgentDbMixin.agent_health_check' sleeping for 37.00 seconds {{(pid=88712) _run_loop /opt/stack/data/venv/lib/python3.12/site-packages/oslo_service/backend/_threading/loopingcall.py:125}}
May 18 16:23:51.424598 np0000000962 neutron-periodic-workers[88707]: DEBUG oslo.service.backend._threading.loopingcall [None req-e9f3a91c-f5a0-4238-8caa-abef80ec245c None None] Fixed interval looping call 'neutron.plugins.ml2.plugin.DhcpAgentSchedulerDbMixin.remove_networks_from_down_agents' sleeping for 36.99 seconds {{(pid=88707) _run_loop /opt/stack/data/venv/lib/python3.12/site-packages/oslo_service/backend/_threading/loopingcall.py:125}}
May 18 16:23:51.448578 np0000000962 neutron-periodic-workers[88712]: DEBUG dbcounter [-] [88712] Writing DB stats neutron:SELECT=1 {{(pid=88712) stat_writer /opt/stack/data/venv/lib/python3.12/site-packages/dbcounter.py:115}}
May 18 16:24:01.423641 np0000000962 neutron-periodic-workers[88707]: DEBUG dbcounter [-] [88707] Writing DB stats neutron:SELECT=3 {{(pid=88707) stat_writer /opt/stack/data/venv/lib/python3.12/site-packages/dbcounter.py:115}}
May 18 16:24:18.454539 np0000000962 neutron-periodic-workers[88712]: DEBUG neutron.db.agents_db [None req-0090ed43-aa13-4c04-b249-3925ea52d439 None None] Agent healthcheck: found 0 active agents {{(pid=88712) agent_health_check /opt/stack/neutron/neutron/db/agents_db.py:322}}
May 18 16:24:18.454966 np0000000962 neutron-periodic-workers[88712]: DEBUG oslo.service.backend._threading.loopingcall [None req-0090ed43-aa13-4c04-b249-3925ea52d439 None None] Fixed interval looping call 'neutron.plugins.ml2.plugin.AgentDbMixin.agent_health_check' sleeping for 37.00 seconds {{(pid=88712) _run_loop /opt/stack/data/venv/lib/python3.12/site-packages/oslo_service/backend/_threading/loopingcall.py:125}}
May 18 16:24:28.422766 np0000000962 neutron-periodic-workers[88707]: DEBUG oslo.service.backend._threading.loopingcall [None req-e9f3a91c-f5a0-4238-8caa-abef80ec245c None None] Fixed interval looping call 'neutron.plugins.ml2.plugin.DhcpAgentSchedulerDbMixin.remove_networks_from_down_agents' sleeping for 36.99 seconds {{(pid=88707) _run_loop /opt/stack/data/venv/lib/python3.12/site-packages/oslo_service/backend/_threading/loopingcall.py:125}}
May 18 16:24:28.453921 np0000000962 neutron-periodic-workers[88712]: DEBUG dbcounter [-] [88712] Writing DB stats neutron:SELECT=1 {{(pid=88712) stat_writer /opt/stack/data/venv/lib/python3.12/site-packages/dbcounter.py:115}}
May 18 16:24:38.421670 np0000000962 neutron-periodic-workers[88707]: DEBUG dbcounter [-] [88707] Writing DB stats neutron:SELECT=3 {{(pid=88707) stat_writer /opt/stack/data/venv/lib/python3.12/site-packages/dbcounter.py:115}}
May 18 16:24:52.447822 np0000000962 neutron-periodic-workers[88717]: DEBUG oslo.service.backend._threading.loopingcall [None req-13abdcc1-8616-4af4-bee0-678a4d499fbf None None] Fixed interval looping call 'neutron.db.quota.driver_nolock.DbQuotaNoLockDriver._remove_expired_reservations' sleeping for 119.99 seconds {{(pid=88717) _run_loop /opt/stack/data/venv/lib/python3.12/site-packages/oslo_service/backend/_threading/loopingcall.py:125}}
May 18 16:24:55.458221 np0000000962 neutron-periodic-workers[88712]: DEBUG neutron.db.agents_db [None req-0090ed43-aa13-4c04-b249-3925ea52d439 None None] Agent healthcheck: found 0 active agents {{(pid=88712) agent_health_check /opt/stack/neutron/neutron/db/agents_db.py:322}}
May 18 16:24:55.458649 np0000000962 neutron-periodic-workers[88712]: DEBUG oslo.service.backend._threading.loopingcall [None req-0090ed43-aa13-4c04-b249-3925ea52d439 None None] Fixed interval looping call 'neutron.plugins.ml2.plugin.AgentDbMixin.agent_health_check' sleeping for 37.00 seconds {{(pid=88712) _run_loop /opt/stack/data/venv/lib/python3.12/site-packages/oslo_service/backend/_threading/loopingcall.py:125}}
May 18 16:25:02.445852 np0000000962 neutron-periodic-workers[88717]: DEBUG dbcounter [-] [88717] Writing DB stats neutron:DELETE=1 {{(pid=88717) stat_writer /opt/stack/data/venv/lib/python3.12/site-packages/dbcounter.py:115}}
May 18 16:25:05.420991 np0000000962 neutron-periodic-workers[88707]: DEBUG oslo.service.backend._threading.loopingcall [None req-e9f3a91c-f5a0-4238-8caa-abef80ec245c None None] Fixed interval looping call 'neutron.plugins.ml2.plugin.DhcpAgentSchedulerDbMixin.remove_networks_from_down_agents' sleeping for 36.99 seconds {{(pid=88707) _run_loop /opt/stack/data/venv/lib/python3.12/site-packages/oslo_service/backend/_threading/loopingcall.py:125}}
May 18 16:25:05.457223 np0000000962 neutron-periodic-workers[88712]: DEBUG dbcounter [-] [88712] Writing DB stats neutron:SELECT=1 {{(pid=88712) stat_writer /opt/stack/data/venv/lib/python3.12/site-packages/dbcounter.py:115}}
May 18 16:25:15.420189 np0000000962 neutron-periodic-workers[88707]: DEBUG dbcounter [-] [88707] Writing DB stats neutron:SELECT=3 {{(pid=88707) stat_writer /opt/stack/data/venv/lib/python3.12/site-packages/dbcounter.py:115}}
May 18 16:25:32.461166 np0000000962 neutron-periodic-workers[88712]: DEBUG neutron.db.agents_db [None req-0090ed43-aa13-4c04-b249-3925ea52d439 None None] Agent healthcheck: found 0 active agents {{(pid=88712) agent_health_check /opt/stack/neutron/neutron/db/agents_db.py:322}}
May 18 16:25:32.461588 np0000000962 neutron-periodic-workers[88712]: DEBUG oslo.service.backend._threading.loopingcall [None req-0090ed43-aa13-4c04-b249-3925ea52d439 None None] Fixed interval looping call 'neutron.plugins.ml2.plugin.AgentDbMixin.agent_health_check' sleeping for 37.00 seconds {{(pid=88712) _run_loop /opt/stack/data/venv/lib/python3.12/site-packages/oslo_service/backend/_threading/loopingcall.py:125}}
May 18 16:25:42.427192 np0000000962 neutron-periodic-workers[88707]: DEBUG oslo.service.backend._threading.loopingcall [None req-e9f3a91c-f5a0-4238-8caa-abef80ec245c None None] Fixed interval looping call 'neutron.plugins.ml2.plugin.DhcpAgentSchedulerDbMixin.remove_networks_from_down_agents' sleeping for 36.98 seconds {{(pid=88707) _run_loop /opt/stack/data/venv/lib/python3.12/site-packages/oslo_service/backend/_threading/loopingcall.py:125}}
May 18 16:25:42.460447 np0000000962 neutron-periodic-workers[88712]: DEBUG dbcounter [-] [88712] Writing DB stats neutron:SELECT=1 {{(pid=88712) stat_writer /opt/stack/data/venv/lib/python3.12/site-packages/dbcounter.py:115}}
May 18 16:25:52.425067 np0000000962 neutron-periodic-workers[88707]: DEBUG dbcounter [-] [88707] Writing DB stats neutron:SELECT=3 {{(pid=88707) stat_writer /opt/stack/data/venv/lib/python3.12/site-packages/dbcounter.py:115}}
May 18 16:25:59.457701 np0000000962 neutron-periodic-workers[88723]: DEBUG oslo.service.backend._threading.loopingcall [None req-d849e2ec-fe21-48d3-b3b7-b3e27b5ae77e None None] Fixed interval looping call 'neutron.services.ovn_l3.plugin.L3_NAT_dbonly_mixin._clean_garbage' sleeping for 299.99 seconds {{(pid=88723) _run_loop /opt/stack/data/venv/lib/python3.12/site-packages/oslo_service/backend/_threading/loopingcall.py:125}}
May 18 16:26:09.454884 np0000000962 neutron-periodic-workers[88723]: DEBUG dbcounter [-] [88723] Writing DB stats neutron:SELECT=1 {{(pid=88723) stat_writer /opt/stack/data/venv/lib/python3.12/site-packages/dbcounter.py:115}}
May 18 16:26:09.470727 np0000000962 neutron-periodic-workers[88712]: DEBUG neutron.db.agents_db [None req-0090ed43-aa13-4c04-b249-3925ea52d439 None None] Agent healthcheck: found 0 active agents {{(pid=88712) agent_health_check /opt/stack/neutron/neutron/db/agents_db.py:322}}
May 18 16:26:09.471159 np0000000962 neutron-periodic-workers[88712]: DEBUG oslo.service.backend._threading.loopingcall [None req-0090ed43-aa13-4c04-b249-3925ea52d439 None None] Fixed interval looping call 'neutron.plugins.ml2.plugin.AgentDbMixin.agent_health_check' sleeping for 36.99 seconds {{(pid=88712) _run_loop /opt/stack/data/venv/lib/python3.12/site-packages/oslo_service/backend/_threading/loopingcall.py:125}}
May 18 16:26:19.416704 np0000000962 neutron-periodic-workers[88707]: DEBUG oslo.service.backend._threading.loopingcall [None req-e9f3a91c-f5a0-4238-8caa-abef80ec245c None None] Fixed interval looping call 'neutron.plugins.ml2.plugin.DhcpAgentSchedulerDbMixin.remove_networks_from_down_agents' sleeping for 36.99 seconds {{(pid=88707) _run_loop /opt/stack/data/venv/lib/python3.12/site-packages/oslo_service/backend/_threading/loopingcall.py:125}}
May 18 16:26:19.467200 np0000000962 neutron-periodic-workers[88712]: DEBUG dbcounter [-] [88712] Writing DB stats neutron:SELECT=1 {{(pid=88712) stat_writer /opt/stack/data/venv/lib/python3.12/site-packages/dbcounter.py:115}}
May 18 16:26:29.414885 np0000000962 neutron-periodic-workers[88707]: DEBUG dbcounter [-] [88707] Writing DB stats neutron:SELECT=3 {{(pid=88707) stat_writer /opt/stack/data/venv/lib/python3.12/site-packages/dbcounter.py:115}}
May 18 16:26:46.464330 np0000000962 neutron-periodic-workers[88712]: DEBUG neutron.db.agents_db [None req-0090ed43-aa13-4c04-b249-3925ea52d439 None None] Agent healthcheck: found 0 active agents {{(pid=88712) agent_health_check /opt/stack/neutron/neutron/db/agents_db.py:322}}
May 18 16:26:46.464748 np0000000962 neutron-periodic-workers[88712]: DEBUG oslo.service.backend._threading.loopingcall [None req-0090ed43-aa13-4c04-b249-3925ea52d439 None None] Fixed interval looping call 'neutron.plugins.ml2.plugin.AgentDbMixin.agent_health_check' sleeping for 37.00 seconds {{(pid=88712) _run_loop /opt/stack/data/venv/lib/python3.12/site-packages/oslo_service/backend/_threading/loopingcall.py:125}}
May 18 16:26:52.441356 np0000000962 neutron-periodic-workers[88717]: DEBUG oslo.service.backend._threading.loopingcall [None req-13abdcc1-8616-4af4-bee0-678a4d499fbf None None] Fixed interval looping call 'neutron.db.quota.driver_nolock.DbQuotaNoLockDriver._remove_expired_reservations' sleeping for 120.00 seconds {{(pid=88717) _run_loop /opt/stack/data/venv/lib/python3.12/site-packages/oslo_service/backend/_threading/loopingcall.py:125}}
May 18 16:26:56.413320 np0000000962 neutron-periodic-workers[88707]: DEBUG oslo.service.backend._threading.loopingcall [None req-e9f3a91c-f5a0-4238-8caa-abef80ec245c None None] Fixed interval looping call 'neutron.plugins.ml2.plugin.DhcpAgentSchedulerDbMixin.remove_networks_from_down_agents' sleeping for 36.99 seconds {{(pid=88707) _run_loop /opt/stack/data/venv/lib/python3.12/site-packages/oslo_service/backend/_threading/loopingcall.py:125}}
May 18 16:26:56.463447 np0000000962 neutron-periodic-workers[88712]: DEBUG dbcounter [-] [88712] Writing DB stats neutron:SELECT=1 {{(pid=88712) stat_writer /opt/stack/data/venv/lib/python3.12/site-packages/dbcounter.py:115}}
May 18 16:27:02.440568 np0000000962 neutron-periodic-workers[88717]: DEBUG dbcounter [-] [88717] Writing DB stats neutron:DELETE=1 {{(pid=88717) stat_writer /opt/stack/data/venv/lib/python3.12/site-packages/dbcounter.py:115}}
May 18 16:27:06.411823 np0000000962 neutron-periodic-workers[88707]: DEBUG dbcounter [-] [88707] Writing DB stats neutron:SELECT=3 {{(pid=88707) stat_writer /opt/stack/data/venv/lib/python3.12/site-packages/dbcounter.py:115}}
May 18 16:27:23.467479 np0000000962 neutron-periodic-workers[88712]: DEBUG neutron.db.agents_db [None req-0090ed43-aa13-4c04-b249-3925ea52d439 None None] Agent healthcheck: found 0 active agents {{(pid=88712) agent_health_check /opt/stack/neutron/neutron/db/agents_db.py:322}}
May 18 16:27:23.467880 np0000000962 neutron-periodic-workers[88712]: DEBUG oslo.service.backend._threading.loopingcall [None req-0090ed43-aa13-4c04-b249-3925ea52d439 None None] Fixed interval looping call 'neutron.plugins.ml2.plugin.AgentDbMixin.agent_health_check' sleeping for 37.00 seconds {{(pid=88712) _run_loop /opt/stack/data/venv/lib/python3.12/site-packages/oslo_service/backend/_threading/loopingcall.py:125}}
May 18 16:27:33.411710 np0000000962 neutron-periodic-workers[88707]: DEBUG oslo.service.backend._threading.loopingcall [None req-e9f3a91c-f5a0-4238-8caa-abef80ec245c None None] Fixed interval looping call 'neutron.plugins.ml2.plugin.DhcpAgentSchedulerDbMixin.remove_networks_from_down_agents' sleeping for 36.99 seconds {{(pid=88707) _run_loop /opt/stack/data/venv/lib/python3.12/site-packages/oslo_service/backend/_threading/loopingcall.py:125}}
May 18 16:27:33.466624 np0000000962 neutron-periodic-workers[88712]: DEBUG dbcounter [-] [88712] Writing DB stats neutron:SELECT=1 {{(pid=88712) stat_writer /opt/stack/data/venv/lib/python3.12/site-packages/dbcounter.py:115}}
May 18 16:27:43.413808 np0000000962 neutron-periodic-workers[88707]: DEBUG dbcounter [-] [88707] Writing DB stats neutron:SELECT=3 {{(pid=88707) stat_writer /opt/stack/data/venv/lib/python3.12/site-packages/dbcounter.py:115}}
May 18 16:28:00.471624 np0000000962 neutron-periodic-workers[88712]: DEBUG neutron.db.agents_db [None req-0090ed43-aa13-4c04-b249-3925ea52d439 None None] Agent healthcheck: found 0 active agents {{(pid=88712) agent_health_check /opt/stack/neutron/neutron/db/agents_db.py:322}}
May 18 16:28:00.471967 np0000000962 neutron-periodic-workers[88712]: DEBUG oslo.service.backend._threading.loopingcall [None req-0090ed43-aa13-4c04-b249-3925ea52d439 None None] Fixed interval looping call 'neutron.plugins.ml2.plugin.AgentDbMixin.agent_health_check' sleeping for 37.00 seconds {{(pid=88712) _run_loop /opt/stack/data/venv/lib/python3.12/site-packages/oslo_service/backend/_threading/loopingcall.py:125}}
May 18 16:28:10.408930 np0000000962 neutron-periodic-workers[88707]: DEBUG oslo.service.backend._threading.loopingcall [None req-e9f3a91c-f5a0-4238-8caa-abef80ec245c None None] Fixed interval looping call 'neutron.plugins.ml2.plugin.DhcpAgentSchedulerDbMixin.remove_networks_from_down_agents' sleeping for 36.99 seconds {{(pid=88707) _run_loop /opt/stack/data/venv/lib/python3.12/site-packages/oslo_service/backend/_threading/loopingcall.py:125}}
May 18 16:28:10.473465 np0000000962 neutron-periodic-workers[88712]: DEBUG dbcounter [-] [88712] Writing DB stats neutron:SELECT=1 {{(pid=88712) stat_writer /opt/stack/data/venv/lib/python3.12/site-packages/dbcounter.py:115}}
May 18 16:28:20.410994 np0000000962 neutron-periodic-workers[88707]: DEBUG dbcounter [-] [88707] Writing DB stats neutron:SELECT=3 {{(pid=88707) stat_writer /opt/stack/data/venv/lib/python3.12/site-packages/dbcounter.py:115}}
May 18 16:28:37.476145 np0000000962 neutron-periodic-workers[88712]: DEBUG neutron.db.agents_db [None req-0090ed43-aa13-4c04-b249-3925ea52d439 None None] Agent healthcheck: found 0 active agents {{(pid=88712) agent_health_check /opt/stack/neutron/neutron/db/agents_db.py:322}}
May 18 16:28:37.476970 np0000000962 neutron-periodic-workers[88712]: DEBUG oslo.service.backend._threading.loopingcall [None req-0090ed43-aa13-4c04-b249-3925ea52d439 None None] Fixed interval looping call 'neutron.plugins.ml2.plugin.AgentDbMixin.agent_health_check' sleeping for 37.00 seconds {{(pid=88712) _run_loop /opt/stack/data/venv/lib/python3.12/site-packages/oslo_service/backend/_threading/loopingcall.py:125}}
May 18 16:28:47.410225 np0000000962 neutron-periodic-workers[88707]: DEBUG oslo.service.backend._threading.loopingcall [None req-e9f3a91c-f5a0-4238-8caa-abef80ec245c None None] Fixed interval looping call 'neutron.plugins.ml2.plugin.DhcpAgentSchedulerDbMixin.remove_networks_from_down_agents' sleeping for 36.99 seconds {{(pid=88707) _run_loop /opt/stack/data/venv/lib/python3.12/site-packages/oslo_service/backend/_threading/loopingcall.py:125}}
May 18 16:28:47.474894 np0000000962 neutron-periodic-workers[88712]: DEBUG dbcounter [-] [88712] Writing DB stats neutron:SELECT=1 {{(pid=88712) stat_writer /opt/stack/data/venv/lib/python3.12/site-packages/dbcounter.py:115}}
May 18 16:28:52.444443 np0000000962 neutron-periodic-workers[88717]: DEBUG oslo.service.backend._threading.loopingcall [None req-13abdcc1-8616-4af4-bee0-678a4d499fbf None None] Fixed interval looping call 'neutron.db.quota.driver_nolock.DbQuotaNoLockDriver._remove_expired_reservations' sleeping for 120.00 seconds {{(pid=88717) _run_loop /opt/stack/data/venv/lib/python3.12/site-packages/oslo_service/backend/_threading/loopingcall.py:125}}
May 18 16:28:57.407443 np0000000962 neutron-periodic-workers[88707]: DEBUG dbcounter [-] [88707] Writing DB stats neutron:SELECT=3 {{(pid=88707) stat_writer /opt/stack/data/venv/lib/python3.12/site-packages/dbcounter.py:115}}
May 18 16:29:02.444879 np0000000962 neutron-periodic-workers[88717]: DEBUG dbcounter [-] [88717] Writing DB stats neutron:DELETE=1 {{(pid=88717) stat_writer /opt/stack/data/venv/lib/python3.12/site-packages/dbcounter.py:115}}
May 18 16:29:14.480410 np0000000962 neutron-periodic-workers[88712]: DEBUG neutron.db.agents_db [None req-0090ed43-aa13-4c04-b249-3925ea52d439 None None] Agent healthcheck: found 0 active agents {{(pid=88712) agent_health_check /opt/stack/neutron/neutron/db/agents_db.py:322}}
May 18 16:29:14.480840 np0000000962 neutron-periodic-workers[88712]: DEBUG oslo.service.backend._threading.loopingcall [None req-0090ed43-aa13-4c04-b249-3925ea52d439 None None] Fixed interval looping call 'neutron.plugins.ml2.plugin.AgentDbMixin.agent_health_check' sleeping for 37.00 seconds {{(pid=88712) _run_loop /opt/stack/data/venv/lib/python3.12/site-packages/oslo_service/backend/_threading/loopingcall.py:125}}
May 18 16:29:24.406194 np0000000962 neutron-periodic-workers[88707]: DEBUG oslo.service.backend._threading.loopingcall [None req-e9f3a91c-f5a0-4238-8caa-abef80ec245c None None] Fixed interval looping call 'neutron.plugins.ml2.plugin.DhcpAgentSchedulerDbMixin.remove_networks_from_down_agents' sleeping for 36.99 seconds {{(pid=88707) _run_loop /opt/stack/data/venv/lib/python3.12/site-packages/oslo_service/backend/_threading/loopingcall.py:125}}
May 18 16:29:24.480045 np0000000962 neutron-periodic-workers[88712]: DEBUG dbcounter [-] [88712] Writing DB stats neutron:SELECT=1 {{(pid=88712) stat_writer /opt/stack/data/venv/lib/python3.12/site-packages/dbcounter.py:115}}
May 18 16:29:34.408766 np0000000962 neutron-periodic-workers[88707]: DEBUG dbcounter [-] [88707] Writing DB stats neutron:SELECT=3 {{(pid=88707) stat_writer /opt/stack/data/venv/lib/python3.12/site-packages/dbcounter.py:115}}
May 18 16:29:51.488267 np0000000962 neutron-periodic-workers[88712]: DEBUG neutron.db.agents_db [None req-0090ed43-aa13-4c04-b249-3925ea52d439 None None] Agent healthcheck: found 0 active agents {{(pid=88712) agent_health_check /opt/stack/neutron/neutron/db/agents_db.py:322}}
May 18 16:29:51.488669 np0000000962 neutron-periodic-workers[88712]: DEBUG oslo.service.backend._threading.loopingcall [None req-0090ed43-aa13-4c04-b249-3925ea52d439 None None] Fixed interval looping call 'neutron.plugins.ml2.plugin.AgentDbMixin.agent_health_check' sleeping for 36.99 seconds {{(pid=88712) _run_loop /opt/stack/data/venv/lib/python3.12/site-packages/oslo_service/backend/_threading/loopingcall.py:125}}
May 18 16:30:01.401921 np0000000962 neutron-periodic-workers[88707]: DEBUG oslo.service.backend._threading.loopingcall [None req-e9f3a91c-f5a0-4238-8caa-abef80ec245c None None] Fixed interval looping call 'neutron.plugins.ml2.plugin.DhcpAgentSchedulerDbMixin.remove_networks_from_down_agents' sleeping for 36.99 seconds {{(pid=88707) _run_loop /opt/stack/data/venv/lib/python3.12/site-packages/oslo_service/backend/_threading/loopingcall.py:125}}
May 18 16:30:01.487782 np0000000962 neutron-periodic-workers[88712]: DEBUG dbcounter [-] [88712] Writing DB stats neutron:SELECT=1 {{(pid=88712) stat_writer /opt/stack/data/venv/lib/python3.12/site-packages/dbcounter.py:115}}
May 18 16:30:11.401135 np0000000962 neutron-periodic-workers[88707]: DEBUG dbcounter [-] [88707] Writing DB stats neutron:SELECT=3 {{(pid=88707) stat_writer /opt/stack/data/venv/lib/python3.12/site-packages/dbcounter.py:115}}
May 18 16:30:28.481130 np0000000962 neutron-periodic-workers[88712]: DEBUG neutron.db.agents_db [None req-0090ed43-aa13-4c04-b249-3925ea52d439 None None] Agent healthcheck: found 0 active agents {{(pid=88712) agent_health_check /opt/stack/neutron/neutron/db/agents_db.py:322}}
May 18 16:30:28.481530 np0000000962 neutron-periodic-workers[88712]: DEBUG oslo.service.backend._threading.loopingcall [None req-0090ed43-aa13-4c04-b249-3925ea52d439 None None] Fixed interval looping call 'neutron.plugins.ml2.plugin.AgentDbMixin.agent_health_check' sleeping for 37.00 seconds {{(pid=88712) _run_loop /opt/stack/data/venv/lib/python3.12/site-packages/oslo_service/backend/_threading/loopingcall.py:125}}
May 18 16:30:38.402952 np0000000962 neutron-periodic-workers[88707]: DEBUG oslo.service.backend._threading.loopingcall [None req-e9f3a91c-f5a0-4238-8caa-abef80ec245c None None] Fixed interval looping call 'neutron.plugins.ml2.plugin.DhcpAgentSchedulerDbMixin.remove_networks_from_down_agents' sleeping for 36.99 seconds {{(pid=88707) _run_loop /opt/stack/data/venv/lib/python3.12/site-packages/oslo_service/backend/_threading/loopingcall.py:125}}
May 18 16:30:38.481943 np0000000962 neutron-periodic-workers[88712]: DEBUG dbcounter [-] [88712] Writing DB stats neutron:SELECT=1 {{(pid=88712) stat_writer /opt/stack/data/venv/lib/python3.12/site-packages/dbcounter.py:115}}
May 18 16:30:48.402900 np0000000962 neutron-periodic-workers[88707]: DEBUG dbcounter [-] [88707] Writing DB stats neutron:SELECT=3 {{(pid=88707) stat_writer /opt/stack/data/venv/lib/python3.12/site-packages/dbcounter.py:115}}
May 18 16:30:52.446930 np0000000962 neutron-periodic-workers[88717]: DEBUG oslo.service.backend._threading.loopingcall [None req-13abdcc1-8616-4af4-bee0-678a4d499fbf None None] Fixed interval looping call 'neutron.db.quota.driver_nolock.DbQuotaNoLockDriver._remove_expired_reservations' sleeping for 120.00 seconds {{(pid=88717) _run_loop /opt/stack/data/venv/lib/python3.12/site-packages/oslo_service/backend/_threading/loopingcall.py:125}}
May 18 16:30:59.455529 np0000000962 neutron-periodic-workers[88723]: DEBUG oslo.service.backend._threading.loopingcall [None req-d849e2ec-fe21-48d3-b3b7-b3e27b5ae77e None None] Fixed interval looping call 'neutron.services.ovn_l3.plugin.L3_NAT_dbonly_mixin._clean_garbage' sleeping for 299.99 seconds {{(pid=88723) _run_loop /opt/stack/data/venv/lib/python3.12/site-packages/oslo_service/backend/_threading/loopingcall.py:125}}
May 18 16:31:02.446318 np0000000962 neutron-periodic-workers[88717]: DEBUG dbcounter [-] [88717] Writing DB stats neutron:DELETE=1 {{(pid=88717) stat_writer /opt/stack/data/venv/lib/python3.12/site-packages/dbcounter.py:115}}
May 18 16:31:05.485773 np0000000962 neutron-periodic-workers[88712]: DEBUG neutron.db.agents_db [None req-0090ed43-aa13-4c04-b249-3925ea52d439 None None] Agent healthcheck: found 0 active agents {{(pid=88712) agent_health_check /opt/stack/neutron/neutron/db/agents_db.py:322}}
May 18 16:31:05.485773 np0000000962 neutron-periodic-workers[88712]: DEBUG oslo.service.backend._threading.loopingcall [None req-0090ed43-aa13-4c04-b249-3925ea52d439 None None] Fixed interval looping call 'neutron.plugins.ml2.plugin.AgentDbMixin.agent_health_check' sleeping for 37.00 seconds {{(pid=88712) _run_loop /opt/stack/data/venv/lib/python3.12/site-packages/oslo_service/backend/_threading/loopingcall.py:125}}
May 18 16:31:09.450705 np0000000962 neutron-periodic-workers[88723]: DEBUG dbcounter [-] [88723] Writing DB stats neutron:SELECT=1 {{(pid=88723) stat_writer /opt/stack/data/venv/lib/python3.12/site-packages/dbcounter.py:115}}
May 18 16:31:15.404472 np0000000962 neutron-periodic-workers[88707]: DEBUG oslo.service.backend._threading.loopingcall [None req-e9f3a91c-f5a0-4238-8caa-abef80ec245c None None] Fixed interval looping call 'neutron.plugins.ml2.plugin.DhcpAgentSchedulerDbMixin.remove_networks_from_down_agents' sleeping for 36.99 seconds {{(pid=88707) _run_loop /opt/stack/data/venv/lib/python3.12/site-packages/oslo_service/backend/_threading/loopingcall.py:125}}
May 18 16:31:15.483775 np0000000962 neutron-periodic-workers[88712]: DEBUG dbcounter [-] [88712] Writing DB stats neutron:SELECT=1 {{(pid=88712) stat_writer /opt/stack/data/venv/lib/python3.12/site-packages/dbcounter.py:115}}
May 18 16:31:25.402304 np0000000962 neutron-periodic-workers[88707]: DEBUG dbcounter [-] [88707] Writing DB stats neutron:SELECT=3 {{(pid=88707) stat_writer /opt/stack/data/venv/lib/python3.12/site-packages/dbcounter.py:115}}
May 18 16:31:42.489505 np0000000962 neutron-periodic-workers[88712]: DEBUG neutron.db.agents_db [None req-0090ed43-aa13-4c04-b249-3925ea52d439 None None] Agent healthcheck: found 0 active agents {{(pid=88712) agent_health_check /opt/stack/neutron/neutron/db/agents_db.py:322}}
May 18 16:31:42.490009 np0000000962 neutron-periodic-workers[88712]: DEBUG oslo.service.backend._threading.loopingcall [None req-0090ed43-aa13-4c04-b249-3925ea52d439 None None] Fixed interval looping call 'neutron.plugins.ml2.plugin.AgentDbMixin.agent_health_check' sleeping for 37.00 seconds {{(pid=88712) _run_loop /opt/stack/data/venv/lib/python3.12/site-packages/oslo_service/backend/_threading/loopingcall.py:125}}
