Jun 24 21:42:58.170936 np0000003581 devstack@g-api.service[102622]: DEBUG glance.api.middleware.version_negotiation [None req-307e91ec-d3bb-4959-a5c5-9fe0352c0850 tempest-ServerStableDeviceRescueTest-62522135 tempest-ServerStableDeviceRescueTest-62522135-project-member] Using url versioning {{(pid=102622) process_request /opt/stack/glance/glance/api/middleware/version_negotiation.py:57}}
Jun 24 21:42:58.173460 np0000003581 devstack@g-api.service[102622]: DEBUG glance.api.middleware.version_negotiation [None req-307e91ec-d3bb-4959-a5c5-9fe0352c0850 tempest-ServerStableDeviceRescueTest-62522135 tempest-ServerStableDeviceRescueTest-62522135-project-member] Matched version: v2 {{(pid=102622) process_request /opt/stack/glance/glance/api/middleware/version_negotiation.py:69}}
Jun 24 21:42:58.173798 np0000003581 devstack@g-api.service[102622]: DEBUG glance.api.middleware.version_negotiation [None req-307e91ec-d3bb-4959-a5c5-9fe0352c0850 tempest-ServerStableDeviceRescueTest-62522135 tempest-ServerStableDeviceRescueTest-62522135-project-member] new path /v2/schemas/image {{(pid=102622) process_request /opt/stack/glance/glance/api/middleware/version_negotiation.py:70}}
Jun 24 21:42:58.180220 np0000003581 devstack@g-api.service[102622]: [pid: 102622|app: 0|req: 63/241] 127.0.0.1 () {44 vars in 1055 bytes} [Wed Jun 24 21:42:58 2026] GET /v2/schemas/image => generated 6083 bytes in 11 msecs (HTTP/1.1 200) 4 headers in 158 bytes (1 switches on core 0)
Jun 24 21:42:58.194506 np0000003581 devstack@g-api.service[102619]: DEBUG glance.api.middleware.version_negotiation [None req-d5047fa9-8ead-4c51-a793-24c674cbaad7 tempest-ServerStableDeviceRescueTest-62522135 tempest-ServerStableDeviceRescueTest-62522135-project-member] Determining version of request: GET /v2/schemas/image Accept: */* {{(pid=102619) process_request /opt/stack/glance/glance/api/middleware/version_negotiation.py:44}}
Jun 24 21:42:58.194800 np0000003581 devstack@g-api.service[102619]: DEBUG glance.api.middleware.version_negotiation [None req-d5047fa9-8ead-4c51-a793-24c674cbaad7 tempest-ServerStableDeviceRescueTest-62522135 tempest-ServerStableDeviceRescueTest-62522135-project-member] Using url versioning {{(pid=102619) process_request /opt/stack/glance/glance/api/middleware/version_negotiation.py:57}}
Jun 24 21:42:58.194967 np0000003581 devstack@g-api.service[102619]: DEBUG glance.api.middleware.version_negotiation [None req-d5047fa9-8ead-4c51-a793-24c674cbaad7 tempest-ServerStableDeviceRescueTest-62522135 tempest-ServerStableDeviceRescueTest-62522135-project-member] Matched version: v2 {{(pid=102619) process_request /opt/stack/glance/glance/api/middleware/version_negotiation.py:69}}
Jun 24 21:42:58.195112 np0000003581 devstack@g-api.service[102619]: DEBUG glance.api.middleware.version_negotiation [None req-d5047fa9-8ead-4c51-a793-24c674cbaad7 tempest-ServerStableDeviceRescueTest-62522135 tempest-ServerStableDeviceRescueTest-62522135-project-member] new path /v2/schemas/image {{(pid=102619) process_request /opt/stack/glance/glance/api/middleware/version_negotiation.py:70}}
Jun 24 21:42:58.201085 np0000003581 devstack@g-api.service[102619]: [pid: 102619|app: 0|req: 62/242] 127.0.0.1 () {44 vars in 1055 bytes} [Wed Jun 24 21:42:58 2026] GET /v2/schemas/image => generated 6083 bytes in 7 msecs (HTTP/1.1 200) 4 headers in 158 bytes (1 switches on core 0)
Jun 24 21:42:58.365925 np0000003581 devstack@g-api.service[102621]: DEBUG glance.api.middleware.version_negotiation [None req-d5047fa9-8ead-4c51-a793-24c674cbaad7 tempest-ServerStableDeviceRescueTest-62522135 tempest-ServerStableDeviceRescueTest-62522135-project-member] Determining version of request: GET /v2/images/1a01bd62-d1d9-4d86-8659-34588d0bfe98 Accept: */* {{(pid=102621) process_request /opt/stack/glance/glance/api/middleware/version_negotiation.py:44}}
Jun 24 21:42:58.366286 np0000003581 devstack@g-api.service[102621]: DEBUG glance.api.middleware.version_negotiation [None req-d5047fa9-8ead-4c51-a793-24c674cbaad7 tempest-ServerStableDeviceRescueTest-62522135 tempest-ServerStableDeviceRescueTest-62522135-project-member] Using url versioning {{(pid=102621) process_request /opt/stack/glance/glance/api/middleware/version_negotiation.py:57}}
Jun 24 21:42:58.366354 np0000003581 devstack@g-api.service[102621]: DEBUG glance.api.middleware.version_negotiation [None req-d5047fa9-8ead-4c51-a793-24c674cbaad7 tempest-ServerStableDeviceRescueTest-62522135 tempest-ServerStableDeviceRescueTest-62522135-project-member] Matched version: v2 {{(pid=102621) process_request /opt/stack/glance/glance/api/middleware/version_negotiation.py:69}}
Jun 24 21:42:58.366570 np0000003581 devstack@g-api.service[102621]: DEBUG glance.api.middleware.version_negotiation [None req-d5047fa9-8ead-4c51-a793-24c674cbaad7 tempest-ServerStableDeviceRescueTest-62522135 tempest-ServerStableDeviceRescueTest-62522135-project-member] new path /v2/images/1a01bd62-d1d9-4d86-8659-34588d0bfe98 {{(pid=102621) process_request /opt/stack/glance/glance/api/middleware/version_negotiation.py:70}}
Jun 24 21:42:58.382618 np0000003581 devstack@g-api.service[102621]: [pid: 102621|app: 0|req: 59/243] 127.0.0.1 () {44 vars in 1115 bytes} [Wed Jun 24 21:42:58 2026] GET /v2/images/1a01bd62-d1d9-4d86-8659-34588d0bfe98 => generated 1332 bytes in 17 msecs (HTTP/1.1 200) 4 headers in 158 bytes (1 switches on core 0)
Jun 24 21:42:58.442823 np0000003581 devstack@g-api.service[102620]: DEBUG glance.api.middleware.version_negotiation [None req-54a49fc0-c3f2-47e4-86c1-a3f4130df2bc tempest-ServerActionsV293TestJSON-1091245731 tempest-ServerActionsV293TestJSON-1091245731-project-member] Determining version of request: GET /v2/schemas/image Accept: */* {{(pid=102620) process_request /opt/stack/glance/glance/api/middleware/version_negotiation.py:44}}
Jun 24 21:42:58.443371 np0000003581 devstack@g-api.service[102620]: DEBUG glance.api.middleware.version_negotiation [None req-54a49fc0-c3f2-47e4-86c1-a3f4130df2bc tempest-ServerActionsV293TestJSON-1091245731 tempest-ServerActionsV293TestJSON-1091245731-project-member] Using url versioning {{(pid=102620) process_request /opt/stack/glance/glance/api/middleware/version_negotiation.py:57}}
Jun 24 21:42:58.443893 np0000003581 devstack@g-api.service[102620]: DEBUG glance.api.middleware.version_negotiation [None req-54a49fc0-c3f2-47e4-86c1-a3f4130df2bc tempest-ServerActionsV293TestJSON-1091245731 tempest-ServerActionsV293TestJSON-1091245731-project-member] Matched version: v2 {{(pid=102620) process_request /opt/stack/glance/glance/api/middleware/version_negotiation.py:69}}
Jun 24 21:42:58.444082 np0000003581 devstack@g-api.service[102620]: DEBUG glance.api.middleware.version_negotiation [None req-54a49fc0-c3f2-47e4-86c1-a3f4130df2bc tempest-ServerActionsV293TestJSON-1091245731 tempest-ServerActionsV293TestJSON-1091245731-project-member] new path /v2/schemas/image {{(pid=102620) process_request /opt/stack/glance/glance/api/middleware/version_negotiation.py:70}}
Jun 24 21:42:58.453488 np0000003581 devstack@g-api.service[102620]: [pid: 102620|app: 0|req: 60/244] 127.0.0.1 () {44 vars in 1055 bytes} [Wed Jun 24 21:42:58 2026] GET /v2/schemas/image => generated 6083 bytes in 12 msecs (HTTP/1.1 200) 4 headers in 158 bytes (1 switches on core 0)
Jun 24 21:42:59.262233 np0000003581 devstack@g-api.service[102622]: DEBUG glance.api.middleware.version_negotiation [None req-54a49fc0-c3f2-47e4-86c1-a3f4130df2bc tempest-ServerActionsV293TestJSON-1091245731 tempest-ServerActionsV293TestJSON-1091245731-project-member] Determining version of request: GET /v2/images/fa0830e6-c21b-4aab-9b31-d11a2a1fccda Accept: */* {{(pid=102622) process_request /opt/stack/glance/glance/api/middleware/version_negotiation.py:44}}
Jun 24 21:42:59.263442 np0000003581 devstack@g-api.service[102622]: DEBUG glance.api.middleware.version_negotiation [None req-54a49fc0-c3f2-47e4-86c1-a3f4130df2bc tempest-ServerActionsV293TestJSON-1091245731 tempest-ServerActionsV293TestJSON-1091245731-project-member] Using url versioning {{(pid=102622) process_request /opt/stack/glance/glance/api/middleware/version_negotiation.py:57}}
Jun 24 21:42:59.263442 np0000003581 devstack@g-api.service[102622]: DEBUG glance.api.middleware.version_negotiation [None req-54a49fc0-c3f2-47e4-86c1-a3f4130df2bc tempest-ServerActionsV293TestJSON-1091245731 tempest-ServerActionsV293TestJSON-1091245731-project-member] Matched version: v2 {{(pid=102622) process_request /opt/stack/glance/glance/api/middleware/version_negotiation.py:69}}
Jun 24 21:42:59.263442 np0000003581 devstack@g-api.service[102622]: DEBUG glance.api.middleware.version_negotiation [None req-54a49fc0-c3f2-47e4-86c1-a3f4130df2bc tempest-ServerActionsV293TestJSON-1091245731 tempest-ServerActionsV293TestJSON-1091245731-project-member] new path /v2/images/fa0830e6-c21b-4aab-9b31-d11a2a1fccda {{(pid=102622) process_request /opt/stack/glance/glance/api/middleware/version_negotiation.py:70}}
Jun 24 21:42:59.282240 np0000003581 devstack@g-api.service[102622]: [pid: 102622|app: 0|req: 64/245] 127.0.0.1 () {44 vars in 1115 bytes} [Wed Jun 24 21:42:59 2026] GET /v2/images/fa0830e6-c21b-4aab-9b31-d11a2a1fccda => generated 1044 bytes in 20 msecs (HTTP/1.1 200) 4 headers in 158 bytes (1 switches on core 0)
Jun 24 21:42:59.294889 np0000003581 devstack@g-api.service[102619]: DEBUG glance.api.middleware.version_negotiation [None req-54a49fc0-c3f2-47e4-86c1-a3f4130df2bc tempest-ServerActionsV293TestJSON-1091245731 tempest-ServerActionsV293TestJSON-1091245731-project-member] Determining version of request: GET /v2/images/fa0830e6-c21b-4aab-9b31-d11a2a1fccda/file Accept: */* {{(pid=102619) process_request /opt/stack/glance/glance/api/middleware/version_negotiation.py:44}}
Jun 24 21:42:59.295296 np0000003581 devstack@g-api.service[102619]: DEBUG glance.api.middleware.version_negotiation [None req-54a49fc0-c3f2-47e4-86c1-a3f4130df2bc tempest-ServerActionsV293TestJSON-1091245731 tempest-ServerActionsV293TestJSON-1091245731-project-member] Using url versioning {{(pid=102619) process_request /opt/stack/glance/glance/api/middleware/version_negotiation.py:57}}
Jun 24 21:42:59.295296 np0000003581 devstack@g-api.service[102619]: DEBUG glance.api.middleware.version_negotiation [None req-54a49fc0-c3f2-47e4-86c1-a3f4130df2bc tempest-ServerActionsV293TestJSON-1091245731 tempest-ServerActionsV293TestJSON-1091245731-project-member] Matched version: v2 {{(pid=102619) process_request /opt/stack/glance/glance/api/middleware/version_negotiation.py:69}}
Jun 24 21:42:59.295483 np0000003581 devstack@g-api.service[102619]: DEBUG glance.api.middleware.version_negotiation [None req-54a49fc0-c3f2-47e4-86c1-a3f4130df2bc tempest-ServerActionsV293TestJSON-1091245731 tempest-ServerActionsV293TestJSON-1091245731-project-member] new path /v2/images/fa0830e6-c21b-4aab-9b31-d11a2a1fccda/file {{(pid=102619) process_request /opt/stack/glance/glance/api/middleware/version_negotiation.py:70}}
Jun 24 21:42:59.308034 np0000003581 devstack@g-api.service[102619]: DEBUG glance_store.backend [None req-54a49fc0-c3f2-47e4-86c1-a3f4130df2bc tempest-ServerActionsV293TestJSON-1091245731 tempest-ServerActionsV293TestJSON-1091245731-project-member] Attempting to import store swift {{(pid=102619) _load_store /opt/stack/data/venv/lib/python3.12/site-packages/glance_store/backend.py:215}}
Jun 24 21:42:59.310759 np0000003581 devstack@g-api.service[102619]: DEBUG glance_store.capabilities [None req-54a49fc0-c3f2-47e4-86c1-a3f4130df2bc tempest-ServerActionsV293TestJSON-1091245731 tempest-ServerActionsV293TestJSON-1091245731-project-member] Store glance_store._drivers.swift.store.SingleTenantStore doesn't support updating dynamic storage capabilities. Please overwrite 'update_capabilities' method of the store to implement updating logics if needed. {{(pid=102619) update_capabilities /opt/stack/data/venv/lib/python3.12/site-packages/glance_store/capabilities.py:91}}
Jun 24 21:42:59.310982 np0000003581 devstack@g-api.service[102619]: DEBUG glance_store.driver [None req-54a49fc0-c3f2-47e4-86c1-a3f4130df2bc tempest-ServerActionsV293TestJSON-1091245731 tempest-ServerActionsV293TestJSON-1091245731-project-member] Late loading location class glance_store._drivers.swift.store.StoreLocation {{(pid=102619) get_store_location_class /opt/stack/data/venv/lib/python3.12/site-packages/glance_store/driver.py:134}}
Jun 24 21:42:59.311139 np0000003581 devstack@g-api.service[102619]: DEBUG glance_store.location [None req-54a49fc0-c3f2-47e4-86c1-a3f4130df2bc tempest-ServerActionsV293TestJSON-1091245731 tempest-ServerActionsV293TestJSON-1091245731-project-member] Registering scheme swift+https with {'store': , 'location_class': , 'store_entry': 'swift'} {{(pid=102619) register_scheme_map /opt/stack/data/venv/lib/python3.12/site-packages/glance_store/location.py:146}}
Jun 24 21:42:59.311260 np0000003581 devstack@g-api.service[102619]: DEBUG glance_store.location [None req-54a49fc0-c3f2-47e4-86c1-a3f4130df2bc tempest-ServerActionsV293TestJSON-1091245731 tempest-ServerActionsV293TestJSON-1091245731-project-member] Registering scheme swift+https with {'store': , 'location_class': , 'store_entry': 'swift'} {{(pid=102619) register_scheme_map /opt/stack/data/venv/lib/python3.12/site-packages/glance_store/location.py:146}}
Jun 24 21:42:59.311360 np0000003581 devstack@g-api.service[102619]: DEBUG glance_store.location [None req-54a49fc0-c3f2-47e4-86c1-a3f4130df2bc tempest-ServerActionsV293TestJSON-1091245731 tempest-ServerActionsV293TestJSON-1091245731-project-member] Registering scheme swift with {'store': , 'location_class': , 'store_entry': 'swift'} {{(pid=102619) register_scheme_map /opt/stack/data/venv/lib/python3.12/site-packages/glance_store/location.py:146}}
Jun 24 21:42:59.311542 np0000003581 devstack@g-api.service[102619]: DEBUG glance_store.location [None req-54a49fc0-c3f2-47e4-86c1-a3f4130df2bc tempest-ServerActionsV293TestJSON-1091245731 tempest-ServerActionsV293TestJSON-1091245731-project-member] Registering scheme swift+https with {'store': , 'location_class': , 'store_entry': 'swift'} {{(pid=102619) register_scheme_map /opt/stack/data/venv/lib/python3.12/site-packages/glance_store/location.py:146}}
Jun 24 21:42:59.311542 np0000003581 devstack@g-api.service[102619]: DEBUG glance_store.location [None req-54a49fc0-c3f2-47e4-86c1-a3f4130df2bc tempest-ServerActionsV293TestJSON-1091245731 tempest-ServerActionsV293TestJSON-1091245731-project-member] Registering scheme swift with {'store': , 'location_class': , 'store_entry': 'swift'} {{(pid=102619) register_scheme_map /opt/stack/data/venv/lib/python3.12/site-packages/glance_store/location.py:146}}
Jun 24 21:42:59.311542 np0000003581 devstack@g-api.service[102619]: DEBUG glance_store.location [None req-54a49fc0-c3f2-47e4-86c1-a3f4130df2bc tempest-ServerActionsV293TestJSON-1091245731 tempest-ServerActionsV293TestJSON-1091245731-project-member] Registering scheme swift+http with {'store': , 'location_class': , 'store_entry': 'swift'} {{(pid=102619) register_scheme_map /opt/stack/data/venv/lib/python3.12/site-packages/glance_store/location.py:146}}
Jun 24 21:42:59.311772 np0000003581 devstack@g-api.service[102619]: DEBUG glance_store.location [None req-54a49fc0-c3f2-47e4-86c1-a3f4130df2bc tempest-ServerActionsV293TestJSON-1091245731 tempest-ServerActionsV293TestJSON-1091245731-project-member] Registering scheme swift+https with {'store': , 'location_class': , 'store_entry': 'swift'} {{(pid=102619) register_scheme_map /opt/stack/data/venv/lib/python3.12/site-packages/glance_store/location.py:146}}
Jun 24 21:42:59.311772 np0000003581 devstack@g-api.service[102619]: DEBUG glance_store.location [None req-54a49fc0-c3f2-47e4-86c1-a3f4130df2bc tempest-ServerActionsV293TestJSON-1091245731 tempest-ServerActionsV293TestJSON-1091245731-project-member] Registering scheme swift with {'store': , 'location_class': , 'store_entry': 'swift'} {{(pid=102619) register_scheme_map /opt/stack/data/venv/lib/python3.12/site-packages/glance_store/location.py:146}}
Jun 24 21:42:59.311858 np0000003581 devstack@g-api.service[102619]: DEBUG glance_store.location [None req-54a49fc0-c3f2-47e4-86c1-a3f4130df2bc tempest-ServerActionsV293TestJSON-1091245731 tempest-ServerActionsV293TestJSON-1091245731-project-member] Registering scheme swift+http with {'store': , 'location_class': , 'store_entry': 'swift'} {{(pid=102619) register_scheme_map /opt/stack/data/venv/lib/python3.12/site-packages/glance_store/location.py:146}}
Jun 24 21:42:59.311964 np0000003581 devstack@g-api.service[102619]: DEBUG glance_store.location [None req-54a49fc0-c3f2-47e4-86c1-a3f4130df2bc tempest-ServerActionsV293TestJSON-1091245731 tempest-ServerActionsV293TestJSON-1091245731-project-member] Registering scheme swift+config with {'store': , 'location_class': , 'store_entry': 'swift'} {{(pid=102619) register_scheme_map /opt/stack/data/venv/lib/python3.12/site-packages/glance_store/location.py:146}}
Jun 24 21:42:59.542307 np0000003581 devstack@g-api.service[102619]: DEBUG swiftclient [None req-54a49fc0-c3f2-47e4-86c1-a3f4130df2bc tempest-ServerActionsV293TestJSON-1091245731 tempest-ServerActionsV293TestJSON-1091245731-project-member] REQ: curl -i https://10.4.3.243:8080/v1/AUTH_628ed982221a420c9659ee8211f106f6/glance/fa0830e6-c21b-4aab-9b31-d11a2a1fccda -X GET -H "X-Auth-Token: gAAAAABqPE9jSmB3..." {{(pid=102619) http_log /opt/stack/data/venv/lib/python3.12/site-packages/swiftclient/client.py:160}}
Jun 24 21:42:59.542307 np0000003581 devstack@g-api.service[102619]: DEBUG swiftclient [None req-54a49fc0-c3f2-47e4-86c1-a3f4130df2bc tempest-ServerActionsV293TestJSON-1091245731 tempest-ServerActionsV293TestJSON-1091245731-project-member] RESP STATUS: 200 OK {{(pid=102619) http_log /opt/stack/data/venv/lib/python3.12/site-packages/swiftclient/client.py:161}}
Jun 24 21:42:59.542521 np0000003581 devstack@g-api.service[102619]: DEBUG swiftclient [None req-54a49fc0-c3f2-47e4-86c1-a3f4130df2bc tempest-ServerActionsV293TestJSON-1091245731 tempest-ServerActionsV293TestJSON-1091245731-project-member] RESP HEADERS: {'Date': 'Wed, 24 Jun 2026 21:42:59 GMT', 'Server': 'Apache/2.4.58 (Ubuntu)', 'Content-Type': 'application/octet-stream', 'Etag': '0c839612eb3f2469420f2ccae990827f', 'Last-Modified': 'Wed, 24 Jun 2026 21:36:36 GMT', 'X-Timestamp': '1782336995.16326', 'Accept-Ranges': 'bytes', 'Content-Length': '21233664', 'X-Trans-Id': 'txc158fef5ddbb49d28ad6f-006a3c4f63', 'X-Openstack-Request-Id': 'txc158fef5ddbb49d28ad6f-006a3c4f63', 'Connection': 'close'} {{(pid=102619) http_log /opt/stack/data/venv/lib/python3.12/site-packages/swiftclient/client.py:162}}
Jun 24 21:42:59.545436 np0000003581 devstack@g-api.service[102621]: DEBUG glance.api.middleware.version_negotiation [None req-0e4fc85d-cf5e-4be6-9ea9-5b0e61896279 tempest-ServerStableDeviceRescueTest-62522135 tempest-ServerStableDeviceRescueTest-62522135-project-member] Determining version of request: GET /v2/images/1a01bd62-d1d9-4d86-8659-34588d0bfe98 Accept: */* {{(pid=102621) process_request /opt/stack/glance/glance/api/middleware/version_negotiation.py:44}}
Jun 24 21:42:59.545901 np0000003581 devstack@g-api.service[102621]: DEBUG glance.api.middleware.version_negotiation [None req-0e4fc85d-cf5e-4be6-9ea9-5b0e61896279 tempest-ServerStableDeviceRescueTest-62522135 tempest-ServerStableDeviceRescueTest-62522135-project-member] Using url versioning {{(pid=102621) process_request /opt/stack/glance/glance/api/middleware/version_negotiation.py:57}}
Jun 24 21:42:59.545901 np0000003581 devstack@g-api.service[102621]: DEBUG glance.api.middleware.version_negotiation [None req-0e4fc85d-cf5e-4be6-9ea9-5b0e61896279 tempest-ServerStableDeviceRescueTest-62522135 tempest-ServerStableDeviceRescueTest-62522135-project-member] Matched version: v2 {{(pid=102621) process_request /opt/stack/glance/glance/api/middleware/version_negotiation.py:69}}
Jun 24 21:42:59.545990 np0000003581 devstack@g-api.service[102621]: DEBUG glance.api.middleware.version_negotiation [None req-0e4fc85d-cf5e-4be6-9ea9-5b0e61896279 tempest-ServerStableDeviceRescueTest-62522135 tempest-ServerStableDeviceRescueTest-62522135-project-member] new path /v2/images/1a01bd62-d1d9-4d86-8659-34588d0bfe98 {{(pid=102621) process_request /opt/stack/glance/glance/api/middleware/version_negotiation.py:70}}
Jun 24 21:42:59.555320 np0000003581 devstack@g-api.service[102619]: DEBUG glance.image_cache [None req-54a49fc0-c3f2-47e4-86c1-a3f4130df2bc tempest-ServerActionsV293TestJSON-1091245731 tempest-ServerActionsV293TestJSON-1091245731-project-member] Tee'ing image 'fa0830e6-c21b-4aab-9b31-d11a2a1fccda' into cache {{(pid=102619) get_caching_iter /opt/stack/glance/glance/image_cache/__init__.py:356}}
Jun 24 21:42:59.562104 np0000003581 devstack@g-api.service[102621]: [pid: 102621|app: 0|req: 60/246] 127.0.0.1 () {44 vars in 1115 bytes} [Wed Jun 24 21:42:59 2026] GET /v2/images/1a01bd62-d1d9-4d86-8659-34588d0bfe98 => generated 1332 bytes in 17 msecs (HTTP/1.1 200) 4 headers in 158 bytes (1 switches on core 0)
Jun 24 21:42:59.618349 np0000003581 devstack@g-api.service[102620]: DEBUG glance.api.middleware.version_negotiation [None req-0e4fc85d-cf5e-4be6-9ea9-5b0e61896279 tempest-ServerStableDeviceRescueTest-62522135 tempest-ServerStableDeviceRescueTest-62522135-project-member] Determining version of request: GET /v2/schemas/image Accept: */* {{(pid=102620) process_request /opt/stack/glance/glance/api/middleware/version_negotiation.py:44}}
Jun 24 21:42:59.618349 np0000003581 devstack@g-api.service[102620]: DEBUG glance.api.middleware.version_negotiation [None req-0e4fc85d-cf5e-4be6-9ea9-5b0e61896279 tempest-ServerStableDeviceRescueTest-62522135 tempest-ServerStableDeviceRescueTest-62522135-project-member] Using url versioning {{(pid=102620) process_request /opt/stack/glance/glance/api/middleware/version_negotiation.py:57}}
Jun 24 21:42:59.619918 np0000003581 devstack@g-api.service[102620]: DEBUG glance.api.middleware.version_negotiation [None req-0e4fc85d-cf5e-4be6-9ea9-5b0e61896279 tempest-ServerStableDeviceRescueTest-62522135 tempest-ServerStableDeviceRescueTest-62522135-project-member] Matched version: v2 {{(pid=102620) process_request /opt/stack/glance/glance/api/middleware/version_negotiation.py:69}}
Jun 24 21:42:59.619918 np0000003581 devstack@g-api.service[102620]: DEBUG glance.api.middleware.version_negotiation [None req-0e4fc85d-cf5e-4be6-9ea9-5b0e61896279 tempest-ServerStableDeviceRescueTest-62522135 tempest-ServerStableDeviceRescueTest-62522135-project-member] new path /v2/schemas/image {{(pid=102620) process_request /opt/stack/glance/glance/api/middleware/version_negotiation.py:70}}
Jun 24 21:42:59.622017 np0000003581 devstack@g-api.service[102620]: [pid: 102620|app: 0|req: 61/247] 127.0.0.1 () {44 vars in 1055 bytes} [Wed Jun 24 21:42:59 2026] GET /v2/schemas/image => generated 6083 bytes in 3 msecs (HTTP/1.1 200) 4 headers in 158 bytes (1 switches on core 0)
Jun 24 21:42:59.735843 np0000003581 devstack@g-api.service[102619]: DEBUG glance.image_cache.drivers.centralized_db [None req-54a49fc0-c3f2-47e4-86c1-a3f4130df2bc tempest-ServerActionsV293TestJSON-1091245731 tempest-ServerActionsV293TestJSON-1091245731-project-member] Fetch finished, moving '/opt/stack/data/glance/cache/incomplete/fa0830e6-c21b-4aab-9b31-d11a2a1fccda' to '/opt/stack/data/glance/cache/fa0830e6-c21b-4aab-9b31-d11a2a1fccda' {{(pid=102619) commit /opt/stack/glance/glance/image_cache/drivers/centralized_db.py:243}}
Jun 24 21:42:59.773087 np0000003581 devstack@g-api.service[102619]: DEBUG glance.image_cache.drivers.centralized_db [None req-54a49fc0-c3f2-47e4-86c1-a3f4130df2bc tempest-ServerActionsV293TestJSON-1091245731 tempest-ServerActionsV293TestJSON-1091245731-project-member] Image cached successfully. {{(pid=102619) commit /opt/stack/glance/glance/image_cache/drivers/centralized_db.py:258}}
Jun 24 21:42:59.773087 np0000003581 devstack@g-api.service[102619]: [pid: 102619|app: 0|req: 63/248] 127.0.0.1 () {44 vars in 1125 bytes} [Wed Jun 24 21:42:59 2026] GET /v2/images/fa0830e6-c21b-4aab-9b31-d11a2a1fccda/file => generated 21233664 bytes in 477 msecs (HTTP/1.1 200) 4 headers in 191 bytes (326 switches on core 0)
Jun 24 21:43:00.677717 np0000003581 devstack@g-api.service[102622]: DEBUG glance.api.middleware.version_negotiation [None req-54a49fc0-c3f2-47e4-86c1-a3f4130df2bc tempest-ServerActionsV293TestJSON-1091245731 tempest-ServerActionsV293TestJSON-1091245731-project-member] Determining version of request: GET /v2/images/1a01bd62-d1d9-4d86-8659-34588d0bfe98 Accept: */* {{(pid=102622) process_request /opt/stack/glance/glance/api/middleware/version_negotiation.py:44}}
Jun 24 21:43:00.678175 np0000003581 devstack@g-api.service[102622]: DEBUG glance.api.middleware.version_negotiation [None req-54a49fc0-c3f2-47e4-86c1-a3f4130df2bc tempest-ServerActionsV293TestJSON-1091245731 tempest-ServerActionsV293TestJSON-1091245731-project-member] Using url versioning {{(pid=102622) process_request /opt/stack/glance/glance/api/middleware/version_negotiation.py:57}}
Jun 24 21:43:00.678175 np0000003581 devstack@g-api.service[102622]: DEBUG glance.api.middleware.version_negotiation [None req-54a49fc0-c3f2-47e4-86c1-a3f4130df2bc tempest-ServerActionsV293TestJSON-1091245731 tempest-ServerActionsV293TestJSON-1091245731-project-member] Matched version: v2 {{(pid=102622) process_request /opt/stack/glance/glance/api/middleware/version_negotiation.py:69}}
Jun 24 21:43:00.678306 np0000003581 devstack@g-api.service[102622]: DEBUG glance.api.middleware.version_negotiation [None req-54a49fc0-c3f2-47e4-86c1-a3f4130df2bc tempest-ServerActionsV293TestJSON-1091245731 tempest-ServerActionsV293TestJSON-1091245731-project-member] new path /v2/images/1a01bd62-d1d9-4d86-8659-34588d0bfe98 {{(pid=102622) process_request /opt/stack/glance/glance/api/middleware/version_negotiation.py:70}}
Jun 24 21:43:00.700137 np0000003581 devstack@g-api.service[102622]: [pid: 102622|app: 0|req: 65/249] 127.0.0.1 () {44 vars in 1115 bytes} [Wed Jun 24 21:43:00 2026] GET /v2/images/1a01bd62-d1d9-4d86-8659-34588d0bfe98 => generated 1332 bytes in 22 msecs (HTTP/1.1 200) 4 headers in 158 bytes (1 switches on core 0)
Jun 24 21:43:00.726358 np0000003581 devstack@g-api.service[102621]: DEBUG glance.api.middleware.version_negotiation [None req-d69e823c-87af-4bf2-9ca6-095699819f3a tempest-ServerStableDeviceRescueTest-62522135 tempest-ServerStableDeviceRescueTest-62522135-project-member] Determining version of request: GET /v2/images/1a01bd62-d1d9-4d86-8659-34588d0bfe98 Accept: */* {{(pid=102621) process_request /opt/stack/glance/glance/api/middleware/version_negotiation.py:44}}
Jun 24 21:43:00.727768 np0000003581 devstack@g-api.service[102621]: DEBUG glance.api.middleware.version_negotiation [None req-d69e823c-87af-4bf2-9ca6-095699819f3a tempest-ServerStableDeviceRescueTest-62522135 tempest-ServerStableDeviceRescueTest-62522135-project-member] Using url versioning {{(pid=102621) process_request /opt/stack/glance/glance/api/middleware/version_negotiation.py:57}}
Jun 24 21:43:00.727768 np0000003581 devstack@g-api.service[102621]: DEBUG glance.api.middleware.version_negotiation [None req-d69e823c-87af-4bf2-9ca6-095699819f3a tempest-ServerStableDeviceRescueTest-62522135 tempest-ServerStableDeviceRescueTest-62522135-project-member] Matched version: v2 {{(pid=102621) process_request /opt/stack/glance/glance/api/middleware/version_negotiation.py:69}}
Jun 24 21:43:00.727768 np0000003581 devstack@g-api.service[102621]: DEBUG glance.api.middleware.version_negotiation [None req-d69e823c-87af-4bf2-9ca6-095699819f3a tempest-ServerStableDeviceRescueTest-62522135 tempest-ServerStableDeviceRescueTest-62522135-project-member] new path /v2/images/1a01bd62-d1d9-4d86-8659-34588d0bfe98 {{(pid=102621) process_request /opt/stack/glance/glance/api/middleware/version_negotiation.py:70}}
Jun 24 21:43:00.749175 np0000003581 devstack@g-api.service[102620]: DEBUG glance.api.middleware.version_negotiation [None req-d69e823c-87af-4bf2-9ca6-095699819f3a tempest-ServerStableDeviceRescueTest-62522135 tempest-ServerStableDeviceRescueTest-62522135-project-member] Determining version of request: GET /v2/schemas/image Accept: */* {{(pid=102620) process_request /opt/stack/glance/glance/api/middleware/version_negotiation.py:44}}
Jun 24 21:43:00.749175 np0000003581 devstack@g-api.service[102620]: DEBUG glance.api.middleware.version_negotiation [None req-d69e823c-87af-4bf2-9ca6-095699819f3a tempest-ServerStableDeviceRescueTest-62522135 tempest-ServerStableDeviceRescueTest-62522135-project-member] Using url versioning {{(pid=102620) process_request /opt/stack/glance/glance/api/middleware/version_negotiation.py:57}}
Jun 24 21:43:00.749175 np0000003581 devstack@g-api.service[102620]: DEBUG glance.api.middleware.version_negotiation [None req-d69e823c-87af-4bf2-9ca6-095699819f3a tempest-ServerStableDeviceRescueTest-62522135 tempest-ServerStableDeviceRescueTest-62522135-project-member] Matched version: v2 {{(pid=102620) process_request /opt/stack/glance/glance/api/middleware/version_negotiation.py:69}}
Jun 24 21:43:00.749575 np0000003581 devstack@g-api.service[102620]: DEBUG glance.api.middleware.version_negotiation [None req-d69e823c-87af-4bf2-9ca6-095699819f3a tempest-ServerStableDeviceRescueTest-62522135 tempest-ServerStableDeviceRescueTest-62522135-project-member] new path /v2/schemas/image {{(pid=102620) process_request /opt/stack/glance/glance/api/middleware/version_negotiation.py:70}}
Jun 24 21:43:00.752133 np0000003581 devstack@g-api.service[102621]: [pid: 102621|app: 0|req: 61/250] 127.0.0.1 () {44 vars in 1115 bytes} [Wed Jun 24 21:43:00 2026] GET /v2/images/1a01bd62-d1d9-4d86-8659-34588d0bfe98 => generated 1332 bytes in 26 msecs (HTTP/1.1 200) 4 headers in 158 bytes (1 switches on core 0)
Jun 24 21:43:00.754581 np0000003581 devstack@g-api.service[102620]: [pid: 102620|app: 0|req: 62/251] 127.0.0.1 () {44 vars in 1055 bytes} [Wed Jun 24 21:43:00 2026] GET /v2/schemas/image => generated 6083 bytes in 6 msecs (HTTP/1.1 200) 4 headers in 158 bytes (1 switches on core 0)
Jun 24 21:43:00.812498 np0000003581 devstack@g-api.service[102622]: DEBUG glance.api.middleware.version_negotiation [None req-307e91ec-d3bb-4959-a5c5-9fe0352c0850 tempest-ServerStableDeviceRescueTest-62522135 tempest-ServerStableDeviceRescueTest-62522135-project-member] Determining version of request: GET /v2/schemas/image Accept: */* {{(pid=102622) process_request /opt/stack/glance/glance/api/middleware/version_negotiation.py:44}}
Jun 24 21:43:00.812825 np0000003581 devstack@g-api.service[102619]: DEBUG glance.api.middleware.version_negotiation [None req-54a49fc0-c3f2-47e4-86c1-a3f4130df2bc tempest-ServerActionsV293TestJSON-1091245731 tempest-ServerActionsV293TestJSON-1091245731-project-member] Determining version of request: GET /v2/schemas/image Accept: */* {{(pid=102619) process_request /opt/stack/glance/glance/api/middleware/version_negotiation.py:44}}
Jun 24 21:43:00.813211 np0000003581 devstack@g-api.service[102622]: DEBUG glance.api.middleware.version_negotiation [None req-307e91ec-d3bb-4959-a5c5-9fe0352c0850 tempest-ServerStableDeviceRescueTest-62522135 tempest-ServerStableDeviceRescueTest-62522135-project-member] Using url versioning {{(pid=102622) process_request /opt/stack/glance/glance/api/middleware/version_negotiation.py:57}}
Jun 24 21:43:00.813269 np0000003581 devstack@g-api.service[102619]: DEBUG glance.api.middleware.version_negotiation [None req-54a49fc0-c3f2-47e4-86c1-a3f4130df2bc tempest-ServerActionsV293TestJSON-1091245731 tempest-ServerActionsV293TestJSON-1091245731-project-member] Using url versioning {{(pid=102619) process_request /opt/stack/glance/glance/api/middleware/version_negotiation.py:57}}
Jun 24 21:43:00.813320 np0000003581 devstack@g-api.service[102622]: DEBUG glance.api.middleware.version_negotiation [None req-307e91ec-d3bb-4959-a5c5-9fe0352c0850 tempest-ServerStableDeviceRescueTest-62522135 tempest-ServerStableDeviceRescueTest-62522135-project-member] Matched version: v2 {{(pid=102622) process_request /opt/stack/glance/glance/api/middleware/version_negotiation.py:69}}
Jun 24 21:43:00.813364 np0000003581 devstack@g-api.service[102619]: DEBUG glance.api.middleware.version_negotiation [None req-54a49fc0-c3f2-47e4-86c1-a3f4130df2bc tempest-ServerActionsV293TestJSON-1091245731 tempest-ServerActionsV293TestJSON-1091245731-project-member] Matched version: v2 {{(pid=102619) process_request /opt/stack/glance/glance/api/middleware/version_negotiation.py:69}}
Jun 24 21:43:00.813412 np0000003581 devstack@g-api.service[102622]: DEBUG glance.api.middleware.version_negotiation [None req-307e91ec-d3bb-4959-a5c5-9fe0352c0850 tempest-ServerStableDeviceRescueTest-62522135 tempest-ServerStableDeviceRescueTest-62522135-project-member] new path /v2/schemas/image {{(pid=102622) process_request /opt/stack/glance/glance/api/middleware/version_negotiation.py:70}}
Jun 24 21:43:00.813458 np0000003581 devstack@g-api.service[102619]: DEBUG glance.api.middleware.version_negotiation [None req-54a49fc0-c3f2-47e4-86c1-a3f4130df2bc tempest-ServerActionsV293TestJSON-1091245731 tempest-ServerActionsV293TestJSON-1091245731-project-member] new path /v2/schemas/image {{(pid=102619) process_request /opt/stack/glance/glance/api/middleware/version_negotiation.py:70}}
Jun 24 21:43:00.816470 np0000003581 devstack@g-api.service[102619]: [pid: 102619|app: 0|req: 64/252] 127.0.0.1 () {44 vars in 1055 bytes} [Wed Jun 24 21:43:00 2026] GET /v2/schemas/image => generated 6083 bytes in 4 msecs (HTTP/1.1 200) 4 headers in 158 bytes (1 switches on core 0)
Jun 24 21:43:00.816616 np0000003581 devstack@g-api.service[102622]: [pid: 102622|app: 0|req: 66/253] 127.0.0.1 () {44 vars in 1055 bytes} [Wed Jun 24 21:43:00 2026] GET /v2/schemas/image => generated 6083 bytes in 4 msecs (HTTP/1.1 200) 4 headers in 158 bytes (1 switches on core 0)
Jun 24 21:43:00.867097 np0000003581 devstack@g-api.service[102621]: DEBUG glance.api.middleware.version_negotiation [None req-4f6d9222-c961-4df0-8947-373a894a8896 tempest-ServerStableDeviceRescueTest-62522135 tempest-ServerStableDeviceRescueTest-62522135-project-member] Determining version of request: PATCH /v2/images/1a01bd62-d1d9-4d86-8659-34588d0bfe98 Accept: */* {{(pid=102621) process_request /opt/stack/glance/glance/api/middleware/version_negotiation.py:44}}
Jun 24 21:43:00.867313 np0000003581 devstack@g-api.service[102621]: DEBUG glance.api.middleware.version_negotiation [None req-4f6d9222-c961-4df0-8947-373a894a8896 tempest-ServerStableDeviceRescueTest-62522135 tempest-ServerStableDeviceRescueTest-62522135-project-member] Using url versioning {{(pid=102621) process_request /opt/stack/glance/glance/api/middleware/version_negotiation.py:57}}
Jun 24 21:43:00.867532 np0000003581 devstack@g-api.service[102621]: DEBUG glance.api.middleware.version_negotiation [None req-4f6d9222-c961-4df0-8947-373a894a8896 tempest-ServerStableDeviceRescueTest-62522135 tempest-ServerStableDeviceRescueTest-62522135-project-member] Matched version: v2 {{(pid=102621) process_request /opt/stack/glance/glance/api/middleware/version_negotiation.py:69}}
Jun 24 21:43:00.867532 np0000003581 devstack@g-api.service[102621]: DEBUG glance.api.middleware.version_negotiation [None req-4f6d9222-c961-4df0-8947-373a894a8896 tempest-ServerStableDeviceRescueTest-62522135 tempest-ServerStableDeviceRescueTest-62522135-project-member] new path /v2/images/1a01bd62-d1d9-4d86-8659-34588d0bfe98 {{(pid=102621) process_request /opt/stack/glance/glance/api/middleware/version_negotiation.py:70}}
Jun 24 21:43:01.038162 np0000003581 devstack@g-api.service[102621]: [pid: 102621|app: 0|req: 62/254] 127.0.0.1 () {46 vars in 1158 bytes} [Wed Jun 24 21:43:00 2026] PATCH /v2/images/1a01bd62-d1d9-4d86-8659-34588d0bfe98 => generated 1443 bytes in 171 msecs (HTTP/1.1 200) 4 headers in 158 bytes (1 switches on core 0)
Jun 24 21:43:01.087210 np0000003581 devstack@g-api.service[102620]: DEBUG glance.api.middleware.version_negotiation [None req-307e91ec-d3bb-4959-a5c5-9fe0352c0850 tempest-ServerStableDeviceRescueTest-62522135 tempest-ServerStableDeviceRescueTest-62522135-project-member] Determining version of request: GET /v2/images/1a01bd62-d1d9-4d86-8659-34588d0bfe98 Accept: */* {{(pid=102620) process_request /opt/stack/glance/glance/api/middleware/version_negotiation.py:44}}
Jun 24 21:43:01.087286 np0000003581 devstack@g-api.service[102620]: DEBUG glance.api.middleware.version_negotiation [None req-307e91ec-d3bb-4959-a5c5-9fe0352c0850 tempest-ServerStableDeviceRescueTest-62522135 tempest-ServerStableDeviceRescueTest-62522135-project-member] Using url versioning {{(pid=102620) process_request /opt/stack/glance/glance/api/middleware/version_negotiation.py:57}}
Jun 24 21:43:01.087419 np0000003581 devstack@g-api.service[102620]: DEBUG glance.api.middleware.version_negotiation [None req-307e91ec-d3bb-4959-a5c5-9fe0352c0850 tempest-ServerStableDeviceRescueTest-62522135 tempest-ServerStableDeviceRescueTest-62522135-project-member] Matched version: v2 {{(pid=102620) process_request /opt/stack/glance/glance/api/middleware/version_negotiation.py:69}}
Jun 24 21:43:01.087550 np0000003581 devstack@g-api.service[102620]: DEBUG glance.api.middleware.version_negotiation [None req-307e91ec-d3bb-4959-a5c5-9fe0352c0850 tempest-ServerStableDeviceRescueTest-62522135 tempest-ServerStableDeviceRescueTest-62522135-project-member] new path /v2/images/1a01bd62-d1d9-4d86-8659-34588d0bfe98 {{(pid=102620) process_request /opt/stack/glance/glance/api/middleware/version_negotiation.py:70}}
Jun 24 21:43:01.099185 np0000003581 devstack@g-api.service[102620]: [pid: 102620|app: 0|req: 63/255] 127.0.0.1 () {44 vars in 1115 bytes} [Wed Jun 24 21:43:01 2026] GET /v2/images/1a01bd62-d1d9-4d86-8659-34588d0bfe98 => generated 1443 bytes in 12 msecs (HTTP/1.1 200) 4 headers in 158 bytes (1 switches on core 0)
Jun 24 21:43:01.139870 np0000003581 devstack@g-api.service[102619]: DEBUG glance.api.middleware.version_negotiation [None req-4f6d9222-c961-4df0-8947-373a894a8896 tempest-ServerStableDeviceRescueTest-62522135 tempest-ServerStableDeviceRescueTest-62522135-project-member] Determining version of request: PUT /v2/images/1a01bd62-d1d9-4d86-8659-34588d0bfe98/file Accept: */* {{(pid=102619) process_request /opt/stack/glance/glance/api/middleware/version_negotiation.py:44}}
Jun 24 21:43:01.139870 np0000003581 devstack@g-api.service[102619]: DEBUG glance.api.middleware.version_negotiation [None req-4f6d9222-c961-4df0-8947-373a894a8896 tempest-ServerStableDeviceRescueTest-62522135 tempest-ServerStableDeviceRescueTest-62522135-project-member] Using url versioning {{(pid=102619) process_request /opt/stack/glance/glance/api/middleware/version_negotiation.py:57}}
Jun 24 21:43:01.139870 np0000003581 devstack@g-api.service[102619]: DEBUG glance.api.middleware.version_negotiation [None req-4f6d9222-c961-4df0-8947-373a894a8896 tempest-ServerStableDeviceRescueTest-62522135 tempest-ServerStableDeviceRescueTest-62522135-project-member] Matched version: v2 {{(pid=102619) process_request /opt/stack/glance/glance/api/middleware/version_negotiation.py:69}}
Jun 24 21:43:01.139870 np0000003581 devstack@g-api.service[102619]: DEBUG glance.api.middleware.version_negotiation [None req-4f6d9222-c961-4df0-8947-373a894a8896 tempest-ServerStableDeviceRescueTest-62522135 tempest-ServerStableDeviceRescueTest-62522135-project-member] new path /v2/images/1a01bd62-d1d9-4d86-8659-34588d0bfe98/file {{(pid=102619) process_request /opt/stack/glance/glance/api/middleware/version_negotiation.py:70}}
Jun 24 21:43:01.717598 np0000003581 devstack@g-api.service[102619]: INFO glance.api.v2.image_data [None req-307e91ec-d3bb-4959-a5c5-9fe0352c0850 tempest-ServerStableDeviceRescueTest-62522135 tempest-ServerStableDeviceRescueTest-62522135-project-member] Unable to create trust: no such option collect_timing in group [keystone_authtoken] Use the existing user token.
Jun 24 21:43:01.906425 np0000003581 devstack@g-api.service[102622]: DEBUG glance.api.middleware.version_negotiation [None req-307e91ec-d3bb-4959-a5c5-9fe0352c0850 tempest-ServerStableDeviceRescueTest-62522135 tempest-ServerStableDeviceRescueTest-62522135-project-member] Determining version of request: GET /v2/images/1a01bd62-d1d9-4d86-8659-34588d0bfe98 Accept: */* {{(pid=102622) process_request /opt/stack/glance/glance/api/middleware/version_negotiation.py:44}}
Jun 24 21:43:01.906795 np0000003581 devstack@g-api.service[102622]: DEBUG glance.api.middleware.version_negotiation [None req-307e91ec-d3bb-4959-a5c5-9fe0352c0850 tempest-ServerStableDeviceRescueTest-62522135 tempest-ServerStableDeviceRescueTest-62522135-project-member] Using url versioning {{(pid=102622) process_request /opt/stack/glance/glance/api/middleware/version_negotiation.py:57}}
Jun 24 21:43:01.907053 np0000003581 devstack@g-api.service[102622]: DEBUG glance.api.middleware.version_negotiation [None req-307e91ec-d3bb-4959-a5c5-9fe0352c0850 tempest-ServerStableDeviceRescueTest-62522135 tempest-ServerStableDeviceRescueTest-62522135-project-member] Matched version: v2 {{(pid=102622) process_request /opt/stack/glance/glance/api/middleware/version_negotiation.py:69}}
Jun 24 21:43:01.907296 np0000003581 devstack@g-api.service[102622]: DEBUG glance.api.middleware.version_negotiation [None req-307e91ec-d3bb-4959-a5c5-9fe0352c0850 tempest-ServerStableDeviceRescueTest-62522135 tempest-ServerStableDeviceRescueTest-62522135-project-member] new path /v2/images/1a01bd62-d1d9-4d86-8659-34588d0bfe98 {{(pid=102622) process_request /opt/stack/glance/glance/api/middleware/version_negotiation.py:70}}
Jun 24 21:43:01.920235 np0000003581 devstack@g-api.service[102622]: [pid: 102622|app: 0|req: 67/256] 127.0.0.1 () {44 vars in 1115 bytes} [Wed Jun 24 21:43:01 2026] GET /v2/images/1a01bd62-d1d9-4d86-8659-34588d0bfe98 => generated 1443 bytes in 14 msecs (HTTP/1.1 200) 4 headers in 158 bytes (1 switches on core 0)
Jun 24 21:43:01.969755 np0000003581 devstack@g-api.service[102621]: DEBUG glance.api.middleware.version_negotiation [None req-307e91ec-d3bb-4959-a5c5-9fe0352c0850 tempest-ServerStableDeviceRescueTest-62522135 tempest-ServerStableDeviceRescueTest-62522135-project-member] Determining version of request: GET /v2/schemas/image Accept: */* {{(pid=102621) process_request /opt/stack/glance/glance/api/middleware/version_negotiation.py:44}}
Jun 24 21:43:01.969755 np0000003581 devstack@g-api.service[102621]: DEBUG glance.api.middleware.version_negotiation [None req-307e91ec-d3bb-4959-a5c5-9fe0352c0850 tempest-ServerStableDeviceRescueTest-62522135 tempest-ServerStableDeviceRescueTest-62522135-project-member] Using url versioning {{(pid=102621) process_request /opt/stack/glance/glance/api/middleware/version_negotiation.py:57}}
Jun 24 21:43:01.971225 np0000003581 devstack@g-api.service[102621]: DEBUG glance.api.middleware.version_negotiation [None req-307e91ec-d3bb-4959-a5c5-9fe0352c0850 tempest-ServerStableDeviceRescueTest-62522135 tempest-ServerStableDeviceRescueTest-62522135-project-member] Matched version: v2 {{(pid=102621) process_request /opt/stack/glance/glance/api/middleware/version_negotiation.py:69}}
Jun 24 21:43:01.971225 np0000003581 devstack@g-api.service[102621]: DEBUG glance.api.middleware.version_negotiation [None req-307e91ec-d3bb-4959-a5c5-9fe0352c0850 tempest-ServerStableDeviceRescueTest-62522135 tempest-ServerStableDeviceRescueTest-62522135-project-member] new path /v2/schemas/image {{(pid=102621) process_request /opt/stack/glance/glance/api/middleware/version_negotiation.py:70}}
Jun 24 21:43:01.975647 np0000003581 devstack@g-api.service[102621]: [pid: 102621|app: 0|req: 63/257] 127.0.0.1 () {44 vars in 1055 bytes} [Wed Jun 24 21:43:01 2026] GET /v2/schemas/image => generated 6083 bytes in 7 msecs (HTTP/1.1 200) 4 headers in 158 bytes (1 switches on core 0)
Jun 24 21:43:02.378464 np0000003581 devstack@g-api.service[102619]: DEBUG glance.location [None req-307e91ec-d3bb-4959-a5c5-9fe0352c0850 tempest-ServerStableDeviceRescueTest-62522135 tempest-ServerStableDeviceRescueTest-62522135-project-member] Enabling in-flight format inspection for qcow2 {{(pid=102619) set_data /opt/stack/glance/glance/location.py:616}}
Jun 24 21:43:02.378921 np0000003581 devstack@g-api.service[102619]: DEBUG glance_store.backend [None req-307e91ec-d3bb-4959-a5c5-9fe0352c0850 tempest-ServerStableDeviceRescueTest-62522135 tempest-ServerStableDeviceRescueTest-62522135-project-member] Attempting to import store swift {{(pid=102619) _load_store /opt/stack/data/venv/lib/python3.12/site-packages/glance_store/backend.py:215}}
Jun 24 21:43:02.380459 np0000003581 devstack@g-api.service[102619]: DEBUG glance_store.capabilities [None req-307e91ec-d3bb-4959-a5c5-9fe0352c0850 tempest-ServerStableDeviceRescueTest-62522135 tempest-ServerStableDeviceRescueTest-62522135-project-member] Store glance_store._drivers.swift.store.SingleTenantStore doesn't support updating dynamic storage capabilities. Please overwrite 'update_capabilities' method of the store to implement updating logics if needed. {{(pid=102619) update_capabilities /opt/stack/data/venv/lib/python3.12/site-packages/glance_store/capabilities.py:91}}
Jun 24 21:43:02.380712 np0000003581 devstack@g-api.service[102619]: DEBUG glance_store.driver [None req-307e91ec-d3bb-4959-a5c5-9fe0352c0850 tempest-ServerStableDeviceRescueTest-62522135 tempest-ServerStableDeviceRescueTest-62522135-project-member] Late loading location class glance_store._drivers.swift.store.StoreLocation {{(pid=102619) get_store_location_class /opt/stack/data/venv/lib/python3.12/site-packages/glance_store/driver.py:134}}
Jun 24 21:43:02.380712 np0000003581 devstack@g-api.service[102619]: DEBUG glance_store.location [None req-307e91ec-d3bb-4959-a5c5-9fe0352c0850 tempest-ServerStableDeviceRescueTest-62522135 tempest-ServerStableDeviceRescueTest-62522135-project-member] Registering scheme swift+https with {'store': , 'location_class': , 'store_entry': 'swift'} {{(pid=102619) register_scheme_map /opt/stack/data/venv/lib/python3.12/site-packages/glance_store/location.py:146}}
Jun 24 21:43:02.380821 np0000003581 devstack@g-api.service[102619]: DEBUG glance_store.location [None req-307e91ec-d3bb-4959-a5c5-9fe0352c0850 tempest-ServerStableDeviceRescueTest-62522135 tempest-ServerStableDeviceRescueTest-62522135-project-member] Registering scheme swift+https with {'store': , 'location_class': , 'store_entry': 'swift'} {{(pid=102619) register_scheme_map /opt/stack/data/venv/lib/python3.12/site-packages/glance_store/location.py:146}}
Jun 24 21:43:02.380899 np0000003581 devstack@g-api.service[102619]: DEBUG glance_store.location [None req-307e91ec-d3bb-4959-a5c5-9fe0352c0850 tempest-ServerStableDeviceRescueTest-62522135 tempest-ServerStableDeviceRescueTest-62522135-project-member] Registering scheme swift with {'store': , 'location_class': , 'store_entry': 'swift'} {{(pid=102619) register_scheme_map /opt/stack/data/venv/lib/python3.12/site-packages/glance_store/location.py:146}}
Jun 24 21:43:02.380964 np0000003581 devstack@g-api.service[102619]: DEBUG glance_store.location [None req-307e91ec-d3bb-4959-a5c5-9fe0352c0850 tempest-ServerStableDeviceRescueTest-62522135 tempest-ServerStableDeviceRescueTest-62522135-project-member] Registering scheme swift+https with {'store': , 'location_class': , 'store_entry': 'swift'} {{(pid=102619) register_scheme_map /opt/stack/data/venv/lib/python3.12/site-packages/glance_store/location.py:146}}
Jun 24 21:43:02.381035 np0000003581 devstack@g-api.service[102619]: DEBUG glance_store.location [None req-307e91ec-d3bb-4959-a5c5-9fe0352c0850 tempest-ServerStableDeviceRescueTest-62522135 tempest-ServerStableDeviceRescueTest-62522135-project-member] Registering scheme swift with {'store': , 'location_class': , 'store_entry': 'swift'} {{(pid=102619) register_scheme_map /opt/stack/data/venv/lib/python3.12/site-packages/glance_store/location.py:146}}
Jun 24 21:43:02.381152 np0000003581 devstack@g-api.service[102619]: DEBUG glance_store.location [None req-307e91ec-d3bb-4959-a5c5-9fe0352c0850 tempest-ServerStableDeviceRescueTest-62522135 tempest-ServerStableDeviceRescueTest-62522135-project-member] Registering scheme swift+http with {'store': , 'location_class': , 'store_entry': 'swift'} {{(pid=102619) register_scheme_map /opt/stack/data/venv/lib/python3.12/site-packages/glance_store/location.py:146}}
Jun 24 21:43:02.381230 np0000003581 devstack@g-api.service[102619]: DEBUG glance_store.location [None req-307e91ec-d3bb-4959-a5c5-9fe0352c0850 tempest-ServerStableDeviceRescueTest-62522135 tempest-ServerStableDeviceRescueTest-62522135-project-member] Registering scheme swift+https with {'store': , 'location_class': , 'store_entry': 'swift'} {{(pid=102619) register_scheme_map /opt/stack/data/venv/lib/python3.12/site-packages/glance_store/location.py:146}}
Jun 24 21:43:02.381284 np0000003581 devstack@g-api.service[102619]: DEBUG glance_store.location [None req-307e91ec-d3bb-4959-a5c5-9fe0352c0850 tempest-ServerStableDeviceRescueTest-62522135 tempest-ServerStableDeviceRescueTest-62522135-project-member] Registering scheme swift with {'store': , 'location_class': , 'store_entry': 'swift'} {{(pid=102619) register_scheme_map /opt/stack/data/venv/lib/python3.12/site-packages/glance_store/location.py:146}}
Jun 24 21:43:02.381341 np0000003581 devstack@g-api.service[102619]: DEBUG glance_store.location [None req-307e91ec-d3bb-4959-a5c5-9fe0352c0850 tempest-ServerStableDeviceRescueTest-62522135 tempest-ServerStableDeviceRescueTest-62522135-project-member] Registering scheme swift+http with {'store': , 'location_class': , 'store_entry': 'swift'} {{(pid=102619) register_scheme_map /opt/stack/data/venv/lib/python3.12/site-packages/glance_store/location.py:146}}
Jun 24 21:43:02.381406 np0000003581 devstack@g-api.service[102619]: DEBUG glance_store.location [None req-307e91ec-d3bb-4959-a5c5-9fe0352c0850 tempest-ServerStableDeviceRescueTest-62522135 tempest-ServerStableDeviceRescueTest-62522135-project-member] Registering scheme swift+config with {'store': , 'location_class': , 'store_entry': 'swift'} {{(pid=102619) register_scheme_map /opt/stack/data/venv/lib/python3.12/site-packages/glance_store/location.py:146}}
