Jun 24 21:36:08.398091 np0000003581 nova-conductor[98686]: DEBUG cotyledon.oslo_config_glue [-] profiler.enabled = False {{(pid=98686) log_opt_values /opt/stack/data/venv/lib/python3.12/site-packages/oslo_config/cfg.py:3253}}
Jun 24 21:36:08.398091 np0000003581 nova-conductor[98686]: DEBUG cotyledon.oslo_config_glue [-] profiler.es_doc_type = notification {{(pid=98686) log_opt_values /opt/stack/data/venv/lib/python3.12/site-packages/oslo_config/cfg.py:3253}}
Jun 24 21:36:08.398091 np0000003581 nova-conductor[98686]: DEBUG cotyledon.oslo_config_glue [-] profiler.es_scroll_size = 10000 {{(pid=98686) log_opt_values /opt/stack/data/venv/lib/python3.12/site-packages/oslo_config/cfg.py:3253}}
Jun 24 21:36:08.398091 np0000003581 nova-conductor[98686]: DEBUG cotyledon.oslo_config_glue [-] profiler.es_scroll_time = 2m {{(pid=98686) log_opt_values /opt/stack/data/venv/lib/python3.12/site-packages/oslo_config/cfg.py:3253}}
Jun 24 21:36:08.398091 np0000003581 nova-conductor[98686]: DEBUG cotyledon.oslo_config_glue [-] profiler.filter_error_trace = False {{(pid=98686) log_opt_values /opt/stack/data/venv/lib/python3.12/site-packages/oslo_config/cfg.py:3253}}
Jun 24 21:36:08.398091 np0000003581 nova-conductor[98686]: DEBUG cotyledon.oslo_config_glue [-] profiler.hmac_keys = **** {{(pid=98686) log_opt_values /opt/stack/data/venv/lib/python3.12/site-packages/oslo_config/cfg.py:3253}}
Jun 24 21:36:08.398091 np0000003581 nova-conductor[98686]: DEBUG cotyledon.oslo_config_glue [-] profiler.sentinel_service_name = mymaster {{(pid=98686) log_opt_values /opt/stack/data/venv/lib/python3.12/site-packages/oslo_config/cfg.py:3253}}
Jun 24 21:36:08.398407 np0000003581 nova-conductor[98686]: DEBUG cotyledon.oslo_config_glue [-] profiler.socket_timeout = 0.1 {{(pid=98686) log_opt_values /opt/stack/data/venv/lib/python3.12/site-packages/oslo_config/cfg.py:3253}}
Jun 24 21:36:08.398407 np0000003581 nova-conductor[98686]: DEBUG cotyledon.oslo_config_glue [-] profiler.trace_requests = False {{(pid=98686) log_opt_values /opt/stack/data/venv/lib/python3.12/site-packages/oslo_config/cfg.py:3253}}
Jun 24 21:36:08.398407 np0000003581 nova-conductor[98686]: DEBUG cotyledon.oslo_config_glue [-] profiler.trace_sqlalchemy = False {{(pid=98686) log_opt_values /opt/stack/data/venv/lib/python3.12/site-packages/oslo_config/cfg.py:3253}}
Jun 24 21:36:08.398407 np0000003581 nova-conductor[98686]: DEBUG cotyledon.oslo_config_glue [-] profiler_jaeger.process_tags = {} {{(pid=98686) log_opt_values /opt/stack/data/venv/lib/python3.12/site-packages/oslo_config/cfg.py:3253}}
Jun 24 21:36:08.398407 np0000003581 nova-conductor[98686]: DEBUG cotyledon.oslo_config_glue [-] profiler_jaeger.service_name_prefix = None {{(pid=98686) log_opt_values /opt/stack/data/venv/lib/python3.12/site-packages/oslo_config/cfg.py:3253}}
Jun 24 21:36:08.398407 np0000003581 nova-conductor[98686]: DEBUG cotyledon.oslo_config_glue [-] profiler_otlp.service_name_prefix = None {{(pid=98686) log_opt_values /opt/stack/data/venv/lib/python3.12/site-packages/oslo_config/cfg.py:3253}}
Jun 24 21:36:08.398407 np0000003581 nova-conductor[98686]: DEBUG cotyledon.oslo_config_glue [-] oslo_messaging_rabbit.amqp_auto_delete = False {{(pid=98686) log_opt_values /opt/stack/data/venv/lib/python3.12/site-packages/oslo_config/cfg.py:3253}}
Jun 24 21:36:08.398407 np0000003581 nova-conductor[98686]: DEBUG cotyledon.oslo_config_glue [-] oslo_messaging_rabbit.amqp_durable_queues = False {{(pid=98686) log_opt_values /opt/stack/data/venv/lib/python3.12/site-packages/oslo_config/cfg.py:3253}}
Jun 24 21:36:08.398407 np0000003581 nova-conductor[98686]: DEBUG cotyledon.oslo_config_glue [-] oslo_messaging_rabbit.conn_pool_min_size = 2 {{(pid=98686) log_opt_values /opt/stack/data/venv/lib/python3.12/site-packages/oslo_config/cfg.py:3253}}
Jun 24 21:36:08.398575 np0000003581 nova-conductor[98686]: DEBUG cotyledon.oslo_config_glue [-] oslo_messaging_rabbit.conn_pool_ttl = 1200 {{(pid=98686) log_opt_values /opt/stack/data/venv/lib/python3.12/site-packages/oslo_config/cfg.py:3253}}
Jun 24 21:36:08.398575 np0000003581 nova-conductor[98686]: DEBUG cotyledon.oslo_config_glue [-] oslo_messaging_rabbit.direct_mandatory_flag = True {{(pid=98686) log_opt_values /opt/stack/data/venv/lib/python3.12/site-packages/oslo_config/cfg.py:3253}}
Jun 24 21:36:08.398575 np0000003581 nova-conductor[98686]: DEBUG cotyledon.oslo_config_glue [-] oslo_messaging_rabbit.enable_cancel_on_failover = False {{(pid=98686) log_opt_values /opt/stack/data/venv/lib/python3.12/site-packages/oslo_config/cfg.py:3253}}
Jun 24 21:36:08.398575 np0000003581 nova-conductor[98686]: DEBUG cotyledon.oslo_config_glue [-] oslo_messaging_rabbit.heartbeat_rate = 3 {{(pid=98686) log_opt_values /opt/stack/data/venv/lib/python3.12/site-packages/oslo_config/cfg.py:3253}}
Jun 24 21:36:08.398575 np0000003581 nova-conductor[98686]: DEBUG cotyledon.oslo_config_glue [-] oslo_messaging_rabbit.heartbeat_timeout_threshold = 60 {{(pid=98686) log_opt_values /opt/stack/data/venv/lib/python3.12/site-packages/oslo_config/cfg.py:3253}}
Jun 24 21:36:08.398575 np0000003581 nova-conductor[98686]: DEBUG cotyledon.oslo_config_glue [-] oslo_messaging_rabbit.hostname = np0000003581 {{(pid=98686) log_opt_values /opt/stack/data/venv/lib/python3.12/site-packages/oslo_config/cfg.py:3253}}
Jun 24 21:36:08.398575 np0000003581 nova-conductor[98686]: DEBUG cotyledon.oslo_config_glue [-] oslo_messaging_rabbit.kombu_compression = None {{(pid=98686) log_opt_values /opt/stack/data/venv/lib/python3.12/site-packages/oslo_config/cfg.py:3253}}
Jun 24 21:36:08.398575 np0000003581 nova-conductor[98686]: DEBUG cotyledon.oslo_config_glue [-] oslo_messaging_rabbit.kombu_failover_strategy = round-robin {{(pid=98686) log_opt_values /opt/stack/data/venv/lib/python3.12/site-packages/oslo_config/cfg.py:3253}}
Jun 24 21:36:08.398575 np0000003581 nova-conductor[98686]: DEBUG cotyledon.oslo_config_glue [-] oslo_messaging_rabbit.kombu_missing_consumer_retry_timeout = 60 {{(pid=98686) log_opt_values /opt/stack/data/venv/lib/python3.12/site-packages/oslo_config/cfg.py:3253}}
Jun 24 21:36:08.398764 np0000003581 nova-conductor[98686]: DEBUG cotyledon.oslo_config_glue [-] oslo_messaging_rabbit.kombu_reconnect_delay = 1.0 {{(pid=98686) log_opt_values /opt/stack/data/venv/lib/python3.12/site-packages/oslo_config/cfg.py:3253}}
Jun 24 21:36:08.398764 np0000003581 nova-conductor[98686]: DEBUG cotyledon.oslo_config_glue [-] oslo_messaging_rabbit.kombu_reconnect_splay = 0.0 {{(pid=98686) log_opt_values /opt/stack/data/venv/lib/python3.12/site-packages/oslo_config/cfg.py:3253}}
Jun 24 21:36:08.398764 np0000003581 nova-conductor[98686]: DEBUG cotyledon.oslo_config_glue [-] oslo_messaging_rabbit.processname = nova-conductor {{(pid=98686) log_opt_values /opt/stack/data/venv/lib/python3.12/site-packages/oslo_config/cfg.py:3253}}
Jun 24 21:36:08.398764 np0000003581 nova-conductor[98686]: DEBUG cotyledon.oslo_config_glue [-] oslo_messaging_rabbit.rabbit_ha_queues = False {{(pid=98686) log_opt_values /opt/stack/data/venv/lib/python3.12/site-packages/oslo_config/cfg.py:3253}}
Jun 24 21:36:08.398764 np0000003581 nova-conductor[98686]: DEBUG cotyledon.oslo_config_glue [-] oslo_messaging_rabbit.rabbit_interval_max = 30 {{(pid=98686) log_opt_values /opt/stack/data/venv/lib/python3.12/site-packages/oslo_config/cfg.py:3253}}
Jun 24 21:36:08.398764 np0000003581 nova-conductor[98686]: DEBUG cotyledon.oslo_config_glue [-] oslo_messaging_rabbit.rabbit_login_method = AMQPLAIN {{(pid=98686) log_opt_values /opt/stack/data/venv/lib/python3.12/site-packages/oslo_config/cfg.py:3253}}
Jun 24 21:36:08.398764 np0000003581 nova-conductor[98686]: DEBUG cotyledon.oslo_config_glue [-] oslo_messaging_rabbit.rabbit_qos_prefetch_count = 0 {{(pid=98686) log_opt_values /opt/stack/data/venv/lib/python3.12/site-packages/oslo_config/cfg.py:3253}}
Jun 24 21:36:08.398764 np0000003581 nova-conductor[98686]: DEBUG cotyledon.oslo_config_glue [-] oslo_messaging_rabbit.rabbit_quorum_delivery_limit = 0 {{(pid=98686) log_opt_values /opt/stack/data/venv/lib/python3.12/site-packages/oslo_config/cfg.py:3253}}
Jun 24 21:36:08.398764 np0000003581 nova-conductor[98686]: DEBUG cotyledon.oslo_config_glue [-] oslo_messaging_rabbit.rabbit_quorum_max_memory_bytes = 0 {{(pid=98686) log_opt_values /opt/stack/data/venv/lib/python3.12/site-packages/oslo_config/cfg.py:3253}}
Jun 24 21:36:08.398966 np0000003581 nova-conductor[98686]: DEBUG cotyledon.oslo_config_glue [-] oslo_messaging_rabbit.rabbit_quorum_max_memory_length = 0 {{(pid=98686) log_opt_values /opt/stack/data/venv/lib/python3.12/site-packages/oslo_config/cfg.py:3253}}
Jun 24 21:36:08.398966 np0000003581 nova-conductor[98686]: DEBUG cotyledon.oslo_config_glue [-] oslo_messaging_rabbit.rabbit_quorum_queue = False {{(pid=98686) log_opt_values /opt/stack/data/venv/lib/python3.12/site-packages/oslo_config/cfg.py:3253}}
Jun 24 21:36:08.398966 np0000003581 nova-conductor[98686]: DEBUG cotyledon.oslo_config_glue [-] oslo_messaging_rabbit.rabbit_retry_backoff = 2 {{(pid=98686) log_opt_values /opt/stack/data/venv/lib/python3.12/site-packages/oslo_config/cfg.py:3253}}
Jun 24 21:36:08.398966 np0000003581 nova-conductor[98686]: DEBUG cotyledon.oslo_config_glue [-] oslo_messaging_rabbit.rabbit_retry_interval = 1 {{(pid=98686) log_opt_values /opt/stack/data/venv/lib/python3.12/site-packages/oslo_config/cfg.py:3253}}
Jun 24 21:36:08.398966 np0000003581 nova-conductor[98686]: DEBUG cotyledon.oslo_config_glue [-] oslo_messaging_rabbit.rabbit_stream_fanout = False {{(pid=98686) log_opt_values /opt/stack/data/venv/lib/python3.12/site-packages/oslo_config/cfg.py:3253}}
Jun 24 21:36:08.398966 np0000003581 nova-conductor[98686]: DEBUG cotyledon.oslo_config_glue [-] oslo_messaging_rabbit.rabbit_transient_queues_ttl = 1800 {{(pid=98686) log_opt_values /opt/stack/data/venv/lib/python3.12/site-packages/oslo_config/cfg.py:3253}}
Jun 24 21:36:08.398966 np0000003581 nova-conductor[98686]: DEBUG cotyledon.oslo_config_glue [-] oslo_messaging_rabbit.rabbit_transient_quorum_queue = False {{(pid=98686) log_opt_values /opt/stack/data/venv/lib/python3.12/site-packages/oslo_config/cfg.py:3253}}
Jun 24 21:36:08.398966 np0000003581 nova-conductor[98686]: DEBUG cotyledon.oslo_config_glue [-] oslo_messaging_rabbit.rpc_conn_pool_size = 30 {{(pid=98686) log_opt_values /opt/stack/data/venv/lib/python3.12/site-packages/oslo_config/cfg.py:3253}}
Jun 24 21:36:08.398966 np0000003581 nova-conductor[98686]: DEBUG cotyledon.oslo_config_glue [-] oslo_messaging_rabbit.ssl = False {{(pid=98686) log_opt_values /opt/stack/data/venv/lib/python3.12/site-packages/oslo_config/cfg.py:3253}}
Jun 24 21:36:08.399186 np0000003581 nova-conductor[98686]: DEBUG cotyledon.oslo_config_glue [-] oslo_messaging_rabbit.ssl_ca_file = {{(pid=98686) log_opt_values /opt/stack/data/venv/lib/python3.12/site-packages/oslo_config/cfg.py:3253}}
Jun 24 21:36:08.399186 np0000003581 nova-conductor[98686]: DEBUG cotyledon.oslo_config_glue [-] oslo_messaging_rabbit.ssl_cert_file = {{(pid=98686) log_opt_values /opt/stack/data/venv/lib/python3.12/site-packages/oslo_config/cfg.py:3253}}
Jun 24 21:36:08.399186 np0000003581 nova-conductor[98686]: DEBUG cotyledon.oslo_config_glue [-] oslo_messaging_rabbit.ssl_enforce_fips_mode = False {{(pid=98686) log_opt_values /opt/stack/data/venv/lib/python3.12/site-packages/oslo_config/cfg.py:3253}}
Jun 24 21:36:08.399186 np0000003581 nova-conductor[98686]: DEBUG cotyledon.oslo_config_glue [-] oslo_messaging_rabbit.ssl_enforce_hostname_verification = True {{(pid=98686) log_opt_values /opt/stack/data/venv/lib/python3.12/site-packages/oslo_config/cfg.py:3253}}
Jun 24 21:36:08.399186 np0000003581 nova-conductor[98686]: DEBUG cotyledon.oslo_config_glue [-] oslo_messaging_rabbit.ssl_key_file = {{(pid=98686) log_opt_values /opt/stack/data/venv/lib/python3.12/site-packages/oslo_config/cfg.py:3253}}
Jun 24 21:36:08.399332 np0000003581 nova-conductor[98676]: DEBUG oslo_db.sqlalchemy.engines [None req-9783492f-a830-4727-81e2-6e402f3e8306 None None] MySQL server mode set to STRICT_TRANS_TABLES,STRICT_ALL_TABLES,NO_ZERO_IN_DATE,NO_ZERO_DATE,ERROR_FOR_DIVISION_BY_ZERO,TRADITIONAL,NO_ENGINE_SUBSTITUTION {{(pid=98676) _check_effective_sql_mode /opt/stack/data/venv/lib/python3.12/site-packages/oslo_db/sqlalchemy/engines.py:325}}
Jun 24 21:36:08.399365 np0000003581 nova-conductor[98686]: DEBUG cotyledon.oslo_config_glue [-] oslo_messaging_rabbit.ssl_version = {{(pid=98686) log_opt_values /opt/stack/data/venv/lib/python3.12/site-packages/oslo_config/cfg.py:3253}}
Jun 24 21:36:08.399365 np0000003581 nova-conductor[98686]: DEBUG cotyledon.oslo_config_glue [-] oslo_messaging_rabbit.use_queue_manager = False {{(pid=98686) log_opt_values /opt/stack/data/venv/lib/python3.12/site-packages/oslo_config/cfg.py:3253}}
Jun 24 21:36:08.399365 np0000003581 nova-conductor[98686]: DEBUG cotyledon.oslo_config_glue [-] oslo_messaging_notifications.driver = ['messagingv2'] {{(pid=98686) log_opt_values /opt/stack/data/venv/lib/python3.12/site-packages/oslo_config/cfg.py:3253}}
Jun 24 21:36:08.399365 np0000003581 nova-conductor[98686]: DEBUG cotyledon.oslo_config_glue [-] oslo_messaging_notifications.retry = -1 {{(pid=98686) log_opt_values /opt/stack/data/venv/lib/python3.12/site-packages/oslo_config/cfg.py:3253}}
Jun 24 21:36:08.399365 np0000003581 nova-conductor[98686]: DEBUG cotyledon.oslo_config_glue [-] oslo_messaging_notifications.topics = ['notifications'] {{(pid=98686) log_opt_values /opt/stack/data/venv/lib/python3.12/site-packages/oslo_config/cfg.py:3253}}
Jun 24 21:36:08.399365 np0000003581 nova-conductor[98686]: DEBUG cotyledon.oslo_config_glue [-] oslo_messaging_notifications.transport_url = **** {{(pid=98686) log_opt_values /opt/stack/data/venv/lib/python3.12/site-packages/oslo_config/cfg.py:3253}}
Jun 24 21:36:08.399365 np0000003581 nova-conductor[98686]: DEBUG cotyledon.oslo_config_glue [-] oslo_limit.auth_section = None {{(pid=98686) log_opt_values /opt/stack/data/venv/lib/python3.12/site-packages/oslo_config/cfg.py:3253}}
Jun 24 21:36:08.399365 np0000003581 nova-conductor[98686]: DEBUG cotyledon.oslo_config_glue [-] oslo_limit.auth_type = None {{(pid=98686) log_opt_values /opt/stack/data/venv/lib/python3.12/site-packages/oslo_config/cfg.py:3253}}
Jun 24 21:36:08.399365 np0000003581 nova-conductor[98686]: DEBUG cotyledon.oslo_config_glue [-] oslo_limit.cafile = None {{(pid=98686) log_opt_values /opt/stack/data/venv/lib/python3.12/site-packages/oslo_config/cfg.py:3253}}
Jun 24 21:36:08.399532 np0000003581 nova-conductor[98686]: DEBUG cotyledon.oslo_config_glue [-] oslo_limit.certfile = None {{(pid=98686) log_opt_values /opt/stack/data/venv/lib/python3.12/site-packages/oslo_config/cfg.py:3253}}
Jun 24 21:36:08.399532 np0000003581 nova-conductor[98686]: DEBUG cotyledon.oslo_config_glue [-] oslo_limit.collect_timing = False {{(pid=98686) log_opt_values /opt/stack/data/venv/lib/python3.12/site-packages/oslo_config/cfg.py:3253}}
Jun 24 21:36:08.399532 np0000003581 nova-conductor[98686]: DEBUG cotyledon.oslo_config_glue [-] oslo_limit.connect_retries = None {{(pid=98686) log_opt_values /opt/stack/data/venv/lib/python3.12/site-packages/oslo_config/cfg.py:3253}}
Jun 24 21:36:08.399532 np0000003581 nova-conductor[98686]: DEBUG cotyledon.oslo_config_glue [-] oslo_limit.connect_retry_delay = None {{(pid=98686) log_opt_values /opt/stack/data/venv/lib/python3.12/site-packages/oslo_config/cfg.py:3253}}
Jun 24 21:36:08.399532 np0000003581 nova-conductor[98686]: DEBUG cotyledon.oslo_config_glue [-] oslo_limit.endpoint_id = None {{(pid=98686) log_opt_values /opt/stack/data/venv/lib/python3.12/site-packages/oslo_config/cfg.py:3253}}
Jun 24 21:36:08.399532 np0000003581 nova-conductor[98686]: DEBUG cotyledon.oslo_config_glue [-] oslo_limit.endpoint_interface = public {{(pid=98686) log_opt_values /opt/stack/data/venv/lib/python3.12/site-packages/oslo_config/cfg.py:3253}}
Jun 24 21:36:08.399532 np0000003581 nova-conductor[98686]: DEBUG cotyledon.oslo_config_glue [-] oslo_limit.endpoint_override = None {{(pid=98686) log_opt_values /opt/stack/data/venv/lib/python3.12/site-packages/oslo_config/cfg.py:3253}}
Jun 24 21:36:08.399532 np0000003581 nova-conductor[98686]: DEBUG cotyledon.oslo_config_glue [-] oslo_limit.endpoint_region_name = None {{(pid=98686) log_opt_values /opt/stack/data/venv/lib/python3.12/site-packages/oslo_config/cfg.py:3253}}
Jun 24 21:36:08.399532 np0000003581 nova-conductor[98686]: DEBUG cotyledon.oslo_config_glue [-] oslo_limit.endpoint_service_name = None {{(pid=98686) log_opt_values /opt/stack/data/venv/lib/python3.12/site-packages/oslo_config/cfg.py:3253}}
Jun 24 21:36:08.399755 np0000003581 nova-conductor[98686]: DEBUG cotyledon.oslo_config_glue [-] oslo_limit.endpoint_service_type = None {{(pid=98686) log_opt_values /opt/stack/data/venv/lib/python3.12/site-packages/oslo_config/cfg.py:3253}}
Jun 24 21:36:08.399755 np0000003581 nova-conductor[98686]: DEBUG cotyledon.oslo_config_glue [-] oslo_limit.insecure = False {{(pid=98686) log_opt_values /opt/stack/data/venv/lib/python3.12/site-packages/oslo_config/cfg.py:3253}}
Jun 24 21:36:08.399755 np0000003581 nova-conductor[98686]: DEBUG cotyledon.oslo_config_glue [-] oslo_limit.keyfile = None {{(pid=98686) log_opt_values /opt/stack/data/venv/lib/python3.12/site-packages/oslo_config/cfg.py:3253}}
Jun 24 21:36:08.399825 np0000003581 nova-conductor[98686]: DEBUG cotyledon.oslo_config_glue [-] oslo_limit.max_version = None {{(pid=98686) log_opt_values /opt/stack/data/venv/lib/python3.12/site-packages/oslo_config/cfg.py:3253}}
Jun 24 21:36:08.399825 np0000003581 nova-conductor[98686]: DEBUG cotyledon.oslo_config_glue [-] oslo_limit.min_version = None {{(pid=98686) log_opt_values /opt/stack/data/venv/lib/python3.12/site-packages/oslo_config/cfg.py:3253}}
Jun 24 21:36:08.399904 np0000003581 nova-conductor[98686]: DEBUG cotyledon.oslo_config_glue [-] oslo_limit.region_name = None {{(pid=98686) log_opt_values /opt/stack/data/venv/lib/python3.12/site-packages/oslo_config/cfg.py:3253}}
Jun 24 21:36:08.399974 np0000003581 nova-conductor[98686]: DEBUG cotyledon.oslo_config_glue [-] oslo_limit.retriable_status_codes = None {{(pid=98686) log_opt_values /opt/stack/data/venv/lib/python3.12/site-packages/oslo_config/cfg.py:3253}}
Jun 24 21:36:08.400079 np0000003581 nova-conductor[98686]: DEBUG cotyledon.oslo_config_glue [-] oslo_limit.service_name = None {{(pid=98686) log_opt_values /opt/stack/data/venv/lib/python3.12/site-packages/oslo_config/cfg.py:3253}}
Jun 24 21:36:08.400155 np0000003581 nova-conductor[98686]: DEBUG cotyledon.oslo_config_glue [-] oslo_limit.service_type = None {{(pid=98686) log_opt_values /opt/stack/data/venv/lib/python3.12/site-packages/oslo_config/cfg.py:3253}}
Jun 24 21:36:08.400234 np0000003581 nova-conductor[98686]: DEBUG cotyledon.oslo_config_glue [-] oslo_limit.split_loggers = False {{(pid=98686) log_opt_values /opt/stack/data/venv/lib/python3.12/site-packages/oslo_config/cfg.py:3253}}
Jun 24 21:36:08.400430 np0000003581 nova-conductor[98686]: DEBUG cotyledon.oslo_config_glue [-] oslo_limit.status_code_retries = None {{(pid=98686) log_opt_values /opt/stack/data/venv/lib/python3.12/site-packages/oslo_config/cfg.py:3253}}
Jun 24 21:36:08.400482 np0000003581 nova-conductor[98686]: DEBUG cotyledon.oslo_config_glue [-] oslo_limit.status_code_retry_delay = None {{(pid=98686) log_opt_values /opt/stack/data/venv/lib/python3.12/site-packages/oslo_config/cfg.py:3253}}
Jun 24 21:36:08.400560 np0000003581 nova-conductor[98686]: DEBUG cotyledon.oslo_config_glue [-] oslo_limit.timeout = None {{(pid=98686) log_opt_values /opt/stack/data/venv/lib/python3.12/site-packages/oslo_config/cfg.py:3253}}
Jun 24 21:36:08.400629 np0000003581 nova-conductor[98686]: DEBUG cotyledon.oslo_config_glue [-] oslo_limit.valid_interfaces = None {{(pid=98686) log_opt_values /opt/stack/data/venv/lib/python3.12/site-packages/oslo_config/cfg.py:3253}}
Jun 24 21:36:08.400724 np0000003581 nova-conductor[98686]: DEBUG cotyledon.oslo_config_glue [-] oslo_limit.version = None {{(pid=98686) log_opt_values /opt/stack/data/venv/lib/python3.12/site-packages/oslo_config/cfg.py:3253}}
Jun 24 21:36:08.400824 np0000003581 nova-conductor[98686]: DEBUG cotyledon.oslo_config_glue [-] oslo_reports.file_event_handler = None {{(pid=98686) log_opt_values /opt/stack/data/venv/lib/python3.12/site-packages/oslo_config/cfg.py:3253}}
Jun 24 21:36:08.400904 np0000003581 nova-conductor[98686]: DEBUG cotyledon.oslo_config_glue [-] oslo_reports.file_event_handler_interval = 1 {{(pid=98686) log_opt_values /opt/stack/data/venv/lib/python3.12/site-packages/oslo_config/cfg.py:3253}}
Jun 24 21:36:08.400986 np0000003581 nova-conductor[98686]: DEBUG cotyledon.oslo_config_glue [-] oslo_reports.log_dir = None {{(pid=98686) log_opt_values /opt/stack/data/venv/lib/python3.12/site-packages/oslo_config/cfg.py:3253}}
Jun 24 21:36:08.401072 np0000003581 nova-conductor[98686]: DEBUG cotyledon.oslo_config_glue [-] ******************************************************************************** {{(pid=98686) log_opt_values /opt/stack/data/venv/lib/python3.12/site-packages/oslo_config/cfg.py:3260}}
Jun 24 21:36:08.401267 np0000003581 nova-conductor[98686]: DEBUG cotyledon._service_worker [-] Run service ServiceWrapper(3) [98686] {{(pid=98686) wait_forever /opt/stack/data/venv/lib/python3.12/site-packages/cotyledon/_service_worker.py:218}}
Jun 24 21:36:08.402491 np0000003581 nova-conductor[98686]: INFO nova.service [-] Starting conductor node (version 33.1.0)
Jun 24 21:36:08.406752 np0000003581 nova-conductor[98666]: DEBUG nova.service [None req-aa96f6af-fddc-48ed-a68f-03309d95c7f8 None None] Creating RPC server for service: nova-conductor on topic: conductor {{(pid=98666) start /opt/stack/nova/nova/service.py:196}}
Jun 24 21:36:08.406933 np0000003581 nova-conductor[98686]: INFO dbcounter [None req-adeb91f4-8d49-4f6b-a1a2-db97a792ad1a None None] Registered counter for database nova_cell0
Jun 24 21:36:08.410274 np0000003581 nova-conductor[98676]: DEBUG dbcounter [-] [98676] Writer thread running {{(pid=98676) stat_writer /opt/stack/data/venv/lib/python3.12/site-packages/dbcounter.py:102}}
Jun 24 21:36:08.415175 np0000003581 nova-conductor[98676]: DEBUG nova.service [None req-9783492f-a830-4727-81e2-6e402f3e8306 None None] Creating RPC server for service: nova-conductor on topic: conductor {{(pid=98676) start /opt/stack/nova/nova/service.py:196}}
Jun 24 21:36:08.415278 np0000003581 nova-conductor[98683]: DEBUG oslo_db.sqlalchemy.engines [None req-5f82dbae-2c23-49a1-affc-62e4861ccf72 None None] MySQL server mode set to STRICT_TRANS_TABLES,STRICT_ALL_TABLES,NO_ZERO_IN_DATE,NO_ZERO_DATE,ERROR_FOR_DIVISION_BY_ZERO,TRADITIONAL,NO_ENGINE_SUBSTITUTION {{(pid=98683) _check_effective_sql_mode /opt/stack/data/venv/lib/python3.12/site-packages/oslo_db/sqlalchemy/engines.py:325}}
Jun 24 21:36:08.424440 np0000003581 nova-conductor[98683]: DEBUG dbcounter [-] [98683] Writer thread running {{(pid=98683) stat_writer /opt/stack/data/venv/lib/python3.12/site-packages/dbcounter.py:102}}
Jun 24 21:36:08.427699 np0000003581 nova-conductor[98683]: DEBUG nova.service [None req-5f82dbae-2c23-49a1-affc-62e4861ccf72 None None] Creating RPC server for service: nova-conductor on topic: conductor {{(pid=98683) start /opt/stack/nova/nova/service.py:196}}
Jun 24 21:36:08.436897 np0000003581 nova-conductor[98666]: DEBUG nova.service [None req-aa96f6af-fddc-48ed-a68f-03309d95c7f8 None None] Join ServiceGroup membership for this service conductor {{(pid=98666) start /opt/stack/nova/nova/service.py:222}}
Jun 24 21:36:08.437775 np0000003581 nova-conductor[98666]: DEBUG nova.servicegroup.drivers.db [None req-aa96f6af-fddc-48ed-a68f-03309d95c7f8 None None] DB_Driver: join new ServiceGroup member np0000003581 to the conductor group, service = {{(pid=98666) join /opt/stack/nova/nova/servicegroup/drivers/db.py:44}}
Jun 24 21:36:08.441421 np0000003581 nova-conductor[98676]: DEBUG nova.service [None req-9783492f-a830-4727-81e2-6e402f3e8306 None None] Join ServiceGroup membership for this service conductor {{(pid=98676) start /opt/stack/nova/nova/service.py:222}}
Jun 24 21:36:08.441610 np0000003581 nova-conductor[98676]: DEBUG nova.servicegroup.drivers.db [None req-9783492f-a830-4727-81e2-6e402f3e8306 None None] DB_Driver: join new ServiceGroup member np0000003581 to the conductor group, service = {{(pid=98676) join /opt/stack/nova/nova/servicegroup/drivers/db.py:44}}
Jun 24 21:36:08.445741 np0000003581 nova-conductor[98683]: DEBUG nova.service [None req-5f82dbae-2c23-49a1-affc-62e4861ccf72 None None] Join ServiceGroup membership for this service conductor {{(pid=98683) start /opt/stack/nova/nova/service.py:222}}
Jun 24 21:36:08.445995 np0000003581 nova-conductor[98683]: DEBUG nova.servicegroup.drivers.db [None req-5f82dbae-2c23-49a1-affc-62e4861ccf72 None None] DB_Driver: join new ServiceGroup member np0000003581 to the conductor group, service = {{(pid=98683) join /opt/stack/nova/nova/servicegroup/drivers/db.py:44}}
Jun 24 21:36:08.448393 np0000003581 nova-conductor[98686]: DEBUG oslo_db.sqlalchemy.engines [None req-adeb91f4-8d49-4f6b-a1a2-db97a792ad1a None None] MySQL server mode set to STRICT_TRANS_TABLES,STRICT_ALL_TABLES,NO_ZERO_IN_DATE,NO_ZERO_DATE,ERROR_FOR_DIVISION_BY_ZERO,TRADITIONAL,NO_ENGINE_SUBSTITUTION {{(pid=98686) _check_effective_sql_mode /opt/stack/data/venv/lib/python3.12/site-packages/oslo_db/sqlalchemy/engines.py:325}}
Jun 24 21:36:08.457557 np0000003581 nova-conductor[98686]: DEBUG dbcounter [-] [98686] Writer thread running {{(pid=98686) stat_writer /opt/stack/data/venv/lib/python3.12/site-packages/dbcounter.py:102}}
Jun 24 21:36:08.460523 np0000003581 nova-conductor[98686]: DEBUG nova.service [None req-adeb91f4-8d49-4f6b-a1a2-db97a792ad1a None None] Creating RPC server for service: nova-conductor on topic: conductor {{(pid=98686) start /opt/stack/nova/nova/service.py:196}}
Jun 24 21:36:08.477872 np0000003581 nova-conductor[98686]: DEBUG nova.service [None req-adeb91f4-8d49-4f6b-a1a2-db97a792ad1a None None] Join ServiceGroup membership for this service conductor {{(pid=98686) start /opt/stack/nova/nova/service.py:222}}
Jun 24 21:36:08.478042 np0000003581 nova-conductor[98686]: DEBUG nova.servicegroup.drivers.db [None req-adeb91f4-8d49-4f6b-a1a2-db97a792ad1a None None] DB_Driver: join new ServiceGroup member np0000003581 to the conductor group, service = {{(pid=98686) join /opt/stack/nova/nova/servicegroup/drivers/db.py:44}}
Jun 24 21:36:09.439604 np0000003581 nova-conductor[98666]: DEBUG oslo.service.backend._threading.loopingcall [None req-d1e8a158-2578-4958-b752-a464f6c3c44c None None] Dynamic interval looping call 'nova.service.Service.periodic_tasks' sleeping for 60.00 seconds {{(pid=98666) _run_loop /opt/stack/data/venv/lib/python3.12/site-packages/oslo_service/backend/_threading/loopingcall.py:125}}
Jun 24 21:36:13.452816 np0000003581 nova-conductor[98666]: DEBUG oslo.service.backend._threading.loopingcall [-] Fixed interval looping call 'nova.servicegroup.drivers.db.DbDriver._report_state' sleeping for 119.99 seconds {{(pid=98666) _run_loop /opt/stack/data/venv/lib/python3.12/site-packages/oslo_service/backend/_threading/loopingcall.py:125}}
Jun 24 21:36:13.453584 np0000003581 nova-conductor[98676]: DEBUG oslo.service.backend._threading.loopingcall [-] Fixed interval looping call 'nova.servicegroup.drivers.db.DbDriver._report_state' sleeping for 119.99 seconds {{(pid=98676) _run_loop /opt/stack/data/venv/lib/python3.12/site-packages/oslo_service/backend/_threading/loopingcall.py:125}}
Jun 24 21:36:13.456619 np0000003581 nova-conductor[98683]: DEBUG oslo.service.backend._threading.loopingcall [-] Fixed interval looping call 'nova.servicegroup.drivers.db.DbDriver._report_state' sleeping for 119.99 seconds {{(pid=98683) _run_loop /opt/stack/data/venv/lib/python3.12/site-packages/oslo_service/backend/_threading/loopingcall.py:125}}
Jun 24 21:36:13.488373 np0000003581 nova-conductor[98686]: DEBUG oslo.service.backend._threading.loopingcall [-] Fixed interval looping call 'nova.servicegroup.drivers.db.DbDriver._report_state' sleeping for 119.99 seconds {{(pid=98686) _run_loop /opt/stack/data/venv/lib/python3.12/site-packages/oslo_service/backend/_threading/loopingcall.py:125}}
Jun 24 21:36:17.018017 np0000003581 nova-conductor[97195]: DEBUG dbcounter [-] [97195] Writing DB stats nova_api:SELECT=1 {{(pid=97195) stat_writer /opt/stack/data/venv/lib/python3.12/site-packages/dbcounter.py:115}}
Jun 24 21:36:17.148707 np0000003581 nova-conductor[97195]: DEBUG dbcounter [-] [97195] Writing DB stats nova_cell0:SELECT=1 {{(pid=97195) stat_writer /opt/stack/data/venv/lib/python3.12/site-packages/dbcounter.py:115}}
Jun 24 21:36:17.152610 np0000003581 nova-conductor[97195]: DEBUG dbcounter [-] [97195] Writing DB stats nova_cell1:SELECT=1 {{(pid=97195) stat_writer /opt/stack/data/venv/lib/python3.12/site-packages/dbcounter.py:115}}
Jun 24 21:36:22.448526 np0000003581 nova-conductor[98683]: DEBUG oslo.service.backend._threading.loopingcall [None req-942b76c4-1f19-4438-b3f4-de59a6f3490f None None] Dynamic interval looping call 'nova.service.Service.periodic_tasks' sleeping for 60.00 seconds {{(pid=98683) _run_loop /opt/stack/data/venv/lib/python3.12/site-packages/oslo_service/backend/_threading/loopingcall.py:125}}
Jun 24 21:36:23.446849 np0000003581 nova-conductor[98666]: DEBUG dbcounter [-] [98666] Writing DB stats nova_cell0:SELECT=4,nova_cell0:INSERT=1,nova_cell0:UPDATE=1 {{(pid=98666) stat_writer /opt/stack/data/venv/lib/python3.12/site-packages/dbcounter.py:115}}
Jun 24 21:36:23.454145 np0000003581 nova-conductor[98676]: DEBUG dbcounter [-] [98676] Writing DB stats nova_cell0:SELECT=3,nova_cell0:UPDATE=1 {{(pid=98676) stat_writer /opt/stack/data/venv/lib/python3.12/site-packages/dbcounter.py:115}}
Jun 24 21:36:23.454576 np0000003581 nova-conductor[98683]: DEBUG dbcounter [-] [98683] Writing DB stats nova_cell0:SELECT=3 {{(pid=98683) stat_writer /opt/stack/data/venv/lib/python3.12/site-packages/dbcounter.py:115}}
Jun 24 21:36:23.485804 np0000003581 nova-conductor[98686]: DEBUG dbcounter [-] [98686] Writing DB stats nova_cell0:SELECT=3 {{(pid=98686) stat_writer /opt/stack/data/venv/lib/python3.12/site-packages/dbcounter.py:115}}
Jun 24 21:36:24.443977 np0000003581 nova-conductor[98676]: DEBUG oslo.service.backend._threading.loopingcall [None req-03205a0a-013a-464f-8972-ac2b1f5e01fe None None] Dynamic interval looping call 'nova.service.Service.periodic_tasks' sleeping for 60.00 seconds {{(pid=98676) _run_loop /opt/stack/data/venv/lib/python3.12/site-packages/oslo_service/backend/_threading/loopingcall.py:125}}
Jun 24 21:36:54.479786 np0000003581 nova-conductor[98686]: DEBUG oslo.service.backend._threading.loopingcall [None req-f52b667f-798c-4a08-9022-1b15df534ee7 None None] Dynamic interval looping call 'nova.service.Service.periodic_tasks' sleeping for 60.00 seconds {{(pid=98686) _run_loop /opt/stack/data/venv/lib/python3.12/site-packages/oslo_service/backend/_threading/loopingcall.py:125}}
Jun 24 21:37:09.440140 np0000003581 nova-conductor[98666]: DEBUG oslo.service.backend._threading.loopingcall [None req-d1e8a158-2578-4958-b752-a464f6c3c44c None None] Dynamic interval looping call 'nova.service.Service.periodic_tasks' sleeping for 60.00 seconds {{(pid=98666) _run_loop /opt/stack/data/venv/lib/python3.12/site-packages/oslo_service/backend/_threading/loopingcall.py:125}}
Jun 24 21:37:22.448986 np0000003581 nova-conductor[98683]: DEBUG oslo.service.backend._threading.loopingcall [None req-942b76c4-1f19-4438-b3f4-de59a6f3490f None None] Dynamic interval looping call 'nova.service.Service.periodic_tasks' sleeping for 60.00 seconds {{(pid=98683) _run_loop /opt/stack/data/venv/lib/python3.12/site-packages/oslo_service/backend/_threading/loopingcall.py:125}}
Jun 24 21:37:24.444568 np0000003581 nova-conductor[98676]: DEBUG oslo.service.backend._threading.loopingcall [None req-03205a0a-013a-464f-8972-ac2b1f5e01fe None None] Dynamic interval looping call 'nova.service.Service.periodic_tasks' sleeping for 60.00 seconds {{(pid=98676) _run_loop /opt/stack/data/venv/lib/python3.12/site-packages/oslo_service/backend/_threading/loopingcall.py:125}}
Jun 24 21:37:54.480311 np0000003581 nova-conductor[98686]: DEBUG oslo.service.backend._threading.loopingcall [None req-f52b667f-798c-4a08-9022-1b15df534ee7 None None] Dynamic interval looping call 'nova.service.Service.periodic_tasks' sleeping for 60.00 seconds {{(pid=98686) _run_loop /opt/stack/data/venv/lib/python3.12/site-packages/oslo_service/backend/_threading/loopingcall.py:125}}
Jun 24 21:38:09.440887 np0000003581 nova-conductor[98666]: DEBUG oslo.service.backend._threading.loopingcall [None req-d1e8a158-2578-4958-b752-a464f6c3c44c None None] Dynamic interval looping call 'nova.service.Service.periodic_tasks' sleeping for 60.00 seconds {{(pid=98666) _run_loop /opt/stack/data/venv/lib/python3.12/site-packages/oslo_service/backend/_threading/loopingcall.py:125}}
Jun 24 21:38:13.455135 np0000003581 nova-conductor[98666]: DEBUG oslo.service.backend._threading.loopingcall [-] Fixed interval looping call 'nova.servicegroup.drivers.db.DbDriver._report_state' sleeping for 119.99 seconds {{(pid=98666) _run_loop /opt/stack/data/venv/lib/python3.12/site-packages/oslo_service/backend/_threading/loopingcall.py:125}}
Jun 24 21:38:13.455713 np0000003581 nova-conductor[98676]: DEBUG oslo.service.backend._threading.loopingcall [-] Fixed interval looping call 'nova.servicegroup.drivers.db.DbDriver._report_state' sleeping for 119.99 seconds {{(pid=98676) _run_loop /opt/stack/data/venv/lib/python3.12/site-packages/oslo_service/backend/_threading/loopingcall.py:125}}
Jun 24 21:38:13.456291 np0000003581 nova-conductor[98683]: DEBUG oslo.service.backend._threading.loopingcall [-] Fixed interval looping call 'nova.servicegroup.drivers.db.DbDriver._report_state' sleeping for 119.99 seconds {{(pid=98683) _run_loop /opt/stack/data/venv/lib/python3.12/site-packages/oslo_service/backend/_threading/loopingcall.py:125}}
Jun 24 21:38:13.482144 np0000003581 nova-conductor[98686]: DEBUG oslo.service.backend._threading.loopingcall [-] Fixed interval looping call 'nova.servicegroup.drivers.db.DbDriver._report_state' sleeping for 120.00 seconds {{(pid=98686) _run_loop /opt/stack/data/venv/lib/python3.12/site-packages/oslo_service/backend/_threading/loopingcall.py:125}}
Jun 24 21:38:22.449515 np0000003581 nova-conductor[98683]: DEBUG oslo.service.backend._threading.loopingcall [None req-942b76c4-1f19-4438-b3f4-de59a6f3490f None None] Dynamic interval looping call 'nova.service.Service.periodic_tasks' sleeping for 60.00 seconds {{(pid=98683) _run_loop /opt/stack/data/venv/lib/python3.12/site-packages/oslo_service/backend/_threading/loopingcall.py:125}}
Jun 24 21:38:23.446849 np0000003581 nova-conductor[98676]: DEBUG dbcounter [-] [98676] Writing DB stats nova_cell0:SELECT=1,nova_cell0:UPDATE=1 {{(pid=98676) stat_writer /opt/stack/data/venv/lib/python3.12/site-packages/dbcounter.py:115}}
Jun 24 21:38:23.447331 np0000003581 nova-conductor[98666]: DEBUG dbcounter [-] [98666] Writing DB stats nova_cell0:SELECT=1,nova_cell0:UPDATE=1 {{(pid=98666) stat_writer /opt/stack/data/venv/lib/python3.12/site-packages/dbcounter.py:115}}
Jun 24 21:38:23.452479 np0000003581 nova-conductor[98683]: DEBUG dbcounter [-] [98683] Writing DB stats nova_cell0:SELECT=1,nova_cell0:UPDATE=1 {{(pid=98683) stat_writer /opt/stack/data/venv/lib/python3.12/site-packages/dbcounter.py:115}}
Jun 24 21:38:23.480371 np0000003581 nova-conductor[98686]: DEBUG dbcounter [-] [98686] Writing DB stats nova_cell0:SELECT=1 {{(pid=98686) stat_writer /opt/stack/data/venv/lib/python3.12/site-packages/dbcounter.py:115}}
Jun 24 21:38:24.445120 np0000003581 nova-conductor[98676]: DEBUG oslo.service.backend._threading.loopingcall [None req-03205a0a-013a-464f-8972-ac2b1f5e01fe None None] Dynamic interval looping call 'nova.service.Service.periodic_tasks' sleeping for 60.00 seconds {{(pid=98676) _run_loop /opt/stack/data/venv/lib/python3.12/site-packages/oslo_service/backend/_threading/loopingcall.py:125}}
Jun 24 21:38:47.127550 np0000003581 nova-conductor[98666]: DEBUG oslo_db.sqlalchemy.engines [None req-c1f074f4-bf4a-430b-95db-00770498207b tempest-ServerActionsTestOtherB-547202713 tempest-ServerActionsTestOtherB-547202713-project-member] Parent process 97195 forked (98666) with an open database connection, which is being discarded and recreated. {{(pid=98666) checkout /opt/stack/data/venv/lib/python3.12/site-packages/oslo_db/sqlalchemy/engines.py:402}}
Jun 24 21:38:47.182700 np0000003581 nova-conductor[98666]: DEBUG dbcounter [-] [98666] Writer thread running {{(pid=98666) stat_writer /opt/stack/data/venv/lib/python3.12/site-packages/dbcounter.py:102}}
Jun 24 21:38:48.738952 np0000003581 nova-conductor[98666]: DEBUG nova.conductor.manager [None req-c1f074f4-bf4a-430b-95db-00770498207b tempest-ServerActionsTestOtherB-547202713 tempest-ServerActionsTestOtherB-547202713-project-member] Took 1.55 seconds to select destinations for 1 instance(s). {{(pid=98666) _schedule_instances /opt/stack/nova/nova/conductor/manager.py:968}}
Jun 24 21:38:48.780784 np0000003581 nova-conductor[98666]: DEBUG oslo_concurrency.lockutils [None req-c1f074f4-bf4a-430b-95db-00770498207b tempest-ServerActionsTestOtherB-547202713 tempest-ServerActionsTestOtherB-547202713-project-member] Acquiring lock "e33b563b-1163-4329-b46a-181678a70123" by "nova.context.set_target_cell..get_or_set_cached_cell_and_set_connections" {{(pid=98666) inner /opt/stack/data/venv/lib/python3.12/site-packages/oslo_concurrency/lockutils.py:511}}
Jun 24 21:38:48.780784 np0000003581 nova-conductor[98666]: DEBUG oslo_concurrency.lockutils [None req-c1f074f4-bf4a-430b-95db-00770498207b tempest-ServerActionsTestOtherB-547202713 tempest-ServerActionsTestOtherB-547202713-project-member] Lock "e33b563b-1163-4329-b46a-181678a70123" acquired by "nova.context.set_target_cell..get_or_set_cached_cell_and_set_connections" :: waited 0.000s {{(pid=98666) inner /opt/stack/data/venv/lib/python3.12/site-packages/oslo_concurrency/lockutils.py:524}}
Jun 24 21:38:48.783239 np0000003581 nova-conductor[98666]: DEBUG oslo_concurrency.lockutils [None req-c1f074f4-bf4a-430b-95db-00770498207b tempest-ServerActionsTestOtherB-547202713 tempest-ServerActionsTestOtherB-547202713-project-member] Lock "e33b563b-1163-4329-b46a-181678a70123" "released" by "nova.context.set_target_cell..get_or_set_cached_cell_and_set_connections" :: held 0.002s {{(pid=98666) inner /opt/stack/data/venv/lib/python3.12/site-packages/oslo_concurrency/lockutils.py:543}}
Jun 24 21:38:48.785433 np0000003581 nova-conductor[98666]: INFO dbcounter [None req-c1f074f4-bf4a-430b-95db-00770498207b tempest-ServerActionsTestOtherB-547202713 tempest-ServerActionsTestOtherB-547202713-project-member] Registered counter for database nova_cell1
Jun 24 21:38:48.839566 np0000003581 nova-conductor[98666]: DEBUG oslo_db.sqlalchemy.engines [None req-c1f074f4-bf4a-430b-95db-00770498207b tempest-ServerActionsTestOtherB-547202713 tempest-ServerActionsTestOtherB-547202713-project-member] MySQL server mode set to STRICT_TRANS_TABLES,STRICT_ALL_TABLES,NO_ZERO_IN_DATE,NO_ZERO_DATE,ERROR_FOR_DIVISION_BY_ZERO,TRADITIONAL,NO_ENGINE_SUBSTITUTION {{(pid=98666) _check_effective_sql_mode /opt/stack/data/venv/lib/python3.12/site-packages/oslo_db/sqlalchemy/engines.py:325}}
Jun 24 21:38:48.850535 np0000003581 nova-conductor[98666]: DEBUG dbcounter [-] [98666] Writer thread running {{(pid=98666) stat_writer /opt/stack/data/venv/lib/python3.12/site-packages/dbcounter.py:102}}
Jun 24 21:38:48.941974 np0000003581 nova-conductor[98666]: INFO nova.utils [None req-c1f074f4-bf4a-430b-95db-00770498207b tempest-ServerActionsTestOtherB-547202713 tempest-ServerActionsTestOtherB-547202713-project-member] The cell worker thread pool ForkProcess-1.cell_worker is initialized
Jun 24 21:38:48.942362 np0000003581 nova-conductor[98666]: DEBUG oslo_concurrency.lockutils [None req-c1f074f4-bf4a-430b-95db-00770498207b tempest-ServerActionsTestOtherB-547202713 tempest-ServerActionsTestOtherB-547202713-project-member] Acquiring lock "00000000-0000-0000-0000-000000000000" by "nova.context.set_target_cell..get_or_set_cached_cell_and_set_connections" {{(pid=98666) inner /opt/stack/data/venv/lib/python3.12/site-packages/oslo_concurrency/lockutils.py:511}}
Jun 24 21:38:48.942540 np0000003581 nova-conductor[98666]: DEBUG oslo_concurrency.lockutils [None req-c1f074f4-bf4a-430b-95db-00770498207b tempest-ServerActionsTestOtherB-547202713 tempest-ServerActionsTestOtherB-547202713-project-member] Lock "00000000-0000-0000-0000-000000000000" acquired by "nova.context.set_target_cell..get_or_set_cached_cell_and_set_connections" :: waited 0.000s {{(pid=98666) inner /opt/stack/data/venv/lib/python3.12/site-packages/oslo_concurrency/lockutils.py:524}}
Jun 24 21:38:48.943046 np0000003581 nova-conductor[98666]: DEBUG oslo_concurrency.lockutils [None req-c1f074f4-bf4a-430b-95db-00770498207b tempest-ServerActionsTestOtherB-547202713 tempest-ServerActionsTestOtherB-547202713-project-member] Lock "00000000-0000-0000-0000-000000000000" "released" by "nova.context.set_target_cell..get_or_set_cached_cell_and_set_connections" :: held 0.000s {{(pid=98666) inner /opt/stack/data/venv/lib/python3.12/site-packages/oslo_concurrency/lockutils.py:543}}
Jun 24 21:38:48.943911 np0000003581 nova-conductor[98666]: DEBUG oslo_concurrency.lockutils [None req-c1f074f4-bf4a-430b-95db-00770498207b tempest-ServerActionsTestOtherB-547202713 tempest-ServerActionsTestOtherB-547202713-project-member] Acquiring lock "e33b563b-1163-4329-b46a-181678a70123" by "nova.context.set_target_cell..get_or_set_cached_cell_and_set_connections" {{(pid=98666) inner /opt/stack/data/venv/lib/python3.12/site-packages/oslo_concurrency/lockutils.py:511}}
Jun 24 21:38:48.944168 np0000003581 nova-conductor[98666]: DEBUG oslo_concurrency.lockutils [None req-c1f074f4-bf4a-430b-95db-00770498207b tempest-ServerActionsTestOtherB-547202713 tempest-ServerActionsTestOtherB-547202713-project-member] Lock "e33b563b-1163-4329-b46a-181678a70123" acquired by "nova.context.set_target_cell..get_or_set_cached_cell_and_set_connections" :: waited 0.000s {{(pid=98666) inner /opt/stack/data/venv/lib/python3.12/site-packages/oslo_concurrency/lockutils.py:524}}
Jun 24 21:38:48.946393 np0000003581 nova-conductor[98666]: INFO dbcounter [None req-c1f074f4-bf4a-430b-95db-00770498207b tempest-ServerActionsTestOtherB-547202713 tempest-ServerActionsTestOtherB-547202713-project-member] Registered counter for database nova_cell0
Jun 24 21:38:48.948660 np0000003581 nova-conductor[98666]: DEBUG oslo_concurrency.lockutils [None req-c1f074f4-bf4a-430b-95db-00770498207b tempest-ServerActionsTestOtherB-547202713 tempest-ServerActionsTestOtherB-547202713-project-member] Lock "e33b563b-1163-4329-b46a-181678a70123" "released" by "nova.context.set_target_cell..get_or_set_cached_cell_and_set_connections" :: held 0.002s {{(pid=98666) inner /opt/stack/data/venv/lib/python3.12/site-packages/oslo_concurrency/lockutils.py:543}}
Jun 24 21:38:48.999532 np0000003581 nova-conductor[98666]: DEBUG oslo_db.sqlalchemy.engines [None req-c1f074f4-bf4a-430b-95db-00770498207b tempest-ServerActionsTestOtherB-547202713 tempest-ServerActionsTestOtherB-547202713-project-member] MySQL server mode set to STRICT_TRANS_TABLES,STRICT_ALL_TABLES,NO_ZERO_IN_DATE,NO_ZERO_DATE,ERROR_FOR_DIVISION_BY_ZERO,TRADITIONAL,NO_ENGINE_SUBSTITUTION {{(pid=98666) _check_effective_sql_mode /opt/stack/data/venv/lib/python3.12/site-packages/oslo_db/sqlalchemy/engines.py:325}}
Jun 24 21:38:49.011879 np0000003581 nova-conductor[98666]: DEBUG dbcounter [-] [98666] Writer thread running {{(pid=98666) stat_writer /opt/stack/data/venv/lib/python3.12/site-packages/dbcounter.py:102}}
Jun 24 21:38:49.028625 np0000003581 nova-conductor[98666]: DEBUG nova.quota [None req-c1f074f4-bf4a-430b-95db-00770498207b tempest-ServerActionsTestOtherB-547202713 tempest-ServerActionsTestOtherB-547202713-project-member] Getting quotas for project a55b799a04544d10970012eec2a07574. Resources: {'instances', 'cores', 'ram'} {{(pid=98666) _get_quotas /opt/stack/nova/nova/quota.py:392}}
Jun 24 21:38:49.034166 np0000003581 nova-conductor[98666]: DEBUG nova.quota [None req-c1f074f4-bf4a-430b-95db-00770498207b tempest-ServerActionsTestOtherB-547202713 tempest-ServerActionsTestOtherB-547202713-project-member] Getting quotas for user c03b6d6c115349518fb67db0f5b7ee1c and project a55b799a04544d10970012eec2a07574. Resources: {'instances', 'cores', 'ram'} {{(pid=98666) _get_quotas /opt/stack/nova/nova/quota.py:382}}
Jun 24 21:38:49.056378 np0000003581 nova-conductor[98666]: DEBUG nova.conductor.manager [None req-c1f074f4-bf4a-430b-95db-00770498207b tempest-ServerActionsTestOtherB-547202713 tempest-ServerActionsTestOtherB-547202713-project-member] [instance: 72ab2546-6557-4734-86d0-a33acd611f11] Selected host: np0000003581; Selected node: np0000003581; Alternates: [] {{(pid=98666) schedule_and_build_instances /opt/stack/nova/nova/conductor/manager.py:1784}}
Jun 24 21:38:49.057109 np0000003581 nova-conductor[98666]: DEBUG oslo_concurrency.lockutils [None req-c1f074f4-bf4a-430b-95db-00770498207b tempest-ServerActionsTestOtherB-547202713 tempest-ServerActionsTestOtherB-547202713-project-member] Acquiring lock "e33b563b-1163-4329-b46a-181678a70123" by "nova.context.set_target_cell..get_or_set_cached_cell_and_set_connections" {{(pid=98666) inner /opt/stack/data/venv/lib/python3.12/site-packages/oslo_concurrency/lockutils.py:511}}
Jun 24 21:38:49.057109 np0000003581 nova-conductor[98666]: DEBUG oslo_concurrency.lockutils [None req-c1f074f4-bf4a-430b-95db-00770498207b tempest-ServerActionsTestOtherB-547202713 tempest-ServerActionsTestOtherB-547202713-project-member] Lock "e33b563b-1163-4329-b46a-181678a70123" acquired by "nova.context.set_target_cell..get_or_set_cached_cell_and_set_connections" :: waited 0.000s {{(pid=98666) inner /opt/stack/data/venv/lib/python3.12/site-packages/oslo_concurrency/lockutils.py:524}}
Jun 24 21:38:49.057296 np0000003581 nova-conductor[98666]: DEBUG oslo_concurrency.lockutils [None req-c1f074f4-bf4a-430b-95db-00770498207b tempest-ServerActionsTestOtherB-547202713 tempest-ServerActionsTestOtherB-547202713-project-member] Lock "e33b563b-1163-4329-b46a-181678a70123" "released" by "nova.context.set_target_cell..get_or_set_cached_cell_and_set_connections" :: held 0.000s {{(pid=98666) inner /opt/stack/data/venv/lib/python3.12/site-packages/oslo_concurrency/lockutils.py:543}}
Jun 24 21:38:49.077563 np0000003581 nova-conductor[98666]: DEBUG nova.conductor.manager [None req-c1f074f4-bf4a-430b-95db-00770498207b tempest-ServerActionsTestOtherB-547202713 tempest-ServerActionsTestOtherB-547202713-project-member] [instance: 72ab2546-6557-4734-86d0-a33acd611f11] block_device_mapping [BlockDeviceMapping(attachment_id=,boot_index=0,connection_info=None,created_at=,delete_on_termination=True,deleted=,deleted_at=,destination_type='local',device_name=None,device_type='disk',disk_bus=None,encrypted=False,encryption_format=None,encryption_options=None,encryption_secret_uuid=None,guest_format=None,id=,image_id='d9482c70-9536-4d0d-a608-2d21387fb4a3',instance=,instance_uuid=,no_device=False,snapshot_id=None,source_type='image',tag=None,updated_at=,uuid=,volume_id=None,volume_size=None,volume_type=None)] {{(pid=98666) _create_block_device_mapping /opt/stack/nova/nova/conductor/manager.py:1529}}
Jun 24 21:38:49.080126 np0000003581 nova-conductor[98666]: DEBUG oslo_concurrency.lockutils [None req-c1f074f4-bf4a-430b-95db-00770498207b tempest-ServerActionsTestOtherB-547202713 tempest-ServerActionsTestOtherB-547202713-project-member] Acquiring lock "e33b563b-1163-4329-b46a-181678a70123" by "nova.context.set_target_cell..get_or_set_cached_cell_and_set_connections" {{(pid=98666) inner /opt/stack/data/venv/lib/python3.12/site-packages/oslo_concurrency/lockutils.py:511}}
Jun 24 21:38:49.080126 np0000003581 nova-conductor[98666]: DEBUG oslo_concurrency.lockutils [None req-c1f074f4-bf4a-430b-95db-00770498207b tempest-ServerActionsTestOtherB-547202713 tempest-ServerActionsTestOtherB-547202713-project-member] Lock "e33b563b-1163-4329-b46a-181678a70123" acquired by "nova.context.set_target_cell..get_or_set_cached_cell_and_set_connections" :: waited 0.000s {{(pid=98666) inner /opt/stack/data/venv/lib/python3.12/site-packages/oslo_concurrency/lockutils.py:524}}
Jun 24 21:38:49.080126 np0000003581 nova-conductor[98666]: DEBUG oslo_concurrency.lockutils [None req-c1f074f4-bf4a-430b-95db-00770498207b tempest-ServerActionsTestOtherB-547202713 tempest-ServerActionsTestOtherB-547202713-project-member] Lock "e33b563b-1163-4329-b46a-181678a70123" "released" by "nova.context.set_target_cell..get_or_set_cached_cell_and_set_connections" :: held 0.000s {{(pid=98666) inner /opt/stack/data/venv/lib/python3.12/site-packages/oslo_concurrency/lockutils.py:543}}
Jun 24 21:38:49.144583 np0000003581 nova-conductor[98666]: DEBUG oslo_concurrency.lockutils [None req-c1f074f4-bf4a-430b-95db-00770498207b tempest-ServerActionsTestOtherB-547202713 tempest-ServerActionsTestOtherB-547202713-project-member] Acquiring lock "e33b563b-1163-4329-b46a-181678a70123" by "nova.context.set_target_cell..get_or_set_cached_cell_and_set_connections" {{(pid=98666) inner /opt/stack/data/venv/lib/python3.12/site-packages/oslo_concurrency/lockutils.py:511}}
Jun 24 21:38:49.145321 np0000003581 nova-conductor[98666]: DEBUG oslo_concurrency.lockutils [None req-c1f074f4-bf4a-430b-95db-00770498207b tempest-ServerActionsTestOtherB-547202713 tempest-ServerActionsTestOtherB-547202713-project-member] Lock "e33b563b-1163-4329-b46a-181678a70123" acquired by "nova.context.set_target_cell..get_or_set_cached_cell_and_set_connections" :: waited 0.001s {{(pid=98666) inner /opt/stack/data/venv/lib/python3.12/site-packages/oslo_concurrency/lockutils.py:524}}
