May 19 09:39:56.036274 np0000001037 nova-scheduler[95245]: DEBUG cotyledon.oslo_config_glue [-] oslo_limit.collect_timing = False {{(pid=95245) log_opt_values /opt/stack/data/venv/lib/python3.12/site-packages/oslo_config/cfg.py:3006}}
May 19 09:39:56.036274 np0000001037 nova-scheduler[95245]: DEBUG cotyledon.oslo_config_glue [-] oslo_limit.connect_retries = None {{(pid=95245) log_opt_values /opt/stack/data/venv/lib/python3.12/site-packages/oslo_config/cfg.py:3006}}
May 19 09:39:56.036274 np0000001037 nova-scheduler[95245]: DEBUG cotyledon.oslo_config_glue [-] oslo_limit.connect_retry_delay = None {{(pid=95245) log_opt_values /opt/stack/data/venv/lib/python3.12/site-packages/oslo_config/cfg.py:3006}}
May 19 09:39:56.036274 np0000001037 nova-scheduler[95245]: DEBUG cotyledon.oslo_config_glue [-] oslo_limit.endpoint_id = None {{(pid=95245) log_opt_values /opt/stack/data/venv/lib/python3.12/site-packages/oslo_config/cfg.py:3006}}
May 19 09:39:56.036274 np0000001037 nova-scheduler[95245]: DEBUG cotyledon.oslo_config_glue [-] oslo_limit.endpoint_interface = public {{(pid=95245) log_opt_values /opt/stack/data/venv/lib/python3.12/site-packages/oslo_config/cfg.py:3006}}
May 19 09:39:56.036462 np0000001037 nova-scheduler[95245]: DEBUG cotyledon.oslo_config_glue [-] oslo_limit.endpoint_override = None {{(pid=95245) log_opt_values /opt/stack/data/venv/lib/python3.12/site-packages/oslo_config/cfg.py:3006}}
May 19 09:39:56.036462 np0000001037 nova-scheduler[95245]: DEBUG cotyledon.oslo_config_glue [-] oslo_limit.endpoint_region_name = None {{(pid=95245) log_opt_values /opt/stack/data/venv/lib/python3.12/site-packages/oslo_config/cfg.py:3006}}
May 19 09:39:56.036462 np0000001037 nova-scheduler[95245]: DEBUG cotyledon.oslo_config_glue [-] oslo_limit.endpoint_service_name = None {{(pid=95245) log_opt_values /opt/stack/data/venv/lib/python3.12/site-packages/oslo_config/cfg.py:3006}}
May 19 09:39:56.036462 np0000001037 nova-scheduler[95245]: DEBUG cotyledon.oslo_config_glue [-] oslo_limit.endpoint_service_type = None {{(pid=95245) log_opt_values /opt/stack/data/venv/lib/python3.12/site-packages/oslo_config/cfg.py:3006}}
May 19 09:39:56.036462 np0000001037 nova-scheduler[95245]: DEBUG cotyledon.oslo_config_glue [-] oslo_limit.insecure = False {{(pid=95245) log_opt_values /opt/stack/data/venv/lib/python3.12/site-packages/oslo_config/cfg.py:3006}}
May 19 09:39:56.036462 np0000001037 nova-scheduler[95245]: DEBUG cotyledon.oslo_config_glue [-] oslo_limit.keyfile = None {{(pid=95245) log_opt_values /opt/stack/data/venv/lib/python3.12/site-packages/oslo_config/cfg.py:3006}}
May 19 09:39:56.036462 np0000001037 nova-scheduler[95245]: DEBUG cotyledon.oslo_config_glue [-] oslo_limit.max_version = None {{(pid=95245) log_opt_values /opt/stack/data/venv/lib/python3.12/site-packages/oslo_config/cfg.py:3006}}
May 19 09:39:56.036462 np0000001037 nova-scheduler[95245]: DEBUG cotyledon.oslo_config_glue [-] oslo_limit.min_version = None {{(pid=95245) log_opt_values /opt/stack/data/venv/lib/python3.12/site-packages/oslo_config/cfg.py:3006}}
May 19 09:39:56.036462 np0000001037 nova-scheduler[95245]: DEBUG cotyledon.oslo_config_glue [-] oslo_limit.region_name = None {{(pid=95245) log_opt_values /opt/stack/data/venv/lib/python3.12/site-packages/oslo_config/cfg.py:3006}}
May 19 09:39:56.036612 np0000001037 nova-scheduler[95245]: DEBUG cotyledon.oslo_config_glue [-] oslo_limit.retriable_status_codes = None {{(pid=95245) log_opt_values /opt/stack/data/venv/lib/python3.12/site-packages/oslo_config/cfg.py:3006}}
May 19 09:39:56.036612 np0000001037 nova-scheduler[95245]: DEBUG cotyledon.oslo_config_glue [-] oslo_limit.service_name = None {{(pid=95245) log_opt_values /opt/stack/data/venv/lib/python3.12/site-packages/oslo_config/cfg.py:3006}}
May 19 09:39:56.036612 np0000001037 nova-scheduler[95245]: DEBUG cotyledon.oslo_config_glue [-] oslo_limit.service_type = None {{(pid=95245) log_opt_values /opt/stack/data/venv/lib/python3.12/site-packages/oslo_config/cfg.py:3006}}
May 19 09:39:56.036612 np0000001037 nova-scheduler[95245]: DEBUG cotyledon.oslo_config_glue [-] oslo_limit.split_loggers = False {{(pid=95245) log_opt_values /opt/stack/data/venv/lib/python3.12/site-packages/oslo_config/cfg.py:3006}}
May 19 09:39:56.036612 np0000001037 nova-scheduler[95245]: DEBUG cotyledon.oslo_config_glue [-] oslo_limit.status_code_retries = None {{(pid=95245) log_opt_values /opt/stack/data/venv/lib/python3.12/site-packages/oslo_config/cfg.py:3006}}
May 19 09:39:56.036612 np0000001037 nova-scheduler[95245]: DEBUG cotyledon.oslo_config_glue [-] oslo_limit.status_code_retry_delay = None {{(pid=95245) log_opt_values /opt/stack/data/venv/lib/python3.12/site-packages/oslo_config/cfg.py:3006}}
May 19 09:39:56.036612 np0000001037 nova-scheduler[95245]: DEBUG cotyledon.oslo_config_glue [-] oslo_limit.timeout = None {{(pid=95245) log_opt_values /opt/stack/data/venv/lib/python3.12/site-packages/oslo_config/cfg.py:3006}}
May 19 09:39:56.036612 np0000001037 nova-scheduler[95245]: DEBUG cotyledon.oslo_config_glue [-] oslo_limit.valid_interfaces = None {{(pid=95245) log_opt_values /opt/stack/data/venv/lib/python3.12/site-packages/oslo_config/cfg.py:3006}}
May 19 09:39:56.036612 np0000001037 nova-scheduler[95245]: DEBUG cotyledon.oslo_config_glue [-] oslo_limit.version = None {{(pid=95245) log_opt_values /opt/stack/data/venv/lib/python3.12/site-packages/oslo_config/cfg.py:3006}}
May 19 09:39:56.036775 np0000001037 nova-scheduler[95245]: DEBUG cotyledon.oslo_config_glue [-] oslo_reports.file_event_handler = None {{(pid=95245) log_opt_values /opt/stack/data/venv/lib/python3.12/site-packages/oslo_config/cfg.py:3006}}
May 19 09:39:56.036775 np0000001037 nova-scheduler[95245]: DEBUG cotyledon.oslo_config_glue [-] oslo_reports.file_event_handler_interval = 1 {{(pid=95245) log_opt_values /opt/stack/data/venv/lib/python3.12/site-packages/oslo_config/cfg.py:3006}}
May 19 09:39:56.036775 np0000001037 nova-scheduler[95245]: DEBUG cotyledon.oslo_config_glue [-] oslo_reports.log_dir = None {{(pid=95245) log_opt_values /opt/stack/data/venv/lib/python3.12/site-packages/oslo_config/cfg.py:3006}}
May 19 09:39:56.036775 np0000001037 nova-scheduler[95245]: DEBUG cotyledon.oslo_config_glue [-] ******************************************************************************** {{(pid=95245) log_opt_values /opt/stack/data/venv/lib/python3.12/site-packages/oslo_config/cfg.py:3013}}
May 19 09:39:56.036775 np0000001037 nova-scheduler[95245]: DEBUG cotyledon._service_worker [-] Run service ServiceWrapper(2) [95245] {{(pid=95245) wait_forever /opt/stack/data/venv/lib/python3.12/site-packages/cotyledon/_service_worker.py:218}}
May 19 09:39:56.036775 np0000001037 nova-scheduler[95245]: INFO nova.service [-] Starting scheduler node (version 33.1.0)
May 19 09:39:56.036939 np0000001037 nova-scheduler[95243]: DEBUG oslo_db.sqlalchemy.engines [None req-bd7f61f1-b877-4661-a836-6c5f1bd4db20 None None] MySQL server mode set to STRICT_TRANS_TABLES,STRICT_ALL_TABLES,NO_ZERO_IN_DATE,NO_ZERO_DATE,ERROR_FOR_DIVISION_BY_ZERO,TRADITIONAL,NO_ENGINE_SUBSTITUTION {{(pid=95243) _check_effective_sql_mode /opt/stack/data/venv/lib/python3.12/site-packages/oslo_db/sqlalchemy/engines.py:325}}
May 19 09:39:56.036993 np0000001037 nova-scheduler[95245]: INFO dbcounter [None req-23769e67-824b-45e1-b789-c0c2a29bf6d7 None None] Registered counter for database nova_cell0
May 19 09:39:56.037020 np0000001037 nova-scheduler[95241]: DEBUG oslo_db.sqlalchemy.engines [None req-e0122f47-49a1-4b27-b69b-e46dce88bf6a None None] MySQL server mode set to STRICT_TRANS_TABLES,STRICT_ALL_TABLES,NO_ZERO_IN_DATE,NO_ZERO_DATE,ERROR_FOR_DIVISION_BY_ZERO,TRADITIONAL,NO_ENGINE_SUBSTITUTION {{(pid=95241) _check_effective_sql_mode /opt/stack/data/venv/lib/python3.12/site-packages/oslo_db/sqlalchemy/engines.py:325}}
May 19 09:39:56.037045 np0000001037 nova-scheduler[95243]: DEBUG dbcounter [-] [95243] Writer thread running {{(pid=95243) stat_writer /opt/stack/data/venv/lib/python3.12/site-packages/dbcounter.py:102}}
May 19 09:39:56.037067 np0000001037 nova-scheduler[95245]: DEBUG oslo_db.sqlalchemy.engines [None req-23769e67-824b-45e1-b789-c0c2a29bf6d7 None None] MySQL server mode set to STRICT_TRANS_TABLES,STRICT_ALL_TABLES,NO_ZERO_IN_DATE,NO_ZERO_DATE,ERROR_FOR_DIVISION_BY_ZERO,TRADITIONAL,NO_ENGINE_SUBSTITUTION {{(pid=95245) _check_effective_sql_mode /opt/stack/data/venv/lib/python3.12/site-packages/oslo_db/sqlalchemy/engines.py:325}}
May 19 09:39:56.037090 np0000001037 nova-scheduler[95241]: DEBUG dbcounter [-] [95241] Writer thread running {{(pid=95241) stat_writer /opt/stack/data/venv/lib/python3.12/site-packages/dbcounter.py:102}}
May 19 09:39:56.037125 np0000001037 nova-scheduler[95245]: DEBUG dbcounter [-] [95245] Writer thread running {{(pid=95245) stat_writer /opt/stack/data/venv/lib/python3.12/site-packages/dbcounter.py:102}}
May 19 09:39:56.037163 np0000001037 nova-scheduler[95243]: DEBUG nova.service [None req-bd7f61f1-b877-4661-a836-6c5f1bd4db20 None None] Creating RPC server for service: nova-scheduler on topic: scheduler {{(pid=95243) start /opt/stack/nova/nova/service.py:195}}
May 19 09:39:56.042848 np0000001037 nova-scheduler[95241]: DEBUG nova.service [None req-e0122f47-49a1-4b27-b69b-e46dce88bf6a None None] Creating RPC server for service: nova-scheduler on topic: scheduler {{(pid=95241) start /opt/stack/nova/nova/service.py:195}}
May 19 09:39:56.044487 np0000001037 nova-scheduler[95245]: DEBUG nova.service [None req-23769e67-824b-45e1-b789-c0c2a29bf6d7 None None] Creating RPC server for service: nova-scheduler on topic: scheduler {{(pid=95245) start /opt/stack/nova/nova/service.py:195}}
May 19 09:39:56.065580 np0000001037 nova-scheduler[95241]: DEBUG nova.service [None req-e0122f47-49a1-4b27-b69b-e46dce88bf6a None None] Join ServiceGroup membership for this service scheduler {{(pid=95241) start /opt/stack/nova/nova/service.py:221}}
May 19 09:39:56.065813 np0000001037 nova-scheduler[95241]: DEBUG nova.servicegroup.drivers.db [None req-e0122f47-49a1-4b27-b69b-e46dce88bf6a None None] DB_Driver: join new ServiceGroup member np0000001037 to the scheduler group, service = {{(pid=95241) join /opt/stack/nova/nova/servicegroup/drivers/db.py:44}}
May 19 09:39:56.070793 np0000001037 nova-scheduler[95245]: DEBUG nova.service [None req-23769e67-824b-45e1-b789-c0c2a29bf6d7 None None] Join ServiceGroup membership for this service scheduler {{(pid=95245) start /opt/stack/nova/nova/service.py:221}}
May 19 09:39:56.071060 np0000001037 nova-scheduler[95245]: DEBUG nova.servicegroup.drivers.db [None req-23769e67-824b-45e1-b789-c0c2a29bf6d7 None None] DB_Driver: join new ServiceGroup member np0000001037 to the scheduler group, service = {{(pid=95245) join /opt/stack/nova/nova/servicegroup/drivers/db.py:44}}
May 19 09:39:56.073072 np0000001037 nova-scheduler[95243]: DEBUG nova.service [None req-bd7f61f1-b877-4661-a836-6c5f1bd4db20 None None] Join ServiceGroup membership for this service scheduler {{(pid=95243) start /opt/stack/nova/nova/service.py:221}}
May 19 09:39:56.073322 np0000001037 nova-scheduler[95243]: DEBUG nova.servicegroup.drivers.db [None req-bd7f61f1-b877-4661-a836-6c5f1bd4db20 None None] DB_Driver: join new ServiceGroup member np0000001037 to the scheduler group, service = {{(pid=95243) join /opt/stack/nova/nova/servicegroup/drivers/db.py:44}}
May 19 09:39:58.073455 np0000001037 nova-scheduler[95245]: DEBUG oslo.service.backend._threading.loopingcall [None req-bc736e42-4417-4695-a469-96f57e5c4c0f None None] Dynamic interval looping call 'nova.service.Service.periodic_tasks' sleeping for 60.00 seconds {{(pid=95245) _run_loop /opt/stack/data/venv/lib/python3.12/site-packages/oslo_service/backend/_threading/loopingcall.py:125}}
May 19 09:40:01.078648 np0000001037 nova-scheduler[95241]: DEBUG oslo.service.backend._threading.loopingcall [-] Fixed interval looping call 'nova.servicegroup.drivers.db.DbDriver._report_state' sleeping for 119.99 seconds {{(pid=95241) _run_loop /opt/stack/data/venv/lib/python3.12/site-packages/oslo_service/backend/_threading/loopingcall.py:125}}
May 19 09:40:01.081741 np0000001037 nova-scheduler[95245]: DEBUG oslo.service.backend._threading.loopingcall [-] Fixed interval looping call 'nova.servicegroup.drivers.db.DbDriver._report_state' sleeping for 119.99 seconds {{(pid=95245) _run_loop /opt/stack/data/venv/lib/python3.12/site-packages/oslo_service/backend/_threading/loopingcall.py:125}}
May 19 09:40:01.085515 np0000001037 nova-scheduler[95243]: DEBUG oslo.service.backend._threading.loopingcall [-] Fixed interval looping call 'nova.servicegroup.drivers.db.DbDriver._report_state' sleeping for 119.99 seconds {{(pid=95243) _run_loop /opt/stack/data/venv/lib/python3.12/site-packages/oslo_service/backend/_threading/loopingcall.py:125}}
May 19 09:40:02.067493 np0000001037 nova-scheduler[95241]: DEBUG oslo.service.backend._threading.loopingcall [None req-705f800e-09d4-4ed0-8b01-eed3ba7a8c84 None None] Dynamic interval looping call 'nova.service.Service.periodic_tasks' sleeping for 60.00 seconds {{(pid=95241) _run_loop /opt/stack/data/venv/lib/python3.12/site-packages/oslo_service/backend/_threading/loopingcall.py:125}}
May 19 09:40:04.695477 np0000001037 nova-scheduler[94037]: DEBUG dbcounter [-] [94037] Writing DB stats nova_api:SELECT=3 {{(pid=94037) stat_writer /opt/stack/data/venv/lib/python3.12/site-packages/dbcounter.py:115}}
May 19 09:40:04.777852 np0000001037 nova-scheduler[94037]: DEBUG dbcounter [-] [94037] Writing DB stats nova_cell1:SELECT=1 {{(pid=94037) stat_writer /opt/stack/data/venv/lib/python3.12/site-packages/dbcounter.py:115}}
May 19 09:40:04.781507 np0000001037 nova-scheduler[94037]: DEBUG dbcounter [-] [94037] Writing DB stats nova_cell0:SELECT=1 {{(pid=94037) stat_writer /opt/stack/data/venv/lib/python3.12/site-packages/dbcounter.py:115}}
May 19 09:40:11.074382 np0000001037 nova-scheduler[95241]: DEBUG dbcounter [-] [95241] Writing DB stats nova_cell0:SELECT=4,nova_cell0:INSERT=1,nova_cell0:UPDATE=1 {{(pid=95241) stat_writer /opt/stack/data/venv/lib/python3.12/site-packages/dbcounter.py:115}}
May 19 09:40:11.079802 np0000001037 nova-scheduler[95245]: DEBUG dbcounter [-] [95245] Writing DB stats nova_cell0:SELECT=4,nova_cell0:INSERT=1,nova_cell0:UPDATE=1 {{(pid=95245) stat_writer /opt/stack/data/venv/lib/python3.12/site-packages/dbcounter.py:115}}
May 19 09:40:11.082004 np0000001037 nova-scheduler[95243]: DEBUG dbcounter [-] [95243] Writing DB stats nova_cell0:SELECT=4,nova_cell0:INSERT=1 {{(pid=95243) stat_writer /opt/stack/data/venv/lib/python3.12/site-packages/dbcounter.py:115}}
May 19 09:40:42.075355 np0000001037 nova-scheduler[95243]: DEBUG oslo.service.backend._threading.loopingcall [None req-12c89d08-a051-4b1c-a86f-4ef71ac7e25a None None] Dynamic interval looping call 'nova.service.Service.periodic_tasks' sleeping for 60.00 seconds {{(pid=95243) _run_loop /opt/stack/data/venv/lib/python3.12/site-packages/oslo_service/backend/_threading/loopingcall.py:125}}
May 19 09:40:58.073978 np0000001037 nova-scheduler[95245]: DEBUG oslo.service.backend._threading.loopingcall [None req-bc736e42-4417-4695-a469-96f57e5c4c0f None None] Dynamic interval looping call 'nova.service.Service.periodic_tasks' sleeping for 60.00 seconds {{(pid=95245) _run_loop /opt/stack/data/venv/lib/python3.12/site-packages/oslo_service/backend/_threading/loopingcall.py:125}}
May 19 09:41:02.067964 np0000001037 nova-scheduler[95241]: DEBUG oslo.service.backend._threading.loopingcall [None req-705f800e-09d4-4ed0-8b01-eed3ba7a8c84 None None] Dynamic interval looping call 'nova.service.Service.periodic_tasks' sleeping for 60.00 seconds {{(pid=95241) _run_loop /opt/stack/data/venv/lib/python3.12/site-packages/oslo_service/backend/_threading/loopingcall.py:125}}
May 19 09:41:42.075812 np0000001037 nova-scheduler[95243]: DEBUG oslo.service.backend._threading.loopingcall [None req-12c89d08-a051-4b1c-a86f-4ef71ac7e25a None None] Dynamic interval looping call 'nova.service.Service.periodic_tasks' sleeping for 60.00 seconds {{(pid=95243) _run_loop /opt/stack/data/venv/lib/python3.12/site-packages/oslo_service/backend/_threading/loopingcall.py:125}}
May 19 09:41:58.074412 np0000001037 nova-scheduler[95245]: DEBUG oslo.service.backend._threading.loopingcall [None req-bc736e42-4417-4695-a469-96f57e5c4c0f None None] Dynamic interval looping call 'nova.service.Service.periodic_tasks' sleeping for 60.00 seconds {{(pid=95245) _run_loop /opt/stack/data/venv/lib/python3.12/site-packages/oslo_service/backend/_threading/loopingcall.py:125}}
May 19 09:42:01.074689 np0000001037 nova-scheduler[95241]: DEBUG oslo.service.backend._threading.loopingcall [-] Fixed interval looping call 'nova.servicegroup.drivers.db.DbDriver._report_state' sleeping for 119.99 seconds {{(pid=95241) _run_loop /opt/stack/data/venv/lib/python3.12/site-packages/oslo_service/backend/_threading/loopingcall.py:125}}
May 19 09:42:01.075657 np0000001037 nova-scheduler[95245]: DEBUG oslo.service.backend._threading.loopingcall [-] Fixed interval looping call 'nova.servicegroup.drivers.db.DbDriver._report_state' sleeping for 120.00 seconds {{(pid=95245) _run_loop /opt/stack/data/venv/lib/python3.12/site-packages/oslo_service/backend/_threading/loopingcall.py:125}}
May 19 09:42:01.078487 np0000001037 nova-scheduler[95243]: DEBUG oslo.service.backend._threading.loopingcall [-] Fixed interval looping call 'nova.servicegroup.drivers.db.DbDriver._report_state' sleeping for 120.00 seconds {{(pid=95243) _run_loop /opt/stack/data/venv/lib/python3.12/site-packages/oslo_service/backend/_threading/loopingcall.py:125}}
May 19 09:42:02.068467 np0000001037 nova-scheduler[95241]: DEBUG oslo.service.backend._threading.loopingcall [None req-705f800e-09d4-4ed0-8b01-eed3ba7a8c84 None None] Dynamic interval looping call 'nova.service.Service.periodic_tasks' sleeping for 60.00 seconds {{(pid=95241) _run_loop /opt/stack/data/venv/lib/python3.12/site-packages/oslo_service/backend/_threading/loopingcall.py:125}}
May 19 09:42:11.072377 np0000001037 nova-scheduler[95241]: DEBUG dbcounter [-] [95241] Writing DB stats nova_cell0:SELECT=1,nova_cell0:UPDATE=1 {{(pid=95241) stat_writer /opt/stack/data/venv/lib/python3.12/site-packages/dbcounter.py:115}}
May 19 09:42:11.074829 np0000001037 nova-scheduler[95245]: DEBUG dbcounter [-] [95245] Writing DB stats nova_cell0:SELECT=1,nova_cell0:UPDATE=1 {{(pid=95245) stat_writer /opt/stack/data/venv/lib/python3.12/site-packages/dbcounter.py:115}}
May 19 09:42:11.077212 np0000001037 nova-scheduler[95243]: DEBUG dbcounter [-] [95243] Writing DB stats nova_cell0:SELECT=1 {{(pid=95243) stat_writer /opt/stack/data/venv/lib/python3.12/site-packages/dbcounter.py:115}}
May 19 09:42:29.984876 np0000001037 nova-scheduler[95241]: DEBUG nova.scheduler.manager [None req-5817d917-6f7a-4b4c-9bae-1beeaeddeb31 tempest-DeleteServersTestJSON-1525565556 tempest-DeleteServersTestJSON-1525565556-project-member] Starting to schedule for instances: ['abfa1df1-0cf2-45ca-92fa-538ec0408539'] {{(pid=95241) select_destinations /opt/stack/nova/nova/scheduler/manager.py:210}}
May 19 09:42:29.985671 np0000001037 nova-scheduler[95241]: DEBUG nova.scheduler.request_filter [None req-5817d917-6f7a-4b4c-9bae-1beeaeddeb31 tempest-DeleteServersTestJSON-1525565556 tempest-DeleteServersTestJSON-1525565556-project-member] compute_status_filter request filter added forbidden trait COMPUTE_STATUS_DISABLED {{(pid=95241) compute_status_filter /opt/stack/nova/nova/scheduler/request_filter.py:253}}
May 19 09:42:29.985671 np0000001037 nova-scheduler[95241]: DEBUG nova.scheduler.request_filter [None req-5817d917-6f7a-4b4c-9bae-1beeaeddeb31 tempest-DeleteServersTestJSON-1525565556 tempest-DeleteServersTestJSON-1525565556-project-member] Request filter 'compute_status_filter' took 0.0 seconds {{(pid=95241) wrapper /opt/stack/nova/nova/scheduler/request_filter.py:46}}
May 19 09:42:29.985671 np0000001037 nova-scheduler[95241]: DEBUG nova.scheduler.request_filter [None req-5817d917-6f7a-4b4c-9bae-1beeaeddeb31 tempest-DeleteServersTestJSON-1525565556 tempest-DeleteServersTestJSON-1525565556-project-member] Request filter 'accelerators_filter' took 0.0 seconds {{(pid=95241) wrapper /opt/stack/nova/nova/scheduler/request_filter.py:46}}
May 19 09:42:29.986610 np0000001037 nova-scheduler[95241]: DEBUG nova.scheduler.request_filter [None req-5817d917-6f7a-4b4c-9bae-1beeaeddeb31 tempest-DeleteServersTestJSON-1525565556 tempest-DeleteServersTestJSON-1525565556-project-member] Request filter 'packed_virtqueue_filter' took 0.0 seconds {{(pid=95241) wrapper /opt/stack/nova/nova/scheduler/request_filter.py:46}}
May 19 09:42:29.986610 np0000001037 nova-scheduler[95241]: DEBUG nova.scheduler.request_filter [None req-5817d917-6f7a-4b4c-9bae-1beeaeddeb31 tempest-DeleteServersTestJSON-1525565556 tempest-DeleteServersTestJSON-1525565556-project-member] Request filter 'remote_managed_ports_filter' took 0.0 seconds {{(pid=95241) wrapper /opt/stack/nova/nova/scheduler/request_filter.py:46}}
May 19 09:42:29.986610 np0000001037 nova-scheduler[95241]: DEBUG nova.scheduler.request_filter [None req-5817d917-6f7a-4b4c-9bae-1beeaeddeb31 tempest-DeleteServersTestJSON-1525565556 tempest-DeleteServersTestJSON-1525565556-project-member] ephemeral_encryption_filter skipped {{(pid=95241) ephemeral_encryption_filter /opt/stack/nova/nova/scheduler/request_filter.py:426}}
May 19 09:42:29.986610 np0000001037 nova-scheduler[95241]: DEBUG nova.scheduler.request_filter [None req-5817d917-6f7a-4b4c-9bae-1beeaeddeb31 tempest-DeleteServersTestJSON-1525565556 tempest-DeleteServersTestJSON-1525565556-project-member] virtio_sound_filter skipped {{(pid=95241) virtio_sound_filter /opt/stack/nova/nova/scheduler/request_filter.py:460}}
May 19 09:42:29.986763 np0000001037 nova-scheduler[95241]: DEBUG nova.scheduler.request_filter [None req-5817d917-6f7a-4b4c-9bae-1beeaeddeb31 tempest-DeleteServersTestJSON-1525565556 tempest-DeleteServersTestJSON-1525565556-project-member] tpm_secret_security_filter skipped {{(pid=95241) tpm_secret_security_filter /opt/stack/nova/nova/scheduler/request_filter.py:477}}
May 19 09:42:30.412225 np0000001037 nova-scheduler[95241]: INFO nova.utils [None req-5817d917-6f7a-4b4c-9bae-1beeaeddeb31 tempest-DeleteServersTestJSON-1525565556 tempest-DeleteServersTestJSON-1525565556-project-member] The cell worker thread pool ForkProcess-1.cell_worker is initialized
May 19 09:42:30.412592 np0000001037 nova-scheduler[95241]: DEBUG oslo_concurrency.lockutils [None req-5817d917-6f7a-4b4c-9bae-1beeaeddeb31 tempest-DeleteServersTestJSON-1525565556 tempest-DeleteServersTestJSON-1525565556-project-member] Acquiring lock "cc0c8400-adf2-4400-b729-da2eb9526c80" by "nova.context.set_target_cell..get_or_set_cached_cell_and_set_connections" {{(pid=95241) inner /opt/stack/data/venv/lib/python3.12/site-packages/oslo_concurrency/lockutils.py:506}}
May 19 09:42:30.412798 np0000001037 nova-scheduler[95241]: DEBUG oslo_concurrency.lockutils [None req-5817d917-6f7a-4b4c-9bae-1beeaeddeb31 tempest-DeleteServersTestJSON-1525565556 tempest-DeleteServersTestJSON-1525565556-project-member] Lock "cc0c8400-adf2-4400-b729-da2eb9526c80" acquired by "nova.context.set_target_cell..get_or_set_cached_cell_and_set_connections" :: waited 0.000s {{(pid=95241) inner /opt/stack/data/venv/lib/python3.12/site-packages/oslo_concurrency/lockutils.py:519}}
May 19 09:42:30.414393 np0000001037 nova-scheduler[95241]: DEBUG oslo_concurrency.lockutils [None req-5817d917-6f7a-4b4c-9bae-1beeaeddeb31 tempest-DeleteServersTestJSON-1525565556 tempest-DeleteServersTestJSON-1525565556-project-member] Lock "cc0c8400-adf2-4400-b729-da2eb9526c80" "released" by "nova.context.set_target_cell..get_or_set_cached_cell_and_set_connections" :: held 0.001s {{(pid=95241) inner /opt/stack/data/venv/lib/python3.12/site-packages/oslo_concurrency/lockutils.py:538}}
May 19 09:42:30.416742 np0000001037 nova-scheduler[95241]: INFO dbcounter [None req-5817d917-6f7a-4b4c-9bae-1beeaeddeb31 tempest-DeleteServersTestJSON-1525565556 tempest-DeleteServersTestJSON-1525565556-project-member] Registered counter for database nova_cell1
May 19 09:42:30.426252 np0000001037 nova-scheduler[95241]: DEBUG oslo_db.sqlalchemy.engines [None req-5817d917-6f7a-4b4c-9bae-1beeaeddeb31 tempest-DeleteServersTestJSON-1525565556 tempest-DeleteServersTestJSON-1525565556-project-member] MySQL server mode set to STRICT_TRANS_TABLES,STRICT_ALL_TABLES,NO_ZERO_IN_DATE,NO_ZERO_DATE,ERROR_FOR_DIVISION_BY_ZERO,TRADITIONAL,NO_ENGINE_SUBSTITUTION {{(pid=95241) _check_effective_sql_mode /opt/stack/data/venv/lib/python3.12/site-packages/oslo_db/sqlalchemy/engines.py:325}}
May 19 09:42:30.432524 np0000001037 nova-scheduler[95241]: DEBUG dbcounter [-] [95241] Writer thread running {{(pid=95241) stat_writer /opt/stack/data/venv/lib/python3.12/site-packages/dbcounter.py:102}}
May 19 09:42:30.452812 np0000001037 nova-scheduler[95241]: DEBUG oslo_db.sqlalchemy.engines [None req-5817d917-6f7a-4b4c-9bae-1beeaeddeb31 tempest-DeleteServersTestJSON-1525565556 tempest-DeleteServersTestJSON-1525565556-project-member] Parent process 94037 forked (95241) with an open database connection, which is being discarded and recreated. {{(pid=95241) checkout /opt/stack/data/venv/lib/python3.12/site-packages/oslo_db/sqlalchemy/engines.py:402}}
May 19 09:42:30.459106 np0000001037 nova-scheduler[95241]: DEBUG dbcounter [-] [95241] Writer thread running {{(pid=95241) stat_writer /opt/stack/data/venv/lib/python3.12/site-packages/dbcounter.py:102}}
May 19 09:42:30.461976 np0000001037 nova-scheduler[95241]: DEBUG oslo_concurrency.lockutils [None req-5817d917-6f7a-4b4c-9bae-1beeaeddeb31 tempest-DeleteServersTestJSON-1525565556 tempest-DeleteServersTestJSON-1525565556-project-member] Acquiring lock "cc0c8400-adf2-4400-b729-da2eb9526c80" by "nova.context.set_target_cell..get_or_set_cached_cell_and_set_connections" {{(pid=95241) inner /opt/stack/data/venv/lib/python3.12/site-packages/oslo_concurrency/lockutils.py:506}}
May 19 09:42:30.462084 np0000001037 nova-scheduler[95241]: DEBUG oslo_concurrency.lockutils [None req-5817d917-6f7a-4b4c-9bae-1beeaeddeb31 tempest-DeleteServersTestJSON-1525565556 tempest-DeleteServersTestJSON-1525565556-project-member] Lock "cc0c8400-adf2-4400-b729-da2eb9526c80" acquired by "nova.context.set_target_cell..get_or_set_cached_cell_and_set_connections" :: waited 0.000s {{(pid=95241) inner /opt/stack/data/venv/lib/python3.12/site-packages/oslo_concurrency/lockutils.py:519}}
May 19 09:42:30.462161 np0000001037 nova-scheduler[95241]: DEBUG oslo_concurrency.lockutils [None req-5817d917-6f7a-4b4c-9bae-1beeaeddeb31 tempest-DeleteServersTestJSON-1525565556 tempest-DeleteServersTestJSON-1525565556-project-member] Lock "cc0c8400-adf2-4400-b729-da2eb9526c80" "released" by "nova.context.set_target_cell..get_or_set_cached_cell_and_set_connections" :: held 0.000s {{(pid=95241) inner /opt/stack/data/venv/lib/python3.12/site-packages/oslo_concurrency/lockutils.py:538}}
May 19 09:42:30.465467 np0000001037 nova-scheduler[95241]: DEBUG oslo_concurrency.lockutils [None req-5817d917-6f7a-4b4c-9bae-1beeaeddeb31 tempest-DeleteServersTestJSON-1525565556 tempest-DeleteServersTestJSON-1525565556-project-member] Acquiring lock "('np0000001037', 'np0000001037')" by "nova.scheduler.host_manager.HostState.update.._locked_update" {{(pid=95241) inner /opt/stack/data/venv/lib/python3.12/site-packages/oslo_concurrency/lockutils.py:506}}
May 19 09:42:30.465622 np0000001037 nova-scheduler[95241]: DEBUG oslo_concurrency.lockutils [None req-5817d917-6f7a-4b4c-9bae-1beeaeddeb31 tempest-DeleteServersTestJSON-1525565556 tempest-DeleteServersTestJSON-1525565556-project-member] Lock "('np0000001037', 'np0000001037')" acquired by "nova.scheduler.host_manager.HostState.update.._locked_update" :: waited 0.000s {{(pid=95241) inner /opt/stack/data/venv/lib/python3.12/site-packages/oslo_concurrency/lockutils.py:519}}
May 19 09:42:30.466634 np0000001037 nova-scheduler[95241]: DEBUG nova.scheduler.host_manager [None req-5817d917-6f7a-4b4c-9bae-1beeaeddeb31 tempest-DeleteServersTestJSON-1525565556 tempest-DeleteServersTestJSON-1525565556-project-member] Update host state from compute node: ComputeNode(cpu_allocation_ratio=4.0,cpu_info='{"arch": "x86_64", "model": "EPYC-Milan", "vendor": "AMD", "topology": {"cells": 1, "sockets": 12, "cores": 1, "threads": 1}, "maxphysaddr": {"mode": "emulate", "bits": 40}, "features": ["cx16", "pae", "flushbyasid", "movbe", "topoext", "amd-ssbd", "sse4a", "adx", "f16c", "fsrm", "sse", "xsaveopt", "vme", "xsaveerptr", "ssse3", "stibp-always-on", "xsavec", "npt", "mds-no", "syscall", "msr", "amd-psfd", "hypervisor", "stibp", "abm", "nrip-save", "umip", "cmov", "sse4.2", "fxsr_opt", "tsc-deadline", "vpclmulqdq", "de", "pni", "nx", "pclmuldq", "cx8", "x2apic", "vaes", "svm", "clzero", "xsave", "tsc_adjust", "mmxext", "null-sel-clr-base", "pse", "rdrand", "lbrv", "ssbd", "arch-capabilities", "misalignsse", "tsc", "lm", "pse36", "smap", "virt-ssbd", "bmi2", "aes", "clflush", "pdpe1gb", "pschange-mc-no", "fxsr", "xsaves", "fpu", "clwb", "spec-ctrl", "v-vmsave-vmload", "pge", "svme-addr-chk", "erms", "vgif", "xgetbv1", "3dnowprefetch", "apic", "pku", "popcnt", "ibrs", "rdseed", "sse2", "invpcid", "sep", "clflushopt", "sha-ni", "pcid", "cmp_legacy", "pause-filter", "smep", "rdctl-no", "mca", "lahf_lm", "gds-no", "avx", "pat", "bmi1", "pfthreshold", "arat", "rdtscp", "mtrr", "tsc-scale", "avx2", "vmcb-clean", "mmx", "lfence-always-serializing", "cr8legacy", "skip-l1dfl-vmentry", "sse4.1", "rdpid", "wbnoinvd", "mce", "amd-stibp", "osvw", "fsgsbase", "no-nested-data-bp", "fma", "perfctr_core", "ibpb"]}',created_at=2026-05-19T09:40:21Z,current_workload=0,deleted=False,deleted_at=None,disk_allocation_ratio=1.0,disk_available_least=74,free_disk_gb=95,free_ram_mb=23518,host='np0000001037',host_ip=10.4.3.45,hypervisor_hostname='np0000001037',hypervisor_type='QEMU',hypervisor_version=8002002,id=1,local_gb=95,local_gb_used=0,mapped=1,memory_mb=24030,memory_mb_used=512,metrics='[]',numa_topology='{"nova_object.name": "NUMATopology", "nova_object.namespace": "nova", "nova_object.version": "1.2", "nova_object.data": {"cells": [{"nova_object.name": "NUMACell", "nova_object.namespace": "nova", "nova_object.version": "1.5", "nova_object.data": {"id": 0, "cpuset": [0, 1, 2, 3, 4, 5, 6, 7, 8, 9, 10, 11], "pcpuset": [0, 1, 2, 3, 4, 5, 6, 7, 8, 9, 10, 11], "memory": 24030, "cpu_usage": 0, "memory_usage": 0, "pinned_cpus": [], "siblings": [[6], [2], [5], [11], [8], [4], [1], [7], [10], [0], [3], [9]], "mempages": [{"nova_object.name": "NUMAPagesTopology", "nova_object.namespace": "nova", "nova_object.version": "1.1", "nova_object.data": {"size_kb": 4, "total": 6151797, "used": 0, "reserved": 0}, "nova_object.changes": ["used", "total", "reserved", "size_kb"]}, {"nova_object.name": "NUMAPagesTopology", "nova_object.namespace": "nova", "nova_object.version": "1.1", "nova_object.data": {"size_kb": 2048, "total": 0, "used": 0, "reserved": 0}, "nova_object.changes": ["used", "total", "reserved", "size_kb"]}, {"nova_object.name": "NUMAPagesTopology", "nova_object.namespace": "nova", "nova_object.version": "1.1", "nova_object.data": {"size_kb": 1048576, "total": 0, "used": 0, "reserved": 0}, "nova_object.changes": ["used", "total", "reserved", "size_kb"]}], "network_metadata": {"nova_object.name": "NetworkMetadata", "nova_object.namespace": "nova", "nova_object.version": "1.0", "nova_object.data": {"physnets": [], "tunneled": false}, "nova_object.changes": ["physnets", "tunneled"]}, "socket": null}, "nova_object.changes": ["memory", "pinned_cpus", "memory_usage", "socket", "pcpuset", "network_metadata", "id", "cpu_usage", "mempages", "siblings", "cpuset"]}]}, "nova_object.changes": ["cells"]}',pci_device_pools=PciDevicePoolList,ram_allocation_ratio=1.0,running_vms=0,service_id=2,stats={failed_builds='0',uptime=' 09:42:06 up 24 min, 2 users, load average: 1.01, 1.22, 0.73
May 19 09:42:30.466634 np0000001037 nova-scheduler[95241]: '},supported_hv_specs=[HVSpec,HVSpec,HVSpec,HVSpec,HVSpec,HVSpec,HVSpec,HVSpec,HVSpec,HVSpec,HVSpec,HVSpec,HVSpec,HVSpec,HVSpec,HVSpec,HVSpec,HVSpec,HVSpec,HVSpec,HVSpec,HVSpec,HVSpec,HVSpec,HVSpec],updated_at=2026-05-19T09:42:08Z,uuid=4286fd85-ac8b-41a4-b11d-3e704000f6ca,vcpus=12,vcpus_used=0) {{(pid=95241) _locked_update /opt/stack/nova/nova/scheduler/host_manager.py:168}}
May 19 09:42:30.467369 np0000001037 nova-scheduler[95241]: DEBUG nova.scheduler.host_manager [None req-5817d917-6f7a-4b4c-9bae-1beeaeddeb31 tempest-DeleteServersTestJSON-1525565556 tempest-DeleteServersTestJSON-1525565556-project-member] Update host state with aggregates: [] {{(pid=95241) _locked_update /opt/stack/nova/nova/scheduler/host_manager.py:171}}
May 19 09:42:30.467477 np0000001037 nova-scheduler[95241]: DEBUG nova.scheduler.host_manager [None req-5817d917-6f7a-4b4c-9bae-1beeaeddeb31 tempest-DeleteServersTestJSON-1525565556 tempest-DeleteServersTestJSON-1525565556-project-member] Update host state with service dict: {'id': 2, 'uuid': '1a74b2d5-5fee-4941-9884-ec563dab17cd', 'host': 'np0000001037', 'binary': 'nova-compute', 'topic': 'compute', 'report_count': 2, 'disabled': False, 'disabled_reason': None, 'last_seen_up': datetime.datetime(2026, 5, 19, 9, 42, 29, tzinfo=datetime.timezone.utc), 'forced_down': False, 'version': 72, 'created_at': datetime.datetime(2026, 5, 19, 9, 40, 19, tzinfo=datetime.timezone.utc), 'updated_at': datetime.datetime(2026, 5, 19, 9, 42, 29, tzinfo=datetime.timezone.utc), 'deleted_at': None, 'deleted': False} {{(pid=95241) _locked_update /opt/stack/nova/nova/scheduler/host_manager.py:174}}
May 19 09:42:30.467599 np0000001037 nova-scheduler[95241]: DEBUG nova.scheduler.host_manager [None req-5817d917-6f7a-4b4c-9bae-1beeaeddeb31 tempest-DeleteServersTestJSON-1525565556 tempest-DeleteServersTestJSON-1525565556-project-member] Update host state with instances: [] {{(pid=95241) _locked_update /opt/stack/nova/nova/scheduler/host_manager.py:177}}
May 19 09:42:30.467728 np0000001037 nova-scheduler[95241]: DEBUG oslo_concurrency.lockutils [None req-5817d917-6f7a-4b4c-9bae-1beeaeddeb31 tempest-DeleteServersTestJSON-1525565556 tempest-DeleteServersTestJSON-1525565556-project-member] Lock "('np0000001037', 'np0000001037')" "released" by "nova.scheduler.host_manager.HostState.update.._locked_update" :: held 0.002s {{(pid=95241) inner /opt/stack/data/venv/lib/python3.12/site-packages/oslo_concurrency/lockutils.py:538}}
May 19 09:42:30.468173 np0000001037 nova-scheduler[95241]: DEBUG nova.filters [None req-5817d917-6f7a-4b4c-9bae-1beeaeddeb31 tempest-DeleteServersTestJSON-1525565556 tempest-DeleteServersTestJSON-1525565556-project-member] Starting with 1 host(s) {{(pid=95241) get_filtered_objects /opt/stack/nova/nova/filters.py:70}}
May 19 09:42:30.468359 np0000001037 nova-scheduler[95241]: DEBUG nova.filters [None req-5817d917-6f7a-4b4c-9bae-1beeaeddeb31 tempest-DeleteServersTestJSON-1525565556 tempest-DeleteServersTestJSON-1525565556-project-member] Filter ComputeFilter returned 1 host(s) {{(pid=95241) get_filtered_objects /opt/stack/nova/nova/filters.py:102}}
May 19 09:42:30.468939 np0000001037 nova-scheduler[95241]: DEBUG nova.filters [None req-5817d917-6f7a-4b4c-9bae-1beeaeddeb31 tempest-DeleteServersTestJSON-1525565556 tempest-DeleteServersTestJSON-1525565556-project-member] Filter ComputeCapabilitiesFilter returned 1 host(s) {{(pid=95241) get_filtered_objects /opt/stack/nova/nova/filters.py:102}}
May 19 09:42:30.468939 np0000001037 nova-scheduler[95241]: DEBUG nova.filters [None req-5817d917-6f7a-4b4c-9bae-1beeaeddeb31 tempest-DeleteServersTestJSON-1525565556 tempest-DeleteServersTestJSON-1525565556-project-member] Filter ImagePropertiesFilter returned 1 host(s) {{(pid=95241) get_filtered_objects /opt/stack/nova/nova/filters.py:102}}
May 19 09:42:30.469069 np0000001037 nova-scheduler[95241]: DEBUG nova.filters [None req-5817d917-6f7a-4b4c-9bae-1beeaeddeb31 tempest-DeleteServersTestJSON-1525565556 tempest-DeleteServersTestJSON-1525565556-project-member] Filter ServerGroupAntiAffinityFilter returned 1 host(s) {{(pid=95241) get_filtered_objects /opt/stack/nova/nova/filters.py:102}}
May 19 09:42:30.469118 np0000001037 nova-scheduler[95241]: DEBUG nova.filters [None req-5817d917-6f7a-4b4c-9bae-1beeaeddeb31 tempest-DeleteServersTestJSON-1525565556 tempest-DeleteServersTestJSON-1525565556-project-member] Filter ServerGroupAffinityFilter returned 1 host(s) {{(pid=95241) get_filtered_objects /opt/stack/nova/nova/filters.py:102}}
May 19 09:42:30.469235 np0000001037 nova-scheduler[95241]: DEBUG nova.filters [None req-5817d917-6f7a-4b4c-9bae-1beeaeddeb31 tempest-DeleteServersTestJSON-1525565556 tempest-DeleteServersTestJSON-1525565556-project-member] Filter SameHostFilter returned 1 host(s) {{(pid=95241) get_filtered_objects /opt/stack/nova/nova/filters.py:102}}
May 19 09:42:30.469349 np0000001037 nova-scheduler[95241]: DEBUG nova.filters [None req-5817d917-6f7a-4b4c-9bae-1beeaeddeb31 tempest-DeleteServersTestJSON-1525565556 tempest-DeleteServersTestJSON-1525565556-project-member] Filter DifferentHostFilter returned 1 host(s) {{(pid=95241) get_filtered_objects /opt/stack/nova/nova/filters.py:102}}
May 19 09:42:30.469473 np0000001037 nova-scheduler[95241]: DEBUG nova.scheduler.manager [None req-5817d917-6f7a-4b4c-9bae-1beeaeddeb31 tempest-DeleteServersTestJSON-1525565556 tempest-DeleteServersTestJSON-1525565556-project-member] Filtered [(np0000001037, np0000001037) ram: 23518MB disk: 75776MB io_ops: 0 instances: 0, allocation_candidates: 1] {{(pid=95241) _get_sorted_hosts /opt/stack/nova/nova/scheduler/manager.py:743}}
May 19 09:42:30.469685 np0000001037 nova-scheduler[95241]: DEBUG nova.scheduler.manager [None req-5817d917-6f7a-4b4c-9bae-1beeaeddeb31 tempest-DeleteServersTestJSON-1525565556 tempest-DeleteServersTestJSON-1525565556-project-member] Weighed [WeighedHost [host: (np0000001037, np0000001037) ram: 23518MB disk: 75776MB io_ops: 0 instances: 0, allocation_candidates: 1, weight: 0.0]] {{(pid=95241) _get_sorted_hosts /opt/stack/nova/nova/scheduler/manager.py:765}}
May 19 09:42:30.469859 np0000001037 nova-scheduler[95241]: DEBUG nova.scheduler.utils [None req-5817d917-6f7a-4b4c-9bae-1beeaeddeb31 tempest-DeleteServersTestJSON-1525565556 tempest-DeleteServersTestJSON-1525565556-project-member] Attempting to claim resources in the placement API for instance abfa1df1-0cf2-45ca-92fa-538ec0408539 {{(pid=95241) claim_resources /opt/stack/nova/nova/scheduler/utils.py:1304}}
May 19 09:42:30.614008 np0000001037 nova-scheduler[95241]: DEBUG nova.scheduler.manager [None req-5817d917-6f7a-4b4c-9bae-1beeaeddeb31 tempest-DeleteServersTestJSON-1525565556 tempest-DeleteServersTestJSON-1525565556-project-member] [instance: abfa1df1-0cf2-45ca-92fa-538ec0408539] Selected host: (np0000001037, np0000001037) ram: 23518MB disk: 75776MB io_ops: 0 instances: 0, allocation_candidates: 1 {{(pid=95241) _consume_selected_host /opt/stack/nova/nova/scheduler/manager.py:625}}
May 19 09:42:30.614271 np0000001037 nova-scheduler[95241]: DEBUG oslo_concurrency.lockutils [None req-5817d917-6f7a-4b4c-9bae-1beeaeddeb31 tempest-DeleteServersTestJSON-1525565556 tempest-DeleteServersTestJSON-1525565556-project-member] Acquiring lock "('np0000001037', 'np0000001037')" by "nova.scheduler.host_manager.HostState.consume_from_request.._locked" {{(pid=95241) inner /opt/stack/data/venv/lib/python3.12/site-packages/oslo_concurrency/lockutils.py:506}}
May 19 09:42:30.614430 np0000001037 nova-scheduler[95241]: DEBUG oslo_concurrency.lockutils [None req-5817d917-6f7a-4b4c-9bae-1beeaeddeb31 tempest-DeleteServersTestJSON-1525565556 tempest-DeleteServersTestJSON-1525565556-project-member] Lock "('np0000001037', 'np0000001037')" acquired by "nova.scheduler.host_manager.HostState.consume_from_request.._locked" :: waited 0.000s {{(pid=95241) inner /opt/stack/data/venv/lib/python3.12/site-packages/oslo_concurrency/lockutils.py:519}}
May 19 09:42:30.614583 np0000001037 nova-scheduler[95241]: DEBUG oslo_concurrency.lockutils [None req-5817d917-6f7a-4b4c-9bae-1beeaeddeb31 tempest-DeleteServersTestJSON-1525565556 tempest-DeleteServersTestJSON-1525565556-project-member] Lock "('np0000001037', 'np0000001037')" "released" by "nova.scheduler.host_manager.HostState.consume_from_request.._locked" :: held 0.000s {{(pid=95241) inner /opt/stack/data/venv/lib/python3.12/site-packages/oslo_concurrency/lockutils.py:538}}
May 19 09:42:35.756602 np0000001037 nova-scheduler[95245]: DEBUG nova.scheduler.manager [None req-7d442cb1-e64e-4f47-a1d3-20b53cbb60c2 tempest-ServerActionsTestOtherB-1416490741 tempest-ServerActionsTestOtherB-1416490741-project-member] Starting to schedule for instances: ['c89ac8a1-171c-457d-8827-620b35061a28'] {{(pid=95245) select_destinations /opt/stack/nova/nova/scheduler/manager.py:210}}
May 19 09:42:35.757425 np0000001037 nova-scheduler[95245]: DEBUG nova.scheduler.request_filter [None req-7d442cb1-e64e-4f47-a1d3-20b53cbb60c2 tempest-ServerActionsTestOtherB-1416490741 tempest-ServerActionsTestOtherB-1416490741-project-member] compute_status_filter request filter added forbidden trait COMPUTE_STATUS_DISABLED {{(pid=95245) compute_status_filter /opt/stack/nova/nova/scheduler/request_filter.py:253}}
May 19 09:42:35.757572 np0000001037 nova-scheduler[95245]: DEBUG nova.scheduler.request_filter [None req-7d442cb1-e64e-4f47-a1d3-20b53cbb60c2 tempest-ServerActionsTestOtherB-1416490741 tempest-ServerActionsTestOtherB-1416490741-project-member] Request filter 'compute_status_filter' took 0.0 seconds {{(pid=95245) wrapper /opt/stack/nova/nova/scheduler/request_filter.py:46}}
May 19 09:42:35.758104 np0000001037 nova-scheduler[95245]: DEBUG nova.scheduler.request_filter [None req-7d442cb1-e64e-4f47-a1d3-20b53cbb60c2 tempest-ServerActionsTestOtherB-1416490741 tempest-ServerActionsTestOtherB-1416490741-project-member] Request filter 'accelerators_filter' took 0.0 seconds {{(pid=95245) wrapper /opt/stack/nova/nova/scheduler/request_filter.py:46}}
May 19 09:42:35.758325 np0000001037 nova-scheduler[95245]: DEBUG nova.scheduler.request_filter [None req-7d442cb1-e64e-4f47-a1d3-20b53cbb60c2 tempest-ServerActionsTestOtherB-1416490741 tempest-ServerActionsTestOtherB-1416490741-project-member] Request filter 'packed_virtqueue_filter' took 0.0 seconds {{(pid=95245) wrapper /opt/stack/nova/nova/scheduler/request_filter.py:46}}
May 19 09:42:35.758645 np0000001037 nova-scheduler[95245]: DEBUG nova.scheduler.request_filter [None req-7d442cb1-e64e-4f47-a1d3-20b53cbb60c2 tempest-ServerActionsTestOtherB-1416490741 tempest-ServerActionsTestOtherB-1416490741-project-member] Request filter 'remote_managed_ports_filter' took 0.0 seconds {{(pid=95245) wrapper /opt/stack/nova/nova/scheduler/request_filter.py:46}}
May 19 09:42:35.758845 np0000001037 nova-scheduler[95245]: DEBUG nova.scheduler.request_filter [None req-7d442cb1-e64e-4f47-a1d3-20b53cbb60c2 tempest-ServerActionsTestOtherB-1416490741 tempest-ServerActionsTestOtherB-1416490741-project-member] ephemeral_encryption_filter skipped {{(pid=95245) ephemeral_encryption_filter /opt/stack/nova/nova/scheduler/request_filter.py:426}}
May 19 09:42:35.759033 np0000001037 nova-scheduler[95245]: DEBUG nova.scheduler.request_filter [None req-7d442cb1-e64e-4f47-a1d3-20b53cbb60c2 tempest-ServerActionsTestOtherB-1416490741 tempest-ServerActionsTestOtherB-1416490741-project-member] virtio_sound_filter skipped {{(pid=95245) virtio_sound_filter /opt/stack/nova/nova/scheduler/request_filter.py:460}}
May 19 09:42:35.759873 np0000001037 nova-scheduler[95245]: DEBUG nova.scheduler.request_filter [None req-7d442cb1-e64e-4f47-a1d3-20b53cbb60c2 tempest-ServerActionsTestOtherB-1416490741 tempest-ServerActionsTestOtherB-1416490741-project-member] tpm_secret_security_filter skipped {{(pid=95245) tpm_secret_security_filter /opt/stack/nova/nova/scheduler/request_filter.py:477}}
May 19 09:42:35.863327 np0000001037 nova-scheduler[95245]: INFO nova.utils [None req-7d442cb1-e64e-4f47-a1d3-20b53cbb60c2 tempest-ServerActionsTestOtherB-1416490741 tempest-ServerActionsTestOtherB-1416490741-project-member] The cell worker thread pool ForkProcess-3.cell_worker is initialized
May 19 09:42:35.863671 np0000001037 nova-scheduler[95245]: DEBUG oslo_concurrency.lockutils [None req-7d442cb1-e64e-4f47-a1d3-20b53cbb60c2 tempest-ServerActionsTestOtherB-1416490741 tempest-ServerActionsTestOtherB-1416490741-project-member] Acquiring lock "cc0c8400-adf2-4400-b729-da2eb9526c80" by "nova.context.set_target_cell..get_or_set_cached_cell_and_set_connections" {{(pid=95245) inner /opt/stack/data/venv/lib/python3.12/site-packages/oslo_concurrency/lockutils.py:506}}
May 19 09:42:35.863915 np0000001037 nova-scheduler[95245]: DEBUG oslo_concurrency.lockutils [None req-7d442cb1-e64e-4f47-a1d3-20b53cbb60c2 tempest-ServerActionsTestOtherB-1416490741 tempest-ServerActionsTestOtherB-1416490741-project-member] Lock "cc0c8400-adf2-4400-b729-da2eb9526c80" acquired by "nova.context.set_target_cell..get_or_set_cached_cell_and_set_connections" :: waited 0.000s {{(pid=95245) inner /opt/stack/data/venv/lib/python3.12/site-packages/oslo_concurrency/lockutils.py:519}}
May 19 09:42:35.865316 np0000001037 nova-scheduler[95245]: DEBUG oslo_concurrency.lockutils [None req-7d442cb1-e64e-4f47-a1d3-20b53cbb60c2 tempest-ServerActionsTestOtherB-1416490741 tempest-ServerActionsTestOtherB-1416490741-project-member] Lock "cc0c8400-adf2-4400-b729-da2eb9526c80" "released" by "nova.context.set_target_cell..get_or_set_cached_cell_and_set_connections" :: held 0.001s {{(pid=95245) inner /opt/stack/data/venv/lib/python3.12/site-packages/oslo_concurrency/lockutils.py:538}}
May 19 09:42:35.867376 np0000001037 nova-scheduler[95245]: INFO dbcounter [None req-7d442cb1-e64e-4f47-a1d3-20b53cbb60c2 tempest-ServerActionsTestOtherB-1416490741 tempest-ServerActionsTestOtherB-1416490741-project-member] Registered counter for database nova_cell1
May 19 09:42:35.873531 np0000001037 nova-scheduler[95245]: DEBUG oslo_db.sqlalchemy.engines [None req-7d442cb1-e64e-4f47-a1d3-20b53cbb60c2 tempest-ServerActionsTestOtherB-1416490741 tempest-ServerActionsTestOtherB-1416490741-project-member] MySQL server mode set to STRICT_TRANS_TABLES,STRICT_ALL_TABLES,NO_ZERO_IN_DATE,NO_ZERO_DATE,ERROR_FOR_DIVISION_BY_ZERO,TRADITIONAL,NO_ENGINE_SUBSTITUTION {{(pid=95245) _check_effective_sql_mode /opt/stack/data/venv/lib/python3.12/site-packages/oslo_db/sqlalchemy/engines.py:325}}
May 19 09:42:35.879271 np0000001037 nova-scheduler[95245]: DEBUG dbcounter [-] [95245] Writer thread running {{(pid=95245) stat_writer /opt/stack/data/venv/lib/python3.12/site-packages/dbcounter.py:102}}
May 19 09:42:35.896997 np0000001037 nova-scheduler[95245]: DEBUG dbcounter [-] [95245] Writer thread running {{(pid=95245) stat_writer /opt/stack/data/venv/lib/python3.12/site-packages/dbcounter.py:102}}
May 19 09:42:35.899272 np0000001037 nova-scheduler[95245]: DEBUG oslo_concurrency.lockutils [None req-7d442cb1-e64e-4f47-a1d3-20b53cbb60c2 tempest-ServerActionsTestOtherB-1416490741 tempest-ServerActionsTestOtherB-1416490741-project-member] Acquiring lock "cc0c8400-adf2-4400-b729-da2eb9526c80" by "nova.context.set_target_cell..get_or_set_cached_cell_and_set_connections" {{(pid=95245) inner /opt/stack/data/venv/lib/python3.12/site-packages/oslo_concurrency/lockutils.py:506}}
May 19 09:42:35.899415 np0000001037 nova-scheduler[95245]: DEBUG oslo_concurrency.lockutils [None req-7d442cb1-e64e-4f47-a1d3-20b53cbb60c2 tempest-ServerActionsTestOtherB-1416490741 tempest-ServerActionsTestOtherB-1416490741-project-member] Lock "cc0c8400-adf2-4400-b729-da2eb9526c80" acquired by "nova.context.set_target_cell..get_or_set_cached_cell_and_set_connections" :: waited 0.000s {{(pid=95245) inner /opt/stack/data/venv/lib/python3.12/site-packages/oslo_concurrency/lockutils.py:519}}
May 19 09:42:35.899532 np0000001037 nova-scheduler[95245]: DEBUG oslo_concurrency.lockutils [None req-7d442cb1-e64e-4f47-a1d3-20b53cbb60c2 tempest-ServerActionsTestOtherB-1416490741 tempest-ServerActionsTestOtherB-1416490741-project-member] Lock "cc0c8400-adf2-4400-b729-da2eb9526c80" "released" by "nova.context.set_target_cell..get_or_set_cached_cell_and_set_connections" :: held 0.000s {{(pid=95245) inner /opt/stack/data/venv/lib/python3.12/site-packages/oslo_concurrency/lockutils.py:538}}
May 19 09:42:35.902393 np0000001037 nova-scheduler[95245]: DEBUG oslo_concurrency.lockutils [None req-7d442cb1-e64e-4f47-a1d3-20b53cbb60c2 tempest-ServerActionsTestOtherB-1416490741 tempest-ServerActionsTestOtherB-1416490741-project-member] Acquiring lock "('np0000001037', 'np0000001037')" by "nova.scheduler.host_manager.HostState.update.._locked_update" {{(pid=95245) inner /opt/stack/data/venv/lib/python3.12/site-packages/oslo_concurrency/lockutils.py:506}}
May 19 09:42:35.902600 np0000001037 nova-scheduler[95245]: DEBUG oslo_concurrency.lockutils [None req-7d442cb1-e64e-4f47-a1d3-20b53cbb60c2 tempest-ServerActionsTestOtherB-1416490741 tempest-ServerActionsTestOtherB-1416490741-project-member] Lock "('np0000001037', 'np0000001037')" acquired by "nova.scheduler.host_manager.HostState.update.._locked_update" :: waited 0.000s {{(pid=95245) inner /opt/stack/data/venv/lib/python3.12/site-packages/oslo_concurrency/lockutils.py:519}}
