Aug 09 06:43:01.904150 np0000006812 devstack@g-api.service[99776]: DEBUG glance_store.location [-] Registering scheme https with {'store': , 'location_class': , 'store_entry': 'http'} {{(pid=99776) register_scheme_map /opt/stack/data/venv/lib/python3.12/site-packages/glance_store/location.py:146}}
Aug 09 06:43:01.904262 np0000006812 devstack@g-api.service[99776]: DEBUG glance_store.backend [-] Attempting to import store swift {{(pid=99776) _load_store /opt/stack/data/venv/lib/python3.12/site-packages/glance_store/backend.py:215}}
Aug 09 06:43:01.904504 np0000006812 devstack@g-api.service[99776]: WARNING oslo_config.cfg [-] Deprecated: Option "default_store" from group "glance_store" is deprecated for removal (
Aug 09 06:43:01.904504 np0000006812 devstack@g-api.service[99776]: This option is deprecated against new config option
Aug 09 06:43:01.904504 np0000006812 devstack@g-api.service[99776]: ``default_backend`` which acts similar to ``default_store`` config
Aug 09 06:43:01.904504 np0000006812 devstack@g-api.service[99776]: option.
Aug 09 06:43:01.904504 np0000006812 devstack@g-api.service[99776]: This option is scheduled for removal in the U development
Aug 09 06:43:01.904504 np0000006812 devstack@g-api.service[99776]: cycle.
Aug 09 06:43:01.904504 np0000006812 devstack@g-api.service[99776]: ). Its value may be silently ignored in the future.
Aug 09 06:43:01.905785 np0000006812 devstack@g-api.service[99776]: DEBUG glance_store.capabilities [-] Store glance_store._drivers.swift.store.SingleTenantStore doesn't support updating dynamic storage capabilities. Please overwrite 'update_capabilities' method of the store to implement updating logics if needed. {{(pid=99776) update_capabilities /opt/stack/data/venv/lib/python3.12/site-packages/glance_store/capabilities.py:91}}
Aug 09 06:43:01.905901 np0000006812 devstack@g-api.service[99776]: DEBUG glance_store.backend [-] Registering store swift with schemes ('swift+https', 'swift', 'swift+http', 'swift+config') {{(pid=99776) create_stores /opt/stack/data/venv/lib/python3.12/site-packages/glance_store/backend.py:261}}
Aug 09 06:43:01.906007 np0000006812 devstack@g-api.service[99776]: DEBUG glance_store.driver [-] Late loading location class glance_store._drivers.swift.store.StoreLocation {{(pid=99776) get_store_location_class /opt/stack/data/venv/lib/python3.12/site-packages/glance_store/driver.py:134}}
Aug 09 06:43:01.906130 np0000006812 devstack@g-api.service[99776]: DEBUG glance_store.location [-] Registering scheme swift+https with {'store': , 'location_class': , 'store_entry': 'swift'} {{(pid=99776) register_scheme_map /opt/stack/data/venv/lib/python3.12/site-packages/glance_store/location.py:146}}
Aug 09 06:43:01.906273 np0000006812 devstack@g-api.service[99776]: DEBUG glance_store.location [-] Registering scheme swift with {'store': , 'location_class': , 'store_entry': 'swift'} {{(pid=99776) register_scheme_map /opt/stack/data/venv/lib/python3.12/site-packages/glance_store/location.py:146}}
Aug 09 06:43:01.906420 np0000006812 devstack@g-api.service[99776]: DEBUG glance_store.location [-] Registering scheme swift+http with {'store': , 'location_class': , 'store_entry': 'swift'} {{(pid=99776) register_scheme_map /opt/stack/data/venv/lib/python3.12/site-packages/glance_store/location.py:146}}
Aug 09 06:43:01.906523 np0000006812 devstack@g-api.service[99776]: DEBUG glance_store.location [-] Registering scheme swift+config with {'store': , 'location_class': , 'store_entry': 'swift'} {{(pid=99776) register_scheme_map /opt/stack/data/venv/lib/python3.12/site-packages/glance_store/location.py:146}}
Aug 09 06:43:01.906676 np0000006812 devstack@g-api.service[99776]: DEBUG glance_store.backend [-] Attempting to import store swift {{(pid=99776) _load_store /opt/stack/data/venv/lib/python3.12/site-packages/glance_store/backend.py:215}}
Aug 09 06:43:01.907755 np0000006812 devstack@g-api.service[99776]: DEBUG glance_store.capabilities [-] Store glance_store._drivers.swift.store.SingleTenantStore doesn't support updating dynamic storage capabilities. Please overwrite 'update_capabilities' method of the store to implement updating logics if needed. {{(pid=99776) update_capabilities /opt/stack/data/venv/lib/python3.12/site-packages/glance_store/capabilities.py:91}}
Aug 09 06:43:01.907858 np0000006812 devstack@g-api.service[99776]: DEBUG glance_store.driver [-] Late loading location class glance_store._drivers.swift.store.StoreLocation {{(pid=99776) get_store_location_class /opt/stack/data/venv/lib/python3.12/site-packages/glance_store/driver.py:134}}
Aug 09 06:43:01.907981 np0000006812 devstack@g-api.service[99776]: DEBUG glance_store.location [-] Registering scheme swift+https with {'store': , 'location_class': , 'store_entry': 'swift'} {{(pid=99776) register_scheme_map /opt/stack/data/venv/lib/python3.12/site-packages/glance_store/location.py:146}}
Aug 09 06:43:01.908086 np0000006812 devstack@g-api.service[99776]: DEBUG glance_store.location [-] Registering scheme swift+https with {'store': , 'location_class': , 'store_entry': 'swift'} {{(pid=99776) register_scheme_map /opt/stack/data/venv/lib/python3.12/site-packages/glance_store/location.py:146}}
Aug 09 06:43:01.908181 np0000006812 devstack@g-api.service[99776]: DEBUG glance_store.location [-] Registering scheme swift with {'store': , 'location_class': , 'store_entry': 'swift'} {{(pid=99776) register_scheme_map /opt/stack/data/venv/lib/python3.12/site-packages/glance_store/location.py:146}}
Aug 09 06:43:01.908272 np0000006812 devstack@g-api.service[99776]: DEBUG glance_store.location [-] Registering scheme swift+https with {'store': , 'location_class': , 'store_entry': 'swift'} {{(pid=99776) register_scheme_map /opt/stack/data/venv/lib/python3.12/site-packages/glance_store/location.py:146}}
Aug 09 06:43:01.908365 np0000006812 devstack@g-api.service[99776]: DEBUG glance_store.location [-] Registering scheme swift with {'store': , 'location_class': , 'store_entry': 'swift'} {{(pid=99776) register_scheme_map /opt/stack/data/venv/lib/python3.12/site-packages/glance_store/location.py:146}}
Aug 09 06:43:01.908468 np0000006812 devstack@g-api.service[99776]: DEBUG glance_store.location [-] Registering scheme swift+http with {'store': , 'location_class': , 'store_entry': 'swift'} {{(pid=99776) register_scheme_map /opt/stack/data/venv/lib/python3.12/site-packages/glance_store/location.py:146}}
Aug 09 06:43:01.908558 np0000006812 devstack@g-api.service[99776]: DEBUG glance_store.location [-] Registering scheme swift+https with {'store': , 'location_class': , 'store_entry': 'swift'} {{(pid=99776) register_scheme_map /opt/stack/data/venv/lib/python3.12/site-packages/glance_store/location.py:146}}
Aug 09 06:43:01.908646 np0000006812 devstack@g-api.service[99776]: DEBUG glance_store.location [-] Registering scheme swift with {'store': , 'location_class': , 'store_entry': 'swift'} {{(pid=99776) register_scheme_map /opt/stack/data/venv/lib/python3.12/site-packages/glance_store/location.py:146}}
Aug 09 06:43:01.908739 np0000006812 devstack@g-api.service[99776]: DEBUG glance_store.location [-] Registering scheme swift+http with {'store': , 'location_class': , 'store_entry': 'swift'} {{(pid=99776) register_scheme_map /opt/stack/data/venv/lib/python3.12/site-packages/glance_store/location.py:146}}
Aug 09 06:43:01.908828 np0000006812 devstack@g-api.service[99776]: DEBUG glance_store.location [-] Registering scheme swift+config with {'store': , 'location_class': , 'store_entry': 'swift'} {{(pid=99776) register_scheme_map /opt/stack/data/venv/lib/python3.12/site-packages/glance_store/location.py:146}}
Aug 09 06:43:01.909235 np0000006812 devstack@g-api.service[99776]: DEBUG glance.sqlite_migration [-] SQLite caching database not located, skipping migration {{(pid=99776) get_db_path /opt/stack/glance/glance/sqlite_migration.py:68}}
Aug 09 06:43:01.909502 np0000006812 devstack@g-api.service[99776]: WARNING glance.common.wsgi_app [-] Import methods are enabled but staging directory /tmp/staging/ does not exist; Imports will fail!
Aug 09 06:43:02.038113 np0000006812 devstack@g-api.service[99778]: DEBUG glance.common.config [None req-50b6cf91-f8aa-46ab-9ed4-7015ed8041df None None] Loading glance-api-keystone+cachemanagement from /etc/glance/glance-api-paste.ini {{(pid=99778) load_paste_app /opt/stack/glance/glance/common/config.py:765}}
Aug 09 06:43:02.052845 np0000006812 devstack@g-api.service[99776]: DEBUG glance.common.config [None req-84be57b5-28a9-40b1-8609-daf212390e9e None None] Loading glance-api-keystone+cachemanagement from /etc/glance/glance-api-paste.ini {{(pid=99776) load_paste_app /opt/stack/glance/glance/common/config.py:765}}
Aug 09 06:43:02.053552 np0000006812 devstack@g-api.service[99777]: DEBUG glance.common.config [None req-3a0a940c-83ef-4079-a02a-feed27febacb None None] Loading glance-api-keystone+cachemanagement from /etc/glance/glance-api-paste.ini {{(pid=99777) load_paste_app /opt/stack/glance/glance/common/config.py:765}}
Aug 09 06:43:02.659440 np0000006812 devstack@g-api.service[99778]: INFO glance.image_cache [None req-50b6cf91-f8aa-46ab-9ed4-7015ed8041df None None] Image cache loaded driver 'centralized_db'.
Aug 09 06:43:02.664112 np0000006812 devstack@g-api.service[99777]: INFO glance.image_cache [None req-3a0a940c-83ef-4079-a02a-feed27febacb None None] Image cache loaded driver 'centralized_db'.
Aug 09 06:43:02.677515 np0000006812 devstack@g-api.service[99776]: INFO glance.image_cache [None req-84be57b5-28a9-40b1-8609-daf212390e9e None None] Image cache loaded driver 'centralized_db'.
Aug 09 06:43:02.711528 np0000006812 devstack@g-api.service[99777]: INFO dbcounter [None req-3a0a940c-83ef-4079-a02a-feed27febacb None None] Registered counter for database glance
Aug 09 06:43:02.718231 np0000006812 devstack@g-api.service[99778]: INFO dbcounter [None req-50b6cf91-f8aa-46ab-9ed4-7015ed8041df None None] Registered counter for database glance
Aug 09 06:43:02.725931 np0000006812 devstack@g-api.service[99776]: INFO dbcounter [None req-84be57b5-28a9-40b1-8609-daf212390e9e None None] Registered counter for database glance
Aug 09 06:43:02.754611 np0000006812 devstack@g-api.service[99777]: DEBUG oslo_db.sqlalchemy.engines [None req-3a0a940c-83ef-4079-a02a-feed27febacb None None] MySQL server mode set to STRICT_TRANS_TABLES,STRICT_ALL_TABLES,NO_ZERO_IN_DATE,NO_ZERO_DATE,ERROR_FOR_DIVISION_BY_ZERO,TRADITIONAL,NO_ENGINE_SUBSTITUTION {{(pid=99777) _check_effective_sql_mode /opt/stack/data/venv/lib/python3.12/site-packages/oslo_db/sqlalchemy/engines.py:325}}
Aug 09 06:43:02.762676 np0000006812 devstack@g-api.service[99778]: DEBUG oslo_db.sqlalchemy.engines [None req-50b6cf91-f8aa-46ab-9ed4-7015ed8041df None None] MySQL server mode set to STRICT_TRANS_TABLES,STRICT_ALL_TABLES,NO_ZERO_IN_DATE,NO_ZERO_DATE,ERROR_FOR_DIVISION_BY_ZERO,TRADITIONAL,NO_ENGINE_SUBSTITUTION {{(pid=99778) _check_effective_sql_mode /opt/stack/data/venv/lib/python3.12/site-packages/oslo_db/sqlalchemy/engines.py:325}}
Aug 09 06:43:02.772915 np0000006812 devstack@g-api.service[99776]: DEBUG oslo_db.sqlalchemy.engines [None req-84be57b5-28a9-40b1-8609-daf212390e9e None None] MySQL server mode set to STRICT_TRANS_TABLES,STRICT_ALL_TABLES,NO_ZERO_IN_DATE,NO_ZERO_DATE,ERROR_FOR_DIVISION_BY_ZERO,TRADITIONAL,NO_ENGINE_SUBSTITUTION {{(pid=99776) _check_effective_sql_mode /opt/stack/data/venv/lib/python3.12/site-packages/oslo_db/sqlalchemy/engines.py:325}}
Aug 09 06:43:02.871197 np0000006812 devstack@g-api.service[99777]: DEBUG dbcounter [-] [99777] Writer thread running {{(pid=99777) stat_writer /opt/stack/data/venv/lib/python3.12/site-packages/dbcounter.py:102}}
Aug 09 06:43:02.879487 np0000006812 devstack@g-api.service[99778]: DEBUG dbcounter [-] [99778] Writer thread running {{(pid=99778) stat_writer /opt/stack/data/venv/lib/python3.12/site-packages/dbcounter.py:102}}
Aug 09 06:43:02.882554 np0000006812 devstack@g-api.service[99778]: DEBUG glance.image_cache.drivers.centralized_db [None req-50b6cf91-f8aa-46ab-9ed4-7015ed8041df None None] Node reference is already recorded, ignoring it {{(pid=99778) configure /opt/stack/glance/glance/image_cache/drivers/centralized_db.py:71}}
Aug 09 06:43:02.882924 np0000006812 devstack@g-api.service[99777]: INFO glance.image_cache [None req-3a0a940c-83ef-4079-a02a-feed27febacb None None] Image cache loaded driver 'centralized_db'.
Aug 09 06:43:02.889548 np0000006812 devstack@g-api.service[99778]: INFO glance.image_cache [None req-50b6cf91-f8aa-46ab-9ed4-7015ed8041df None None] Image cache loaded driver 'centralized_db'.
Aug 09 06:43:02.890765 np0000006812 devstack@g-api.service[99777]: DEBUG glance.image_cache.drivers.centralized_db [None req-3a0a940c-83ef-4079-a02a-feed27febacb None None] Node reference is already recorded, ignoring it {{(pid=99777) configure /opt/stack/glance/glance/image_cache/drivers/centralized_db.py:71}}
Aug 09 06:43:02.893288 np0000006812 devstack@g-api.service[99776]: DEBUG dbcounter [-] [99776] Writer thread running {{(pid=99776) stat_writer /opt/stack/data/venv/lib/python3.12/site-packages/dbcounter.py:102}}
Aug 09 06:43:02.895828 np0000006812 devstack@g-api.service[99777]: DEBUG glance.api.v2.cached_images [None req-3a0a940c-83ef-4079-a02a-feed27febacb None None] Started cache worker thread {{(pid=99777) __init__ /opt/stack/glance/glance/api/v2/cached_images.py:71}}
Aug 09 06:43:02.896009 np0000006812 devstack@g-api.service[99776]: DEBUG glance.image_cache.drivers.centralized_db [None req-84be57b5-28a9-40b1-8609-daf212390e9e None None] Node reference is already recorded, ignoring it {{(pid=99776) configure /opt/stack/glance/glance/image_cache/drivers/centralized_db.py:71}}
Aug 09 06:43:02.896687 np0000006812 devstack@g-api.service[99777]: INFO glance.image_cache [None req-3a0a940c-83ef-4079-a02a-feed27febacb None None] Image cache loaded driver 'centralized_db'.
Aug 09 06:43:02.898034 np0000006812 devstack@g-api.service[99778]: DEBUG glance.image_cache.drivers.centralized_db [None req-50b6cf91-f8aa-46ab-9ed4-7015ed8041df None None] Node reference is already recorded, ignoring it {{(pid=99778) configure /opt/stack/glance/glance/image_cache/drivers/centralized_db.py:71}}
Aug 09 06:43:02.903493 np0000006812 devstack@g-api.service[99777]: DEBUG glance.image_cache.drivers.centralized_db [None req-3a0a940c-83ef-4079-a02a-feed27febacb None None] Node reference is already recorded, ignoring it {{(pid=99777) configure /opt/stack/glance/glance/image_cache/drivers/centralized_db.py:71}}
Aug 09 06:43:02.903955 np0000006812 devstack@g-api.service[99778]: DEBUG glance.api.v2.cached_images [None req-50b6cf91-f8aa-46ab-9ed4-7015ed8041df None None] Started cache worker thread {{(pid=99778) __init__ /opt/stack/glance/glance/api/v2/cached_images.py:71}}
Aug 09 06:43:02.904729 np0000006812 devstack@g-api.service[99778]: INFO glance.image_cache [None req-50b6cf91-f8aa-46ab-9ed4-7015ed8041df None None] Image cache loaded driver 'centralized_db'.
Aug 09 06:43:02.904786 np0000006812 devstack@g-api.service[99776]: INFO glance.image_cache [None req-84be57b5-28a9-40b1-8609-daf212390e9e None None] Image cache loaded driver 'centralized_db'.
Aug 09 06:43:02.909601 np0000006812 devstack@g-api.service[99777]: INFO glance.api.middleware.cache_manage [None req-3a0a940c-83ef-4079-a02a-feed27febacb None None] Initialized image cache management middleware
Aug 09 06:43:02.909735 np0000006812 devstack@g-api.service[99777]: INFO glance.image_cache [None req-3a0a940c-83ef-4079-a02a-feed27febacb None None] Image cache loaded driver 'centralized_db'.
Aug 09 06:43:02.912690 np0000006812 devstack@g-api.service[99778]: DEBUG glance.image_cache.drivers.centralized_db [None req-50b6cf91-f8aa-46ab-9ed4-7015ed8041df None None] Node reference is already recorded, ignoring it {{(pid=99778) configure /opt/stack/glance/glance/image_cache/drivers/centralized_db.py:71}}
Aug 09 06:43:02.914824 np0000006812 devstack@g-api.service[99776]: DEBUG glance.image_cache.drivers.centralized_db [None req-84be57b5-28a9-40b1-8609-daf212390e9e None None] Node reference is already recorded, ignoring it {{(pid=99776) configure /opt/stack/glance/glance/image_cache/drivers/centralized_db.py:71}}
Aug 09 06:43:02.916461 np0000006812 devstack@g-api.service[99777]: DEBUG glance.image_cache.drivers.centralized_db [None req-3a0a940c-83ef-4079-a02a-feed27febacb None None] Node reference is already recorded, ignoring it {{(pid=99777) configure /opt/stack/glance/glance/image_cache/drivers/centralized_db.py:71}}
Aug 09 06:43:02.919926 np0000006812 devstack@g-api.service[99777]: INFO glance.api.middleware.cache [None req-3a0a940c-83ef-4079-a02a-feed27febacb None None] Initialized image cache middleware
Aug 09 06:43:02.920601 np0000006812 devstack@g-api.service[99778]: INFO glance.api.middleware.cache_manage [None req-50b6cf91-f8aa-46ab-9ed4-7015ed8041df None None] Initialized image cache management middleware
Aug 09 06:43:02.920743 np0000006812 devstack@g-api.service[99778]: INFO glance.image_cache [None req-50b6cf91-f8aa-46ab-9ed4-7015ed8041df None None] Image cache loaded driver 'centralized_db'.
Aug 09 06:43:02.922570 np0000006812 devstack@g-api.service[99776]: DEBUG glance.api.v2.cached_images [None req-84be57b5-28a9-40b1-8609-daf212390e9e None None] Started cache worker thread {{(pid=99776) __init__ /opt/stack/glance/glance/api/v2/cached_images.py:71}}
Aug 09 06:43:02.923515 np0000006812 devstack@g-api.service[99776]: INFO glance.image_cache [None req-84be57b5-28a9-40b1-8609-daf212390e9e None None] Image cache loaded driver 'centralized_db'.
Aug 09 06:43:02.928737 np0000006812 devstack@g-api.service[99778]: DEBUG glance.image_cache.drivers.centralized_db [None req-50b6cf91-f8aa-46ab-9ed4-7015ed8041df None None] Node reference is already recorded, ignoring it {{(pid=99778) configure /opt/stack/glance/glance/image_cache/drivers/centralized_db.py:71}}
Aug 09 06:43:02.931016 np0000006812 devstack@g-api.service[99777]: DEBUG glance.common.config [None req-3a0a940c-83ef-4079-a02a-feed27febacb None None] ******************************************************************************** {{(pid=99777) log_opt_values /opt/stack/data/venv/lib/python3.12/site-packages/oslo_config/cfg.py:3518}}
Aug 09 06:43:02.931123 np0000006812 devstack@g-api.service[99777]: DEBUG glance.common.config [None req-3a0a940c-83ef-4079-a02a-feed27febacb None None] Configuration options gathered from: {{(pid=99777) log_opt_values /opt/stack/data/venv/lib/python3.12/site-packages/oslo_config/cfg.py:3519}}
Aug 09 06:43:02.931404 np0000006812 devstack@g-api.service[99777]: DEBUG glance.common.config [None req-3a0a940c-83ef-4079-a02a-feed27febacb None None] command line args: [] {{(pid=99777) log_opt_values /opt/stack/data/venv/lib/python3.12/site-packages/oslo_config/cfg.py:3520}}
Aug 09 06:43:02.931544 np0000006812 devstack@g-api.service[99777]: DEBUG glance.common.config [None req-3a0a940c-83ef-4079-a02a-feed27febacb None None] config files: ['/etc/glance/glance-image-import.conf', '/etc/glance/glance-api.conf'] {{(pid=99777) log_opt_values /opt/stack/data/venv/lib/python3.12/site-packages/oslo_config/cfg.py:3521}}
Aug 09 06:43:02.931626 np0000006812 devstack@g-api.service[99777]: DEBUG glance.common.config [None req-3a0a940c-83ef-4079-a02a-feed27febacb None None] ================================================================================ {{(pid=99777) log_opt_values /opt/stack/data/venv/lib/python3.12/site-packages/oslo_config/cfg.py:3526}}
Aug 09 06:43:02.931773 np0000006812 devstack@g-api.service[99777]: DEBUG glance.common.config [None req-3a0a940c-83ef-4079-a02a-feed27febacb None None] allow_anonymous_access = False {{(pid=99777) log_opt_values /opt/stack/data/venv/lib/python3.12/site-packages/oslo_config/cfg.py:3534}}
Aug 09 06:43:02.931890 np0000006812 devstack@g-api.service[99777]: DEBUG glance.common.config [None req-3a0a940c-83ef-4079-a02a-feed27febacb None None] api_limit_max = 1000 {{(pid=99777) log_opt_values /opt/stack/data/venv/lib/python3.12/site-packages/oslo_config/cfg.py:3534}}
Aug 09 06:43:02.932044 np0000006812 devstack@g-api.service[99777]: DEBUG glance.common.config [None req-3a0a940c-83ef-4079-a02a-feed27febacb None None] config_dir = [] {{(pid=99777) log_opt_values /opt/stack/data/venv/lib/python3.12/site-packages/oslo_config/cfg.py:3534}}
Aug 09 06:43:02.932128 np0000006812 devstack@g-api.service[99777]: DEBUG glance.common.config [None req-3a0a940c-83ef-4079-a02a-feed27febacb None None] config_file = ['/etc/glance/glance-image-import.conf', '/etc/glance/glance-api.conf'] {{(pid=99777) log_opt_values /opt/stack/data/venv/lib/python3.12/site-packages/oslo_config/cfg.py:3534}}
Aug 09 06:43:02.932246 np0000006812 devstack@g-api.service[99777]: DEBUG glance.common.config [None req-3a0a940c-83ef-4079-a02a-feed27febacb None None] config_source = [] {{(pid=99777) log_opt_values /opt/stack/data/venv/lib/python3.12/site-packages/oslo_config/cfg.py:3534}}
Aug 09 06:43:02.932348 np0000006812 devstack@g-api.service[99777]: DEBUG glance.common.config [None req-3a0a940c-83ef-4079-a02a-feed27febacb None None] control_exchange = glance {{(pid=99777) log_opt_values /opt/stack/data/venv/lib/python3.12/site-packages/oslo_config/cfg.py:3534}}
Aug 09 06:43:02.932456 np0000006812 devstack@g-api.service[99777]: DEBUG glance.common.config [None req-3a0a940c-83ef-4079-a02a-feed27febacb None None] debug = True {{(pid=99777) log_opt_values /opt/stack/data/venv/lib/python3.12/site-packages/oslo_config/cfg.py:3534}}
Aug 09 06:43:02.932617 np0000006812 devstack@g-api.service[99777]: DEBUG glance.common.config [None req-3a0a940c-83ef-4079-a02a-feed27febacb None None] default_log_levels = ['amqp=WARN', 'boto=WARN', 'sqlalchemy=WARN', 'suds=INFO', 'oslo.messaging=INFO', 'oslo_messaging=INFO', 'iso8601=WARN', 'requests.packages.urllib3.connectionpool=WARN', 'urllib3.connectionpool=WARN', 'websocket=WARN', 'requests.packages.urllib3.util.retry=WARN', 'urllib3.util.retry=WARN', 'keystonemiddleware=WARN', 'routes.middleware=WARN', 'stevedore=WARN', 'taskflow=WARN', 'keystoneauth=WARN', 'oslo.cache=INFO', 'oslo_policy=INFO', 'dogpile.core.dogpile=INFO'] {{(pid=99777) log_opt_values /opt/stack/data/venv/lib/python3.12/site-packages/oslo_config/cfg.py:3534}}
Aug 09 06:43:02.932744 np0000006812 devstack@g-api.service[99777]: DEBUG glance.common.config [None req-3a0a940c-83ef-4079-a02a-feed27febacb None None] default_publisher_id = image.localhost {{(pid=99777) log_opt_values /opt/stack/data/venv/lib/python3.12/site-packages/oslo_config/cfg.py:3534}}
Aug 09 06:43:02.932850 np0000006812 devstack@g-api.service[99777]: DEBUG glance.common.config [None req-3a0a940c-83ef-4079-a02a-feed27febacb None None] delayed_delete = False {{(pid=99777) log_opt_values /opt/stack/data/venv/lib/python3.12/site-packages/oslo_config/cfg.py:3534}}
Aug 09 06:43:02.932946 np0000006812 devstack@g-api.service[99777]: DEBUG glance.common.config [None req-3a0a940c-83ef-4079-a02a-feed27febacb None None] digest_algorithm = sha256 {{(pid=99777) log_opt_values /opt/stack/data/venv/lib/python3.12/site-packages/oslo_config/cfg.py:3534}}
Aug 09 06:43:02.933052 np0000006812 devstack@g-api.service[99776]: DEBUG glance.image_cache.drivers.centralized_db [None req-84be57b5-28a9-40b1-8609-daf212390e9e None None] Node reference is already recorded, ignoring it {{(pid=99776) configure /opt/stack/glance/glance/image_cache/drivers/centralized_db.py:71}}
Aug 09 06:43:02.933085 np0000006812 devstack@g-api.service[99777]: DEBUG glance.common.config [None req-3a0a940c-83ef-4079-a02a-feed27febacb None None] disabled_notifications = [] {{(pid=99777) log_opt_values /opt/stack/data/venv/lib/python3.12/site-packages/oslo_config/cfg.py:3534}}
Aug 09 06:43:02.933151 np0000006812 devstack@g-api.service[99777]: DEBUG glance.common.config [None req-3a0a940c-83ef-4079-a02a-feed27febacb None None] do_secure_hash = True {{(pid=99777) log_opt_values /opt/stack/data/venv/lib/python3.12/site-packages/oslo_config/cfg.py:3534}}
Aug 09 06:43:02.933233 np0000006812 devstack@g-api.service[99778]: INFO glance.api.middleware.cache [None req-50b6cf91-f8aa-46ab-9ed4-7015ed8041df None None] Initialized image cache middleware
Aug 09 06:43:02.933269 np0000006812 devstack@g-api.service[99777]: DEBUG glance.common.config [None req-3a0a940c-83ef-4079-a02a-feed27febacb None None] enabled_backends = None {{(pid=99777) log_opt_values /opt/stack/data/venv/lib/python3.12/site-packages/oslo_config/cfg.py:3534}}
Aug 09 06:43:02.933410 np0000006812 devstack@g-api.service[99777]: DEBUG glance.common.config [None req-3a0a940c-83ef-4079-a02a-feed27febacb None None] enabled_import_methods = ['glance-direct', 'web-download', 'copy-image'] {{(pid=99777) log_opt_values /opt/stack/data/venv/lib/python3.12/site-packages/oslo_config/cfg.py:3534}}
Aug 09 06:43:02.933522 np0000006812 devstack@g-api.service[99777]: DEBUG glance.common.config [None req-3a0a940c-83ef-4079-a02a-feed27febacb None None] fatal_deprecations = False {{(pid=99777) log_opt_values /opt/stack/data/venv/lib/python3.12/site-packages/oslo_config/cfg.py:3534}}
Aug 09 06:43:02.933617 np0000006812 devstack@g-api.service[99777]: DEBUG glance.common.config [None req-3a0a940c-83ef-4079-a02a-feed27febacb None None] hashing_algorithm = sha512 {{(pid=99777) log_opt_values /opt/stack/data/venv/lib/python3.12/site-packages/oslo_config/cfg.py:3534}}
Aug 09 06:43:02.933705 np0000006812 devstack@g-api.service[99777]: DEBUG glance.common.config [None req-3a0a940c-83ef-4079-a02a-feed27febacb None None] http_retries = 3 {{(pid=99777) log_opt_values /opt/stack/data/venv/lib/python3.12/site-packages/oslo_config/cfg.py:3534}}
Aug 09 06:43:02.933823 np0000006812 devstack@g-api.service[99777]: DEBUG glance.common.config [None req-3a0a940c-83ef-4079-a02a-feed27febacb None None] image_cache_dir = /opt/stack/data/glance/cache/ {{(pid=99777) log_opt_values /opt/stack/data/venv/lib/python3.12/site-packages/oslo_config/cfg.py:3534}}
Aug 09 06:43:02.933921 np0000006812 devstack@g-api.service[99777]: DEBUG glance.common.config [None req-3a0a940c-83ef-4079-a02a-feed27febacb None None] image_cache_driver = centralized_db {{(pid=99777) log_opt_values /opt/stack/data/venv/lib/python3.12/site-packages/oslo_config/cfg.py:3534}}
Aug 09 06:43:02.934038 np0000006812 devstack@g-api.service[99777]: DEBUG glance.common.config [None req-3a0a940c-83ef-4079-a02a-feed27febacb None None] image_cache_max_size = 10737418240 {{(pid=99777) log_opt_values /opt/stack/data/venv/lib/python3.12/site-packages/oslo_config/cfg.py:3534}}
Aug 09 06:43:02.934143 np0000006812 devstack@g-api.service[99777]: DEBUG glance.common.config [None req-3a0a940c-83ef-4079-a02a-feed27febacb None None] image_cache_sqlite_db = cache.db {{(pid=99777) log_opt_values /opt/stack/data/venv/lib/python3.12/site-packages/oslo_config/cfg.py:3534}}
Aug 09 06:43:02.934249 np0000006812 devstack@g-api.service[99777]: DEBUG glance.common.config [None req-3a0a940c-83ef-4079-a02a-feed27febacb None None] image_cache_stall_time = 86400 {{(pid=99777) log_opt_values /opt/stack/data/venv/lib/python3.12/site-packages/oslo_config/cfg.py:3534}}
Aug 09 06:43:02.934335 np0000006812 devstack@g-api.service[99777]: DEBUG glance.common.config [None req-3a0a940c-83ef-4079-a02a-feed27febacb None None] image_location_quota = 10 {{(pid=99777) log_opt_values /opt/stack/data/venv/lib/python3.12/site-packages/oslo_config/cfg.py:3534}}
Aug 09 06:43:02.934457 np0000006812 devstack@g-api.service[99777]: DEBUG glance.common.config [None req-3a0a940c-83ef-4079-a02a-feed27febacb None None] image_member_quota = 128 {{(pid=99777) log_opt_values /opt/stack/data/venv/lib/python3.12/site-packages/oslo_config/cfg.py:3534}}
Aug 09 06:43:02.934546 np0000006812 devstack@g-api.service[99777]: DEBUG glance.common.config [None req-3a0a940c-83ef-4079-a02a-feed27febacb None None] image_property_quota = 128 {{(pid=99777) log_opt_values /opt/stack/data/venv/lib/python3.12/site-packages/oslo_config/cfg.py:3534}}
Aug 09 06:43:02.934662 np0000006812 devstack@g-api.service[99777]: DEBUG glance.common.config [None req-3a0a940c-83ef-4079-a02a-feed27febacb None None] image_size_cap = 1099511627776 {{(pid=99777) log_opt_values /opt/stack/data/venv/lib/python3.12/site-packages/oslo_config/cfg.py:3534}}
Aug 09 06:43:02.934783 np0000006812 devstack@g-api.service[99777]: DEBUG glance.common.config [None req-3a0a940c-83ef-4079-a02a-feed27febacb None None] image_tag_quota = 128 {{(pid=99777) log_opt_values /opt/stack/data/venv/lib/python3.12/site-packages/oslo_config/cfg.py:3534}}
Aug 09 06:43:02.934881 np0000006812 devstack@g-api.service[99777]: DEBUG glance.common.config [None req-3a0a940c-83ef-4079-a02a-feed27febacb None None] instance_format = [instance: %(uuid)s] {{(pid=99777) log_opt_values /opt/stack/data/venv/lib/python3.12/site-packages/oslo_config/cfg.py:3534}}
Aug 09 06:43:02.934975 np0000006812 devstack@g-api.service[99777]: DEBUG glance.common.config [None req-3a0a940c-83ef-4079-a02a-feed27febacb None None] instance_uuid_format = [instance: %(uuid)s] {{(pid=99777) log_opt_values /opt/stack/data/venv/lib/python3.12/site-packages/oslo_config/cfg.py:3534}}
Aug 09 06:43:02.935077 np0000006812 devstack@g-api.service[99777]: DEBUG glance.common.config [None req-3a0a940c-83ef-4079-a02a-feed27febacb None None] limit_param_default = 25 {{(pid=99777) log_opt_values /opt/stack/data/venv/lib/python3.12/site-packages/oslo_config/cfg.py:3534}}
Aug 09 06:43:02.935184 np0000006812 devstack@g-api.service[99777]: DEBUG glance.common.config [None req-3a0a940c-83ef-4079-a02a-feed27febacb None None] log_color = False {{(pid=99777) log_opt_values /opt/stack/data/venv/lib/python3.12/site-packages/oslo_config/cfg.py:3534}}
Aug 09 06:43:02.935277 np0000006812 devstack@g-api.service[99777]: DEBUG glance.common.config [None req-3a0a940c-83ef-4079-a02a-feed27febacb None None] log_config_append = None {{(pid=99777) log_opt_values /opt/stack/data/venv/lib/python3.12/site-packages/oslo_config/cfg.py:3534}}
Aug 09 06:43:02.935378 np0000006812 devstack@g-api.service[99777]: DEBUG glance.common.config [None req-3a0a940c-83ef-4079-a02a-feed27febacb None None] log_date_format = %Y-%m-%d %H:%M:%S {{(pid=99777) log_opt_values /opt/stack/data/venv/lib/python3.12/site-packages/oslo_config/cfg.py:3534}}
Aug 09 06:43:02.935476 np0000006812 devstack@g-api.service[99777]: DEBUG glance.common.config [None req-3a0a940c-83ef-4079-a02a-feed27febacb None None] log_dir = None {{(pid=99777) log_opt_values /opt/stack/data/venv/lib/python3.12/site-packages/oslo_config/cfg.py:3534}}
Aug 09 06:43:02.935562 np0000006812 devstack@g-api.service[99777]: DEBUG glance.common.config [None req-3a0a940c-83ef-4079-a02a-feed27febacb None None] log_file = None {{(pid=99777) log_opt_values /opt/stack/data/venv/lib/python3.12/site-packages/oslo_config/cfg.py:3534}}
Aug 09 06:43:02.935648 np0000006812 devstack@g-api.service[99777]: DEBUG glance.common.config [None req-3a0a940c-83ef-4079-a02a-feed27febacb None None] log_rotate_interval = 1 {{(pid=99777) log_opt_values /opt/stack/data/venv/lib/python3.12/site-packages/oslo_config/cfg.py:3534}}
Aug 09 06:43:02.935770 np0000006812 devstack@g-api.service[99777]: DEBUG glance.common.config [None req-3a0a940c-83ef-4079-a02a-feed27febacb None None] log_rotate_interval_type = days {{(pid=99777) log_opt_values /opt/stack/data/venv/lib/python3.12/site-packages/oslo_config/cfg.py:3534}}
Aug 09 06:43:02.935902 np0000006812 devstack@g-api.service[99777]: DEBUG glance.common.config [None req-3a0a940c-83ef-4079-a02a-feed27febacb None None] log_rotation_type = none {{(pid=99777) log_opt_values /opt/stack/data/venv/lib/python3.12/site-packages/oslo_config/cfg.py:3534}}
Aug 09 06:43:02.935977 np0000006812 devstack@g-api.service[99777]: DEBUG glance.common.config [None req-3a0a940c-83ef-4079-a02a-feed27febacb None None] logging_context_format_string = %(color)s%(levelname)s %(name)s [%(global_request_id)s %(request_id)s %(project_name)s %(user_name)s%(color)s] %(instance)s%(color)s%(message)s {{(pid=99777) log_opt_values /opt/stack/data/venv/lib/python3.12/site-packages/oslo_config/cfg.py:3534}}
Aug 09 06:43:02.936064 np0000006812 devstack@g-api.service[99777]: DEBUG glance.common.config [None req-3a0a940c-83ef-4079-a02a-feed27febacb None None] logging_debug_format_suffix = {{(pid=%(process)d) %(funcName)s %(pathname)s:%(lineno)d}} {{(pid=99777) log_opt_values /opt/stack/data/venv/lib/python3.12/site-packages/oslo_config/cfg.py:3534}}
Aug 09 06:43:02.936175 np0000006812 devstack@g-api.service[99777]: DEBUG glance.common.config [None req-3a0a940c-83ef-4079-a02a-feed27febacb None None] logging_default_format_string = %(color)s%(levelname)s %(name)s [-%(color)s] %(instance)s%(color)s%(message)s {{(pid=99777) log_opt_values /opt/stack/data/venv/lib/python3.12/site-packages/oslo_config/cfg.py:3534}}
Aug 09 06:43:02.936275 np0000006812 devstack@g-api.service[99777]: DEBUG glance.common.config [None req-3a0a940c-83ef-4079-a02a-feed27febacb None None] logging_exception_prefix = ERROR %(name)s %(instance)s {{(pid=99777) log_opt_values /opt/stack/data/venv/lib/python3.12/site-packages/oslo_config/cfg.py:3534}}
Aug 09 06:43:02.936343 np0000006812 devstack@g-api.service[99777]: DEBUG glance.common.config [None req-3a0a940c-83ef-4079-a02a-feed27febacb None None] logging_user_identity_format = %(user)s %(project)s %(domain)s %(system_scope)s %(user_domain)s %(project_domain)s {{(pid=99777) log_opt_values /opt/stack/data/venv/lib/python3.12/site-packages/oslo_config/cfg.py:3534}}
Aug 09 06:43:02.936481 np0000006812 devstack@g-api.service[99777]: DEBUG glance.common.config [None req-3a0a940c-83ef-4079-a02a-feed27febacb None None] max_logfile_count = 30 {{(pid=99777) log_opt_values /opt/stack/data/venv/lib/python3.12/site-packages/oslo_config/cfg.py:3534}}
Aug 09 06:43:02.936575 np0000006812 devstack@g-api.service[99777]: DEBUG glance.common.config [None req-3a0a940c-83ef-4079-a02a-feed27febacb None None] max_logfile_size_mb = 200 {{(pid=99777) log_opt_values /opt/stack/data/venv/lib/python3.12/site-packages/oslo_config/cfg.py:3534}}
Aug 09 06:43:02.936660 np0000006812 devstack@g-api.service[99777]: DEBUG glance.common.config [None req-3a0a940c-83ef-4079-a02a-feed27febacb None None] max_request_id_length = 64 {{(pid=99777) log_opt_values /opt/stack/data/venv/lib/python3.12/site-packages/oslo_config/cfg.py:3534}}
Aug 09 06:43:02.936765 np0000006812 devstack@g-api.service[99777]: DEBUG glance.common.config [None req-3a0a940c-83ef-4079-a02a-feed27febacb None None] metadata_encryption_key = **** {{(pid=99777) log_opt_values /opt/stack/data/venv/lib/python3.12/site-packages/oslo_config/cfg.py:3534}}
Aug 09 06:43:02.936895 np0000006812 devstack@g-api.service[99777]: DEBUG glance.common.config [None req-3a0a940c-83ef-4079-a02a-feed27febacb None None] node_staging_uri = file:///tmp/staging/ {{(pid=99777) log_opt_values /opt/stack/data/venv/lib/python3.12/site-packages/oslo_config/cfg.py:3534}}
Aug 09 06:43:02.937000 np0000006812 devstack@g-api.service[99777]: DEBUG glance.common.config [None req-3a0a940c-83ef-4079-a02a-feed27febacb None None] property_protection_file = None {{(pid=99777) log_opt_values /opt/stack/data/venv/lib/python3.12/site-packages/oslo_config/cfg.py:3534}}
Aug 09 06:43:02.937102 np0000006812 devstack@g-api.service[99777]: DEBUG glance.common.config [None req-3a0a940c-83ef-4079-a02a-feed27febacb None None] property_protection_rule_format = roles {{(pid=99777) log_opt_values /opt/stack/data/venv/lib/python3.12/site-packages/oslo_config/cfg.py:3534}}
Aug 09 06:43:02.937206 np0000006812 devstack@g-api.service[99777]: DEBUG glance.common.config [None req-3a0a940c-83ef-4079-a02a-feed27febacb None None] public_endpoint = https://10.4.3.245/image {{(pid=99777) log_opt_values /opt/stack/data/venv/lib/python3.12/site-packages/oslo_config/cfg.py:3534}}
Aug 09 06:43:02.937294 np0000006812 devstack@g-api.service[99777]: DEBUG glance.common.config [None req-3a0a940c-83ef-4079-a02a-feed27febacb None None] publish_errors = False {{(pid=99777) log_opt_values /opt/stack/data/venv/lib/python3.12/site-packages/oslo_config/cfg.py:3534}}
Aug 09 06:43:02.937405 np0000006812 devstack@g-api.service[99777]: DEBUG glance.common.config [None req-3a0a940c-83ef-4079-a02a-feed27febacb None None] pydev_worker_debug_host = None {{(pid=99777) log_opt_values /opt/stack/data/venv/lib/python3.12/site-packages/oslo_config/cfg.py:3534}}
Aug 09 06:43:02.937506 np0000006812 devstack@g-api.service[99777]: DEBUG glance.common.config [None req-3a0a940c-83ef-4079-a02a-feed27febacb None None] pydev_worker_debug_port = 5678 {{(pid=99777) log_opt_values /opt/stack/data/venv/lib/python3.12/site-packages/oslo_config/cfg.py:3534}}
Aug 09 06:43:02.937593 np0000006812 devstack@g-api.service[99777]: DEBUG glance.common.config [None req-3a0a940c-83ef-4079-a02a-feed27febacb None None] rate_limit_burst = 0 {{(pid=99777) log_opt_values /opt/stack/data/venv/lib/python3.12/site-packages/oslo_config/cfg.py:3534}}
Aug 09 06:43:02.937686 np0000006812 devstack@g-api.service[99777]: DEBUG glance.common.config [None req-3a0a940c-83ef-4079-a02a-feed27febacb None None] rate_limit_except_level = CRITICAL {{(pid=99777) log_opt_values /opt/stack/data/venv/lib/python3.12/site-packages/oslo_config/cfg.py:3534}}
Aug 09 06:43:02.937791 np0000006812 devstack@g-api.service[99777]: DEBUG glance.common.config [None req-3a0a940c-83ef-4079-a02a-feed27febacb None None] rate_limit_interval = 0 {{(pid=99777) log_opt_values /opt/stack/data/venv/lib/python3.12/site-packages/oslo_config/cfg.py:3534}}
Aug 09 06:43:02.937921 np0000006812 devstack@g-api.service[99777]: DEBUG glance.common.config [None req-3a0a940c-83ef-4079-a02a-feed27febacb None None] scrub_pool_size = 1 {{(pid=99777) log_opt_values /opt/stack/data/venv/lib/python3.12/site-packages/oslo_config/cfg.py:3534}}
Aug 09 06:43:02.938053 np0000006812 devstack@g-api.service[99777]: DEBUG glance.common.config [None req-3a0a940c-83ef-4079-a02a-feed27febacb None None] scrub_time = 0 {{(pid=99777) log_opt_values /opt/stack/data/venv/lib/python3.12/site-packages/oslo_config/cfg.py:3534}}
Aug 09 06:43:02.938143 np0000006812 devstack@g-api.service[99777]: DEBUG glance.common.config [None req-3a0a940c-83ef-4079-a02a-feed27febacb None None] shell_completion = None {{(pid=99777) log_opt_values /opt/stack/data/venv/lib/python3.12/site-packages/oslo_config/cfg.py:3534}}
Aug 09 06:43:02.938252 np0000006812 devstack@g-api.service[99777]: DEBUG glance.common.config [None req-3a0a940c-83ef-4079-a02a-feed27febacb None None] show_image_direct_url = False {{(pid=99777) log_opt_values /opt/stack/data/venv/lib/python3.12/site-packages/oslo_config/cfg.py:3534}}
Aug 09 06:43:02.938505 np0000006812 devstack@g-api.service[99777]: WARNING oslo_config.cfg [None req-3a0a940c-83ef-4079-a02a-feed27febacb None None] Deprecated: Option "show_multiple_locations" from group "DEFAULT" is deprecated for removal (Use of this option, deprecated since Newton, is a security risk and will be removed once we figure out a way to satisfy those use cases that currently require it. An earlier announcement that the same functionality can be achieved with greater granularity by using policies is incorrect. You cannot work around this option via policy configuration at the present time, though that is the direction we believe the fix will take. Please keep an eye on the Glance release notes to stay up to date on progress in addressing this issue.). Its value may be silently ignored in the future.
Aug 09 06:43:02.938608 np0000006812 devstack@g-api.service[99777]: DEBUG glance.common.config [None req-3a0a940c-83ef-4079-a02a-feed27febacb None None] show_multiple_locations = False {{(pid=99777) log_opt_values /opt/stack/data/venv/lib/python3.12/site-packages/oslo_config/cfg.py:3534}}
Aug 09 06:43:02.938705 np0000006812 devstack@g-api.service[99777]: DEBUG glance.common.config [None req-3a0a940c-83ef-4079-a02a-feed27febacb None None] syslog_log_facility = LOG_USER {{(pid=99777) log_opt_values /opt/stack/data/venv/lib/python3.12/site-packages/oslo_config/cfg.py:3534}}
Aug 09 06:43:02.938810 np0000006812 devstack@g-api.service[99777]: DEBUG glance.common.config [None req-3a0a940c-83ef-4079-a02a-feed27febacb None None] transport_url = **** {{(pid=99777) log_opt_values /opt/stack/data/venv/lib/python3.12/site-packages/oslo_config/cfg.py:3534}}
Aug 09 06:43:02.938926 np0000006812 devstack@g-api.service[99777]: DEBUG glance.common.config [None req-3a0a940c-83ef-4079-a02a-feed27febacb None None] use_journal = False {{(pid=99777) log_opt_values /opt/stack/data/venv/lib/python3.12/site-packages/oslo_config/cfg.py:3534}}
Aug 09 06:43:02.939053 np0000006812 devstack@g-api.service[99777]: DEBUG glance.common.config [None req-3a0a940c-83ef-4079-a02a-feed27febacb None None] use_json = False {{(pid=99777) log_opt_values /opt/stack/data/venv/lib/python3.12/site-packages/oslo_config/cfg.py:3534}}
Aug 09 06:43:02.939151 np0000006812 devstack@g-api.service[99777]: DEBUG glance.common.config [None req-3a0a940c-83ef-4079-a02a-feed27febacb None None] use_keystone_limits = True {{(pid=99777) log_opt_values /opt/stack/data/venv/lib/python3.12/site-packages/oslo_config/cfg.py:3534}}
Aug 09 06:43:02.939252 np0000006812 devstack@g-api.service[99777]: DEBUG glance.common.config [None req-3a0a940c-83ef-4079-a02a-feed27febacb None None] use_stderr = False {{(pid=99777) log_opt_values /opt/stack/data/venv/lib/python3.12/site-packages/oslo_config/cfg.py:3534}}
Aug 09 06:43:02.939342 np0000006812 devstack@g-api.service[99777]: DEBUG glance.common.config [None req-3a0a940c-83ef-4079-a02a-feed27febacb None None] use_syslog = False {{(pid=99777) log_opt_values /opt/stack/data/venv/lib/python3.12/site-packages/oslo_config/cfg.py:3534}}
Aug 09 06:43:02.939464 np0000006812 devstack@g-api.service[99777]: DEBUG glance.common.config [None req-3a0a940c-83ef-4079-a02a-feed27febacb None None] user_storage_quota = 0 {{(pid=99777) log_opt_values /opt/stack/data/venv/lib/python3.12/site-packages/oslo_config/cfg.py:3534}}
Aug 09 06:43:02.939559 np0000006812 devstack@g-api.service[99777]: DEBUG glance.common.config [None req-3a0a940c-83ef-4079-a02a-feed27febacb None None] worker_self_reference_url = http://127.0.0.1:60999 {{(pid=99777) log_opt_values /opt/stack/data/venv/lib/python3.12/site-packages/oslo_config/cfg.py:3534}}
Aug 09 06:43:02.939674 np0000006812 devstack@g-api.service[99777]: DEBUG glance.common.config [None req-3a0a940c-83ef-4079-a02a-feed27febacb None None] oslo_concurrency.disable_process_locking = False {{(pid=99777) log_opt_values /opt/stack/data/venv/lib/python3.12/site-packages/oslo_config/cfg.py:3545}}
Aug 09 06:43:02.939794 np0000006812 devstack@g-api.service[99777]: DEBUG glance.common.config [None req-3a0a940c-83ef-4079-a02a-feed27febacb None None] oslo_concurrency.lock_path = /opt/stack/data/glance/locks {{(pid=99777) log_opt_values /opt/stack/data/venv/lib/python3.12/site-packages/oslo_config/cfg.py:3545}}
Aug 09 06:43:02.939920 np0000006812 devstack@g-api.service[99777]: DEBUG glance.common.config [None req-3a0a940c-83ef-4079-a02a-feed27febacb None None] oslo_middleware.enable_proxy_headers_parsing = False {{(pid=99777) log_opt_values /opt/stack/data/venv/lib/python3.12/site-packages/oslo_config/cfg.py:3545}}
Aug 09 06:43:02.940046 np0000006812 devstack@g-api.service[99777]: DEBUG glance.common.config [None req-3a0a940c-83ef-4079-a02a-feed27febacb None None] oslo_middleware.http_basic_auth_user_file = /etc/htpasswd {{(pid=99777) log_opt_values /opt/stack/data/venv/lib/python3.12/site-packages/oslo_config/cfg.py:3545}}
Aug 09 06:43:02.940152 np0000006812 devstack@g-api.service[99777]: DEBUG glance.common.config [None req-3a0a940c-83ef-4079-a02a-feed27febacb None None] paste_deploy.config_file = None {{(pid=99777) log_opt_values /opt/stack/data/venv/lib/python3.12/site-packages/oslo_config/cfg.py:3545}}
Aug 09 06:43:02.940269 np0000006812 devstack@g-api.service[99777]: DEBUG glance.common.config [None req-3a0a940c-83ef-4079-a02a-feed27febacb None None] paste_deploy.flavor = keystone+cachemanagement {{(pid=99777) log_opt_values /opt/stack/data/venv/lib/python3.12/site-packages/oslo_config/cfg.py:3545}}
Aug 09 06:43:02.940434 np0000006812 devstack@g-api.service[99777]: DEBUG glance.common.config [None req-3a0a940c-83ef-4079-a02a-feed27febacb None None] image_format.container_formats = ['ami', 'ari', 'aki', 'bare', 'ovf', 'ova', 'docker', 'compressed'] {{(pid=99777) log_opt_values /opt/stack/data/venv/lib/python3.12/site-packages/oslo_config/cfg.py:3545}}
Aug 09 06:43:02.940570 np0000006812 devstack@g-api.service[99777]: DEBUG glance.common.config [None req-3a0a940c-83ef-4079-a02a-feed27febacb None None] image_format.disk_formats = ['ami', 'ari', 'aki', 'vhd', 'vhdx', 'vmdk', 'raw', 'qcow2', 'vdi', 'iso', 'ploop'] {{(pid=99777) log_opt_values /opt/stack/data/venv/lib/python3.12/site-packages/oslo_config/cfg.py:3545}}
Aug 09 06:43:02.940666 np0000006812 devstack@g-api.service[99777]: DEBUG glance.common.config [None req-3a0a940c-83ef-4079-a02a-feed27febacb None None] image_format.gpt_safety_checks_nonfatal = [] {{(pid=99777) log_opt_values /opt/stack/data/venv/lib/python3.12/site-packages/oslo_config/cfg.py:3545}}
Aug 09 06:43:02.940801 np0000006812 devstack@g-api.service[99777]: DEBUG glance.common.config [None req-3a0a940c-83ef-4079-a02a-feed27febacb None None] image_format.require_image_format_match = True {{(pid=99777) log_opt_values /opt/stack/data/venv/lib/python3.12/site-packages/oslo_config/cfg.py:3545}}
Aug 09 06:43:02.940929 np0000006812 devstack@g-api.service[99777]: DEBUG glance.common.config [None req-3a0a940c-83ef-4079-a02a-feed27febacb None None] image_format.vmdk_allowed_types = ['streamOptimized', 'monolithicSparse'] {{(pid=99777) log_opt_values /opt/stack/data/venv/lib/python3.12/site-packages/oslo_config/cfg.py:3545}}
Aug 09 06:43:02.941083 np0000006812 devstack@g-api.service[99776]: INFO glance.api.middleware.cache_manage [None req-84be57b5-28a9-40b1-8609-daf212390e9e None None] Initialized image cache management middleware
Aug 09 06:43:02.941117 np0000006812 devstack@g-api.service[99777]: DEBUG glance.common.config [None req-3a0a940c-83ef-4079-a02a-feed27febacb None None] task.task_executor = taskflow {{(pid=99777) log_opt_values /opt/stack/data/venv/lib/python3.12/site-packages/oslo_config/cfg.py:3545}}
Aug 09 06:43:02.941196 np0000006812 devstack@g-api.service[99777]: DEBUG glance.common.config [None req-3a0a940c-83ef-4079-a02a-feed27febacb None None] task.task_time_to_live = 48 {{(pid=99777) log_opt_values /opt/stack/data/venv/lib/python3.12/site-packages/oslo_config/cfg.py:3545}}
Aug 09 06:43:02.941267 np0000006812 devstack@g-api.service[99776]: INFO glance.image_cache [None req-84be57b5-28a9-40b1-8609-daf212390e9e None None] Image cache loaded driver 'centralized_db'.
Aug 09 06:43:02.941301 np0000006812 devstack@g-api.service[99777]: DEBUG glance.common.config [None req-3a0a940c-83ef-4079-a02a-feed27febacb None None] task.work_dir = None {{(pid=99777) log_opt_values /opt/stack/data/venv/lib/python3.12/site-packages/oslo_config/cfg.py:3545}}
Aug 09 06:43:02.941403 np0000006812 devstack@g-api.service[99777]: DEBUG glance.common.config [None req-3a0a940c-83ef-4079-a02a-feed27febacb None None] wsgi.python_interpreter = /opt/stack/data/venv/bin/python3 {{(pid=99777) log_opt_values /opt/stack/data/venv/lib/python3.12/site-packages/oslo_config/cfg.py:3545}}
Aug 09 06:43:02.941513 np0000006812 devstack@g-api.service[99777]: DEBUG glance.common.config [None req-3a0a940c-83ef-4079-a02a-feed27febacb None None] wsgi.task_pool_threads = 16 {{(pid=99777) log_opt_values /opt/stack/data/venv/lib/python3.12/site-packages/oslo_config/cfg.py:3545}}
Aug 09 06:43:02.941617 np0000006812 devstack@g-api.service[99777]: DEBUG glance.common.config [None req-3a0a940c-83ef-4079-a02a-feed27febacb None None] import_filtering_opts.allowed_hosts = [] {{(pid=99777) log_opt_values /opt/stack/data/venv/lib/python3.12/site-packages/oslo_config/cfg.py:3545}}
Aug 09 06:43:02.941740 np0000006812 devstack@g-api.service[99777]: DEBUG glance.common.config [None req-3a0a940c-83ef-4079-a02a-feed27febacb None None] import_filtering_opts.allowed_ports = [80, 443] {{(pid=99777) log_opt_values /opt/stack/data/venv/lib/python3.12/site-packages/oslo_config/cfg.py:3545}}
Aug 09 06:43:02.941887 np0000006812 devstack@g-api.service[99777]: DEBUG glance.common.config [None req-3a0a940c-83ef-4079-a02a-feed27febacb None None] import_filtering_opts.allowed_schemes = ['http', 'https'] {{(pid=99777) log_opt_values /opt/stack/data/venv/lib/python3.12/site-packages/oslo_config/cfg.py:3545}}
Aug 09 06:43:02.942033 np0000006812 devstack@g-api.service[99777]: DEBUG glance.common.config [None req-3a0a940c-83ef-4079-a02a-feed27febacb None None] import_filtering_opts.disallowed_hosts = [] {{(pid=99777) log_opt_values /opt/stack/data/venv/lib/python3.12/site-packages/oslo_config/cfg.py:3545}}
Aug 09 06:43:02.942140 np0000006812 devstack@g-api.service[99777]: DEBUG glance.common.config [None req-3a0a940c-83ef-4079-a02a-feed27febacb None None] import_filtering_opts.disallowed_ports = [] {{(pid=99777) log_opt_values /opt/stack/data/venv/lib/python3.12/site-packages/oslo_config/cfg.py:3545}}
Aug 09 06:43:02.942251 np0000006812 devstack@g-api.service[99777]: DEBUG glance.common.config [None req-3a0a940c-83ef-4079-a02a-feed27febacb None None] import_filtering_opts.disallowed_schemes = [] {{(pid=99777) log_opt_values /opt/stack/data/venv/lib/python3.12/site-packages/oslo_config/cfg.py:3545}}
Aug 09 06:43:02.942349 np0000006812 devstack@g-api.service[99777]: DEBUG glance.common.config [None req-3a0a940c-83ef-4079-a02a-feed27febacb None None] oslo_messaging_metrics.metrics_buffer_size = 1000 {{(pid=99777) log_opt_values /opt/stack/data/venv/lib/python3.12/site-packages/oslo_config/cfg.py:3545}}
Aug 09 06:43:02.942476 np0000006812 devstack@g-api.service[99777]: DEBUG glance.common.config [None req-3a0a940c-83ef-4079-a02a-feed27febacb None None] oslo_messaging_metrics.metrics_enabled = False {{(pid=99777) log_opt_values /opt/stack/data/venv/lib/python3.12/site-packages/oslo_config/cfg.py:3545}}
