Aug 08 20:04:43.291969 np0000006806 devstack@g-api.service[99716]: DEBUG glance.api.middleware.version_negotiation [None req-56108d46-ff80-4f4d-b48b-7bb7b3669545 tempest-VolumesActionsTest-1705701315 tempest-VolumesActionsTest-1705701315-project-member] Determining version of request: GET /v2/images/fe7223a7-5159-43de-ba81-185bf7114ed5 Accept: application/json {{(pid=99716) process_request /opt/stack/glance/glance/api/middleware/version_negotiation.py:44}}
Aug 08 20:04:43.292412 np0000006806 devstack@g-api.service[99716]: DEBUG glance.api.middleware.version_negotiation [None req-56108d46-ff80-4f4d-b48b-7bb7b3669545 tempest-VolumesActionsTest-1705701315 tempest-VolumesActionsTest-1705701315-project-member] Using url versioning {{(pid=99716) process_request /opt/stack/glance/glance/api/middleware/version_negotiation.py:57}}
Aug 08 20:04:43.292412 np0000006806 devstack@g-api.service[99716]: DEBUG glance.api.middleware.version_negotiation [None req-56108d46-ff80-4f4d-b48b-7bb7b3669545 tempest-VolumesActionsTest-1705701315 tempest-VolumesActionsTest-1705701315-project-member] Matched version: v2 {{(pid=99716) process_request /opt/stack/glance/glance/api/middleware/version_negotiation.py:69}}
Aug 08 20:04:43.292552 np0000006806 devstack@g-api.service[99716]: DEBUG glance.api.middleware.version_negotiation [None req-56108d46-ff80-4f4d-b48b-7bb7b3669545 tempest-VolumesActionsTest-1705701315 tempest-VolumesActionsTest-1705701315-project-member] new path /v2/images/fe7223a7-5159-43de-ba81-185bf7114ed5 {{(pid=99716) process_request /opt/stack/glance/glance/api/middleware/version_negotiation.py:70}}
Aug 08 20:04:43.308383 np0000006806 devstack@g-api.service[99716]: [pid: 99716|app: 0|req: 106/296] 127.0.0.1 () {40 vars in 834 bytes} [Sat Aug 8 20:04:43 2026] GET /v2/images/fe7223a7-5159-43de-ba81-185bf7114ed5 => generated 649 bytes in 16 msecs (HTTP/1.1 200) 4 headers in 157 bytes (1 switches on core 0)
Aug 08 20:04:43.555605 np0000006806 devstack@g-api.service[99714]: DEBUG swiftclient [None req-9da5dfbe-8ade-43ae-b804-7c724c5294c7 tempest-VolumesActionsTest-1705701315 tempest-VolumesActionsTest-1705701315-project-member] REQ: curl -i https://10.4.3.20:8080/v1/AUTH_4a4b2797a9f549939d22f93d28cf7f7d/glance/fe7223a7-5159-43de-ba81-185bf7114ed5-00001 -X PUT -H "X-Auth-Token: gAAAAABqd4vZ1qxP..." {{(pid=99714) http_log /opt/stack/data/venv/lib/python3.12/site-packages/swiftclient/client.py:160}}
Aug 08 20:04:43.555929 np0000006806 devstack@g-api.service[99714]: DEBUG swiftclient [None req-9da5dfbe-8ade-43ae-b804-7c724c5294c7 tempest-VolumesActionsTest-1705701315 tempest-VolumesActionsTest-1705701315-project-member] RESP STATUS: 201 Created {{(pid=99714) http_log /opt/stack/data/venv/lib/python3.12/site-packages/swiftclient/client.py:161}}
Aug 08 20:04:43.555929 np0000006806 devstack@g-api.service[99714]: DEBUG swiftclient [None req-9da5dfbe-8ade-43ae-b804-7c724c5294c7 tempest-VolumesActionsTest-1705701315 tempest-VolumesActionsTest-1705701315-project-member] RESP HEADERS: {'Date': 'Sat, 08 Aug 2026 20:04:43 GMT', 'Server': 'Apache/2.4.58 (Ubuntu)', 'Content-Type': 'text/html; charset=UTF-8', 'Content-Length': '0', 'Etag': 'eda9a9889837ac4bc81d6387d92c1bec', 'Last-Modified': 'Sat, 08 Aug 2026 20:04:42 GMT', 'X-Trans-Id': 'txed7e5c6fc35449a7855ca-006a778bd9', 'X-Openstack-Request-Id': 'txed7e5c6fc35449a7855ca-006a778bd9', 'Connection': 'close'} {{(pid=99714) http_log /opt/stack/data/venv/lib/python3.12/site-packages/swiftclient/client.py:162}}
Aug 08 20:04:43.556052 np0000006806 devstack@g-api.service[99714]: DEBUG glance_store._drivers.swift.store [None req-9da5dfbe-8ade-43ae-b804-7c724c5294c7 tempest-VolumesActionsTest-1705701315 tempest-VolumesActionsTest-1705701315-project-member] Wrote chunk fe7223a7-5159-43de-ba81-185bf7114ed5-00001 (1/?) of length 204800000 to Swift returning MD5 of content: eda9a9889837ac4bc81d6387d92c1bec {{(pid=99714) add /opt/stack/data/venv/lib/python3.12/site-packages/glance_store/_drivers/swift/store.py:1059}}
Aug 08 20:04:44.320090 np0000006806 devstack@g-api.service[99715]: DEBUG glance.api.middleware.version_negotiation [None req-01ae0c35-a866-4041-a7a2-588eac701199 tempest-VolumesActionsTest-1705701315 tempest-VolumesActionsTest-1705701315-project-member] Determining version of request: GET /v2/images/fe7223a7-5159-43de-ba81-185bf7114ed5 Accept: application/json {{(pid=99715) process_request /opt/stack/glance/glance/api/middleware/version_negotiation.py:44}}
Aug 08 20:04:44.320543 np0000006806 devstack@g-api.service[99715]: DEBUG glance.api.middleware.version_negotiation [None req-01ae0c35-a866-4041-a7a2-588eac701199 tempest-VolumesActionsTest-1705701315 tempest-VolumesActionsTest-1705701315-project-member] Using url versioning {{(pid=99715) process_request /opt/stack/glance/glance/api/middleware/version_negotiation.py:57}}
Aug 08 20:04:44.320543 np0000006806 devstack@g-api.service[99715]: DEBUG glance.api.middleware.version_negotiation [None req-01ae0c35-a866-4041-a7a2-588eac701199 tempest-VolumesActionsTest-1705701315 tempest-VolumesActionsTest-1705701315-project-member] Matched version: v2 {{(pid=99715) process_request /opt/stack/glance/glance/api/middleware/version_negotiation.py:69}}
Aug 08 20:04:44.320543 np0000006806 devstack@g-api.service[99715]: DEBUG glance.api.middleware.version_negotiation [None req-01ae0c35-a866-4041-a7a2-588eac701199 tempest-VolumesActionsTest-1705701315 tempest-VolumesActionsTest-1705701315-project-member] new path /v2/images/fe7223a7-5159-43de-ba81-185bf7114ed5 {{(pid=99715) process_request /opt/stack/glance/glance/api/middleware/version_negotiation.py:70}}
Aug 08 20:04:44.337643 np0000006806 devstack@g-api.service[99715]: [pid: 99715|app: 0|req: 92/297] 127.0.0.1 () {40 vars in 834 bytes} [Sat Aug 8 20:04:44 2026] GET /v2/images/fe7223a7-5159-43de-ba81-185bf7114ed5 => generated 649 bytes in 18 msecs (HTTP/1.1 200) 4 headers in 157 bytes (1 switches on core 0)
Aug 08 20:04:45.352910 np0000006806 devstack@g-api.service[99716]: DEBUG glance.api.middleware.version_negotiation [None req-8255f015-b5cd-4ba3-9469-80abe34b2922 tempest-VolumesActionsTest-1705701315 tempest-VolumesActionsTest-1705701315-project-member] Determining version of request: GET /v2/images/fe7223a7-5159-43de-ba81-185bf7114ed5 Accept: application/json {{(pid=99716) process_request /opt/stack/glance/glance/api/middleware/version_negotiation.py:44}}
Aug 08 20:04:45.352910 np0000006806 devstack@g-api.service[99716]: DEBUG glance.api.middleware.version_negotiation [None req-8255f015-b5cd-4ba3-9469-80abe34b2922 tempest-VolumesActionsTest-1705701315 tempest-VolumesActionsTest-1705701315-project-member] Using url versioning {{(pid=99716) process_request /opt/stack/glance/glance/api/middleware/version_negotiation.py:57}}
Aug 08 20:04:45.352910 np0000006806 devstack@g-api.service[99716]: DEBUG glance.api.middleware.version_negotiation [None req-8255f015-b5cd-4ba3-9469-80abe34b2922 tempest-VolumesActionsTest-1705701315 tempest-VolumesActionsTest-1705701315-project-member] Matched version: v2 {{(pid=99716) process_request /opt/stack/glance/glance/api/middleware/version_negotiation.py:69}}
Aug 08 20:04:45.352910 np0000006806 devstack@g-api.service[99716]: DEBUG glance.api.middleware.version_negotiation [None req-8255f015-b5cd-4ba3-9469-80abe34b2922 tempest-VolumesActionsTest-1705701315 tempest-VolumesActionsTest-1705701315-project-member] new path /v2/images/fe7223a7-5159-43de-ba81-185bf7114ed5 {{(pid=99716) process_request /opt/stack/glance/glance/api/middleware/version_negotiation.py:70}}
Aug 08 20:04:45.368810 np0000006806 devstack@g-api.service[99716]: [pid: 99716|app: 0|req: 107/298] 127.0.0.1 () {40 vars in 834 bytes} [Sat Aug 8 20:04:45 2026] GET /v2/images/fe7223a7-5159-43de-ba81-185bf7114ed5 => generated 649 bytes in 16 msecs (HTTP/1.1 200) 4 headers in 157 bytes (1 switches on core 0)
Aug 08 20:04:45.438148 np0000006806 devstack@g-api.service[99715]: DEBUG glance.api.middleware.version_negotiation [None req-114177ed-d316-4f0a-b0fe-19a8cfbfa738 tempest-VolumesActionsTest-1705701315 tempest-VolumesActionsTest-1705701315-project-member] Determining version of request: GET /v2/images/168274ec-4640-42dc-9a57-4497b42c84fc Accept: */* {{(pid=99715) process_request /opt/stack/glance/glance/api/middleware/version_negotiation.py:44}}
Aug 08 20:04:45.438588 np0000006806 devstack@g-api.service[99715]: DEBUG glance.api.middleware.version_negotiation [None req-114177ed-d316-4f0a-b0fe-19a8cfbfa738 tempest-VolumesActionsTest-1705701315 tempest-VolumesActionsTest-1705701315-project-member] Using url versioning {{(pid=99715) process_request /opt/stack/glance/glance/api/middleware/version_negotiation.py:57}}
Aug 08 20:04:45.438588 np0000006806 devstack@g-api.service[99715]: DEBUG glance.api.middleware.version_negotiation [None req-114177ed-d316-4f0a-b0fe-19a8cfbfa738 tempest-VolumesActionsTest-1705701315 tempest-VolumesActionsTest-1705701315-project-member] Matched version: v2 {{(pid=99715) process_request /opt/stack/glance/glance/api/middleware/version_negotiation.py:69}}
Aug 08 20:04:45.438588 np0000006806 devstack@g-api.service[99715]: DEBUG glance.api.middleware.version_negotiation [None req-114177ed-d316-4f0a-b0fe-19a8cfbfa738 tempest-VolumesActionsTest-1705701315 tempest-VolumesActionsTest-1705701315-project-member] new path /v2/images/168274ec-4640-42dc-9a57-4497b42c84fc {{(pid=99715) process_request /opt/stack/glance/glance/api/middleware/version_negotiation.py:70}}
Aug 08 20:04:45.450232 np0000006806 devstack@g-api.service[99715]: [pid: 99715|app: 0|req: 93/299] 127.0.0.1 () {44 vars in 1111 bytes} [Sat Aug 8 20:04:45 2026] GET /v2/images/168274ec-4640-42dc-9a57-4497b42c84fc => generated 1044 bytes in 12 msecs (HTTP/1.1 200) 4 headers in 158 bytes (1 switches on core 0)
Aug 08 20:04:45.480857 np0000006806 devstack@g-api.service[99716]: DEBUG glance.api.middleware.version_negotiation [None req-896e7341-82c4-4823-ae30-1be027f1e144 tempest-VolumesActionsTest-1705701315 tempest-VolumesActionsTest-1705701315-project-member] Determining version of request: GET /v2/schemas/image Accept: */* {{(pid=99716) process_request /opt/stack/glance/glance/api/middleware/version_negotiation.py:44}}
Aug 08 20:04:45.481076 np0000006806 devstack@g-api.service[99716]: DEBUG glance.api.middleware.version_negotiation [None req-896e7341-82c4-4823-ae30-1be027f1e144 tempest-VolumesActionsTest-1705701315 tempest-VolumesActionsTest-1705701315-project-member] Using url versioning {{(pid=99716) process_request /opt/stack/glance/glance/api/middleware/version_negotiation.py:57}}
Aug 08 20:04:45.481254 np0000006806 devstack@g-api.service[99716]: DEBUG glance.api.middleware.version_negotiation [None req-896e7341-82c4-4823-ae30-1be027f1e144 tempest-VolumesActionsTest-1705701315 tempest-VolumesActionsTest-1705701315-project-member] Matched version: v2 {{(pid=99716) process_request /opt/stack/glance/glance/api/middleware/version_negotiation.py:69}}
Aug 08 20:04:45.481364 np0000006806 devstack@g-api.service[99716]: DEBUG glance.api.middleware.version_negotiation [None req-896e7341-82c4-4823-ae30-1be027f1e144 tempest-VolumesActionsTest-1705701315 tempest-VolumesActionsTest-1705701315-project-member] new path /v2/schemas/image {{(pid=99716) process_request /opt/stack/glance/glance/api/middleware/version_negotiation.py:70}}
Aug 08 20:04:45.484422 np0000006806 devstack@g-api.service[99716]: [pid: 99716|app: 0|req: 108/300] 127.0.0.1 () {44 vars in 1051 bytes} [Sat Aug 8 20:04:45 2026] GET /v2/schemas/image => generated 6083 bytes in 4 msecs (HTTP/1.1 200) 4 headers in 158 bytes (1 switches on core 0)
Aug 08 20:04:45.576832 np0000006806 devstack@g-api.service[99714]: DEBUG swiftclient [None req-9da5dfbe-8ade-43ae-b804-7c724c5294c7 tempest-VolumesActionsTest-1705701315 tempest-VolumesActionsTest-1705701315-project-member] REQ: curl -i https://10.4.3.20:8080/v1/AUTH_4a4b2797a9f549939d22f93d28cf7f7d/glance/fe7223a7-5159-43de-ba81-185bf7114ed5-00002 -X PUT -H "X-Auth-Token: gAAAAABqd4vZ1qxP..." {{(pid=99714) http_log /opt/stack/data/venv/lib/python3.12/site-packages/swiftclient/client.py:160}}
Aug 08 20:04:45.577169 np0000006806 devstack@g-api.service[99714]: DEBUG swiftclient [None req-9da5dfbe-8ade-43ae-b804-7c724c5294c7 tempest-VolumesActionsTest-1705701315 tempest-VolumesActionsTest-1705701315-project-member] RESP STATUS: 201 Created {{(pid=99714) http_log /opt/stack/data/venv/lib/python3.12/site-packages/swiftclient/client.py:161}}
Aug 08 20:04:45.577169 np0000006806 devstack@g-api.service[99714]: DEBUG swiftclient [None req-9da5dfbe-8ade-43ae-b804-7c724c5294c7 tempest-VolumesActionsTest-1705701315 tempest-VolumesActionsTest-1705701315-project-member] RESP HEADERS: {'Date': 'Sat, 08 Aug 2026 20:04:45 GMT', 'Server': 'Apache/2.4.58 (Ubuntu)', 'Content-Type': 'text/html; charset=UTF-8', 'Content-Length': '0', 'Etag': 'eda9a9889837ac4bc81d6387d92c1bec', 'Last-Modified': 'Sat, 08 Aug 2026 20:04:44 GMT', 'X-Trans-Id': 'tx66e2739c5b094680ac0ca-006a778bdb', 'X-Openstack-Request-Id': 'tx66e2739c5b094680ac0ca-006a778bdb', 'Connection': 'close'} {{(pid=99714) http_log /opt/stack/data/venv/lib/python3.12/site-packages/swiftclient/client.py:162}}
Aug 08 20:04:45.577321 np0000006806 devstack@g-api.service[99714]: DEBUG glance_store._drivers.swift.store [None req-9da5dfbe-8ade-43ae-b804-7c724c5294c7 tempest-VolumesActionsTest-1705701315 tempest-VolumesActionsTest-1705701315-project-member] Wrote chunk fe7223a7-5159-43de-ba81-185bf7114ed5-00002 (2/?) of length 204800000 to Swift returning MD5 of content: eda9a9889837ac4bc81d6387d92c1bec {{(pid=99714) add /opt/stack/data/venv/lib/python3.12/site-packages/glance_store/_drivers/swift/store.py:1059}}
Aug 08 20:04:46.378845 np0000006806 devstack@g-api.service[99715]: DEBUG glance.api.middleware.version_negotiation [None req-cc7613e0-5440-4253-942a-dd9f878fc4ac tempest-ServerRescueNegativeTestJSON-307859605 tempest-ServerRescueNegativeTestJSON-307859605-project-member] Determining version of request: GET /v2/images/fe7223a7-5159-43de-ba81-185bf7114ed5 Accept: application/json {{(pid=99715) process_request /opt/stack/glance/glance/api/middleware/version_negotiation.py:44}}
Aug 08 20:04:46.378845 np0000006806 devstack@g-api.service[99715]: DEBUG glance.api.middleware.version_negotiation [None req-cc7613e0-5440-4253-942a-dd9f878fc4ac tempest-ServerRescueNegativeTestJSON-307859605 tempest-ServerRescueNegativeTestJSON-307859605-project-member] Using url versioning {{(pid=99715) process_request /opt/stack/glance/glance/api/middleware/version_negotiation.py:57}}
Aug 08 20:04:46.378845 np0000006806 devstack@g-api.service[99715]: DEBUG glance.api.middleware.version_negotiation [None req-cc7613e0-5440-4253-942a-dd9f878fc4ac tempest-ServerRescueNegativeTestJSON-307859605 tempest-ServerRescueNegativeTestJSON-307859605-project-member] Matched version: v2 {{(pid=99715) process_request /opt/stack/glance/glance/api/middleware/version_negotiation.py:69}}
Aug 08 20:04:46.378845 np0000006806 devstack@g-api.service[99715]: DEBUG glance.api.middleware.version_negotiation [None req-cc7613e0-5440-4253-942a-dd9f878fc4ac tempest-ServerRescueNegativeTestJSON-307859605 tempest-ServerRescueNegativeTestJSON-307859605-project-member] new path /v2/images/fe7223a7-5159-43de-ba81-185bf7114ed5 {{(pid=99715) process_request /opt/stack/glance/glance/api/middleware/version_negotiation.py:70}}
Aug 08 20:04:46.390258 np0000006806 devstack@g-api.service[99716]: DEBUG glance.api.middleware.version_negotiation [None req-cc7613e0-5440-4253-942a-dd9f878fc4ac tempest-ServerRescueNegativeTestJSON-307859605 tempest-ServerRescueNegativeTestJSON-307859605-project-member] Determining version of request: GET /v2/images/168274ec-4640-42dc-9a57-4497b42c84fc Accept: */* {{(pid=99716) process_request /opt/stack/glance/glance/api/middleware/version_negotiation.py:44}}
Aug 08 20:04:46.390645 np0000006806 devstack@g-api.service[99716]: DEBUG glance.api.middleware.version_negotiation [None req-cc7613e0-5440-4253-942a-dd9f878fc4ac tempest-ServerRescueNegativeTestJSON-307859605 tempest-ServerRescueNegativeTestJSON-307859605-project-member] Using url versioning {{(pid=99716) process_request /opt/stack/glance/glance/api/middleware/version_negotiation.py:57}}
Aug 08 20:04:46.390645 np0000006806 devstack@g-api.service[99716]: DEBUG glance.api.middleware.version_negotiation [None req-cc7613e0-5440-4253-942a-dd9f878fc4ac tempest-ServerRescueNegativeTestJSON-307859605 tempest-ServerRescueNegativeTestJSON-307859605-project-member] Matched version: v2 {{(pid=99716) process_request /opt/stack/glance/glance/api/middleware/version_negotiation.py:69}}
Aug 08 20:04:46.390974 np0000006806 devstack@g-api.service[99716]: DEBUG glance.api.middleware.version_negotiation [None req-cc7613e0-5440-4253-942a-dd9f878fc4ac tempest-ServerRescueNegativeTestJSON-307859605 tempest-ServerRescueNegativeTestJSON-307859605-project-member] new path /v2/images/168274ec-4640-42dc-9a57-4497b42c84fc {{(pid=99716) process_request /opt/stack/glance/glance/api/middleware/version_negotiation.py:70}}
Aug 08 20:04:46.398471 np0000006806 devstack@g-api.service[99715]: [pid: 99715|app: 0|req: 94/301] 127.0.0.1 () {40 vars in 834 bytes} [Sat Aug 8 20:04:46 2026] GET /v2/images/fe7223a7-5159-43de-ba81-185bf7114ed5 => generated 649 bytes in 21 msecs (HTTP/1.1 200) 4 headers in 157 bytes (1 switches on core 0)
Aug 08 20:04:46.410256 np0000006806 devstack@g-api.service[99716]: [pid: 99716|app: 0|req: 109/302] 127.0.0.1 () {44 vars in 1111 bytes} [Sat Aug 8 20:04:46 2026] GET /v2/images/168274ec-4640-42dc-9a57-4497b42c84fc => generated 1044 bytes in 20 msecs (HTTP/1.1 200) 4 headers in 158 bytes (1 switches on core 0)
Aug 08 20:04:46.458103 np0000006806 devstack@g-api.service[99715]: DEBUG glance.api.middleware.version_negotiation [None req-3b3d00de-b417-4e67-9ff8-7d2c6b6786aa tempest-VolumesActionsTest-1705701315 tempest-VolumesActionsTest-1705701315-project-member] Determining version of request: GET /v2/schemas/image Accept: */* {{(pid=99715) process_request /opt/stack/glance/glance/api/middleware/version_negotiation.py:44}}
Aug 08 20:04:46.458429 np0000006806 devstack@g-api.service[99715]: DEBUG glance.api.middleware.version_negotiation [None req-3b3d00de-b417-4e67-9ff8-7d2c6b6786aa tempest-VolumesActionsTest-1705701315 tempest-VolumesActionsTest-1705701315-project-member] Using url versioning {{(pid=99715) process_request /opt/stack/glance/glance/api/middleware/version_negotiation.py:57}}
Aug 08 20:04:46.458429 np0000006806 devstack@g-api.service[99715]: DEBUG glance.api.middleware.version_negotiation [None req-3b3d00de-b417-4e67-9ff8-7d2c6b6786aa tempest-VolumesActionsTest-1705701315 tempest-VolumesActionsTest-1705701315-project-member] Matched version: v2 {{(pid=99715) process_request /opt/stack/glance/glance/api/middleware/version_negotiation.py:69}}
Aug 08 20:04:46.458840 np0000006806 devstack@g-api.service[99715]: DEBUG glance.api.middleware.version_negotiation [None req-3b3d00de-b417-4e67-9ff8-7d2c6b6786aa tempest-VolumesActionsTest-1705701315 tempest-VolumesActionsTest-1705701315-project-member] new path /v2/schemas/image {{(pid=99715) process_request /opt/stack/glance/glance/api/middleware/version_negotiation.py:70}}
Aug 08 20:04:46.463507 np0000006806 devstack@g-api.service[99715]: [pid: 99715|app: 0|req: 95/303] 127.0.0.1 () {44 vars in 1051 bytes} [Sat Aug 8 20:04:46 2026] GET /v2/schemas/image => generated 6083 bytes in 6 msecs (HTTP/1.1 200) 4 headers in 158 bytes (1 switches on core 0)
Aug 08 20:04:47.407935 np0000006806 devstack@g-api.service[99716]: DEBUG glance.api.middleware.version_negotiation [None req-2afdbebf-4bc5-42b0-a0f6-a895b4c6e99d tempest-ServerRescueNegativeTestJSON-307859605 tempest-ServerRescueNegativeTestJSON-307859605-project-member] Determining version of request: GET /v2/images/fe7223a7-5159-43de-ba81-185bf7114ed5 Accept: application/json {{(pid=99716) process_request /opt/stack/glance/glance/api/middleware/version_negotiation.py:44}}
Aug 08 20:04:47.408367 np0000006806 devstack@g-api.service[99716]: DEBUG glance.api.middleware.version_negotiation [None req-2afdbebf-4bc5-42b0-a0f6-a895b4c6e99d tempest-ServerRescueNegativeTestJSON-307859605 tempest-ServerRescueNegativeTestJSON-307859605-project-member] Using url versioning {{(pid=99716) process_request /opt/stack/glance/glance/api/middleware/version_negotiation.py:57}}
Aug 08 20:04:47.408367 np0000006806 devstack@g-api.service[99716]: DEBUG glance.api.middleware.version_negotiation [None req-2afdbebf-4bc5-42b0-a0f6-a895b4c6e99d tempest-ServerRescueNegativeTestJSON-307859605 tempest-ServerRescueNegativeTestJSON-307859605-project-member] Matched version: v2 {{(pid=99716) process_request /opt/stack/glance/glance/api/middleware/version_negotiation.py:69}}
Aug 08 20:04:47.408367 np0000006806 devstack@g-api.service[99716]: DEBUG glance.api.middleware.version_negotiation [None req-2afdbebf-4bc5-42b0-a0f6-a895b4c6e99d tempest-ServerRescueNegativeTestJSON-307859605 tempest-ServerRescueNegativeTestJSON-307859605-project-member] new path /v2/images/fe7223a7-5159-43de-ba81-185bf7114ed5 {{(pid=99716) process_request /opt/stack/glance/glance/api/middleware/version_negotiation.py:70}}
Aug 08 20:04:47.422491 np0000006806 devstack@g-api.service[99716]: [pid: 99716|app: 0|req: 110/304] 127.0.0.1 () {40 vars in 834 bytes} [Sat Aug 8 20:04:47 2026] GET /v2/images/fe7223a7-5159-43de-ba81-185bf7114ed5 => generated 649 bytes in 15 msecs (HTTP/1.1 200) 4 headers in 157 bytes (1 switches on core 0)
Aug 08 20:04:47.480482 np0000006806 devstack@g-api.service[99714]: DEBUG swiftclient [None req-9da5dfbe-8ade-43ae-b804-7c724c5294c7 tempest-VolumesActionsTest-1705701315 tempest-VolumesActionsTest-1705701315-project-member] REQ: curl -i https://10.4.3.20:8080/v1/AUTH_4a4b2797a9f549939d22f93d28cf7f7d/glance/fe7223a7-5159-43de-ba81-185bf7114ed5-00003 -X PUT -H "X-Auth-Token: gAAAAABqd4vZ1qxP..." {{(pid=99714) http_log /opt/stack/data/venv/lib/python3.12/site-packages/swiftclient/client.py:160}}
Aug 08 20:04:47.480482 np0000006806 devstack@g-api.service[99714]: DEBUG swiftclient [None req-9da5dfbe-8ade-43ae-b804-7c724c5294c7 tempest-VolumesActionsTest-1705701315 tempest-VolumesActionsTest-1705701315-project-member] RESP STATUS: 201 Created {{(pid=99714) http_log /opt/stack/data/venv/lib/python3.12/site-packages/swiftclient/client.py:161}}
Aug 08 20:04:47.480900 np0000006806 devstack@g-api.service[99714]: DEBUG swiftclient [None req-9da5dfbe-8ade-43ae-b804-7c724c5294c7 tempest-VolumesActionsTest-1705701315 tempest-VolumesActionsTest-1705701315-project-member] RESP HEADERS: {'Date': 'Sat, 08 Aug 2026 20:04:47 GMT', 'Server': 'Apache/2.4.58 (Ubuntu)', 'Content-Type': 'text/html; charset=UTF-8', 'Content-Length': '0', 'Etag': 'eda9a9889837ac4bc81d6387d92c1bec', 'Last-Modified': 'Sat, 08 Aug 2026 20:04:46 GMT', 'X-Trans-Id': 'txefc0592691044990a34f2-006a778bdd', 'X-Openstack-Request-Id': 'txefc0592691044990a34f2-006a778bdd', 'Connection': 'close'} {{(pid=99714) http_log /opt/stack/data/venv/lib/python3.12/site-packages/swiftclient/client.py:162}}
Aug 08 20:04:47.480900 np0000006806 devstack@g-api.service[99714]: DEBUG glance_store._drivers.swift.store [None req-9da5dfbe-8ade-43ae-b804-7c724c5294c7 tempest-VolumesActionsTest-1705701315 tempest-VolumesActionsTest-1705701315-project-member] Wrote chunk fe7223a7-5159-43de-ba81-185bf7114ed5-00003 (3/?) of length 204800000 to Swift returning MD5 of content: eda9a9889837ac4bc81d6387d92c1bec {{(pid=99714) add /opt/stack/data/venv/lib/python3.12/site-packages/glance_store/_drivers/swift/store.py:1059}}
Aug 08 20:04:48.432307 np0000006806 devstack@g-api.service[99715]: DEBUG glance.api.middleware.version_negotiation [None req-2afdbebf-4bc5-42b0-a0f6-a895b4c6e99d tempest-ServerRescueNegativeTestJSON-307859605 tempest-ServerRescueNegativeTestJSON-307859605-project-member] Determining version of request: GET /v2/images/fe7223a7-5159-43de-ba81-185bf7114ed5 Accept: application/json {{(pid=99715) process_request /opt/stack/glance/glance/api/middleware/version_negotiation.py:44}}
Aug 08 20:04:48.432625 np0000006806 devstack@g-api.service[99715]: DEBUG glance.api.middleware.version_negotiation [None req-2afdbebf-4bc5-42b0-a0f6-a895b4c6e99d tempest-ServerRescueNegativeTestJSON-307859605 tempest-ServerRescueNegativeTestJSON-307859605-project-member] Using url versioning {{(pid=99715) process_request /opt/stack/glance/glance/api/middleware/version_negotiation.py:57}}
Aug 08 20:04:48.432625 np0000006806 devstack@g-api.service[99715]: DEBUG glance.api.middleware.version_negotiation [None req-2afdbebf-4bc5-42b0-a0f6-a895b4c6e99d tempest-ServerRescueNegativeTestJSON-307859605 tempest-ServerRescueNegativeTestJSON-307859605-project-member] Matched version: v2 {{(pid=99715) process_request /opt/stack/glance/glance/api/middleware/version_negotiation.py:69}}
Aug 08 20:04:48.432714 np0000006806 devstack@g-api.service[99715]: DEBUG glance.api.middleware.version_negotiation [None req-2afdbebf-4bc5-42b0-a0f6-a895b4c6e99d tempest-ServerRescueNegativeTestJSON-307859605 tempest-ServerRescueNegativeTestJSON-307859605-project-member] new path /v2/images/fe7223a7-5159-43de-ba81-185bf7114ed5 {{(pid=99715) process_request /opt/stack/glance/glance/api/middleware/version_negotiation.py:70}}
Aug 08 20:04:48.444986 np0000006806 devstack@g-api.service[99715]: [pid: 99715|app: 0|req: 96/305] 127.0.0.1 () {40 vars in 834 bytes} [Sat Aug 8 20:04:48 2026] GET /v2/images/fe7223a7-5159-43de-ba81-185bf7114ed5 => generated 649 bytes in 13 msecs (HTTP/1.1 200) 4 headers in 157 bytes (1 switches on core 0)
Aug 08 20:04:49.454654 np0000006806 devstack@g-api.service[99716]: DEBUG glance.api.middleware.version_negotiation [None req-ef5e7392-cca2-419a-8908-56c53f2c02ca tempest-VolumesActionsTest-1705701315 tempest-VolumesActionsTest-1705701315-project-member] Determining version of request: GET /v2/images/fe7223a7-5159-43de-ba81-185bf7114ed5 Accept: application/json {{(pid=99716) process_request /opt/stack/glance/glance/api/middleware/version_negotiation.py:44}}
Aug 08 20:04:49.455237 np0000006806 devstack@g-api.service[99716]: DEBUG glance.api.middleware.version_negotiation [None req-ef5e7392-cca2-419a-8908-56c53f2c02ca tempest-VolumesActionsTest-1705701315 tempest-VolumesActionsTest-1705701315-project-member] Using url versioning {{(pid=99716) process_request /opt/stack/glance/glance/api/middleware/version_negotiation.py:57}}
Aug 08 20:04:49.455237 np0000006806 devstack@g-api.service[99716]: DEBUG glance.api.middleware.version_negotiation [None req-ef5e7392-cca2-419a-8908-56c53f2c02ca tempest-VolumesActionsTest-1705701315 tempest-VolumesActionsTest-1705701315-project-member] Matched version: v2 {{(pid=99716) process_request /opt/stack/glance/glance/api/middleware/version_negotiation.py:69}}
Aug 08 20:04:49.455237 np0000006806 devstack@g-api.service[99716]: DEBUG glance.api.middleware.version_negotiation [None req-ef5e7392-cca2-419a-8908-56c53f2c02ca tempest-VolumesActionsTest-1705701315 tempest-VolumesActionsTest-1705701315-project-member] new path /v2/images/fe7223a7-5159-43de-ba81-185bf7114ed5 {{(pid=99716) process_request /opt/stack/glance/glance/api/middleware/version_negotiation.py:70}}
Aug 08 20:04:49.470711 np0000006806 devstack@g-api.service[99716]: [pid: 99716|app: 0|req: 111/306] 127.0.0.1 () {40 vars in 834 bytes} [Sat Aug 8 20:04:49 2026] GET /v2/images/fe7223a7-5159-43de-ba81-185bf7114ed5 => generated 649 bytes in 16 msecs (HTTP/1.1 200) 4 headers in 157 bytes (1 switches on core 0)
Aug 08 20:04:49.771479 np0000006806 devstack@g-api.service[99714]: DEBUG swiftclient [None req-9da5dfbe-8ade-43ae-b804-7c724c5294c7 tempest-VolumesActionsTest-1705701315 tempest-VolumesActionsTest-1705701315-project-member] REQ: curl -i https://10.4.3.20:8080/v1/AUTH_4a4b2797a9f549939d22f93d28cf7f7d/glance/fe7223a7-5159-43de-ba81-185bf7114ed5-00004 -X PUT -H "X-Auth-Token: gAAAAABqd4vZ1qxP..." {{(pid=99714) http_log /opt/stack/data/venv/lib/python3.12/site-packages/swiftclient/client.py:160}}
Aug 08 20:04:49.771829 np0000006806 devstack@g-api.service[99714]: DEBUG swiftclient [None req-9da5dfbe-8ade-43ae-b804-7c724c5294c7 tempest-VolumesActionsTest-1705701315 tempest-VolumesActionsTest-1705701315-project-member] RESP STATUS: 201 Created {{(pid=99714) http_log /opt/stack/data/venv/lib/python3.12/site-packages/swiftclient/client.py:161}}
Aug 08 20:04:49.771829 np0000006806 devstack@g-api.service[99714]: DEBUG swiftclient [None req-9da5dfbe-8ade-43ae-b804-7c724c5294c7 tempest-VolumesActionsTest-1705701315 tempest-VolumesActionsTest-1705701315-project-member] RESP HEADERS: {'Date': 'Sat, 08 Aug 2026 20:04:49 GMT', 'Server': 'Apache/2.4.58 (Ubuntu)', 'Content-Type': 'text/html; charset=UTF-8', 'Content-Length': '0', 'Etag': 'eda9a9889837ac4bc81d6387d92c1bec', 'Last-Modified': 'Sat, 08 Aug 2026 20:04:48 GMT', 'X-Trans-Id': 'tx5bed8fe3b44b44258f211-006a778bdf', 'X-Openstack-Request-Id': 'tx5bed8fe3b44b44258f211-006a778bdf', 'Connection': 'close'} {{(pid=99714) http_log /opt/stack/data/venv/lib/python3.12/site-packages/swiftclient/client.py:162}}
Aug 08 20:04:49.771971 np0000006806 devstack@g-api.service[99714]: DEBUG glance_store._drivers.swift.store [None req-9da5dfbe-8ade-43ae-b804-7c724c5294c7 tempest-VolumesActionsTest-1705701315 tempest-VolumesActionsTest-1705701315-project-member] Wrote chunk fe7223a7-5159-43de-ba81-185bf7114ed5-00004 (4/?) of length 204800000 to Swift returning MD5 of content: eda9a9889837ac4bc81d6387d92c1bec {{(pid=99714) add /opt/stack/data/venv/lib/python3.12/site-packages/glance_store/_drivers/swift/store.py:1059}}
Aug 08 20:04:50.482774 np0000006806 devstack@g-api.service[99715]: DEBUG glance.api.middleware.version_negotiation [None req-41ca986c-9860-4687-b93f-8bb0898ce309 tempest-VolumesActionsTest-1705701315 tempest-VolumesActionsTest-1705701315-project-member] Determining version of request: GET /v2/images/fe7223a7-5159-43de-ba81-185bf7114ed5 Accept: application/json {{(pid=99715) process_request /opt/stack/glance/glance/api/middleware/version_negotiation.py:44}}
Aug 08 20:04:50.482774 np0000006806 devstack@g-api.service[99715]: DEBUG glance.api.middleware.version_negotiation [None req-41ca986c-9860-4687-b93f-8bb0898ce309 tempest-VolumesActionsTest-1705701315 tempest-VolumesActionsTest-1705701315-project-member] Using url versioning {{(pid=99715) process_request /opt/stack/glance/glance/api/middleware/version_negotiation.py:57}}
Aug 08 20:04:50.482774 np0000006806 devstack@g-api.service[99715]: DEBUG glance.api.middleware.version_negotiation [None req-41ca986c-9860-4687-b93f-8bb0898ce309 tempest-VolumesActionsTest-1705701315 tempest-VolumesActionsTest-1705701315-project-member] Matched version: v2 {{(pid=99715) process_request /opt/stack/glance/glance/api/middleware/version_negotiation.py:69}}
Aug 08 20:04:50.483375 np0000006806 devstack@g-api.service[99715]: DEBUG glance.api.middleware.version_negotiation [None req-41ca986c-9860-4687-b93f-8bb0898ce309 tempest-VolumesActionsTest-1705701315 tempest-VolumesActionsTest-1705701315-project-member] new path /v2/images/fe7223a7-5159-43de-ba81-185bf7114ed5 {{(pid=99715) process_request /opt/stack/glance/glance/api/middleware/version_negotiation.py:70}}
Aug 08 20:04:50.499993 np0000006806 devstack@g-api.service[99715]: [pid: 99715|app: 0|req: 97/307] 127.0.0.1 () {40 vars in 834 bytes} [Sat Aug 8 20:04:50 2026] GET /v2/images/fe7223a7-5159-43de-ba81-185bf7114ed5 => generated 649 bytes in 17 msecs (HTTP/1.1 200) 4 headers in 157 bytes (1 switches on core 0)
Aug 08 20:04:51.471053 np0000006806 devstack@g-api.service[99714]: DEBUG dbcounter [-] [99714] Writing DB stats glance:SELECT=10,glance:UPDATE=1 {{(pid=99714) stat_writer /opt/stack/data/venv/lib/python3.12/site-packages/dbcounter.py:115}}
Aug 08 20:04:51.512808 np0000006806 devstack@g-api.service[99716]: DEBUG glance.api.middleware.version_negotiation [None req-86463e0f-86bf-4df9-8d9f-075c92512cbe tempest-VolumesActionsTest-1705701315 tempest-VolumesActionsTest-1705701315-project-member] Determining version of request: GET /v2/images/fe7223a7-5159-43de-ba81-185bf7114ed5 Accept: application/json {{(pid=99716) process_request /opt/stack/glance/glance/api/middleware/version_negotiation.py:44}}
Aug 08 20:04:51.512808 np0000006806 devstack@g-api.service[99716]: DEBUG glance.api.middleware.version_negotiation [None req-86463e0f-86bf-4df9-8d9f-075c92512cbe tempest-VolumesActionsTest-1705701315 tempest-VolumesActionsTest-1705701315-project-member] Using url versioning {{(pid=99716) process_request /opt/stack/glance/glance/api/middleware/version_negotiation.py:57}}
Aug 08 20:04:51.513752 np0000006806 devstack@g-api.service[99716]: DEBUG glance.api.middleware.version_negotiation [None req-86463e0f-86bf-4df9-8d9f-075c92512cbe tempest-VolumesActionsTest-1705701315 tempest-VolumesActionsTest-1705701315-project-member] Matched version: v2 {{(pid=99716) process_request /opt/stack/glance/glance/api/middleware/version_negotiation.py:69}}
Aug 08 20:04:51.513977 np0000006806 devstack@g-api.service[99716]: DEBUG glance.api.middleware.version_negotiation [None req-86463e0f-86bf-4df9-8d9f-075c92512cbe tempest-VolumesActionsTest-1705701315 tempest-VolumesActionsTest-1705701315-project-member] new path /v2/images/fe7223a7-5159-43de-ba81-185bf7114ed5 {{(pid=99716) process_request /opt/stack/glance/glance/api/middleware/version_negotiation.py:70}}
Aug 08 20:04:51.530366 np0000006806 devstack@g-api.service[99716]: [pid: 99716|app: 0|req: 112/308] 127.0.0.1 () {40 vars in 834 bytes} [Sat Aug 8 20:04:51 2026] GET /v2/images/fe7223a7-5159-43de-ba81-185bf7114ed5 => generated 649 bytes in 18 msecs (HTTP/1.1 200) 4 headers in 157 bytes (1 switches on core 0)
Aug 08 20:04:52.172440 np0000006806 devstack@g-api.service[99714]: DEBUG swiftclient [None req-9da5dfbe-8ade-43ae-b804-7c724c5294c7 tempest-VolumesActionsTest-1705701315 tempest-VolumesActionsTest-1705701315-project-member] REQ: curl -i https://10.4.3.20:8080/v1/AUTH_4a4b2797a9f549939d22f93d28cf7f7d/glance/fe7223a7-5159-43de-ba81-185bf7114ed5-00005 -X PUT -H "X-Auth-Token: gAAAAABqd4vZ1qxP..." {{(pid=99714) http_log /opt/stack/data/venv/lib/python3.12/site-packages/swiftclient/client.py:160}}
Aug 08 20:04:52.173027 np0000006806 devstack@g-api.service[99714]: DEBUG swiftclient [None req-9da5dfbe-8ade-43ae-b804-7c724c5294c7 tempest-VolumesActionsTest-1705701315 tempest-VolumesActionsTest-1705701315-project-member] RESP STATUS: 201 Created {{(pid=99714) http_log /opt/stack/data/venv/lib/python3.12/site-packages/swiftclient/client.py:161}}
Aug 08 20:04:52.173027 np0000006806 devstack@g-api.service[99714]: DEBUG swiftclient [None req-9da5dfbe-8ade-43ae-b804-7c724c5294c7 tempest-VolumesActionsTest-1705701315 tempest-VolumesActionsTest-1705701315-project-member] RESP HEADERS: {'Date': 'Sat, 08 Aug 2026 20:04:52 GMT', 'Server': 'Apache/2.4.58 (Ubuntu)', 'Content-Type': 'text/html; charset=UTF-8', 'Content-Length': '0', 'Etag': 'eda9a9889837ac4bc81d6387d92c1bec', 'Last-Modified': 'Sat, 08 Aug 2026 20:04:50 GMT', 'X-Trans-Id': 'tx1c23007ac9bf4c6ab6d9c-006a778be1', 'X-Openstack-Request-Id': 'tx1c23007ac9bf4c6ab6d9c-006a778be1', 'Connection': 'close'} {{(pid=99714) http_log /opt/stack/data/venv/lib/python3.12/site-packages/swiftclient/client.py:162}}
Aug 08 20:04:52.173027 np0000006806 devstack@g-api.service[99714]: DEBUG glance_store._drivers.swift.store [None req-9da5dfbe-8ade-43ae-b804-7c724c5294c7 tempest-VolumesActionsTest-1705701315 tempest-VolumesActionsTest-1705701315-project-member] Wrote chunk fe7223a7-5159-43de-ba81-185bf7114ed5-00005 (5/?) of length 204800000 to Swift returning MD5 of content: eda9a9889837ac4bc81d6387d92c1bec {{(pid=99714) add /opt/stack/data/venv/lib/python3.12/site-packages/glance_store/_drivers/swift/store.py:1059}}
Aug 08 20:04:52.540302 np0000006806 devstack@g-api.service[99715]: DEBUG glance.api.middleware.version_negotiation [None req-0d9a363d-bd83-4ec4-a432-d07a4aec6ac0 tempest-VolumesActionsTest-1705701315 tempest-VolumesActionsTest-1705701315-project-member] Determining version of request: GET /v2/images/fe7223a7-5159-43de-ba81-185bf7114ed5 Accept: application/json {{(pid=99715) process_request /opt/stack/glance/glance/api/middleware/version_negotiation.py:44}}
Aug 08 20:04:52.540641 np0000006806 devstack@g-api.service[99715]: DEBUG glance.api.middleware.version_negotiation [None req-0d9a363d-bd83-4ec4-a432-d07a4aec6ac0 tempest-VolumesActionsTest-1705701315 tempest-VolumesActionsTest-1705701315-project-member] Using url versioning {{(pid=99715) process_request /opt/stack/glance/glance/api/middleware/version_negotiation.py:57}}
Aug 08 20:04:52.540641 np0000006806 devstack@g-api.service[99715]: DEBUG glance.api.middleware.version_negotiation [None req-0d9a363d-bd83-4ec4-a432-d07a4aec6ac0 tempest-VolumesActionsTest-1705701315 tempest-VolumesActionsTest-1705701315-project-member] Matched version: v2 {{(pid=99715) process_request /opt/stack/glance/glance/api/middleware/version_negotiation.py:69}}
Aug 08 20:04:52.540690 np0000006806 devstack@g-api.service[99715]: DEBUG glance.api.middleware.version_negotiation [None req-0d9a363d-bd83-4ec4-a432-d07a4aec6ac0 tempest-VolumesActionsTest-1705701315 tempest-VolumesActionsTest-1705701315-project-member] new path /v2/images/fe7223a7-5159-43de-ba81-185bf7114ed5 {{(pid=99715) process_request /opt/stack/glance/glance/api/middleware/version_negotiation.py:70}}
Aug 08 20:04:52.556355 np0000006806 devstack@g-api.service[99715]: [pid: 99715|app: 0|req: 98/309] 127.0.0.1 () {40 vars in 834 bytes} [Sat Aug 8 20:04:52 2026] GET /v2/images/fe7223a7-5159-43de-ba81-185bf7114ed5 => generated 649 bytes in 16 msecs (HTTP/1.1 200) 4 headers in 157 bytes (1 switches on core 0)
Aug 08 20:04:52.798646 np0000006806 devstack@g-api.service[99714]: DEBUG swiftclient [None req-9da5dfbe-8ade-43ae-b804-7c724c5294c7 tempest-VolumesActionsTest-1705701315 tempest-VolumesActionsTest-1705701315-project-member] REQ: curl -i https://10.4.3.20:8080/v1/AUTH_4a4b2797a9f549939d22f93d28cf7f7d/glance/fe7223a7-5159-43de-ba81-185bf7114ed5-00006 -X PUT -H "X-Auth-Token: gAAAAABqd4vZ1qxP..." {{(pid=99714) http_log /opt/stack/data/venv/lib/python3.12/site-packages/swiftclient/client.py:160}}
Aug 08 20:04:52.799003 np0000006806 devstack@g-api.service[99714]: DEBUG swiftclient [None req-9da5dfbe-8ade-43ae-b804-7c724c5294c7 tempest-VolumesActionsTest-1705701315 tempest-VolumesActionsTest-1705701315-project-member] RESP STATUS: 201 Created {{(pid=99714) http_log /opt/stack/data/venv/lib/python3.12/site-packages/swiftclient/client.py:161}}
Aug 08 20:04:52.799003 np0000006806 devstack@g-api.service[99714]: DEBUG swiftclient [None req-9da5dfbe-8ade-43ae-b804-7c724c5294c7 tempest-VolumesActionsTest-1705701315 tempest-VolumesActionsTest-1705701315-project-member] RESP HEADERS: {'Date': 'Sat, 08 Aug 2026 20:04:52 GMT', 'Server': 'Apache/2.4.58 (Ubuntu)', 'Content-Type': 'text/html; charset=UTF-8', 'Content-Length': '0', 'Etag': '708761f3b8777ec77058e63da08eeeb6', 'Last-Modified': 'Sat, 08 Aug 2026 20:04:53 GMT', 'X-Trans-Id': 'tx5e61fa239616466d948c2-006a778be4', 'X-Openstack-Request-Id': 'tx5e61fa239616466d948c2-006a778be4', 'Connection': 'close'} {{(pid=99714) http_log /opt/stack/data/venv/lib/python3.12/site-packages/swiftclient/client.py:162}}
Aug 08 20:04:52.799003 np0000006806 devstack@g-api.service[99714]: DEBUG glance_store._drivers.swift.store [None req-9da5dfbe-8ade-43ae-b804-7c724c5294c7 tempest-VolumesActionsTest-1705701315 tempest-VolumesActionsTest-1705701315-project-member] Wrote chunk fe7223a7-5159-43de-ba81-185bf7114ed5-00006 (6/?) of length 49741824 to Swift returning MD5 of content: 708761f3b8777ec77058e63da08eeeb6 {{(pid=99714) add /opt/stack/data/venv/lib/python3.12/site-packages/glance_store/_drivers/swift/store.py:1059}}
Aug 08 20:04:52.800132 np0000006806 devstack@g-api.service[99714]: DEBUG glance_store._drivers.swift.store [None req-9da5dfbe-8ade-43ae-b804-7c724c5294c7 tempest-VolumesActionsTest-1705701315 tempest-VolumesActionsTest-1705701315-project-member] Not writing zero-length chunk. {{(pid=99714) add /opt/stack/data/venv/lib/python3.12/site-packages/glance_store/_drivers/swift/store.py:1028}}
Aug 08 20:04:52.827709 np0000006806 devstack@g-api.service[99714]: DEBUG swiftclient [None req-9da5dfbe-8ade-43ae-b804-7c724c5294c7 tempest-VolumesActionsTest-1705701315 tempest-VolumesActionsTest-1705701315-project-member] REQ: curl -i https://10.4.3.20:8080/v1/AUTH_4a4b2797a9f549939d22f93d28cf7f7d/glance/fe7223a7-5159-43de-ba81-185bf7114ed5 -X PUT -H "X-Object-Manifest: glance/fe7223a7-5159-43de-ba81-185bf7114ed5-" -H "X-Auth-Token: gAAAAABqd4vZ1qxP..." -H "Content-Length: 0" {{(pid=99714) http_log /opt/stack/data/venv/lib/python3.12/site-packages/swiftclient/client.py:160}}
Aug 08 20:04:52.827872 np0000006806 devstack@g-api.service[99714]: DEBUG swiftclient [None req-9da5dfbe-8ade-43ae-b804-7c724c5294c7 tempest-VolumesActionsTest-1705701315 tempest-VolumesActionsTest-1705701315-project-member] RESP STATUS: 201 Created {{(pid=99714) http_log /opt/stack/data/venv/lib/python3.12/site-packages/swiftclient/client.py:161}}
Aug 08 20:04:52.827939 np0000006806 devstack@g-api.service[99714]: DEBUG swiftclient [None req-9da5dfbe-8ade-43ae-b804-7c724c5294c7 tempest-VolumesActionsTest-1705701315 tempest-VolumesActionsTest-1705701315-project-member] RESP HEADERS: {'Date': 'Sat, 08 Aug 2026 20:04:52 GMT', 'Server': 'Apache/2.4.58 (Ubuntu)', 'Content-Type': 'text/html; charset=UTF-8', 'Content-Length': '0', 'Etag': 'd41d8cd98f00b204e9800998ecf8427e', 'Last-Modified': 'Sat, 08 Aug 2026 20:04:53 GMT', 'X-Trans-Id': 'tx918bca6d20dc4e898512a-006a778be4', 'X-Openstack-Request-Id': 'tx918bca6d20dc4e898512a-006a778be4', 'Connection': 'close'} {{(pid=99714) http_log /opt/stack/data/venv/lib/python3.12/site-packages/swiftclient/client.py:162}}
Aug 08 20:04:52.828356 np0000006806 devstack@g-api.service[99714]: INFO glance.location [None req-9da5dfbe-8ade-43ae-b804-7c724c5294c7 tempest-VolumesActionsTest-1705701315 tempest-VolumesActionsTest-1705701315-project-member] Image format matched and virtual size computed: 1073741824
Aug 08 20:04:52.854382 np0000006806 devstack@g-api.service[99714]: DEBUG glance_store.backend [None req-9da5dfbe-8ade-43ae-b804-7c724c5294c7 tempest-VolumesActionsTest-1705701315 tempest-VolumesActionsTest-1705701315-project-member] Attempting to import store swift {{(pid=99714) _load_store /opt/stack/data/venv/lib/python3.12/site-packages/glance_store/backend.py:215}}
Aug 08 20:04:52.856001 np0000006806 devstack@g-api.service[99714]: DEBUG glance_store.capabilities [None req-9da5dfbe-8ade-43ae-b804-7c724c5294c7 tempest-VolumesActionsTest-1705701315 tempest-VolumesActionsTest-1705701315-project-member] Store glance_store._drivers.swift.store.SingleTenantStore doesn't support updating dynamic storage capabilities. Please overwrite 'update_capabilities' method of the store to implement updating logics if needed. {{(pid=99714) update_capabilities /opt/stack/data/venv/lib/python3.12/site-packages/glance_store/capabilities.py:91}}
Aug 08 20:04:52.856104 np0000006806 devstack@g-api.service[99714]: DEBUG glance_store.driver [None req-9da5dfbe-8ade-43ae-b804-7c724c5294c7 tempest-VolumesActionsTest-1705701315 tempest-VolumesActionsTest-1705701315-project-member] Late loading location class glance_store._drivers.swift.store.StoreLocation {{(pid=99714) get_store_location_class /opt/stack/data/venv/lib/python3.12/site-packages/glance_store/driver.py:134}}
Aug 08 20:04:52.856179 np0000006806 devstack@g-api.service[99714]: DEBUG glance_store.location [None req-9da5dfbe-8ade-43ae-b804-7c724c5294c7 tempest-VolumesActionsTest-1705701315 tempest-VolumesActionsTest-1705701315-project-member] Registering scheme swift+https with {'store': , 'location_class': , 'store_entry': 'swift'} {{(pid=99714) register_scheme_map /opt/stack/data/venv/lib/python3.12/site-packages/glance_store/location.py:146}}
Aug 08 20:04:52.856253 np0000006806 devstack@g-api.service[99714]: DEBUG glance_store.location [None req-9da5dfbe-8ade-43ae-b804-7c724c5294c7 tempest-VolumesActionsTest-1705701315 tempest-VolumesActionsTest-1705701315-project-member] Registering scheme swift+https with {'store': , 'location_class': , 'store_entry': 'swift'} {{(pid=99714) register_scheme_map /opt/stack/data/venv/lib/python3.12/site-packages/glance_store/location.py:146}}
Aug 08 20:04:52.856338 np0000006806 devstack@g-api.service[99714]: DEBUG glance_store.location [None req-9da5dfbe-8ade-43ae-b804-7c724c5294c7 tempest-VolumesActionsTest-1705701315 tempest-VolumesActionsTest-1705701315-project-member] Registering scheme swift with {'store': , 'location_class': , 'store_entry': 'swift'} {{(pid=99714) register_scheme_map /opt/stack/data/venv/lib/python3.12/site-packages/glance_store/location.py:146}}
Aug 08 20:04:52.856441 np0000006806 devstack@g-api.service[99714]: DEBUG glance_store.location [None req-9da5dfbe-8ade-43ae-b804-7c724c5294c7 tempest-VolumesActionsTest-1705701315 tempest-VolumesActionsTest-1705701315-project-member] Registering scheme swift+https with {'store': , 'location_class': , 'store_entry': 'swift'} {{(pid=99714) register_scheme_map /opt/stack/data/venv/lib/python3.12/site-packages/glance_store/location.py:146}}
Aug 08 20:04:52.856510 np0000006806 devstack@g-api.service[99714]: DEBUG glance_store.location [None req-9da5dfbe-8ade-43ae-b804-7c724c5294c7 tempest-VolumesActionsTest-1705701315 tempest-VolumesActionsTest-1705701315-project-member] Registering scheme swift with {'store': , 'location_class': , 'store_entry': 'swift'} {{(pid=99714) register_scheme_map /opt/stack/data/venv/lib/python3.12/site-packages/glance_store/location.py:146}}
Aug 08 20:04:52.856580 np0000006806 devstack@g-api.service[99714]: DEBUG glance_store.location [None req-9da5dfbe-8ade-43ae-b804-7c724c5294c7 tempest-VolumesActionsTest-1705701315 tempest-VolumesActionsTest-1705701315-project-member] Registering scheme swift+http with {'store': , 'location_class': , 'store_entry': 'swift'} {{(pid=99714) register_scheme_map /opt/stack/data/venv/lib/python3.12/site-packages/glance_store/location.py:146}}
Aug 08 20:04:52.856652 np0000006806 devstack@g-api.service[99714]: DEBUG glance_store.location [None req-9da5dfbe-8ade-43ae-b804-7c724c5294c7 tempest-VolumesActionsTest-1705701315 tempest-VolumesActionsTest-1705701315-project-member] Registering scheme swift+https with {'store': , 'location_class': , 'store_entry': 'swift'} {{(pid=99714) register_scheme_map /opt/stack/data/venv/lib/python3.12/site-packages/glance_store/location.py:146}}
Aug 08 20:04:52.856719 np0000006806 devstack@g-api.service[99714]: DEBUG glance_store.location [None req-9da5dfbe-8ade-43ae-b804-7c724c5294c7 tempest-VolumesActionsTest-1705701315 tempest-VolumesActionsTest-1705701315-project-member] Registering scheme swift with {'store': , 'location_class': , 'store_entry': 'swift'} {{(pid=99714) register_scheme_map /opt/stack/data/venv/lib/python3.12/site-packages/glance_store/location.py:146}}
Aug 08 20:04:52.856830 np0000006806 devstack@g-api.service[99714]: DEBUG glance_store.location [None req-9da5dfbe-8ade-43ae-b804-7c724c5294c7 tempest-VolumesActionsTest-1705701315 tempest-VolumesActionsTest-1705701315-project-member] Registering scheme swift+http with {'store': , 'location_class': , 'store_entry': 'swift'} {{(pid=99714) register_scheme_map /opt/stack/data/venv/lib/python3.12/site-packages/glance_store/location.py:146}}
Aug 08 20:04:52.856904 np0000006806 devstack@g-api.service[99714]: DEBUG glance_store.location [None req-9da5dfbe-8ade-43ae-b804-7c724c5294c7 tempest-VolumesActionsTest-1705701315 tempest-VolumesActionsTest-1705701315-project-member] Registering scheme swift+config with {'store': , 'location_class': , 'store_entry': 'swift'} {{(pid=99714) register_scheme_map /opt/stack/data/venv/lib/python3.12/site-packages/glance_store/location.py:146}}
Aug 08 20:04:52.856986 np0000006806 devstack@g-api.service[99714]: DEBUG glance_store.backend [None req-9da5dfbe-8ade-43ae-b804-7c724c5294c7 tempest-VolumesActionsTest-1705701315 tempest-VolumesActionsTest-1705701315-project-member] Skipping store.set_acls... not implemented. {{(pid=99714) set_acls /opt/stack/data/venv/lib/python3.12/site-packages/glance_store/backend.py:507}}
Aug 08 20:04:52.859058 np0000006806 devstack@g-api.service[99714]: [pid: 99714|app: 0|req: 100/310] 127.0.0.1 () {46 vars in 1154 bytes} [Sat Aug 8 20:04:40 2026] PUT /v2/images/fe7223a7-5159-43de-ba81-185bf7114ed5/file => generated 0 bytes in 12400 msecs (HTTP/1.1 204) 4 headers in 171 bytes (1 switches on core 0)
Aug 08 20:04:52.868180 np0000006806 devstack@g-api.service[99716]: DEBUG glance.api.middleware.version_negotiation [None req-a3974dca-cd89-479f-afc8-4586bf66b10d tempest-VolumesActionsTest-1705701315 tempest-VolumesActionsTest-1705701315-project-member] Determining version of request: GET /v2/images/fe7223a7-5159-43de-ba81-185bf7114ed5 Accept: */* {{(pid=99716) process_request /opt/stack/glance/glance/api/middleware/version_negotiation.py:44}}
Aug 08 20:04:52.868557 np0000006806 devstack@g-api.service[99716]: DEBUG glance.api.middleware.version_negotiation [None req-a3974dca-cd89-479f-afc8-4586bf66b10d tempest-VolumesActionsTest-1705701315 tempest-VolumesActionsTest-1705701315-project-member] Using url versioning {{(pid=99716) process_request /opt/stack/glance/glance/api/middleware/version_negotiation.py:57}}
Aug 08 20:04:52.868557 np0000006806 devstack@g-api.service[99716]: DEBUG glance.api.middleware.version_negotiation [None req-a3974dca-cd89-479f-afc8-4586bf66b10d tempest-VolumesActionsTest-1705701315 tempest-VolumesActionsTest-1705701315-project-member] Matched version: v2 {{(pid=99716) process_request /opt/stack/glance/glance/api/middleware/version_negotiation.py:69}}
