Jul 06 23:50:05.997457 np0000004685 devstack@c-api.service[96732]: DEBUG cinder.api.openstack.wsgi [None req-2d0d8cb1-3d08-4413-9132-fb6f4c29d336 tempest-TaggedBootDevicesTest_v242-1183901897 tempest-TaggedBootDevicesTest_v242-1183901897-project-member] Calling method 'show' {{(pid=96732) _process_stack /opt/stack/cinder/cinder/api/openstack/wsgi.py:878}}
Jul 06 23:50:06.006791 np0000004685 devstack@c-api.service[96732]: /opt/stack/data/venv/lib/python3.12/site-packages/oslo_context/context.py:102: DeprecationWarning: Policy enforcement is depending on the value of is_admin. This key is deprecated. Please update your policy file to use the standard policy values.
Jul 06 23:50:06.006791 np0000004685 devstack@c-api.service[96732]: warnings.warn(
Jul 06 23:50:06.012292 np0000004685 devstack@c-api.service[96732]: INFO cinder.volume.api [None req-2d0d8cb1-3d08-4413-9132-fb6f4c29d336 tempest-TaggedBootDevicesTest_v242-1183901897 tempest-TaggedBootDevicesTest_v242-1183901897-project-member] Volume info retrieved successfully.
Jul 06 23:50:06.019626 np0000004685 devstack@c-api.service[96732]: INFO cinder.api.openstack.wsgi [None req-2d0d8cb1-3d08-4413-9132-fb6f4c29d336 tempest-TaggedBootDevicesTest_v242-1183901897 tempest-TaggedBootDevicesTest_v242-1183901897-project-member] https://10.4.3.87/volume/v3/volumes/1111fc76-b99d-4eda-b44e-3486da1b2007 returned with HTTP 200
Jul 06 23:50:06.020481 np0000004685 devstack@c-api.service[96732]: [pid: 96732|app: 0|req: 131/413] 10.4.3.87 () {66 vars in 1341 bytes} [Mon Jul 6 23:50:05 2026] GET /volume/v3/volumes/1111fc76-b99d-4eda-b44e-3486da1b2007 => generated 848 bytes in 28 msecs (HTTP/1.1 200) 7 headers in 285 bytes (1 switches on core 0)
Jul 06 23:50:06.216131 np0000004685 devstack@c-api.service[96731]: INFO cinder.api.openstack.wsgi [req-76d8d52c-212b-49bc-8293-1e4cdf0535ab req-ab349653-0693-4c33-a6b6-2b2d9b3ea02e tempest-TaggedBootDevicesTest-838712630 tempest-TaggedBootDevicesTest-838712630-project-member] https://10.4.3.87/volume/v3/attachments/80b0721d-a7a0-439b-9b53-75dc005c64fd returned with HTTP 200
Jul 06 23:50:06.217917 np0000004685 devstack@c-api.service[96731]: [pid: 96731|app: 0|req: 144/414] 10.4.3.87 () {72 vars in 1666 bytes} [Mon Jul 6 23:50:05 2026] DELETE /volume/v3/attachments/80b0721d-a7a0-439b-9b53-75dc005c64fd => generated 19 bytes in 584 msecs (HTTP/1.1 200) 7 headers in 285 bytes (1 switches on core 0)
Jul 06 23:50:06.230274 np0000004685 devstack@c-api.service[96733]: DEBUG cinder.api.middleware.request_id [req-76d8d52c-212b-49bc-8293-1e4cdf0535ab req-687ef89c-04e7-45d6-ba04-6f8cf6168cb6 None None] RequestId filter calling following filter/app {{(pid=96733) _context_setter /opt/stack/cinder/cinder/api/middleware/request_id.py:62}}
Jul 06 23:50:06.233972 np0000004685 devstack@c-api.service[96733]: INFO cinder.api.openstack.wsgi [req-76d8d52c-212b-49bc-8293-1e4cdf0535ab req-687ef89c-04e7-45d6-ba04-6f8cf6168cb6 tempest-TaggedBootDevicesTest-838712630 tempest-TaggedBootDevicesTest-838712630-project-member] DELETE https://10.4.3.87/volume/v3/attachments/d3eda462-0e0c-4e14-9a80-504af8f85f26
Jul 06 23:50:06.234110 np0000004685 devstack@c-api.service[96733]: DEBUG cinder.api.openstack.wsgi [req-76d8d52c-212b-49bc-8293-1e4cdf0535ab req-687ef89c-04e7-45d6-ba04-6f8cf6168cb6 tempest-TaggedBootDevicesTest-838712630 tempest-TaggedBootDevicesTest-838712630-project-member] Empty body provided in request {{(pid=96733) get_body /opt/stack/cinder/cinder/api/openstack/wsgi.py:725}}
Jul 06 23:50:06.234351 np0000004685 devstack@c-api.service[96733]: DEBUG cinder.api.openstack.wsgi [req-76d8d52c-212b-49bc-8293-1e4cdf0535ab req-687ef89c-04e7-45d6-ba04-6f8cf6168cb6 tempest-TaggedBootDevicesTest-838712630 tempest-TaggedBootDevicesTest-838712630-project-member] Calling method 'version_select' {{(pid=96733) _process_stack /opt/stack/cinder/cinder/api/openstack/wsgi.py:878}}
Jul 06 23:50:06.248353 np0000004685 devstack@c-api.service[96733]: /opt/stack/data/venv/lib/python3.12/site-packages/oslo_context/context.py:102: DeprecationWarning: Policy enforcement is depending on the value of is_admin. This key is deprecated. Please update your policy file to use the standard policy values.
Jul 06 23:50:06.248353 np0000004685 devstack@c-api.service[96733]: warnings.warn(
Jul 06 23:50:06.317731 np0000004685 devstack@c-api.service[96732]: DEBUG cinder.api.middleware.request_id [None req-715aa832-94bf-453a-94fe-03e5e71faf0b None None] RequestId filter calling following filter/app {{(pid=96732) _context_setter /opt/stack/cinder/cinder/api/middleware/request_id.py:62}}
Jul 06 23:50:06.321209 np0000004685 devstack@c-api.service[96732]: INFO cinder.api.openstack.wsgi [None req-715aa832-94bf-453a-94fe-03e5e71faf0b tempest-VolumesCloneNegativeTest-1807892300 tempest-VolumesCloneNegativeTest-1807892300-project-member] GET https://10.4.3.87/volume/v3/volumes/86328029-2450-436c-9d2c-73e0ee5609bd
Jul 06 23:50:06.322414 np0000004685 devstack@c-api.service[96732]: DEBUG cinder.api.openstack.wsgi [None req-715aa832-94bf-453a-94fe-03e5e71faf0b tempest-VolumesCloneNegativeTest-1807892300 tempest-VolumesCloneNegativeTest-1807892300-project-member] Empty body provided in request {{(pid=96732) get_body /opt/stack/cinder/cinder/api/openstack/wsgi.py:725}}
Jul 06 23:50:06.322414 np0000004685 devstack@c-api.service[96732]: DEBUG cinder.api.openstack.wsgi [None req-715aa832-94bf-453a-94fe-03e5e71faf0b tempest-VolumesCloneNegativeTest-1807892300 tempest-VolumesCloneNegativeTest-1807892300-project-member] Calling method 'show' {{(pid=96732) _process_stack /opt/stack/cinder/cinder/api/openstack/wsgi.py:878}}
Jul 06 23:50:06.330167 np0000004685 devstack@c-api.service[96732]: INFO cinder.api.openstack.wsgi [None req-715aa832-94bf-453a-94fe-03e5e71faf0b tempest-VolumesCloneNegativeTest-1807892300 tempest-VolumesCloneNegativeTest-1807892300-project-member] https://10.4.3.87/volume/v3/volumes/86328029-2450-436c-9d2c-73e0ee5609bd returned with HTTP 404
Jul 06 23:50:06.330167 np0000004685 devstack@c-api.service[96732]: [pid: 96732|app: 0|req: 132/415] 10.4.3.87 () {66 vars in 1341 bytes} [Mon Jul 6 23:50:06 2026] GET /volume/v3/volumes/86328029-2450-436c-9d2c-73e0ee5609bd => generated 109 bytes in 13 msecs (HTTP/1.1 404) 7 headers in 292 bytes (1 switches on core 0)
Jul 06 23:50:06.781724 np0000004685 devstack@c-api.service[96733]: INFO cinder.api.openstack.wsgi [req-76d8d52c-212b-49bc-8293-1e4cdf0535ab req-687ef89c-04e7-45d6-ba04-6f8cf6168cb6 tempest-TaggedBootDevicesTest-838712630 tempest-TaggedBootDevicesTest-838712630-project-member] https://10.4.3.87/volume/v3/attachments/d3eda462-0e0c-4e14-9a80-504af8f85f26 returned with HTTP 200
Jul 06 23:50:06.782113 np0000004685 devstack@c-api.service[96733]: [pid: 96733|app: 0|req: 140/416] 10.4.3.87 () {72 vars in 1666 bytes} [Mon Jul 6 23:50:06 2026] DELETE /volume/v3/attachments/d3eda462-0e0c-4e14-9a80-504af8f85f26 => generated 19 bytes in 553 msecs (HTTP/1.1 200) 7 headers in 285 bytes (1 switches on core 0)
Jul 06 23:50:06.794779 np0000004685 devstack@c-api.service[96731]: DEBUG cinder.api.middleware.request_id [req-76d8d52c-212b-49bc-8293-1e4cdf0535ab req-3a7d08e5-9e76-49d9-ad34-b8affcc5440e None None] RequestId filter calling following filter/app {{(pid=96731) _context_setter /opt/stack/cinder/cinder/api/middleware/request_id.py:62}}
Jul 06 23:50:06.804821 np0000004685 devstack@c-api.service[96731]: INFO cinder.api.openstack.wsgi [req-76d8d52c-212b-49bc-8293-1e4cdf0535ab req-3a7d08e5-9e76-49d9-ad34-b8affcc5440e tempest-TaggedBootDevicesTest-838712630 tempest-TaggedBootDevicesTest-838712630-project-member] DELETE https://10.4.3.87/volume/v3/attachments/fbcb7349-412d-42a5-a37e-16d4a7b24ed2
Jul 06 23:50:06.807461 np0000004685 devstack@c-api.service[96731]: DEBUG cinder.api.openstack.wsgi [req-76d8d52c-212b-49bc-8293-1e4cdf0535ab req-3a7d08e5-9e76-49d9-ad34-b8affcc5440e tempest-TaggedBootDevicesTest-838712630 tempest-TaggedBootDevicesTest-838712630-project-member] Empty body provided in request {{(pid=96731) get_body /opt/stack/cinder/cinder/api/openstack/wsgi.py:725}}
Jul 06 23:50:06.807461 np0000004685 devstack@c-api.service[96731]: DEBUG cinder.api.openstack.wsgi [req-76d8d52c-212b-49bc-8293-1e4cdf0535ab req-3a7d08e5-9e76-49d9-ad34-b8affcc5440e tempest-TaggedBootDevicesTest-838712630 tempest-TaggedBootDevicesTest-838712630-project-member] Calling method 'version_select' {{(pid=96731) _process_stack /opt/stack/cinder/cinder/api/openstack/wsgi.py:878}}
Jul 06 23:50:06.820099 np0000004685 devstack@c-api.service[96731]: /opt/stack/data/venv/lib/python3.12/site-packages/oslo_context/context.py:102: DeprecationWarning: Policy enforcement is depending on the value of is_admin. This key is deprecated. Please update your policy file to use the standard policy values.
Jul 06 23:50:06.820099 np0000004685 devstack@c-api.service[96731]: warnings.warn(
Jul 06 23:50:07.386518 np0000004685 devstack@c-api.service[96731]: INFO cinder.api.openstack.wsgi [req-76d8d52c-212b-49bc-8293-1e4cdf0535ab req-3a7d08e5-9e76-49d9-ad34-b8affcc5440e tempest-TaggedBootDevicesTest-838712630 tempest-TaggedBootDevicesTest-838712630-project-member] https://10.4.3.87/volume/v3/attachments/fbcb7349-412d-42a5-a37e-16d4a7b24ed2 returned with HTTP 200
Jul 06 23:50:07.387819 np0000004685 devstack@c-api.service[96731]: [pid: 96731|app: 0|req: 145/417] 10.4.3.87 () {72 vars in 1666 bytes} [Mon Jul 6 23:50:06 2026] DELETE /volume/v3/attachments/fbcb7349-412d-42a5-a37e-16d4a7b24ed2 => generated 19 bytes in 593 msecs (HTTP/1.1 200) 7 headers in 285 bytes (1 switches on core 0)
Jul 06 23:50:08.886513 np0000004685 devstack@c-api.service[96732]: DEBUG cinder.api.middleware.request_id [None req-637805b5-edde-40f5-abda-06aa97c7c9d2 None None] RequestId filter calling following filter/app {{(pid=96732) _context_setter /opt/stack/cinder/cinder/api/middleware/request_id.py:62}}
Jul 06 23:50:09.190116 np0000004685 devstack@c-api.service[96732]: INFO cinder.api.openstack.wsgi [None req-637805b5-edde-40f5-abda-06aa97c7c9d2 tempest-VolumeTypesTest-416170840 tempest-VolumeTypesTest-416170840-project-admin] POST https://10.4.3.87/volume/v3/types
Jul 06 23:50:09.190356 np0000004685 devstack@c-api.service[96732]: DEBUG cinder.api.openstack.wsgi [None req-637805b5-edde-40f5-abda-06aa97c7c9d2 tempest-VolumeTypesTest-416170840 tempest-VolumeTypesTest-416170840-project-admin] Action: 'create', calling method: _create, body: {"volume_type": {"name": "tempest-VolumeTypesTest-volume-type-223028447", "extra_specs": {"storage_protocol": "storpool", "vendor_name": "StorPool"}}} {{(pid=96732) _process_stack /opt/stack/cinder/cinder/api/openstack/wsgi.py:876}}
Jul 06 23:50:09.215079 np0000004685 devstack@c-api.service[96732]: INFO cinder.api.openstack.wsgi [None req-637805b5-edde-40f5-abda-06aa97c7c9d2 tempest-VolumeTypesTest-416170840 tempest-VolumeTypesTest-416170840-project-admin] https://10.4.3.87/volume/v3/types returned with HTTP 200
Jul 06 23:50:09.215079 np0000004685 devstack@c-api.service[96732]: [pid: 96732|app: 0|req: 133/418] 10.4.3.87 () {68 vars in 1246 bytes} [Mon Jul 6 23:50:08 2026] POST /volume/v3/types => generated 277 bytes in 328 msecs (HTTP/1.1 200) 7 headers in 285 bytes (1 switches on core 0)
Jul 06 23:50:09.227212 np0000004685 devstack@c-api.service[96733]: DEBUG cinder.api.middleware.request_id [None req-03441dc1-40c0-4f40-a92f-bc197abd91d1 None None] RequestId filter calling following filter/app {{(pid=96733) _context_setter /opt/stack/cinder/cinder/api/middleware/request_id.py:62}}
Jul 06 23:50:09.229435 np0000004685 devstack@c-api.service[96733]: INFO cinder.api.openstack.wsgi [None req-03441dc1-40c0-4f40-a92f-bc197abd91d1 tempest-VolumeTypesTest-416170840 tempest-VolumeTypesTest-416170840-project-admin] POST https://10.4.3.87/volume/v3/types
Jul 06 23:50:09.229879 np0000004685 devstack@c-api.service[96733]: DEBUG cinder.api.openstack.wsgi [None req-03441dc1-40c0-4f40-a92f-bc197abd91d1 tempest-VolumeTypesTest-416170840 tempest-VolumeTypesTest-416170840-project-admin] Action: 'create', calling method: _create, body: {"volume_type": {"name": "tempest-VolumeTypesTest-volume-type-2119738167", "extra_specs": {"storage_protocol": "storpool", "vendor_name": "StorPool"}}} {{(pid=96733) _process_stack /opt/stack/cinder/cinder/api/openstack/wsgi.py:876}}
Jul 06 23:50:09.236610 np0000004685 devstack@c-api.service[96733]: /opt/stack/data/venv/lib/python3.12/site-packages/oslo_context/context.py:102: DeprecationWarning: Policy enforcement is depending on the value of is_admin. This key is deprecated. Please update your policy file to use the standard policy values.
Jul 06 23:50:09.236610 np0000004685 devstack@c-api.service[96733]: warnings.warn(
Jul 06 23:50:09.246276 np0000004685 devstack@c-api.service[96731]: DEBUG cinder.api.middleware.request_id [None req-e866432e-15c3-4673-b490-b49a41511710 None None] RequestId filter calling following filter/app {{(pid=96731) _context_setter /opt/stack/cinder/cinder/api/middleware/request_id.py:62}}
Jul 06 23:50:09.260827 np0000004685 devstack@c-api.service[96733]: INFO cinder.api.openstack.wsgi [None req-03441dc1-40c0-4f40-a92f-bc197abd91d1 tempest-VolumeTypesTest-416170840 tempest-VolumeTypesTest-416170840-project-admin] https://10.4.3.87/volume/v3/types returned with HTTP 200
Jul 06 23:50:09.261194 np0000004685 devstack@c-api.service[96733]: [pid: 96733|app: 0|req: 141/419] 10.4.3.87 () {68 vars in 1246 bytes} [Mon Jul 6 23:50:09 2026] POST /volume/v3/types => generated 278 bytes in 35 msecs (HTTP/1.1 200) 7 headers in 285 bytes (1 switches on core 0)
Jul 06 23:50:09.272062 np0000004685 devstack@c-api.service[96732]: DEBUG cinder.api.middleware.request_id [None req-37d5babe-db78-4d22-9d36-1ade022c534c None None] RequestId filter calling following filter/app {{(pid=96732) _context_setter /opt/stack/cinder/cinder/api/middleware/request_id.py:62}}
Jul 06 23:50:09.400000 np0000004685 devstack@c-api.service[96731]: INFO cinder.api.openstack.wsgi [None req-e866432e-15c3-4673-b490-b49a41511710 tempest-VolumesListTestJSON-956587582 tempest-VolumesListTestJSON-956587582-project-member] GET https://10.4.3.87/volume/v3/volumes
Jul 06 23:50:09.400747 np0000004685 devstack@c-api.service[96731]: DEBUG cinder.api.openstack.wsgi [None req-e866432e-15c3-4673-b490-b49a41511710 tempest-VolumesListTestJSON-956587582 tempest-VolumesListTestJSON-956587582-project-member] Empty body provided in request {{(pid=96731) get_body /opt/stack/cinder/cinder/api/openstack/wsgi.py:725}}
Jul 06 23:50:09.400747 np0000004685 devstack@c-api.service[96731]: DEBUG cinder.api.openstack.wsgi [None req-e866432e-15c3-4673-b490-b49a41511710 tempest-VolumesListTestJSON-956587582 tempest-VolumesListTestJSON-956587582-project-member] Calling method 'index' {{(pid=96731) _process_stack /opt/stack/cinder/cinder/api/openstack/wsgi.py:878}}
Jul 06 23:50:09.401112 np0000004685 devstack@c-api.service[96731]: DEBUG cinder.api.api_utils [None req-e866432e-15c3-4673-b490-b49a41511710 tempest-VolumesListTestJSON-956587582 tempest-VolumesListTestJSON-956587582-project-member] Removing options '' from query. {{(pid=96731) remove_invalid_filter_options /opt/stack/cinder/cinder/api/api_utils.py:82}}
Jul 06 23:50:09.401625 np0000004685 devstack@c-api.service[96731]: /opt/stack/data/venv/lib/python3.12/site-packages/oslo_context/context.py:102: DeprecationWarning: Policy enforcement is depending on the value of is_admin. This key is deprecated. Please update your policy file to use the standard policy values.
Jul 06 23:50:09.401625 np0000004685 devstack@c-api.service[96731]: warnings.warn(
Jul 06 23:50:09.402121 np0000004685 devstack@c-api.service[96731]: DEBUG cinder.volume.api [None req-e866432e-15c3-4673-b490-b49a41511710 tempest-VolumesListTestJSON-956587582 tempest-VolumesListTestJSON-956587582-project-member] Searching by: MultiDict([('no_migration_targets', True)]). {{(pid=96731) get_all /opt/stack/cinder/cinder/volume/api.py:664}}
Jul 06 23:50:09.441732 np0000004685 devstack@c-api.service[96731]: INFO cinder.volume.api [None req-e866432e-15c3-4673-b490-b49a41511710 tempest-VolumesListTestJSON-956587582 tempest-VolumesListTestJSON-956587582-project-member] Get all volumes completed successfully.
Jul 06 23:50:09.442207 np0000004685 devstack@c-api.service[96731]: INFO cinder.api.openstack.wsgi [None req-e866432e-15c3-4673-b490-b49a41511710 tempest-VolumesListTestJSON-956587582 tempest-VolumesListTestJSON-956587582-project-member] https://10.4.3.87/volume/v3/volumes returned with HTTP 200
Jul 06 23:50:09.442892 np0000004685 devstack@c-api.service[96731]: [pid: 96731|app: 0|req: 146/420] 10.4.3.87 () {66 vars in 1230 bytes} [Mon Jul 6 23:50:09 2026] GET /volume/v3/volumes => generated 15 bytes in 197 msecs (HTTP/1.1 200) 7 headers in 284 bytes (1 switches on core 0)
Jul 06 23:50:09.456953 np0000004685 devstack@c-api.service[96733]: DEBUG cinder.api.middleware.request_id [None req-8d8e9c38-1109-4659-a331-3f0db16f1603 None None] RequestId filter calling following filter/app {{(pid=96733) _context_setter /opt/stack/cinder/cinder/api/middleware/request_id.py:62}}
Jul 06 23:50:09.459035 np0000004685 devstack@c-api.service[96733]: INFO cinder.api.openstack.wsgi [None req-8d8e9c38-1109-4659-a331-3f0db16f1603 tempest-VolumesListTestJSON-956587582 tempest-VolumesListTestJSON-956587582-project-member] POST https://10.4.3.87/volume/v3/volumes
Jul 06 23:50:09.459471 np0000004685 devstack@c-api.service[96733]: DEBUG cinder.api.openstack.wsgi [None req-8d8e9c38-1109-4659-a331-3f0db16f1603 tempest-VolumesListTestJSON-956587582 tempest-VolumesListTestJSON-956587582-project-member] Action: 'create', calling method: create, body: {"volume": {"metadata": {"Type": "work"}, "size": 1, "name": "tempest-VolumesListTestJSON-Volume-2054768330"}} {{(pid=96733) _process_stack /opt/stack/cinder/cinder/api/openstack/wsgi.py:876}}
Jul 06 23:50:09.461101 np0000004685 devstack@c-api.service[96733]: DEBUG cinder.api.v3.volumes [None req-8d8e9c38-1109-4659-a331-3f0db16f1603 tempest-VolumesListTestJSON-956587582 tempest-VolumesListTestJSON-956587582-project-member] Create volume request body: {'volume': {'metadata': {'Type': 'work'}, 'size': 1, 'name': 'tempest-VolumesListTestJSON-Volume-2054768330'}} {{(pid=96733) create /opt/stack/cinder/cinder/api/v3/volumes.py:368}}
Jul 06 23:50:09.461285 np0000004685 devstack@c-api.service[96733]: INFO cinder.api.v3.volumes [None req-8d8e9c38-1109-4659-a331-3f0db16f1603 tempest-VolumesListTestJSON-956587582 tempest-VolumesListTestJSON-956587582-project-member] Create volume of 1 GB
Jul 06 23:50:09.466764 np0000004685 devstack@c-api.service[96733]: INFO cinder.volume.api [None req-8d8e9c38-1109-4659-a331-3f0db16f1603 tempest-VolumesListTestJSON-956587582 tempest-VolumesListTestJSON-956587582-project-member] Availability Zones retrieved successfully.
Jul 06 23:50:09.473222 np0000004685 devstack@c-api.service[96733]: DEBUG cinder.volume.api [None req-8d8e9c38-1109-4659-a331-3f0db16f1603 tempest-VolumesListTestJSON-956587582 tempest-VolumesListTestJSON-956587582-project-member] Flow 'volume_create_api' (e2e0e7d1-ac2d-47f5-8843-d8fe5ea8d0c5) transitioned into state 'RUNNING' from state 'PENDING' {{(pid=96733) _flow_receiver /opt/stack/data/venv/lib/python3.12/site-packages/taskflow/listeners/logging.py:160}}
Jul 06 23:50:09.474288 np0000004685 devstack@c-api.service[96733]: DEBUG cinder.volume.api [None req-8d8e9c38-1109-4659-a331-3f0db16f1603 tempest-VolumesListTestJSON-956587582 tempest-VolumesListTestJSON-956587582-project-member] Task 'cinder.volume.flows.api.create_volume.ExtractVolumeRequestTask;volume:create' (036eacc8-ea94-46c8-8315-eb04518ed9c0) transitioned into state 'RUNNING' from state 'PENDING' {{(pid=96733) _task_receiver /opt/stack/data/venv/lib/python3.12/site-packages/taskflow/listeners/logging.py:242}}
Jul 06 23:50:09.475684 np0000004685 devstack@c-api.service[96733]: DEBUG cinder.volume.flows.api.create_volume [None req-8d8e9c38-1109-4659-a331-3f0db16f1603 tempest-VolumesListTestJSON-956587582 tempest-VolumesListTestJSON-956587582-project-member] Validating volume size '1' using validate_int {{(pid=96733) _extract_size /opt/stack/cinder/cinder/volume/flows/api/create_volume.py:226}}
Jul 06 23:50:09.487374 np0000004685 devstack@c-api.service[96732]: INFO cinder.api.openstack.wsgi [None req-37d5babe-db78-4d22-9d36-1ade022c534c tempest-VolumeTypesTest-1061730165 tempest-VolumeTypesTest-1061730165-project-member] POST https://10.4.3.87/volume/v3/volumes
Jul 06 23:50:09.487938 np0000004685 devstack@c-api.service[96732]: DEBUG cinder.api.openstack.wsgi [None req-37d5babe-db78-4d22-9d36-1ade022c534c tempest-VolumeTypesTest-1061730165 tempest-VolumeTypesTest-1061730165-project-member] Action: 'create', calling method: create, body: {"volume": {"name": "tempest-VolumeTypesTest-volume-1633842030", "volume_type": "4321bc2b-0a22-4fc9-9a31-48fd3f6dac01", "size": 1}} {{(pid=96732) _process_stack /opt/stack/cinder/cinder/api/openstack/wsgi.py:876}}
Jul 06 23:50:09.489905 np0000004685 devstack@c-api.service[96732]: DEBUG cinder.api.v3.volumes [None req-37d5babe-db78-4d22-9d36-1ade022c534c tempest-VolumeTypesTest-1061730165 tempest-VolumeTypesTest-1061730165-project-member] Create volume request body: {'volume': {'name': 'tempest-VolumeTypesTest-volume-1633842030', 'volume_type': '4321bc2b-0a22-4fc9-9a31-48fd3f6dac01', 'size': 1}} {{(pid=96732) create /opt/stack/cinder/cinder/api/v3/volumes.py:368}}
Jul 06 23:50:09.500623 np0000004685 devstack@c-api.service[96732]: INFO cinder.api.v3.volumes [None req-37d5babe-db78-4d22-9d36-1ade022c534c tempest-VolumeTypesTest-1061730165 tempest-VolumeTypesTest-1061730165-project-member] Create volume of 1 GB
Jul 06 23:50:09.501029 np0000004685 devstack@c-api.service[96732]: /opt/stack/data/venv/lib/python3.12/site-packages/oslo_context/context.py:102: DeprecationWarning: Policy enforcement is depending on the value of is_admin. This key is deprecated. Please update your policy file to use the standard policy values.
Jul 06 23:50:09.501029 np0000004685 devstack@c-api.service[96732]: warnings.warn(
Jul 06 23:50:09.501654 np0000004685 devstack@c-api.service[96732]: INFO cinder.volume.api [None req-37d5babe-db78-4d22-9d36-1ade022c534c tempest-VolumeTypesTest-1061730165 tempest-VolumeTypesTest-1061730165-project-member] Availability Zones retrieved successfully.
Jul 06 23:50:09.516156 np0000004685 devstack@c-api.service[96732]: DEBUG cinder.volume.api [None req-37d5babe-db78-4d22-9d36-1ade022c534c tempest-VolumeTypesTest-1061730165 tempest-VolumeTypesTest-1061730165-project-member] Flow 'volume_create_api' (d7226794-8c13-494c-8b53-20a0fe789604) transitioned into state 'RUNNING' from state 'PENDING' {{(pid=96732) _flow_receiver /opt/stack/data/venv/lib/python3.12/site-packages/taskflow/listeners/logging.py:160}}
Jul 06 23:50:09.517573 np0000004685 devstack@c-api.service[96732]: DEBUG cinder.volume.api [None req-37d5babe-db78-4d22-9d36-1ade022c534c tempest-VolumeTypesTest-1061730165 tempest-VolumeTypesTest-1061730165-project-member] Task 'cinder.volume.flows.api.create_volume.ExtractVolumeRequestTask;volume:create' (6a528ed1-a145-4d01-801e-7395504a27c1) transitioned into state 'RUNNING' from state 'PENDING' {{(pid=96732) _task_receiver /opt/stack/data/venv/lib/python3.12/site-packages/taskflow/listeners/logging.py:242}}
Jul 06 23:50:09.519116 np0000004685 devstack@c-api.service[96732]: DEBUG cinder.volume.flows.api.create_volume [None req-37d5babe-db78-4d22-9d36-1ade022c534c tempest-VolumeTypesTest-1061730165 tempest-VolumeTypesTest-1061730165-project-member] Validating volume size '1' using validate_int {{(pid=96732) _extract_size /opt/stack/cinder/cinder/volume/flows/api/create_volume.py:226}}
Jul 06 23:50:09.530773 np0000004685 devstack@c-api.service[96733]: DEBUG cinder.volume.api [None req-8d8e9c38-1109-4659-a331-3f0db16f1603 tempest-VolumesListTestJSON-956587582 tempest-VolumesListTestJSON-956587582-project-member] Task 'cinder.volume.flows.api.create_volume.ExtractVolumeRequestTask;volume:create' (036eacc8-ea94-46c8-8315-eb04518ed9c0) transitioned into state 'SUCCESS' from state 'RUNNING' with result '{'size': 1, 'snapshot_id': None, 'source_volid': None, 'volume_type': VolumeType(created_at=2026-07-06T23:45:48Z,deleted=False,deleted_at=None,description=None,extra_specs={volume_backend_name='storpool'},id=c93d595d-0369-4f39-b002-be2366bfad4a,is_public=True,name='storpool',projects=[],qos_specs=,qos_specs_id=None,updated_at=None), 'volume_type_id': 'c93d595d-0369-4f39-b002-be2366bfad4a', 'encryption_key_id': None, 'qos_specs': None, 'consistencygroup_id': None, 'cgsnapshot_id': None, 'group_id': None, 'replication_status': 'disabled', 'refresh_az': False, 'backup_id': None, 'multiattach': False, 'availability_zones': ['nova']}' {{(pid=96733) _task_receiver /opt/stack/data/venv/lib/python3.12/site-packages/taskflow/listeners/logging.py:218}}
Jul 06 23:50:09.531997 np0000004685 devstack@c-api.service[96733]: DEBUG cinder.volume.api [None req-8d8e9c38-1109-4659-a331-3f0db16f1603 tempest-VolumesListTestJSON-956587582 tempest-VolumesListTestJSON-956587582-project-member] Task 'cinder.volume.flows.api.create_volume.QuotaReserveTask;volume:create' (f61dd0b1-ccf4-44c7-81aa-91698971d9fa) transitioned into state 'RUNNING' from state 'PENDING' {{(pid=96733) _task_receiver /opt/stack/data/venv/lib/python3.12/site-packages/taskflow/listeners/logging.py:242}}
Jul 06 23:50:09.549353 np0000004685 devstack@c-api.service[96732]: DEBUG cinder.volume.api [None req-37d5babe-db78-4d22-9d36-1ade022c534c tempest-VolumeTypesTest-1061730165 tempest-VolumeTypesTest-1061730165-project-member] Task 'cinder.volume.flows.api.create_volume.ExtractVolumeRequestTask;volume:create' (6a528ed1-a145-4d01-801e-7395504a27c1) transitioned into state 'SUCCESS' from state 'RUNNING' with result '{'size': 1, 'snapshot_id': None, 'source_volid': None, 'volume_type': VolumeType(created_at=2026-07-06T23:50:09Z,deleted=False,deleted_at=None,description=None,extra_specs={storage_protocol='storpool',vendor_name='StorPool'},id=4321bc2b-0a22-4fc9-9a31-48fd3f6dac01,is_public=True,name='tempest-VolumeTypesTest-volume-type-223028447',projects=[],qos_specs=,qos_specs_id=None,updated_at=None), 'volume_type_id': '4321bc2b-0a22-4fc9-9a31-48fd3f6dac01', 'encryption_key_id': None, 'qos_specs': None, 'consistencygroup_id': None, 'cgsnapshot_id': None, 'group_id': None, 'replication_status': 'disabled', 'refresh_az': False, 'backup_id': None, 'multiattach': False, 'availability_zones': ['nova']}' {{(pid=96732) _task_receiver /opt/stack/data/venv/lib/python3.12/site-packages/taskflow/listeners/logging.py:218}}
Jul 06 23:50:09.550715 np0000004685 devstack@c-api.service[96732]: DEBUG cinder.volume.api [None req-37d5babe-db78-4d22-9d36-1ade022c534c tempest-VolumeTypesTest-1061730165 tempest-VolumeTypesTest-1061730165-project-member] Task 'cinder.volume.flows.api.create_volume.QuotaReserveTask;volume:create' (960fa63d-4dc1-4c72-b8cf-1d3f393a4a77) transitioned into state 'RUNNING' from state 'PENDING' {{(pid=96732) _task_receiver /opt/stack/data/venv/lib/python3.12/site-packages/taskflow/listeners/logging.py:242}}
Jul 06 23:50:09.597762 np0000004685 devstack@c-api.service[96732]: WARNING cinder.quota [None req-37d5babe-db78-4d22-9d36-1ade022c534c tempest-VolumeTypesTest-1061730165 tempest-VolumeTypesTest-1061730165-project-member] Deprecated: Default quota for resource: volumes_tempest-VolumeTypesTest-volume-type-223028447 is set by the default quota flag: quota_volumes_tempest-VolumeTypesTest-volume-type-223028447, it is now deprecated. Please use the default quota class for default quota.
Jul 06 23:50:09.598184 np0000004685 devstack@c-api.service[96732]: WARNING cinder.quota [None req-37d5babe-db78-4d22-9d36-1ade022c534c tempest-VolumeTypesTest-1061730165 tempest-VolumeTypesTest-1061730165-project-member] Deprecated: Default quota for resource: gigabytes_tempest-VolumeTypesTest-volume-type-223028447 is set by the default quota flag: quota_gigabytes_tempest-VolumeTypesTest-volume-type-223028447, it is now deprecated. Please use the default quota class for default quota.
Jul 06 23:50:09.614078 np0000004685 devstack@c-api.service[96733]: DEBUG cinder.quota [None req-8d8e9c38-1109-4659-a331-3f0db16f1603 tempest-VolumesListTestJSON-956587582 tempest-VolumesListTestJSON-956587582-project-member] Created reservations ['b8889605-ab72-44bf-9f16-cd2de4f8868a', '5248bcca-fdf0-43ed-8acb-9cd0337ed510', '733ee59c-74ff-4a75-9d45-3fc72e25d678', 'b43ab098-8051-46ea-872d-16a0efa97d01'] {{(pid=96733) reserve /opt/stack/cinder/cinder/quota.py:752}}
Jul 06 23:50:09.616134 np0000004685 devstack@c-api.service[96733]: DEBUG cinder.volume.api [None req-8d8e9c38-1109-4659-a331-3f0db16f1603 tempest-VolumesListTestJSON-956587582 tempest-VolumesListTestJSON-956587582-project-member] Task 'cinder.volume.flows.api.create_volume.QuotaReserveTask;volume:create' (f61dd0b1-ccf4-44c7-81aa-91698971d9fa) transitioned into state 'SUCCESS' from state 'RUNNING' with result '{'reservations': ['b8889605-ab72-44bf-9f16-cd2de4f8868a', '5248bcca-fdf0-43ed-8acb-9cd0337ed510', '733ee59c-74ff-4a75-9d45-3fc72e25d678', 'b43ab098-8051-46ea-872d-16a0efa97d01']}' {{(pid=96733) _task_receiver /opt/stack/data/venv/lib/python3.12/site-packages/taskflow/listeners/logging.py:218}}
Jul 06 23:50:09.617321 np0000004685 devstack@c-api.service[96733]: DEBUG cinder.volume.api [None req-8d8e9c38-1109-4659-a331-3f0db16f1603 tempest-VolumesListTestJSON-956587582 tempest-VolumesListTestJSON-956587582-project-member] Task 'cinder.volume.flows.api.create_volume.EntryCreateTask;volume:create' (d74d56bd-4d87-4298-b15e-b00129e6fff8) transitioned into state 'RUNNING' from state 'PENDING' {{(pid=96733) _task_receiver /opt/stack/data/venv/lib/python3.12/site-packages/taskflow/listeners/logging.py:242}}
Jul 06 23:50:09.643528 np0000004685 devstack@c-api.service[96732]: DEBUG cinder.quota [None req-37d5babe-db78-4d22-9d36-1ade022c534c tempest-VolumeTypesTest-1061730165 tempest-VolumeTypesTest-1061730165-project-member] Created reservations ['b673fec2-0833-4489-ac7b-593fdbf7088e', '20c61df4-a1aa-4208-a04a-31b55689deeb', '114c7d8c-5bc2-4b2b-b34a-a2373a608197', 'b7beb851-194c-455d-9a8e-fc493f403c39'] {{(pid=96732) reserve /opt/stack/cinder/cinder/quota.py:752}}
Jul 06 23:50:09.644449 np0000004685 devstack@c-api.service[96732]: DEBUG cinder.volume.api [None req-37d5babe-db78-4d22-9d36-1ade022c534c tempest-VolumeTypesTest-1061730165 tempest-VolumeTypesTest-1061730165-project-member] Task 'cinder.volume.flows.api.create_volume.QuotaReserveTask;volume:create' (960fa63d-4dc1-4c72-b8cf-1d3f393a4a77) transitioned into state 'SUCCESS' from state 'RUNNING' with result '{'reservations': ['b673fec2-0833-4489-ac7b-593fdbf7088e', '20c61df4-a1aa-4208-a04a-31b55689deeb', '114c7d8c-5bc2-4b2b-b34a-a2373a608197', 'b7beb851-194c-455d-9a8e-fc493f403c39']}' {{(pid=96732) _task_receiver /opt/stack/data/venv/lib/python3.12/site-packages/taskflow/listeners/logging.py:218}}
Jul 06 23:50:09.645272 np0000004685 devstack@c-api.service[96732]: DEBUG cinder.volume.api [None req-37d5babe-db78-4d22-9d36-1ade022c534c tempest-VolumeTypesTest-1061730165 tempest-VolumeTypesTest-1061730165-project-member] Task 'cinder.volume.flows.api.create_volume.EntryCreateTask;volume:create' (5b3f8a96-2711-45cd-b8b4-56b5f0ba2981) transitioned into state 'RUNNING' from state 'PENDING' {{(pid=96732) _task_receiver /opt/stack/data/venv/lib/python3.12/site-packages/taskflow/listeners/logging.py:242}}
Jul 06 23:50:09.653200 np0000004685 devstack@c-api.service[96733]: DEBUG cinder.volume.api [None req-8d8e9c38-1109-4659-a331-3f0db16f1603 tempest-VolumesListTestJSON-956587582 tempest-VolumesListTestJSON-956587582-project-member] Task 'cinder.volume.flows.api.create_volume.EntryCreateTask;volume:create' (d74d56bd-4d87-4298-b15e-b00129e6fff8) transitioned into state 'SUCCESS' from state 'RUNNING' with result '{'volume_id': '7bc7cdf9-4ae9-4cb1-a385-3bbbbeabbe16', 'volume_properties': VolumeProperties(attach_status='detached',availability_zone='nova',cgsnapshot_id=None,consistencygroup_id=None,display_description=None,display_name='tempest-VolumesListTestJSON-Volume-2054768330',encryption_key_id=None,group_id=None,group_type_id=,metadata={Type='work'},multiattach=False,project_id='99ceaecebfd04fccadea58c9e974ff6f',qos_specs=None,replication_status=,reservations=['b8889605-ab72-44bf-9f16-cd2de4f8868a','5248bcca-fdf0-43ed-8acb-9cd0337ed510','733ee59c-74ff-4a75-9d45-3fc72e25d678','b43ab098-8051-46ea-872d-16a0efa97d01'],size=1,snapshot_id=None,source_replicaid=,source_volid=None,status='creating',user_id='ff6a3952ddc94cceb8c9355b2c80c025',volume_type_id=c93d595d-0369-4f39-b002-be2366bfad4a), 'volume': Volume(_name_id=None,admin_metadata=,attach_status='detached',availability_zone='nova',bootable=False,cluster=,cluster_name=None,consistencygroup=,consistencygroup_id=None,created_at=2026-07-06T23:50:09Z,deleted=False,deleted_at=None,display_description=None,display_name='tempest-VolumesListTestJSON-Volume-2054768330',ec2_id=None,encryption_key_id=None,glance_metadata=,group=,group_id=None,host=None,id=7bc7cdf9-4ae9-4cb1-a385-3bbbbeabbe16,launched_at=None,metadata={Type='work'},migration_status=None,multiattach=False,previous_status=None,project_id='99ceaecebfd04fccadea58c9e974ff6f',provider_auth=None,provider_geometry=None,provider_id=None,provider_location=None,replication_driver_data=None,replication_extended_status=None,replication_status=None,scheduled_at=None,service_uuid=None,shared_targets=True,size=1,snapshot_id=None,snapshots=,source_volid=None,status='creating',terminated_at=None,updated_at=None,use_quota=True,user_id='ff6a3952ddc94cceb8c9355b2c80c025',volume_attachment=VolumeAttachmentList,volume_type=VolumeType(c93d595d-0369-4f39-b002-be2366bfad4a),volume_type_id=c93d595d-0369-4f39-b002-be2366bfad4a)}' {{(pid=96733) _task_receiver /opt/stack/data/venv/lib/python3.12/site-packages/taskflow/listeners/logging.py:218}}
Jul 06 23:50:09.655566 np0000004685 devstack@c-api.service[96733]: DEBUG cinder.volume.api [None req-8d8e9c38-1109-4659-a331-3f0db16f1603 tempest-VolumesListTestJSON-956587582 tempest-VolumesListTestJSON-956587582-project-member] Task 'cinder.volume.flows.api.create_volume.QuotaCommitTask;volume:create' (df32b6a6-3282-4a40-81c5-aed09182cab6) transitioned into state 'RUNNING' from state 'PENDING' {{(pid=96733) _task_receiver /opt/stack/data/venv/lib/python3.12/site-packages/taskflow/listeners/logging.py:242}}
Jul 06 23:50:09.675728 np0000004685 devstack@c-api.service[96733]: DEBUG cinder.volume.api [None req-8d8e9c38-1109-4659-a331-3f0db16f1603 tempest-VolumesListTestJSON-956587582 tempest-VolumesListTestJSON-956587582-project-member] Task 'cinder.volume.flows.api.create_volume.QuotaCommitTask;volume:create' (df32b6a6-3282-4a40-81c5-aed09182cab6) transitioned into state 'SUCCESS' from state 'RUNNING' with result '{'volume_properties': VolumeProperties(attach_status='detached',availability_zone='nova',cgsnapshot_id=None,consistencygroup_id=None,display_description=None,display_name='tempest-VolumesListTestJSON-Volume-2054768330',encryption_key_id=None,group_id=None,group_type_id=,metadata={Type='work'},multiattach=False,project_id='99ceaecebfd04fccadea58c9e974ff6f',qos_specs=None,replication_status=,reservations=['b8889605-ab72-44bf-9f16-cd2de4f8868a','5248bcca-fdf0-43ed-8acb-9cd0337ed510','733ee59c-74ff-4a75-9d45-3fc72e25d678','b43ab098-8051-46ea-872d-16a0efa97d01'],size=1,snapshot_id=None,source_replicaid=,source_volid=None,status='creating',user_id='ff6a3952ddc94cceb8c9355b2c80c025',volume_type_id=c93d595d-0369-4f39-b002-be2366bfad4a)}' {{(pid=96733) _task_receiver /opt/stack/data/venv/lib/python3.12/site-packages/taskflow/listeners/logging.py:218}}
Jul 06 23:50:09.676638 np0000004685 devstack@c-api.service[96733]: DEBUG cinder.volume.api [None req-8d8e9c38-1109-4659-a331-3f0db16f1603 tempest-VolumesListTestJSON-956587582 tempest-VolumesListTestJSON-956587582-project-member] Task 'cinder.volume.flows.api.create_volume.VolumeCastTask;volume:create' (3e695543-828e-4466-a709-e0f0899ba9a8) transitioned into state 'RUNNING' from state 'PENDING' {{(pid=96733) _task_receiver /opt/stack/data/venv/lib/python3.12/site-packages/taskflow/listeners/logging.py:242}}
Jul 06 23:50:09.679162 np0000004685 devstack@c-api.service[96732]: DEBUG cinder.volume.api [None req-37d5babe-db78-4d22-9d36-1ade022c534c tempest-VolumeTypesTest-1061730165 tempest-VolumeTypesTest-1061730165-project-member] Task 'cinder.volume.flows.api.create_volume.EntryCreateTask;volume:create' (5b3f8a96-2711-45cd-b8b4-56b5f0ba2981) transitioned into state 'SUCCESS' from state 'RUNNING' with result '{'volume_id': '830cb5bd-768a-4cb8-9c5a-2ac8ea0f60d6', 'volume_properties': VolumeProperties(attach_status='detached',availability_zone='nova',cgsnapshot_id=None,consistencygroup_id=None,display_description=None,display_name='tempest-VolumeTypesTest-volume-1633842030',encryption_key_id=None,group_id=None,group_type_id=,metadata={},multiattach=False,project_id='71413e83c12342c9aa9454f1df14365e',qos_specs=None,replication_status=,reservations=['b673fec2-0833-4489-ac7b-593fdbf7088e','20c61df4-a1aa-4208-a04a-31b55689deeb','114c7d8c-5bc2-4b2b-b34a-a2373a608197','b7beb851-194c-455d-9a8e-fc493f403c39'],size=1,snapshot_id=None,source_replicaid=,source_volid=None,status='creating',user_id='1798ce1b714d48dca8e483560c3c84ef',volume_type_id=4321bc2b-0a22-4fc9-9a31-48fd3f6dac01), 'volume': Volume(_name_id=None,admin_metadata=,attach_status='detached',availability_zone='nova',bootable=False,cluster=,cluster_name=None,consistencygroup=,consistencygroup_id=None,created_at=2026-07-06T23:50:09Z,deleted=False,deleted_at=None,display_description=None,display_name='tempest-VolumeTypesTest-volume-1633842030',ec2_id=None,encryption_key_id=None,glance_metadata=,group=,group_id=None,host=None,id=830cb5bd-768a-4cb8-9c5a-2ac8ea0f60d6,launched_at=None,metadata={},migration_status=None,multiattach=False,previous_status=None,project_id='71413e83c12342c9aa9454f1df14365e',provider_auth=None,provider_geometry=None,provider_id=None,provider_location=None,replication_driver_data=None,replication_extended_status=None,replication_status=None,scheduled_at=None,service_uuid=None,shared_targets=True,size=1,snapshot_id=None,snapshots=,source_volid=None,status='creating',terminated_at=None,updated_at=None,use_quota=True,user_id='1798ce1b714d48dca8e483560c3c84ef',volume_attachment=VolumeAttachmentList,volume_type=VolumeType(4321bc2b-0a22-4fc9-9a31-48fd3f6dac01),volume_type_id=4321bc2b-0a22-4fc9-9a31-48fd3f6dac01)}' {{(pid=96732) _task_receiver /opt/stack/data/venv/lib/python3.12/site-packages/taskflow/listeners/logging.py:218}}
Jul 06 23:50:09.680060 np0000004685 devstack@c-api.service[96732]: DEBUG cinder.volume.api [None req-37d5babe-db78-4d22-9d36-1ade022c534c tempest-VolumeTypesTest-1061730165 tempest-VolumeTypesTest-1061730165-project-member] Task 'cinder.volume.flows.api.create_volume.QuotaCommitTask;volume:create' (08ca9349-9270-451d-81ad-028f6eda391b) transitioned into state 'RUNNING' from state 'PENDING' {{(pid=96732) _task_receiver /opt/stack/data/venv/lib/python3.12/site-packages/taskflow/listeners/logging.py:242}}
Jul 06 23:50:09.687174 np0000004685 devstack@c-api.service[96733]: DEBUG cinder.volume.api [None req-8d8e9c38-1109-4659-a331-3f0db16f1603 tempest-VolumesListTestJSON-956587582 tempest-VolumesListTestJSON-956587582-project-member] Task 'cinder.volume.flows.api.create_volume.VolumeCastTask;volume:create' (3e695543-828e-4466-a709-e0f0899ba9a8) transitioned into state 'SUCCESS' from state 'RUNNING' with result 'None' {{(pid=96733) _task_receiver /opt/stack/data/venv/lib/python3.12/site-packages/taskflow/listeners/logging.py:218}}
Jul 06 23:50:09.688222 np0000004685 devstack@c-api.service[96733]: DEBUG cinder.volume.api [None req-8d8e9c38-1109-4659-a331-3f0db16f1603 tempest-VolumesListTestJSON-956587582 tempest-VolumesListTestJSON-956587582-project-member] Flow 'volume_create_api' (e2e0e7d1-ac2d-47f5-8843-d8fe5ea8d0c5) transitioned into state 'SUCCESS' from state 'RUNNING' {{(pid=96733) _flow_receiver /opt/stack/data/venv/lib/python3.12/site-packages/taskflow/listeners/logging.py:160}}
Jul 06 23:50:09.688609 np0000004685 devstack@c-api.service[96733]: INFO cinder.volume.api [None req-8d8e9c38-1109-4659-a331-3f0db16f1603 tempest-VolumesListTestJSON-956587582 tempest-VolumesListTestJSON-956587582-project-member] Create volume request issued successfully.
Jul 06 23:50:09.689286 np0000004685 devstack@c-api.service[96733]: INFO cinder.api.openstack.wsgi [None req-8d8e9c38-1109-4659-a331-3f0db16f1603 tempest-VolumesListTestJSON-956587582 tempest-VolumesListTestJSON-956587582-project-member] https://10.4.3.87/volume/v3/volumes returned with HTTP 202
Jul 06 23:50:09.690487 np0000004685 devstack@c-api.service[96733]: [pid: 96733|app: 0|req: 142/421] 10.4.3.87 () {68 vars in 1252 bytes} [Mon Jul 6 23:50:09 2026] POST /volume/v3/volumes => generated 762 bytes in 234 msecs (HTTP/1.1 202) 7 headers in 291 bytes (1 switches on core 0)
Jul 06 23:50:09.707054 np0000004685 devstack@c-api.service[96731]: DEBUG cinder.api.middleware.request_id [None req-13bb7e39-4646-4768-893e-306fd92ecf35 None None] RequestId filter calling following filter/app {{(pid=96731) _context_setter /opt/stack/cinder/cinder/api/middleware/request_id.py:62}}
Jul 06 23:50:09.711306 np0000004685 devstack@c-api.service[96731]: INFO cinder.api.openstack.wsgi [None req-13bb7e39-4646-4768-893e-306fd92ecf35 tempest-VolumesListTestJSON-956587582 tempest-VolumesListTestJSON-956587582-project-member] GET https://10.4.3.87/volume/v3/volumes/7bc7cdf9-4ae9-4cb1-a385-3bbbbeabbe16
Jul 06 23:50:09.711908 np0000004685 devstack@c-api.service[96731]: DEBUG cinder.api.openstack.wsgi [None req-13bb7e39-4646-4768-893e-306fd92ecf35 tempest-VolumesListTestJSON-956587582 tempest-VolumesListTestJSON-956587582-project-member] Empty body provided in request {{(pid=96731) get_body /opt/stack/cinder/cinder/api/openstack/wsgi.py:725}}
Jul 06 23:50:09.711908 np0000004685 devstack@c-api.service[96731]: DEBUG cinder.api.openstack.wsgi [None req-13bb7e39-4646-4768-893e-306fd92ecf35 tempest-VolumesListTestJSON-956587582 tempest-VolumesListTestJSON-956587582-project-member] Calling method 'show' {{(pid=96731) _process_stack /opt/stack/cinder/cinder/api/openstack/wsgi.py:878}}
Jul 06 23:50:09.715279 np0000004685 devstack@c-api.service[96732]: DEBUG cinder.volume.api [None req-37d5babe-db78-4d22-9d36-1ade022c534c tempest-VolumeTypesTest-1061730165 tempest-VolumeTypesTest-1061730165-project-member] Task 'cinder.volume.flows.api.create_volume.QuotaCommitTask;volume:create' (08ca9349-9270-451d-81ad-028f6eda391b) transitioned into state 'SUCCESS' from state 'RUNNING' with result '{'volume_properties': VolumeProperties(attach_status='detached',availability_zone='nova',cgsnapshot_id=None,consistencygroup_id=None,display_description=None,display_name='tempest-VolumeTypesTest-volume-1633842030',encryption_key_id=None,group_id=None,group_type_id=,metadata={},multiattach=False,project_id='71413e83c12342c9aa9454f1df14365e',qos_specs=None,replication_status=,reservations=['b673fec2-0833-4489-ac7b-593fdbf7088e','20c61df4-a1aa-4208-a04a-31b55689deeb','114c7d8c-5bc2-4b2b-b34a-a2373a608197','b7beb851-194c-455d-9a8e-fc493f403c39'],size=1,snapshot_id=None,source_replicaid=,source_volid=None,status='creating',user_id='1798ce1b714d48dca8e483560c3c84ef',volume_type_id=4321bc2b-0a22-4fc9-9a31-48fd3f6dac01)}' {{(pid=96732) _task_receiver /opt/stack/data/venv/lib/python3.12/site-packages/taskflow/listeners/logging.py:218}}
Jul 06 23:50:09.716644 np0000004685 devstack@c-api.service[96732]: DEBUG cinder.volume.api [None req-37d5babe-db78-4d22-9d36-1ade022c534c tempest-VolumeTypesTest-1061730165 tempest-VolumeTypesTest-1061730165-project-member] Task 'cinder.volume.flows.api.create_volume.VolumeCastTask;volume:create' (e343d407-bb50-49f1-b9cf-47cb64164fa1) transitioned into state 'RUNNING' from state 'PENDING' {{(pid=96732) _task_receiver /opt/stack/data/venv/lib/python3.12/site-packages/taskflow/listeners/logging.py:242}}
Jul 06 23:50:09.719319 np0000004685 devstack@c-api.service[96731]: /opt/stack/data/venv/lib/python3.12/site-packages/oslo_context/context.py:102: DeprecationWarning: Policy enforcement is depending on the value of is_admin. This key is deprecated. Please update your policy file to use the standard policy values.
Jul 06 23:50:09.719319 np0000004685 devstack@c-api.service[96731]: warnings.warn(
Jul 06 23:50:09.724635 np0000004685 devstack@c-api.service[96731]: INFO cinder.volume.api [None req-13bb7e39-4646-4768-893e-306fd92ecf35 tempest-VolumesListTestJSON-956587582 tempest-VolumesListTestJSON-956587582-project-member] Volume info retrieved successfully.
Jul 06 23:50:09.731210 np0000004685 devstack@c-api.service[96731]: INFO cinder.api.openstack.wsgi [None req-13bb7e39-4646-4768-893e-306fd92ecf35 tempest-VolumesListTestJSON-956587582 tempest-VolumesListTestJSON-956587582-project-member] https://10.4.3.87/volume/v3/volumes/7bc7cdf9-4ae9-4cb1-a385-3bbbbeabbe16 returned with HTTP 200
Jul 06 23:50:09.731605 np0000004685 devstack@c-api.service[96732]: DEBUG cinder.volume.api [None req-37d5babe-db78-4d22-9d36-1ade022c534c tempest-VolumeTypesTest-1061730165 tempest-VolumeTypesTest-1061730165-project-member] Task 'cinder.volume.flows.api.create_volume.VolumeCastTask;volume:create' (e343d407-bb50-49f1-b9cf-47cb64164fa1) transitioned into state 'SUCCESS' from state 'RUNNING' with result 'None' {{(pid=96732) _task_receiver /opt/stack/data/venv/lib/python3.12/site-packages/taskflow/listeners/logging.py:218}}
Jul 06 23:50:09.731818 np0000004685 devstack@c-api.service[96731]: [pid: 96731|app: 0|req: 147/422] 10.4.3.87 () {66 vars in 1341 bytes} [Mon Jul 6 23:50:09 2026] GET /volume/v3/volumes/7bc7cdf9-4ae9-4cb1-a385-3bbbbeabbe16 => generated 830 bytes in 25 msecs (HTTP/1.1 200) 7 headers in 285 bytes (1 switches on core 0)
Jul 06 23:50:09.733367 np0000004685 devstack@c-api.service[96732]: DEBUG cinder.volume.api [None req-37d5babe-db78-4d22-9d36-1ade022c534c tempest-VolumeTypesTest-1061730165 tempest-VolumeTypesTest-1061730165-project-member] Flow 'volume_create_api' (d7226794-8c13-494c-8b53-20a0fe789604) transitioned into state 'SUCCESS' from state 'RUNNING' {{(pid=96732) _flow_receiver /opt/stack/data/venv/lib/python3.12/site-packages/taskflow/listeners/logging.py:160}}
Jul 06 23:50:09.733898 np0000004685 devstack@c-api.service[96732]: INFO cinder.volume.api [None req-37d5babe-db78-4d22-9d36-1ade022c534c tempest-VolumeTypesTest-1061730165 tempest-VolumeTypesTest-1061730165-project-member] Create volume request issued successfully.
Jul 06 23:50:09.734760 np0000004685 devstack@c-api.service[96732]: INFO cinder.api.openstack.wsgi [None req-37d5babe-db78-4d22-9d36-1ade022c534c tempest-VolumeTypesTest-1061730165 tempest-VolumeTypesTest-1061730165-project-member] https://10.4.3.87/volume/v3/volumes returned with HTTP 202
Jul 06 23:50:09.735941 np0000004685 devstack@c-api.service[96732]: [pid: 96732|app: 0|req: 134/423] 10.4.3.87 () {68 vars in 1252 bytes} [Mon Jul 6 23:50:09 2026] POST /volume/v3/volumes => generated 781 bytes in 465 msecs (HTTP/1.1 202) 7 headers in 291 bytes (2 switches on core 0)
Jul 06 23:50:09.758112 np0000004685 devstack@c-api.service[96733]: DEBUG cinder.api.middleware.request_id [None req-adeb0f31-220b-41d8-a3ae-d7d95dfb575f None None] RequestId filter calling following filter/app {{(pid=96733) _context_setter /opt/stack/cinder/cinder/api/middleware/request_id.py:62}}
Jul 06 23:50:09.760537 np0000004685 devstack@c-api.service[96733]: INFO cinder.api.openstack.wsgi [None req-adeb0f31-220b-41d8-a3ae-d7d95dfb575f tempest-VolumeTypesTest-1061730165 tempest-VolumeTypesTest-1061730165-project-member] GET https://10.4.3.87/volume/v3/volumes/830cb5bd-768a-4cb8-9c5a-2ac8ea0f60d6
Jul 06 23:50:09.760801 np0000004685 devstack@c-api.service[96733]: DEBUG cinder.api.openstack.wsgi [None req-adeb0f31-220b-41d8-a3ae-d7d95dfb575f tempest-VolumeTypesTest-1061730165 tempest-VolumeTypesTest-1061730165-project-member] Empty body provided in request {{(pid=96733) get_body /opt/stack/cinder/cinder/api/openstack/wsgi.py:725}}
Jul 06 23:50:09.761052 np0000004685 devstack@c-api.service[96733]: DEBUG cinder.api.openstack.wsgi [None req-adeb0f31-220b-41d8-a3ae-d7d95dfb575f tempest-VolumeTypesTest-1061730165 tempest-VolumeTypesTest-1061730165-project-member] Calling method 'show' {{(pid=96733) _process_stack /opt/stack/cinder/cinder/api/openstack/wsgi.py:878}}
Jul 06 23:50:09.770050 np0000004685 devstack@c-api.service[96733]: /opt/stack/data/venv/lib/python3.12/site-packages/oslo_context/context.py:102: DeprecationWarning: Policy enforcement is depending on the value of is_admin. This key is deprecated. Please update your policy file to use the standard policy values.
Jul 06 23:50:09.770050 np0000004685 devstack@c-api.service[96733]: warnings.warn(
Jul 06 23:50:09.777618 np0000004685 devstack@c-api.service[96733]: INFO cinder.volume.api [None req-adeb0f31-220b-41d8-a3ae-d7d95dfb575f tempest-VolumeTypesTest-1061730165 tempest-VolumeTypesTest-1061730165-project-member] Volume info retrieved successfully.
Jul 06 23:50:09.783674 np0000004685 devstack@c-api.service[96733]: INFO cinder.api.openstack.wsgi [None req-adeb0f31-220b-41d8-a3ae-d7d95dfb575f tempest-VolumeTypesTest-1061730165 tempest-VolumeTypesTest-1061730165-project-member] https://10.4.3.87/volume/v3/volumes/830cb5bd-768a-4cb8-9c5a-2ac8ea0f60d6 returned with HTTP 200
Jul 06 23:50:09.784141 np0000004685 devstack@c-api.service[96733]: [pid: 96733|app: 0|req: 143/424] 10.4.3.87 () {66 vars in 1341 bytes} [Mon Jul 6 23:50:09 2026] GET /volume/v3/volumes/830cb5bd-768a-4cb8-9c5a-2ac8ea0f60d6 => generated 849 bytes in 27 msecs (HTTP/1.1 200) 7 headers in 285 bytes (1 switches on core 0)
