Jul 06 23:45:29.590637 np0000004685 nova-scheduler[93199]: DEBUG cotyledon.oslo_config_glue [-] oslo_messaging_notifications.retry = -1 {{(pid=93199) log_opt_values /opt/stack/data/venv/lib/python3.12/site-packages/oslo_config/cfg.py:3253}}
Jul 06 23:45:29.590637 np0000004685 nova-scheduler[93199]: DEBUG cotyledon.oslo_config_glue [-] oslo_messaging_notifications.topics = ['notifications'] {{(pid=93199) log_opt_values /opt/stack/data/venv/lib/python3.12/site-packages/oslo_config/cfg.py:3253}}
Jul 06 23:45:29.590841 np0000004685 nova-scheduler[93199]: DEBUG cotyledon.oslo_config_glue [-] oslo_messaging_notifications.transport_url = **** {{(pid=93199) log_opt_values /opt/stack/data/venv/lib/python3.12/site-packages/oslo_config/cfg.py:3253}}
Jul 06 23:45:29.590841 np0000004685 nova-scheduler[93199]: DEBUG cotyledon.oslo_config_glue [-] oslo_limit.auth_section = None {{(pid=93199) log_opt_values /opt/stack/data/venv/lib/python3.12/site-packages/oslo_config/cfg.py:3253}}
Jul 06 23:45:29.590841 np0000004685 nova-scheduler[93199]: DEBUG cotyledon.oslo_config_glue [-] oslo_limit.auth_type = None {{(pid=93199) log_opt_values /opt/stack/data/venv/lib/python3.12/site-packages/oslo_config/cfg.py:3253}}
Jul 06 23:45:29.590841 np0000004685 nova-scheduler[93199]: DEBUG cotyledon.oslo_config_glue [-] oslo_limit.cafile = None {{(pid=93199) log_opt_values /opt/stack/data/venv/lib/python3.12/site-packages/oslo_config/cfg.py:3253}}
Jul 06 23:45:29.590841 np0000004685 nova-scheduler[93199]: DEBUG cotyledon.oslo_config_glue [-] oslo_limit.certfile = None {{(pid=93199) log_opt_values /opt/stack/data/venv/lib/python3.12/site-packages/oslo_config/cfg.py:3253}}
Jul 06 23:45:29.590841 np0000004685 nova-scheduler[93199]: DEBUG cotyledon.oslo_config_glue [-] oslo_limit.collect_timing = False {{(pid=93199) log_opt_values /opt/stack/data/venv/lib/python3.12/site-packages/oslo_config/cfg.py:3253}}
Jul 06 23:45:29.590841 np0000004685 nova-scheduler[93199]: DEBUG cotyledon.oslo_config_glue [-] oslo_limit.connect_retries = None {{(pid=93199) log_opt_values /opt/stack/data/venv/lib/python3.12/site-packages/oslo_config/cfg.py:3253}}
Jul 06 23:45:29.590841 np0000004685 nova-scheduler[93199]: DEBUG cotyledon.oslo_config_glue [-] oslo_limit.connect_retry_delay = None {{(pid=93199) log_opt_values /opt/stack/data/venv/lib/python3.12/site-packages/oslo_config/cfg.py:3253}}
Jul 06 23:45:29.590841 np0000004685 nova-scheduler[93199]: DEBUG cotyledon.oslo_config_glue [-] oslo_limit.endpoint_id = None {{(pid=93199) log_opt_values /opt/stack/data/venv/lib/python3.12/site-packages/oslo_config/cfg.py:3253}}
Jul 06 23:45:29.591303 np0000004685 nova-scheduler[93199]: DEBUG cotyledon.oslo_config_glue [-] oslo_limit.endpoint_interface = public {{(pid=93199) log_opt_values /opt/stack/data/venv/lib/python3.12/site-packages/oslo_config/cfg.py:3253}}
Jul 06 23:45:29.591303 np0000004685 nova-scheduler[93199]: DEBUG cotyledon.oslo_config_glue [-] oslo_limit.endpoint_override = None {{(pid=93199) log_opt_values /opt/stack/data/venv/lib/python3.12/site-packages/oslo_config/cfg.py:3253}}
Jul 06 23:45:29.591303 np0000004685 nova-scheduler[93199]: DEBUG cotyledon.oslo_config_glue [-] oslo_limit.endpoint_region_name = None {{(pid=93199) log_opt_values /opt/stack/data/venv/lib/python3.12/site-packages/oslo_config/cfg.py:3253}}
Jul 06 23:45:29.591303 np0000004685 nova-scheduler[93199]: DEBUG cotyledon.oslo_config_glue [-] oslo_limit.endpoint_service_name = None {{(pid=93199) log_opt_values /opt/stack/data/venv/lib/python3.12/site-packages/oslo_config/cfg.py:3253}}
Jul 06 23:45:29.591303 np0000004685 nova-scheduler[93199]: DEBUG cotyledon.oslo_config_glue [-] oslo_limit.endpoint_service_type = None {{(pid=93199) log_opt_values /opt/stack/data/venv/lib/python3.12/site-packages/oslo_config/cfg.py:3253}}
Jul 06 23:45:29.591303 np0000004685 nova-scheduler[93199]: DEBUG cotyledon.oslo_config_glue [-] oslo_limit.insecure = False {{(pid=93199) log_opt_values /opt/stack/data/venv/lib/python3.12/site-packages/oslo_config/cfg.py:3253}}
Jul 06 23:45:29.591303 np0000004685 nova-scheduler[93199]: DEBUG cotyledon.oslo_config_glue [-] oslo_limit.keyfile = None {{(pid=93199) log_opt_values /opt/stack/data/venv/lib/python3.12/site-packages/oslo_config/cfg.py:3253}}
Jul 06 23:45:29.591303 np0000004685 nova-scheduler[93199]: DEBUG cotyledon.oslo_config_glue [-] oslo_limit.max_version = None {{(pid=93199) log_opt_values /opt/stack/data/venv/lib/python3.12/site-packages/oslo_config/cfg.py:3253}}
Jul 06 23:45:29.591303 np0000004685 nova-scheduler[93199]: DEBUG cotyledon.oslo_config_glue [-] oslo_limit.min_version = None {{(pid=93199) log_opt_values /opt/stack/data/venv/lib/python3.12/site-packages/oslo_config/cfg.py:3253}}
Jul 06 23:45:29.591550 np0000004685 nova-scheduler[93199]: DEBUG cotyledon.oslo_config_glue [-] oslo_limit.region_name = None {{(pid=93199) log_opt_values /opt/stack/data/venv/lib/python3.12/site-packages/oslo_config/cfg.py:3253}}
Jul 06 23:45:29.591550 np0000004685 nova-scheduler[93199]: DEBUG cotyledon.oslo_config_glue [-] oslo_limit.retriable_status_codes = None {{(pid=93199) log_opt_values /opt/stack/data/venv/lib/python3.12/site-packages/oslo_config/cfg.py:3253}}
Jul 06 23:45:29.591550 np0000004685 nova-scheduler[93199]: DEBUG cotyledon.oslo_config_glue [-] oslo_limit.service_name = None {{(pid=93199) log_opt_values /opt/stack/data/venv/lib/python3.12/site-packages/oslo_config/cfg.py:3253}}
Jul 06 23:45:29.591550 np0000004685 nova-scheduler[93199]: DEBUG cotyledon.oslo_config_glue [-] oslo_limit.service_type = None {{(pid=93199) log_opt_values /opt/stack/data/venv/lib/python3.12/site-packages/oslo_config/cfg.py:3253}}
Jul 06 23:45:29.591550 np0000004685 nova-scheduler[93199]: DEBUG cotyledon.oslo_config_glue [-] oslo_limit.split_loggers = False {{(pid=93199) log_opt_values /opt/stack/data/venv/lib/python3.12/site-packages/oslo_config/cfg.py:3253}}
Jul 06 23:45:29.591550 np0000004685 nova-scheduler[93199]: DEBUG cotyledon.oslo_config_glue [-] oslo_limit.status_code_retries = None {{(pid=93199) log_opt_values /opt/stack/data/venv/lib/python3.12/site-packages/oslo_config/cfg.py:3253}}
Jul 06 23:45:29.591550 np0000004685 nova-scheduler[93199]: DEBUG cotyledon.oslo_config_glue [-] oslo_limit.status_code_retry_delay = None {{(pid=93199) log_opt_values /opt/stack/data/venv/lib/python3.12/site-packages/oslo_config/cfg.py:3253}}
Jul 06 23:45:29.591550 np0000004685 nova-scheduler[93199]: DEBUG cotyledon.oslo_config_glue [-] oslo_limit.timeout = None {{(pid=93199) log_opt_values /opt/stack/data/venv/lib/python3.12/site-packages/oslo_config/cfg.py:3253}}
Jul 06 23:45:29.591550 np0000004685 nova-scheduler[93199]: DEBUG cotyledon.oslo_config_glue [-] oslo_limit.valid_interfaces = None {{(pid=93199) log_opt_values /opt/stack/data/venv/lib/python3.12/site-packages/oslo_config/cfg.py:3253}}
Jul 06 23:45:29.591795 np0000004685 nova-scheduler[93199]: DEBUG cotyledon.oslo_config_glue [-] oslo_limit.version = None {{(pid=93199) log_opt_values /opt/stack/data/venv/lib/python3.12/site-packages/oslo_config/cfg.py:3253}}
Jul 06 23:45:29.591795 np0000004685 nova-scheduler[93199]: DEBUG cotyledon.oslo_config_glue [-] oslo_reports.file_event_handler = None {{(pid=93199) log_opt_values /opt/stack/data/venv/lib/python3.12/site-packages/oslo_config/cfg.py:3253}}
Jul 06 23:45:29.591795 np0000004685 nova-scheduler[93199]: DEBUG cotyledon.oslo_config_glue [-] oslo_reports.file_event_handler_interval = 1 {{(pid=93199) log_opt_values /opt/stack/data/venv/lib/python3.12/site-packages/oslo_config/cfg.py:3253}}
Jul 06 23:45:29.591795 np0000004685 nova-scheduler[93199]: DEBUG cotyledon.oslo_config_glue [-] oslo_reports.log_dir = None {{(pid=93199) log_opt_values /opt/stack/data/venv/lib/python3.12/site-packages/oslo_config/cfg.py:3253}}
Jul 06 23:45:29.591795 np0000004685 nova-scheduler[93199]: DEBUG cotyledon.oslo_config_glue [-] ******************************************************************************** {{(pid=93199) log_opt_values /opt/stack/data/venv/lib/python3.12/site-packages/oslo_config/cfg.py:3260}}
Jul 06 23:45:29.591795 np0000004685 nova-scheduler[93199]: DEBUG cotyledon._service_worker [-] Run service ServiceWrapper(2) [93199] {{(pid=93199) wait_forever /opt/stack/data/venv/lib/python3.12/site-packages/cotyledon/_service_worker.py:218}}
Jul 06 23:45:29.591795 np0000004685 nova-scheduler[93199]: INFO nova.service [-] Starting scheduler node (version 33.1.0)
Jul 06 23:45:29.591795 np0000004685 nova-scheduler[93199]: INFO dbcounter [None req-0def17e3-3633-4743-bf87-a97c630bcacb None None] Registered counter for database nova_cell0
Jul 06 23:45:29.594269 np0000004685 nova-scheduler[93195]: DEBUG oslo_db.sqlalchemy.engines [None req-db2ea754-e821-4d87-a151-2cfb7de7730d None None] MySQL server mode set to STRICT_TRANS_TABLES,STRICT_ALL_TABLES,NO_ZERO_IN_DATE,NO_ZERO_DATE,ERROR_FOR_DIVISION_BY_ZERO,TRADITIONAL,NO_ENGINE_SUBSTITUTION {{(pid=93195) _check_effective_sql_mode /opt/stack/data/venv/lib/python3.12/site-packages/oslo_db/sqlalchemy/engines.py:325}}
Jul 06 23:45:29.609227 np0000004685 nova-scheduler[93195]: DEBUG dbcounter [-] [93195] Writer thread running {{(pid=93195) stat_writer /opt/stack/data/venv/lib/python3.12/site-packages/dbcounter.py:102}}
Jul 06 23:45:29.622242 np0000004685 nova-scheduler[93197]: DEBUG oslo_db.sqlalchemy.engines [None req-7dc06d31-e4c9-40dd-a43b-f03b217410aa None None] MySQL server mode set to STRICT_TRANS_TABLES,STRICT_ALL_TABLES,NO_ZERO_IN_DATE,NO_ZERO_DATE,ERROR_FOR_DIVISION_BY_ZERO,TRADITIONAL,NO_ENGINE_SUBSTITUTION {{(pid=93197) _check_effective_sql_mode /opt/stack/data/venv/lib/python3.12/site-packages/oslo_db/sqlalchemy/engines.py:325}}
Jul 06 23:45:29.627123 np0000004685 nova-scheduler[93195]: DEBUG nova.service [None req-db2ea754-e821-4d87-a151-2cfb7de7730d None None] Creating RPC server for service: nova-scheduler on topic: scheduler {{(pid=93195) start /opt/stack/nova/nova/service.py:196}}
Jul 06 23:45:29.630267 np0000004685 nova-scheduler[93199]: DEBUG oslo_db.sqlalchemy.engines [None req-0def17e3-3633-4743-bf87-a97c630bcacb None None] MySQL server mode set to STRICT_TRANS_TABLES,STRICT_ALL_TABLES,NO_ZERO_IN_DATE,NO_ZERO_DATE,ERROR_FOR_DIVISION_BY_ZERO,TRADITIONAL,NO_ENGINE_SUBSTITUTION {{(pid=93199) _check_effective_sql_mode /opt/stack/data/venv/lib/python3.12/site-packages/oslo_db/sqlalchemy/engines.py:325}}
Jul 06 23:45:29.631517 np0000004685 nova-scheduler[93197]: DEBUG dbcounter [-] [93197] Writer thread running {{(pid=93197) stat_writer /opt/stack/data/venv/lib/python3.12/site-packages/dbcounter.py:102}}
Jul 06 23:45:29.634280 np0000004685 nova-scheduler[93197]: DEBUG nova.service [None req-7dc06d31-e4c9-40dd-a43b-f03b217410aa None None] Creating RPC server for service: nova-scheduler on topic: scheduler {{(pid=93197) start /opt/stack/nova/nova/service.py:196}}
Jul 06 23:45:29.640066 np0000004685 nova-scheduler[93199]: DEBUG dbcounter [-] [93199] Writer thread running {{(pid=93199) stat_writer /opt/stack/data/venv/lib/python3.12/site-packages/dbcounter.py:102}}
Jul 06 23:45:29.643118 np0000004685 nova-scheduler[93199]: DEBUG nova.service [None req-0def17e3-3633-4743-bf87-a97c630bcacb None None] Creating RPC server for service: nova-scheduler on topic: scheduler {{(pid=93199) start /opt/stack/nova/nova/service.py:196}}
Jul 06 23:45:29.650103 np0000004685 nova-scheduler[93195]: DEBUG nova.service [None req-db2ea754-e821-4d87-a151-2cfb7de7730d None None] Join ServiceGroup membership for this service scheduler {{(pid=93195) start /opt/stack/nova/nova/service.py:222}}
Jul 06 23:45:29.650212 np0000004685 nova-scheduler[93197]: DEBUG nova.service [None req-7dc06d31-e4c9-40dd-a43b-f03b217410aa None None] Join ServiceGroup membership for this service scheduler {{(pid=93197) start /opt/stack/nova/nova/service.py:222}}
Jul 06 23:45:29.650339 np0000004685 nova-scheduler[93195]: DEBUG nova.servicegroup.drivers.db [None req-db2ea754-e821-4d87-a151-2cfb7de7730d None None] DB_Driver: join new ServiceGroup member np0000004685 to the scheduler group, service = {{(pid=93195) join /opt/stack/nova/nova/servicegroup/drivers/db.py:44}}
Jul 06 23:45:29.650425 np0000004685 nova-scheduler[93197]: DEBUG nova.servicegroup.drivers.db [None req-7dc06d31-e4c9-40dd-a43b-f03b217410aa None None] DB_Driver: join new ServiceGroup member np0000004685 to the scheduler group, service = {{(pid=93197) join /opt/stack/nova/nova/servicegroup/drivers/db.py:44}}
Jul 06 23:45:29.660214 np0000004685 nova-scheduler[93199]: DEBUG nova.service [None req-0def17e3-3633-4743-bf87-a97c630bcacb None None] Join ServiceGroup membership for this service scheduler {{(pid=93199) start /opt/stack/nova/nova/service.py:222}}
Jul 06 23:45:29.660431 np0000004685 nova-scheduler[93199]: DEBUG nova.servicegroup.drivers.db [None req-0def17e3-3633-4743-bf87-a97c630bcacb None None] DB_Driver: join new ServiceGroup member np0000004685 to the scheduler group, service = {{(pid=93199) join /opt/stack/nova/nova/servicegroup/drivers/db.py:44}}
Jul 06 23:45:34.662631 np0000004685 nova-scheduler[93195]: DEBUG oslo.service.backend._threading.loopingcall [-] Fixed interval looping call 'nova.servicegroup.drivers.db.DbDriver._report_state' sleeping for 119.99 seconds {{(pid=93195) _run_loop /opt/stack/data/venv/lib/python3.12/site-packages/oslo_service/backend/_threading/loopingcall.py:125}}
Jul 06 23:45:34.663338 np0000004685 nova-scheduler[93197]: DEBUG oslo.service.backend._threading.loopingcall [-] Fixed interval looping call 'nova.servicegroup.drivers.db.DbDriver._report_state' sleeping for 119.99 seconds {{(pid=93197) _run_loop /opt/stack/data/venv/lib/python3.12/site-packages/oslo_service/backend/_threading/loopingcall.py:125}}
Jul 06 23:45:34.670740 np0000004685 nova-scheduler[93199]: DEBUG oslo.service.backend._threading.loopingcall [-] Fixed interval looping call 'nova.servicegroup.drivers.db.DbDriver._report_state' sleeping for 119.99 seconds {{(pid=93199) _run_loop /opt/stack/data/venv/lib/python3.12/site-packages/oslo_service/backend/_threading/loopingcall.py:125}}
Jul 06 23:45:38.246856 np0000004685 nova-scheduler[91963]: DEBUG dbcounter [-] [91963] Writing DB stats nova_api:SELECT=3 {{(pid=91963) stat_writer /opt/stack/data/venv/lib/python3.12/site-packages/dbcounter.py:115}}
Jul 06 23:45:38.367287 np0000004685 nova-scheduler[91963]: DEBUG dbcounter [-] [91963] Writing DB stats nova_cell1:SELECT=1 {{(pid=91963) stat_writer /opt/stack/data/venv/lib/python3.12/site-packages/dbcounter.py:115}}
Jul 06 23:45:38.373947 np0000004685 nova-scheduler[91963]: DEBUG dbcounter [-] [91963] Writing DB stats nova_cell0:SELECT=1 {{(pid=91963) stat_writer /opt/stack/data/venv/lib/python3.12/site-packages/dbcounter.py:115}}
Jul 06 23:45:43.652918 np0000004685 nova-scheduler[93197]: DEBUG oslo.service.backend._threading.loopingcall [None req-35c914cf-b300-4a0c-96a9-09af3d74c7cd None None] Dynamic interval looping call 'nova.service.Service.periodic_tasks' sleeping for 60.00 seconds {{(pid=93197) _run_loop /opt/stack/data/venv/lib/python3.12/site-packages/oslo_service/backend/_threading/loopingcall.py:125}}
Jul 06 23:45:44.658662 np0000004685 nova-scheduler[93195]: DEBUG dbcounter [-] [93195] Writing DB stats nova_cell0:SELECT=4,nova_cell0:INSERT=1,nova_cell0:UPDATE=1 {{(pid=93195) stat_writer /opt/stack/data/venv/lib/python3.12/site-packages/dbcounter.py:115}}
Jul 06 23:45:44.663623 np0000004685 nova-scheduler[93197]: DEBUG dbcounter [-] [93197] Writing DB stats nova_cell0:SELECT=3,nova_cell0:UPDATE=1 {{(pid=93197) stat_writer /opt/stack/data/venv/lib/python3.12/site-packages/dbcounter.py:115}}
Jul 06 23:45:44.668029 np0000004685 nova-scheduler[93199]: DEBUG dbcounter [-] [93199] Writing DB stats nova_cell0:SELECT=3 {{(pid=93199) stat_writer /opt/stack/data/venv/lib/python3.12/site-packages/dbcounter.py:115}}
Jul 06 23:45:48.652199 np0000004685 nova-scheduler[93195]: DEBUG oslo.service.backend._threading.loopingcall [None req-881c74cd-5149-46a7-b6e7-800bccf24d14 None None] Dynamic interval looping call 'nova.service.Service.periodic_tasks' sleeping for 60.00 seconds {{(pid=93195) _run_loop /opt/stack/data/venv/lib/python3.12/site-packages/oslo_service/backend/_threading/loopingcall.py:125}}
Jul 06 23:45:59.662743 np0000004685 nova-scheduler[93199]: DEBUG oslo.service.backend._threading.loopingcall [None req-a4134c4c-8b8b-413f-a0d0-57c5fae3c6ff None None] Dynamic interval looping call 'nova.service.Service.periodic_tasks' sleeping for 60.00 seconds {{(pid=93199) _run_loop /opt/stack/data/venv/lib/python3.12/site-packages/oslo_service/backend/_threading/loopingcall.py:125}}
Jul 06 23:46:43.653572 np0000004685 nova-scheduler[93197]: DEBUG oslo.service.backend._threading.loopingcall [None req-35c914cf-b300-4a0c-96a9-09af3d74c7cd None None] Dynamic interval looping call 'nova.service.Service.periodic_tasks' sleeping for 60.00 seconds {{(pid=93197) _run_loop /opt/stack/data/venv/lib/python3.12/site-packages/oslo_service/backend/_threading/loopingcall.py:125}}
Jul 06 23:46:48.652747 np0000004685 nova-scheduler[93195]: DEBUG oslo.service.backend._threading.loopingcall [None req-881c74cd-5149-46a7-b6e7-800bccf24d14 None None] Dynamic interval looping call 'nova.service.Service.periodic_tasks' sleeping for 60.00 seconds {{(pid=93195) _run_loop /opt/stack/data/venv/lib/python3.12/site-packages/oslo_service/backend/_threading/loopingcall.py:125}}
Jul 06 23:46:59.663299 np0000004685 nova-scheduler[93199]: DEBUG oslo.service.backend._threading.loopingcall [None req-a4134c4c-8b8b-413f-a0d0-57c5fae3c6ff None None] Dynamic interval looping call 'nova.service.Service.periodic_tasks' sleeping for 60.00 seconds {{(pid=93199) _run_loop /opt/stack/data/venv/lib/python3.12/site-packages/oslo_service/backend/_threading/loopingcall.py:125}}
Jul 06 23:47:34.658719 np0000004685 nova-scheduler[93195]: DEBUG oslo.service.backend._threading.loopingcall [-] Fixed interval looping call 'nova.servicegroup.drivers.db.DbDriver._report_state' sleeping for 119.99 seconds {{(pid=93195) _run_loop /opt/stack/data/venv/lib/python3.12/site-packages/oslo_service/backend/_threading/loopingcall.py:125}}
Jul 06 23:47:34.659207 np0000004685 nova-scheduler[93197]: DEBUG oslo.service.backend._threading.loopingcall [-] Fixed interval looping call 'nova.servicegroup.drivers.db.DbDriver._report_state' sleeping for 119.99 seconds {{(pid=93197) _run_loop /opt/stack/data/venv/lib/python3.12/site-packages/oslo_service/backend/_threading/loopingcall.py:125}}
Jul 06 23:47:34.663924 np0000004685 nova-scheduler[93199]: DEBUG oslo.service.backend._threading.loopingcall [-] Fixed interval looping call 'nova.servicegroup.drivers.db.DbDriver._report_state' sleeping for 120.00 seconds {{(pid=93199) _run_loop /opt/stack/data/venv/lib/python3.12/site-packages/oslo_service/backend/_threading/loopingcall.py:125}}
Jul 06 23:47:43.654373 np0000004685 nova-scheduler[93197]: DEBUG oslo.service.backend._threading.loopingcall [None req-35c914cf-b300-4a0c-96a9-09af3d74c7cd None None] Dynamic interval looping call 'nova.service.Service.periodic_tasks' sleeping for 60.00 seconds {{(pid=93197) _run_loop /opt/stack/data/venv/lib/python3.12/site-packages/oslo_service/backend/_threading/loopingcall.py:125}}
Jul 06 23:47:44.655761 np0000004685 nova-scheduler[93195]: DEBUG dbcounter [-] [93195] Writing DB stats nova_cell0:SELECT=1,nova_cell0:UPDATE=1 {{(pid=93195) stat_writer /opt/stack/data/venv/lib/python3.12/site-packages/dbcounter.py:115}}
Jul 06 23:47:44.657762 np0000004685 nova-scheduler[93197]: DEBUG dbcounter [-] [93197] Writing DB stats nova_cell0:SELECT=1,nova_cell0:UPDATE=1 {{(pid=93197) stat_writer /opt/stack/data/venv/lib/python3.12/site-packages/dbcounter.py:115}}
Jul 06 23:47:44.662656 np0000004685 nova-scheduler[93199]: DEBUG dbcounter [-] [93199] Writing DB stats nova_cell0:SELECT=1 {{(pid=93199) stat_writer /opt/stack/data/venv/lib/python3.12/site-packages/dbcounter.py:115}}
Jul 06 23:47:48.653254 np0000004685 nova-scheduler[93195]: DEBUG oslo.service.backend._threading.loopingcall [None req-881c74cd-5149-46a7-b6e7-800bccf24d14 None None] Dynamic interval looping call 'nova.service.Service.periodic_tasks' sleeping for 60.00 seconds {{(pid=93195) _run_loop /opt/stack/data/venv/lib/python3.12/site-packages/oslo_service/backend/_threading/loopingcall.py:125}}
Jul 06 23:47:58.637748 np0000004685 nova-scheduler[93195]: DEBUG nova.scheduler.manager [None req-a5002e4b-e354-4499-b5c7-384f74e2d63c tempest-DeleteServersTestJSON-2062415593 tempest-DeleteServersTestJSON-2062415593-project-member] Starting to schedule for instances: ['e96e6e7d-bb1f-42ed-b675-e1337a7d2610'] {{(pid=93195) select_destinations /opt/stack/nova/nova/scheduler/manager.py:209}}
Jul 06 23:47:58.637748 np0000004685 nova-scheduler[93195]: DEBUG nova.scheduler.request_filter [None req-a5002e4b-e354-4499-b5c7-384f74e2d63c tempest-DeleteServersTestJSON-2062415593 tempest-DeleteServersTestJSON-2062415593-project-member] compute_status_filter request filter added forbidden trait COMPUTE_STATUS_DISABLED {{(pid=93195) compute_status_filter /opt/stack/nova/nova/scheduler/request_filter.py:253}}
Jul 06 23:47:58.637748 np0000004685 nova-scheduler[93195]: DEBUG nova.scheduler.request_filter [None req-a5002e4b-e354-4499-b5c7-384f74e2d63c tempest-DeleteServersTestJSON-2062415593 tempest-DeleteServersTestJSON-2062415593-project-member] Request filter 'compute_status_filter' took 0.0 seconds {{(pid=93195) wrapper /opt/stack/nova/nova/scheduler/request_filter.py:46}}
Jul 06 23:47:58.637748 np0000004685 nova-scheduler[93195]: DEBUG nova.scheduler.request_filter [None req-a5002e4b-e354-4499-b5c7-384f74e2d63c tempest-DeleteServersTestJSON-2062415593 tempest-DeleteServersTestJSON-2062415593-project-member] Request filter 'accelerators_filter' took 0.0 seconds {{(pid=93195) wrapper /opt/stack/nova/nova/scheduler/request_filter.py:46}}
Jul 06 23:47:58.637748 np0000004685 nova-scheduler[93195]: DEBUG nova.scheduler.request_filter [None req-a5002e4b-e354-4499-b5c7-384f74e2d63c tempest-DeleteServersTestJSON-2062415593 tempest-DeleteServersTestJSON-2062415593-project-member] Request filter 'packed_virtqueue_filter' took 0.0 seconds {{(pid=93195) wrapper /opt/stack/nova/nova/scheduler/request_filter.py:46}}
Jul 06 23:47:58.638298 np0000004685 nova-scheduler[93195]: DEBUG nova.scheduler.request_filter [None req-a5002e4b-e354-4499-b5c7-384f74e2d63c tempest-DeleteServersTestJSON-2062415593 tempest-DeleteServersTestJSON-2062415593-project-member] Request filter 'remote_managed_ports_filter' took 0.0 seconds {{(pid=93195) wrapper /opt/stack/nova/nova/scheduler/request_filter.py:46}}
Jul 06 23:47:58.638298 np0000004685 nova-scheduler[93195]: DEBUG nova.scheduler.request_filter [None req-a5002e4b-e354-4499-b5c7-384f74e2d63c tempest-DeleteServersTestJSON-2062415593 tempest-DeleteServersTestJSON-2062415593-project-member] ephemeral_encryption_filter skipped {{(pid=93195) ephemeral_encryption_filter /opt/stack/nova/nova/scheduler/request_filter.py:426}}
Jul 06 23:47:58.638298 np0000004685 nova-scheduler[93195]: DEBUG nova.scheduler.request_filter [None req-a5002e4b-e354-4499-b5c7-384f74e2d63c tempest-DeleteServersTestJSON-2062415593 tempest-DeleteServersTestJSON-2062415593-project-member] virtio_sound_filter skipped {{(pid=93195) virtio_sound_filter /opt/stack/nova/nova/scheduler/request_filter.py:460}}
Jul 06 23:47:58.638298 np0000004685 nova-scheduler[93195]: DEBUG nova.scheduler.request_filter [None req-a5002e4b-e354-4499-b5c7-384f74e2d63c tempest-DeleteServersTestJSON-2062415593 tempest-DeleteServersTestJSON-2062415593-project-member] tpm_secret_security_filter skipped {{(pid=93195) tpm_secret_security_filter /opt/stack/nova/nova/scheduler/request_filter.py:477}}
Jul 06 23:47:58.691218 np0000004685 nova-scheduler[93197]: DEBUG nova.scheduler.manager [None req-841bf58c-8f6d-4007-ab4c-04c7f9101e42 tempest-ServersNegativeTestJSON-58762922 tempest-ServersNegativeTestJSON-58762922-project-member] Starting to schedule for instances: ['5cc2a40f-b010-4dfe-ad98-40afadbc3e4c'] {{(pid=93197) select_destinations /opt/stack/nova/nova/scheduler/manager.py:209}}
Jul 06 23:47:58.691790 np0000004685 nova-scheduler[93197]: DEBUG nova.scheduler.request_filter [None req-841bf58c-8f6d-4007-ab4c-04c7f9101e42 tempest-ServersNegativeTestJSON-58762922 tempest-ServersNegativeTestJSON-58762922-project-member] compute_status_filter request filter added forbidden trait COMPUTE_STATUS_DISABLED {{(pid=93197) compute_status_filter /opt/stack/nova/nova/scheduler/request_filter.py:253}}
Jul 06 23:47:58.691790 np0000004685 nova-scheduler[93197]: DEBUG nova.scheduler.request_filter [None req-841bf58c-8f6d-4007-ab4c-04c7f9101e42 tempest-ServersNegativeTestJSON-58762922 tempest-ServersNegativeTestJSON-58762922-project-member] Request filter 'compute_status_filter' took 0.0 seconds {{(pid=93197) wrapper /opt/stack/nova/nova/scheduler/request_filter.py:46}}
Jul 06 23:47:58.692028 np0000004685 nova-scheduler[93197]: DEBUG nova.scheduler.request_filter [None req-841bf58c-8f6d-4007-ab4c-04c7f9101e42 tempest-ServersNegativeTestJSON-58762922 tempest-ServersNegativeTestJSON-58762922-project-member] Request filter 'accelerators_filter' took 0.0 seconds {{(pid=93197) wrapper /opt/stack/nova/nova/scheduler/request_filter.py:46}}
Jul 06 23:47:58.692217 np0000004685 nova-scheduler[93197]: DEBUG nova.scheduler.request_filter [None req-841bf58c-8f6d-4007-ab4c-04c7f9101e42 tempest-ServersNegativeTestJSON-58762922 tempest-ServersNegativeTestJSON-58762922-project-member] Request filter 'packed_virtqueue_filter' took 0.0 seconds {{(pid=93197) wrapper /opt/stack/nova/nova/scheduler/request_filter.py:46}}
Jul 06 23:47:58.692516 np0000004685 nova-scheduler[93197]: DEBUG nova.scheduler.request_filter [None req-841bf58c-8f6d-4007-ab4c-04c7f9101e42 tempest-ServersNegativeTestJSON-58762922 tempest-ServersNegativeTestJSON-58762922-project-member] Request filter 'remote_managed_ports_filter' took 0.0 seconds {{(pid=93197) wrapper /opt/stack/nova/nova/scheduler/request_filter.py:46}}
Jul 06 23:47:58.692680 np0000004685 nova-scheduler[93197]: DEBUG nova.scheduler.request_filter [None req-841bf58c-8f6d-4007-ab4c-04c7f9101e42 tempest-ServersNegativeTestJSON-58762922 tempest-ServersNegativeTestJSON-58762922-project-member] ephemeral_encryption_filter skipped {{(pid=93197) ephemeral_encryption_filter /opt/stack/nova/nova/scheduler/request_filter.py:426}}
Jul 06 23:47:58.694280 np0000004685 nova-scheduler[93197]: DEBUG nova.scheduler.request_filter [None req-841bf58c-8f6d-4007-ab4c-04c7f9101e42 tempest-ServersNegativeTestJSON-58762922 tempest-ServersNegativeTestJSON-58762922-project-member] virtio_sound_filter skipped {{(pid=93197) virtio_sound_filter /opt/stack/nova/nova/scheduler/request_filter.py:460}}
Jul 06 23:47:58.694280 np0000004685 nova-scheduler[93197]: DEBUG nova.scheduler.request_filter [None req-841bf58c-8f6d-4007-ab4c-04c7f9101e42 tempest-ServersNegativeTestJSON-58762922 tempest-ServersNegativeTestJSON-58762922-project-member] tpm_secret_security_filter skipped {{(pid=93197) tpm_secret_security_filter /opt/stack/nova/nova/scheduler/request_filter.py:477}}
Jul 06 23:47:59.137086 np0000004685 nova-scheduler[93197]: INFO nova.utils [None req-841bf58c-8f6d-4007-ab4c-04c7f9101e42 tempest-ServersNegativeTestJSON-58762922 tempest-ServersNegativeTestJSON-58762922-project-member] The cell worker thread pool ForkProcess-2.cell_worker is initialized
Jul 06 23:47:59.137453 np0000004685 nova-scheduler[93197]: DEBUG oslo_concurrency.lockutils [None req-841bf58c-8f6d-4007-ab4c-04c7f9101e42 tempest-ServersNegativeTestJSON-58762922 tempest-ServersNegativeTestJSON-58762922-project-member] Acquiring lock "b14a49f9-9c3b-4ee0-89f0-9cc495d06fea" by "nova.context.set_target_cell..get_or_set_cached_cell_and_set_connections" {{(pid=93197) inner /opt/stack/data/venv/lib/python3.12/site-packages/oslo_concurrency/lockutils.py:511}}
Jul 06 23:47:59.137867 np0000004685 nova-scheduler[93197]: DEBUG oslo_concurrency.lockutils [None req-841bf58c-8f6d-4007-ab4c-04c7f9101e42 tempest-ServersNegativeTestJSON-58762922 tempest-ServersNegativeTestJSON-58762922-project-member] Lock "b14a49f9-9c3b-4ee0-89f0-9cc495d06fea" acquired by "nova.context.set_target_cell..get_or_set_cached_cell_and_set_connections" :: waited 0.000s {{(pid=93197) inner /opt/stack/data/venv/lib/python3.12/site-packages/oslo_concurrency/lockutils.py:524}}
Jul 06 23:47:59.140101 np0000004685 nova-scheduler[93197]: DEBUG oslo_concurrency.lockutils [None req-841bf58c-8f6d-4007-ab4c-04c7f9101e42 tempest-ServersNegativeTestJSON-58762922 tempest-ServersNegativeTestJSON-58762922-project-member] Lock "b14a49f9-9c3b-4ee0-89f0-9cc495d06fea" "released" by "nova.context.set_target_cell..get_or_set_cached_cell_and_set_connections" :: held 0.002s {{(pid=93197) inner /opt/stack/data/venv/lib/python3.12/site-packages/oslo_concurrency/lockutils.py:543}}
Jul 06 23:47:59.143437 np0000004685 nova-scheduler[93197]: INFO dbcounter [None req-841bf58c-8f6d-4007-ab4c-04c7f9101e42 tempest-ServersNegativeTestJSON-58762922 tempest-ServersNegativeTestJSON-58762922-project-member] Registered counter for database nova_cell1
Jul 06 23:47:59.143796 np0000004685 nova-scheduler[93195]: INFO nova.utils [None req-a5002e4b-e354-4499-b5c7-384f74e2d63c tempest-DeleteServersTestJSON-2062415593 tempest-DeleteServersTestJSON-2062415593-project-member] The cell worker thread pool ForkProcess-1.cell_worker is initialized
Jul 06 23:47:59.144181 np0000004685 nova-scheduler[93195]: DEBUG oslo_concurrency.lockutils [None req-a5002e4b-e354-4499-b5c7-384f74e2d63c tempest-DeleteServersTestJSON-2062415593 tempest-DeleteServersTestJSON-2062415593-project-member] Acquiring lock "b14a49f9-9c3b-4ee0-89f0-9cc495d06fea" by "nova.context.set_target_cell..get_or_set_cached_cell_and_set_connections" {{(pid=93195) inner /opt/stack/data/venv/lib/python3.12/site-packages/oslo_concurrency/lockutils.py:511}}
Jul 06 23:47:59.144390 np0000004685 nova-scheduler[93195]: DEBUG oslo_concurrency.lockutils [None req-a5002e4b-e354-4499-b5c7-384f74e2d63c tempest-DeleteServersTestJSON-2062415593 tempest-DeleteServersTestJSON-2062415593-project-member] Lock "b14a49f9-9c3b-4ee0-89f0-9cc495d06fea" acquired by "nova.context.set_target_cell..get_or_set_cached_cell_and_set_connections" :: waited 0.000s {{(pid=93195) inner /opt/stack/data/venv/lib/python3.12/site-packages/oslo_concurrency/lockutils.py:524}}
Jul 06 23:47:59.145726 np0000004685 nova-scheduler[93195]: DEBUG oslo_concurrency.lockutils [None req-a5002e4b-e354-4499-b5c7-384f74e2d63c tempest-DeleteServersTestJSON-2062415593 tempest-DeleteServersTestJSON-2062415593-project-member] Lock "b14a49f9-9c3b-4ee0-89f0-9cc495d06fea" "released" by "nova.context.set_target_cell..get_or_set_cached_cell_and_set_connections" :: held 0.001s {{(pid=93195) inner /opt/stack/data/venv/lib/python3.12/site-packages/oslo_concurrency/lockutils.py:543}}
Jul 06 23:47:59.147349 np0000004685 nova-scheduler[93195]: INFO dbcounter [None req-a5002e4b-e354-4499-b5c7-384f74e2d63c tempest-DeleteServersTestJSON-2062415593 tempest-DeleteServersTestJSON-2062415593-project-member] Registered counter for database nova_cell1
Jul 06 23:47:59.179172 np0000004685 nova-scheduler[93197]: DEBUG oslo_db.sqlalchemy.engines [None req-841bf58c-8f6d-4007-ab4c-04c7f9101e42 tempest-ServersNegativeTestJSON-58762922 tempest-ServersNegativeTestJSON-58762922-project-member] MySQL server mode set to STRICT_TRANS_TABLES,STRICT_ALL_TABLES,NO_ZERO_IN_DATE,NO_ZERO_DATE,ERROR_FOR_DIVISION_BY_ZERO,TRADITIONAL,NO_ENGINE_SUBSTITUTION {{(pid=93197) _check_effective_sql_mode /opt/stack/data/venv/lib/python3.12/site-packages/oslo_db/sqlalchemy/engines.py:325}}
Jul 06 23:47:59.183982 np0000004685 nova-scheduler[93195]: DEBUG oslo_db.sqlalchemy.engines [None req-a5002e4b-e354-4499-b5c7-384f74e2d63c tempest-DeleteServersTestJSON-2062415593 tempest-DeleteServersTestJSON-2062415593-project-member] MySQL server mode set to STRICT_TRANS_TABLES,STRICT_ALL_TABLES,NO_ZERO_IN_DATE,NO_ZERO_DATE,ERROR_FOR_DIVISION_BY_ZERO,TRADITIONAL,NO_ENGINE_SUBSTITUTION {{(pid=93195) _check_effective_sql_mode /opt/stack/data/venv/lib/python3.12/site-packages/oslo_db/sqlalchemy/engines.py:325}}
Jul 06 23:47:59.185790 np0000004685 nova-scheduler[93197]: DEBUG dbcounter [-] [93197] Writer thread running {{(pid=93197) stat_writer /opt/stack/data/venv/lib/python3.12/site-packages/dbcounter.py:102}}
Jul 06 23:47:59.190647 np0000004685 nova-scheduler[93195]: DEBUG dbcounter [-] [93195] Writer thread running {{(pid=93195) stat_writer /opt/stack/data/venv/lib/python3.12/site-packages/dbcounter.py:102}}
Jul 06 23:47:59.200629 np0000004685 nova-scheduler[93197]: DEBUG oslo_db.sqlalchemy.engines [None req-841bf58c-8f6d-4007-ab4c-04c7f9101e42 tempest-ServersNegativeTestJSON-58762922 tempest-ServersNegativeTestJSON-58762922-project-member] Parent process 91963 forked (93197) with an open database connection, which is being discarded and recreated. {{(pid=93197) checkout /opt/stack/data/venv/lib/python3.12/site-packages/oslo_db/sqlalchemy/engines.py:402}}
Jul 06 23:47:59.243515 np0000004685 nova-scheduler[93197]: DEBUG dbcounter [-] [93197] Writer thread running {{(pid=93197) stat_writer /opt/stack/data/venv/lib/python3.12/site-packages/dbcounter.py:102}}
Jul 06 23:47:59.246544 np0000004685 nova-scheduler[93197]: DEBUG oslo_concurrency.lockutils [None req-841bf58c-8f6d-4007-ab4c-04c7f9101e42 tempest-ServersNegativeTestJSON-58762922 tempest-ServersNegativeTestJSON-58762922-project-member] Acquiring lock "b14a49f9-9c3b-4ee0-89f0-9cc495d06fea" by "nova.context.set_target_cell..get_or_set_cached_cell_and_set_connections" {{(pid=93197) inner /opt/stack/data/venv/lib/python3.12/site-packages/oslo_concurrency/lockutils.py:511}}
Jul 06 23:47:59.246918 np0000004685 nova-scheduler[93197]: DEBUG oslo_concurrency.lockutils [None req-841bf58c-8f6d-4007-ab4c-04c7f9101e42 tempest-ServersNegativeTestJSON-58762922 tempest-ServersNegativeTestJSON-58762922-project-member] Lock "b14a49f9-9c3b-4ee0-89f0-9cc495d06fea" acquired by "nova.context.set_target_cell..get_or_set_cached_cell_and_set_connections" :: waited 0.001s {{(pid=93197) inner /opt/stack/data/venv/lib/python3.12/site-packages/oslo_concurrency/lockutils.py:524}}
Jul 06 23:47:59.247125 np0000004685 nova-scheduler[93197]: DEBUG oslo_concurrency.lockutils [None req-841bf58c-8f6d-4007-ab4c-04c7f9101e42 tempest-ServersNegativeTestJSON-58762922 tempest-ServersNegativeTestJSON-58762922-project-member] Lock "b14a49f9-9c3b-4ee0-89f0-9cc495d06fea" "released" by "nova.context.set_target_cell..get_or_set_cached_cell_and_set_connections" :: held 0.000s {{(pid=93197) inner /opt/stack/data/venv/lib/python3.12/site-packages/oslo_concurrency/lockutils.py:543}}
Jul 06 23:47:59.249593 np0000004685 nova-scheduler[93195]: DEBUG dbcounter [-] [93195] Writer thread running {{(pid=93195) stat_writer /opt/stack/data/venv/lib/python3.12/site-packages/dbcounter.py:102}}
Jul 06 23:47:59.251593 np0000004685 nova-scheduler[93197]: DEBUG oslo_concurrency.lockutils [None req-841bf58c-8f6d-4007-ab4c-04c7f9101e42 tempest-ServersNegativeTestJSON-58762922 tempest-ServersNegativeTestJSON-58762922-project-member] Acquiring lock "np0000004685-np0000004685" by "nova.scheduler.host_manager.HostState.update.._locked_update" {{(pid=93197) inner /opt/stack/data/venv/lib/python3.12/site-packages/oslo_concurrency/lockutils.py:511}}
Jul 06 23:47:59.251759 np0000004685 nova-scheduler[93197]: DEBUG oslo_concurrency.lockutils [None req-841bf58c-8f6d-4007-ab4c-04c7f9101e42 tempest-ServersNegativeTestJSON-58762922 tempest-ServersNegativeTestJSON-58762922-project-member] Lock "np0000004685-np0000004685" acquired by "nova.scheduler.host_manager.HostState.update.._locked_update" :: waited 0.000s {{(pid=93197) inner /opt/stack/data/venv/lib/python3.12/site-packages/oslo_concurrency/lockutils.py:524}}
Jul 06 23:47:59.252235 np0000004685 nova-scheduler[93195]: DEBUG oslo_concurrency.lockutils [None req-a5002e4b-e354-4499-b5c7-384f74e2d63c tempest-DeleteServersTestJSON-2062415593 tempest-DeleteServersTestJSON-2062415593-project-member] Acquiring lock "b14a49f9-9c3b-4ee0-89f0-9cc495d06fea" by "nova.context.set_target_cell..get_or_set_cached_cell_and_set_connections" {{(pid=93195) inner /opt/stack/data/venv/lib/python3.12/site-packages/oslo_concurrency/lockutils.py:511}}
Jul 06 23:47:59.252435 np0000004685 nova-scheduler[93195]: DEBUG oslo_concurrency.lockutils [None req-a5002e4b-e354-4499-b5c7-384f74e2d63c tempest-DeleteServersTestJSON-2062415593 tempest-DeleteServersTestJSON-2062415593-project-member] Lock "b14a49f9-9c3b-4ee0-89f0-9cc495d06fea" acquired by "nova.context.set_target_cell..get_or_set_cached_cell_and_set_connections" :: waited 0.000s {{(pid=93195) inner /opt/stack/data/venv/lib/python3.12/site-packages/oslo_concurrency/lockutils.py:524}}
Jul 06 23:47:59.252580 np0000004685 nova-scheduler[93195]: DEBUG oslo_concurrency.lockutils [None req-a5002e4b-e354-4499-b5c7-384f74e2d63c tempest-DeleteServersTestJSON-2062415593 tempest-DeleteServersTestJSON-2062415593-project-member] Lock "b14a49f9-9c3b-4ee0-89f0-9cc495d06fea" "released" by "nova.context.set_target_cell..get_or_set_cached_cell_and_set_connections" :: held 0.000s {{(pid=93195) inner /opt/stack/data/venv/lib/python3.12/site-packages/oslo_concurrency/lockutils.py:543}}
Jul 06 23:47:59.253247 np0000004685 nova-scheduler[93197]: DEBUG nova.scheduler.host_manager [None req-841bf58c-8f6d-4007-ab4c-04c7f9101e42 tempest-ServersNegativeTestJSON-58762922 tempest-ServersNegativeTestJSON-58762922-project-member] Update host state from compute node: ComputeNode(cpu_allocation_ratio=4.0,cpu_info='{"arch": "x86_64", "model": "EPYC-Milan", "vendor": "AMD", "topology": {"cells": 1, "sockets": 16, "cores": 1, "threads": 1}, "maxphysaddr": {"mode": "emulate", "bits": 40}, "features": ["pge", "tsc-deadline", "rdrand", "clwb", "cx8", "xgetbv1", "rdtscp", "f16c", "pni", "cx16", "bmi2", "pschange-mc-no", "osvw", "virt-ssbd", "popcnt", "clflushopt", "xsaveopt", "x2apic", "avx", "3dnowprefetch", "amd-ssbd", "cmp_legacy", "xsavec", "tsc", "sse4.1", "mmx", "nrip-save", "sha-ni", "pause-filter", "invpcid", "ibrs", "sse2", "xsave", "perfctr_core", "de", "mds-no", "sse4a", "avx2", "sse4.2", "msr", "pclmuldq", "xsaveerptr", "fpu", "ibpb", "lahf_lm", "stibp", "pdpe1gb", "mce", "pfthreshold", "sse", "misalignsse", "spec-ctrl", "umip", "arat", "smep", "gds-no", "rdctl-no", "pse", "pae", "topoext", "vpclmulqdq", "sep", "vme", "rdpid", "fsgsbase", "vgif", "pse36", "cmov", "npt", "svme-addr-chk", "lfence-always-serializing", "stibp-always-on", "lm", "flushbyasid", "adx", "smap", "mtrr", "clflush", "nx", "fxsr", "wbnoinvd", "syscall", "pcid", "no-nested-data-bp", "tsc-scale", "skip-l1dfl-vmentry", "tsc_adjust", "movbe", "fma", "mmxext", "vaes", "apic", "hypervisor", "erms", "svm", "amd-stibp", "ssse3", "xsaves", "null-sel-clr-base", "vmcb-clean", "pku", "abm", "arch-capabilities", "cr8legacy", "mca", "pat", "v-vmsave-vmload", "fxsr_opt", "aes", "clzero", "ssbd", "amd-psfd", "fsrm", "rdseed", "lbrv", "bmi1"]}',created_at=2026-07-06T23:45:55Z,current_workload=0,deleted=False,deleted_at=None,disk_allocation_ratio=1.0,disk_available_least=73,free_disk_gb=95,free_ram_mb=62765,host='np0000004685',host_ip=10.4.3.87,hypervisor_hostname='np0000004685',hypervisor_type='QEMU',hypervisor_version=8002002,id=1,local_gb=95,local_gb_used=0,mapped=1,memory_mb=63277,memory_mb_used=512,metrics='[]',numa_topology='{"nova_object.name": "NUMATopology", "nova_object.namespace": "nova", "nova_object.version": "1.2", "nova_object.data": {"cells": [{"nova_object.name": "NUMACell", "nova_object.namespace": "nova", "nova_object.version": "1.5", "nova_object.data": {"id": 0, "cpuset": [0, 1, 2, 3, 4, 5, 6, 7, 8, 9, 10, 11, 12, 13, 14, 15], "pcpuset": [0, 1, 2, 3, 4, 5, 6, 7, 8, 9, 10, 11, 12, 13, 14, 15], "memory": 63277, "cpu_usage": 0, "memory_usage": 0, "pinned_cpus": [], "siblings": [[6], [12], [2], [15], [5], [11], [8], [14], [4], [1], [7], [10], [0], [13], [3], [9]], "mempages": [{"nova_object.name": "NUMAPagesTopology", "nova_object.namespace": "nova", "nova_object.version": "1.1", "nova_object.data": {"size_kb": 4, "total": 16177929, "used": 0, "reserved": 0}, "nova_object.changes": ["total", "used", "reserved", "size_kb"]}, {"nova_object.name": "NUMAPagesTopology", "nova_object.namespace": "nova", "nova_object.version": "1.1", "nova_object.data": {"size_kb": 2048, "total": 41, "used": 0, "reserved": 0}, "nova_object.changes": ["total", "used", "reserved", "size_kb"]}, {"nova_object.name": "NUMAPagesTopology", "nova_object.namespace": "nova", "nova_object.version": "1.1", "nova_object.data": {"size_kb": 1048576, "total": 0, "used": 0, "reserved": 0}, "nova_object.changes": ["total", "used", "reserved", "size_kb"]}], "network_metadata": {"nova_object.name": "NetworkMetadata", "nova_object.namespace": "nova", "nova_object.version": "1.0", "nova_object.data": {"physnets": [], "tunneled": false}, "nova_object.changes": ["physnets", "tunneled"]}, "socket": null}, "nova_object.changes": ["pinned_cpus", "memory_usage", "socket", "id", "network_metadata", "memory", "mempages", "cpuset", "pcpuset", "siblings", "cpu_usage"]}]}, "nova_object.changes": ["cells"]}',pci_device_pools=PciDevicePoolList,ram_allocation_ratio=1.0,running_vms=0,service_id=3,stats={failed_builds='0',uptime=' 23:47:40 up 13 min, 2 users, load average: 1.58, 1.58, 0.90
Jul 06 23:47:59.253247 np0000004685 nova-scheduler[93197]: '},supported_hv_specs=[HVSpec,HVSpec,HVSpec,HVSpec,HVSpec,HVSpec,HVSpec,HVSpec,HVSpec,HVSpec,HVSpec,HVSpec,HVSpec,HVSpec,HVSpec,HVSpec,HVSpec,HVSpec,HVSpec,HVSpec,HVSpec,HVSpec,HVSpec,HVSpec,HVSpec],updated_at=2026-07-06T23:47:42Z,uuid=d0219b46-31c5-454a-bc87-1f5b7233aad6,vcpus=16,vcpus_used=0) {{(pid=93197) _locked_update /opt/stack/nova/nova/scheduler/host_manager.py:168}}
Jul 06 23:47:59.254312 np0000004685 nova-scheduler[93197]: DEBUG nova.scheduler.host_manager [None req-841bf58c-8f6d-4007-ab4c-04c7f9101e42 tempest-ServersNegativeTestJSON-58762922 tempest-ServersNegativeTestJSON-58762922-project-member] Update host state with aggregates: [] {{(pid=93197) _locked_update /opt/stack/nova/nova/scheduler/host_manager.py:171}}
Jul 06 23:47:59.254546 np0000004685 nova-scheduler[93197]: DEBUG nova.scheduler.host_manager [None req-841bf58c-8f6d-4007-ab4c-04c7f9101e42 tempest-ServersNegativeTestJSON-58762922 tempest-ServersNegativeTestJSON-58762922-project-member] Update host state with service dict: {'id': 3, 'uuid': 'f6935c5b-e35a-470d-a63e-53c024a52dc5', 'host': 'np0000004685', 'binary': 'nova-compute', 'topic': 'compute', 'report_count': 1, 'disabled': False, 'disabled_reason': None, 'last_seen_up': datetime.datetime(2026, 7, 6, 23, 46, 4, tzinfo=datetime.timezone.utc), 'forced_down': False, 'version': 72, 'created_at': datetime.datetime(2026, 7, 6, 23, 45, 54, tzinfo=datetime.timezone.utc), 'updated_at': datetime.datetime(2026, 7, 6, 23, 46, 4, tzinfo=datetime.timezone.utc), 'deleted_at': None, 'deleted': False} {{(pid=93197) _locked_update /opt/stack/nova/nova/scheduler/host_manager.py:174}}
Jul 06 23:47:59.254717 np0000004685 nova-scheduler[93197]: DEBUG nova.scheduler.host_manager [None req-841bf58c-8f6d-4007-ab4c-04c7f9101e42 tempest-ServersNegativeTestJSON-58762922 tempest-ServersNegativeTestJSON-58762922-project-member] Update host state with instances: [] {{(pid=93197) _locked_update /opt/stack/nova/nova/scheduler/host_manager.py:177}}
Jul 06 23:47:59.254918 np0000004685 nova-scheduler[93197]: DEBUG oslo_concurrency.lockutils [None req-841bf58c-8f6d-4007-ab4c-04c7f9101e42 tempest-ServersNegativeTestJSON-58762922 tempest-ServersNegativeTestJSON-58762922-project-member] Lock "np0000004685-np0000004685" "released" by "nova.scheduler.host_manager.HostState.update.._locked_update" :: held 0.003s {{(pid=93197) inner /opt/stack/data/venv/lib/python3.12/site-packages/oslo_concurrency/lockutils.py:543}}
Jul 06 23:47:59.255664 np0000004685 nova-scheduler[93197]: DEBUG nova.filters [None req-841bf58c-8f6d-4007-ab4c-04c7f9101e42 tempest-ServersNegativeTestJSON-58762922 tempest-ServersNegativeTestJSON-58762922-project-member] Starting with 1 host(s) {{(pid=93197) get_filtered_objects /opt/stack/nova/nova/filters.py:70}}
Jul 06 23:47:59.255820 np0000004685 nova-scheduler[93195]: DEBUG oslo_concurrency.lockutils [None req-a5002e4b-e354-4499-b5c7-384f74e2d63c tempest-DeleteServersTestJSON-2062415593 tempest-DeleteServersTestJSON-2062415593-project-member] Acquiring lock "np0000004685-np0000004685" by "nova.scheduler.host_manager.HostState.update.._locked_update" {{(pid=93195) inner /opt/stack/data/venv/lib/python3.12/site-packages/oslo_concurrency/lockutils.py:511}}
Jul 06 23:47:59.255972 np0000004685 nova-scheduler[93195]: DEBUG oslo_concurrency.lockutils [None req-a5002e4b-e354-4499-b5c7-384f74e2d63c tempest-DeleteServersTestJSON-2062415593 tempest-DeleteServersTestJSON-2062415593-project-member] Lock "np0000004685-np0000004685" acquired by "nova.scheduler.host_manager.HostState.update.._locked_update" :: waited 0.000s {{(pid=93195) inner /opt/stack/data/venv/lib/python3.12/site-packages/oslo_concurrency/lockutils.py:524}}
Jul 06 23:47:59.256031 np0000004685 nova-scheduler[93197]: DEBUG nova.filters [None req-841bf58c-8f6d-4007-ab4c-04c7f9101e42 tempest-ServersNegativeTestJSON-58762922 tempest-ServersNegativeTestJSON-58762922-project-member] Filter ComputeFilter returned 1 host(s) {{(pid=93197) get_filtered_objects /opt/stack/nova/nova/filters.py:102}}
Jul 06 23:47:59.256231 np0000004685 nova-scheduler[93197]: DEBUG nova.filters [None req-841bf58c-8f6d-4007-ab4c-04c7f9101e42 tempest-ServersNegativeTestJSON-58762922 tempest-ServersNegativeTestJSON-58762922-project-member] Filter ComputeCapabilitiesFilter returned 1 host(s) {{(pid=93197) get_filtered_objects /opt/stack/nova/nova/filters.py:102}}
Jul 06 23:47:59.256570 np0000004685 nova-scheduler[93197]: DEBUG nova.filters [None req-841bf58c-8f6d-4007-ab4c-04c7f9101e42 tempest-ServersNegativeTestJSON-58762922 tempest-ServersNegativeTestJSON-58762922-project-member] Filter ImagePropertiesFilter returned 1 host(s) {{(pid=93197) get_filtered_objects /opt/stack/nova/nova/filters.py:102}}
Jul 06 23:47:59.260417 np0000004685 nova-scheduler[93197]: DEBUG nova.filters [None req-841bf58c-8f6d-4007-ab4c-04c7f9101e42 tempest-ServersNegativeTestJSON-58762922 tempest-ServersNegativeTestJSON-58762922-project-member] Filter ServerGroupAntiAffinityFilter returned 1 host(s) {{(pid=93197) get_filtered_objects /opt/stack/nova/nova/filters.py:102}}
Jul 06 23:47:59.260417 np0000004685 nova-scheduler[93197]: DEBUG nova.filters [None req-841bf58c-8f6d-4007-ab4c-04c7f9101e42 tempest-ServersNegativeTestJSON-58762922 tempest-ServersNegativeTestJSON-58762922-project-member] Filter ServerGroupAffinityFilter returned 1 host(s) {{(pid=93197) get_filtered_objects /opt/stack/nova/nova/filters.py:102}}
Jul 06 23:47:59.260417 np0000004685 nova-scheduler[93197]: DEBUG nova.filters [None req-841bf58c-8f6d-4007-ab4c-04c7f9101e42 tempest-ServersNegativeTestJSON-58762922 tempest-ServersNegativeTestJSON-58762922-project-member] Filter SameHostFilter returned 1 host(s) {{(pid=93197) get_filtered_objects /opt/stack/nova/nova/filters.py:102}}
Jul 06 23:47:59.260417 np0000004685 nova-scheduler[93197]: DEBUG nova.filters [None req-841bf58c-8f6d-4007-ab4c-04c7f9101e42 tempest-ServersNegativeTestJSON-58762922 tempest-ServersNegativeTestJSON-58762922-project-member] Filter DifferentHostFilter returned 1 host(s) {{(pid=93197) get_filtered_objects /opt/stack/nova/nova/filters.py:102}}
