Aug 12 20:48:59.970220 np0000007112 devstack@g-api.service[99734]: DEBUG glance_store.location [-] Registering scheme swift+https with {'store': , 'location_class': , 'store_entry': 'swift'} {{(pid=99734) register_scheme_map /opt/stack/data/venv/lib/python3.12/site-packages/glance_store/location.py:146}}
Aug 12 20:48:59.970277 np0000007112 devstack@g-api.service[99735]: DEBUG glance_store.backend [-] Attempting to import store swift {{(pid=99735) _load_store /opt/stack/data/venv/lib/python3.12/site-packages/glance_store/backend.py:215}}
Aug 12 20:48:59.970324 np0000007112 devstack@g-api.service[99734]: DEBUG glance_store.location [-] Registering scheme swift with {'store': , 'location_class': , 'store_entry': 'swift'} {{(pid=99734) register_scheme_map /opt/stack/data/venv/lib/python3.12/site-packages/glance_store/location.py:146}}
Aug 12 20:48:59.970381 np0000007112 devstack@g-api.service[99733]: DEBUG glance.sqlite_migration [-] SQLite caching database not located, skipping migration {{(pid=99733) get_db_path /opt/stack/glance/glance/sqlite_migration.py:68}}
Aug 12 20:48:59.970427 np0000007112 devstack@g-api.service[99734]: DEBUG glance_store.location [-] Registering scheme swift+https with {'store': , 'location_class': , 'store_entry': 'swift'} {{(pid=99734) register_scheme_map /opt/stack/data/venv/lib/python3.12/site-packages/glance_store/location.py:146}}
Aug 12 20:48:59.970427 np0000007112 devstack@g-api.service[99734]: DEBUG glance_store.location [-] Registering scheme swift with {'store': , 'location_class': , 'store_entry': 'swift'} {{(pid=99734) register_scheme_map /opt/stack/data/venv/lib/python3.12/site-packages/glance_store/location.py:146}}
Aug 12 20:48:59.970427 np0000007112 devstack@g-api.service[99734]: DEBUG glance_store.location [-] Registering scheme swift+http with {'store': , 'location_class': , 'store_entry': 'swift'} {{(pid=99734) register_scheme_map /opt/stack/data/venv/lib/python3.12/site-packages/glance_store/location.py:146}}
Aug 12 20:48:59.970427 np0000007112 devstack@g-api.service[99734]: DEBUG glance_store.location [-] Registering scheme swift+https with {'store': , 'location_class': , 'store_entry': 'swift'} {{(pid=99734) register_scheme_map /opt/stack/data/venv/lib/python3.12/site-packages/glance_store/location.py:146}}
Aug 12 20:48:59.970580 np0000007112 devstack@g-api.service[99733]: WARNING glance.common.wsgi_app [-] Import methods are enabled but staging directory /tmp/staging/ does not exist; Imports will fail!
Aug 12 20:48:59.970641 np0000007112 devstack@g-api.service[99734]: DEBUG glance_store.location [-] Registering scheme swift with {'store': , 'location_class': , 'store_entry': 'swift'} {{(pid=99734) register_scheme_map /opt/stack/data/venv/lib/python3.12/site-packages/glance_store/location.py:146}}
Aug 12 20:48:59.970641 np0000007112 devstack@g-api.service[99734]: DEBUG glance_store.location [-] Registering scheme swift+http with {'store': , 'location_class': , 'store_entry': 'swift'} {{(pid=99734) register_scheme_map /opt/stack/data/venv/lib/python3.12/site-packages/glance_store/location.py:146}}
Aug 12 20:48:59.970641 np0000007112 devstack@g-api.service[99734]: DEBUG glance_store.location [-] Registering scheme swift+config with {'store': , 'location_class': , 'store_entry': 'swift'} {{(pid=99734) register_scheme_map /opt/stack/data/venv/lib/python3.12/site-packages/glance_store/location.py:146}}
Aug 12 20:48:59.970764 np0000007112 devstack@g-api.service[99734]: DEBUG glance.sqlite_migration [-] SQLite caching database not located, skipping migration {{(pid=99734) get_db_path /opt/stack/glance/glance/sqlite_migration.py:68}}
Aug 12 20:48:59.970835 np0000007112 devstack@g-api.service[99735]: DEBUG glance_store.capabilities [-] Store glance_store._drivers.swift.store.SingleTenantStore doesn't support updating dynamic storage capabilities. Please overwrite 'update_capabilities' method of the store to implement updating logics if needed. {{(pid=99735) update_capabilities /opt/stack/data/venv/lib/python3.12/site-packages/glance_store/capabilities.py:91}}
Aug 12 20:48:59.970835 np0000007112 devstack@g-api.service[99735]: DEBUG glance_store.driver [-] Late loading location class glance_store._drivers.swift.store.StoreLocation {{(pid=99735) get_store_location_class /opt/stack/data/venv/lib/python3.12/site-packages/glance_store/driver.py:134}}
Aug 12 20:48:59.970917 np0000007112 devstack@g-api.service[99735]: DEBUG glance_store.location [-] Registering scheme swift+https with {'store': , 'location_class': , 'store_entry': 'swift'} {{(pid=99735) register_scheme_map /opt/stack/data/venv/lib/python3.12/site-packages/glance_store/location.py:146}}
Aug 12 20:48:59.970989 np0000007112 devstack@g-api.service[99735]: DEBUG glance_store.location [-] Registering scheme swift+https with {'store': , 'location_class': , 'store_entry': 'swift'} {{(pid=99735) register_scheme_map /opt/stack/data/venv/lib/python3.12/site-packages/glance_store/location.py:146}}
Aug 12 20:48:59.971037 np0000007112 devstack@g-api.service[99734]: WARNING glance.common.wsgi_app [-] Import methods are enabled but staging directory /tmp/staging/ does not exist; Imports will fail!
Aug 12 20:48:59.971081 np0000007112 devstack@g-api.service[99735]: DEBUG glance_store.location [-] Registering scheme swift with {'store': , 'location_class': , 'store_entry': 'swift'} {{(pid=99735) register_scheme_map /opt/stack/data/venv/lib/python3.12/site-packages/glance_store/location.py:146}}
Aug 12 20:48:59.971081 np0000007112 devstack@g-api.service[99735]: DEBUG glance_store.location [-] Registering scheme swift+https with {'store': , 'location_class': , 'store_entry': 'swift'} {{(pid=99735) register_scheme_map /opt/stack/data/venv/lib/python3.12/site-packages/glance_store/location.py:146}}
Aug 12 20:48:59.971180 np0000007112 devstack@g-api.service[99735]: DEBUG glance_store.location [-] Registering scheme swift with {'store': , 'location_class': , 'store_entry': 'swift'} {{(pid=99735) register_scheme_map /opt/stack/data/venv/lib/python3.12/site-packages/glance_store/location.py:146}}
Aug 12 20:48:59.971180 np0000007112 devstack@g-api.service[99735]: DEBUG glance_store.location [-] Registering scheme swift+http with {'store': , 'location_class': , 'store_entry': 'swift'} {{(pid=99735) register_scheme_map /opt/stack/data/venv/lib/python3.12/site-packages/glance_store/location.py:146}}
Aug 12 20:48:59.971279 np0000007112 devstack@g-api.service[99735]: DEBUG glance_store.location [-] Registering scheme swift+https with {'store': , 'location_class': , 'store_entry': 'swift'} {{(pid=99735) register_scheme_map /opt/stack/data/venv/lib/python3.12/site-packages/glance_store/location.py:146}}
Aug 12 20:48:59.971330 np0000007112 devstack@g-api.service[99735]: DEBUG glance_store.location [-] Registering scheme swift with {'store': , 'location_class': , 'store_entry': 'swift'} {{(pid=99735) register_scheme_map /opt/stack/data/venv/lib/python3.12/site-packages/glance_store/location.py:146}}
Aug 12 20:48:59.971374 np0000007112 devstack@g-api.service[99735]: DEBUG glance_store.location [-] Registering scheme swift+http with {'store': , 'location_class': , 'store_entry': 'swift'} {{(pid=99735) register_scheme_map /opt/stack/data/venv/lib/python3.12/site-packages/glance_store/location.py:146}}
Aug 12 20:48:59.971418 np0000007112 devstack@g-api.service[99735]: DEBUG glance_store.location [-] Registering scheme swift+config with {'store': , 'location_class': , 'store_entry': 'swift'} {{(pid=99735) register_scheme_map /opt/stack/data/venv/lib/python3.12/site-packages/glance_store/location.py:146}}
Aug 12 20:48:59.971656 np0000007112 devstack@g-api.service[99735]: DEBUG glance.sqlite_migration [-] SQLite caching database not located, skipping migration {{(pid=99735) get_db_path /opt/stack/glance/glance/sqlite_migration.py:68}}
Aug 12 20:48:59.971835 np0000007112 devstack@g-api.service[99735]: WARNING glance.common.wsgi_app [-] Import methods are enabled but staging directory /tmp/staging/ does not exist; Imports will fail!
Aug 12 20:49:00.097550 np0000007112 devstack@g-api.service[99734]: DEBUG glance.common.config [None req-22dadfb4-0f52-4ec0-acfe-08502f24c80f None None] Loading glance-api-keystone+cachemanagement from /etc/glance/glance-api-paste.ini {{(pid=99734) load_paste_app /opt/stack/glance/glance/common/config.py:772}}
Aug 12 20:49:00.098622 np0000007112 devstack@g-api.service[99735]: DEBUG glance.common.config [None req-aa3e91ae-2f0b-4c09-87a2-109f7c4a458f None None] Loading glance-api-keystone+cachemanagement from /etc/glance/glance-api-paste.ini {{(pid=99735) load_paste_app /opt/stack/glance/glance/common/config.py:772}}
Aug 12 20:49:00.107902 np0000007112 devstack@g-api.service[99733]: DEBUG glance.common.config [None req-47e6802c-2566-4b20-b58f-4156b5621aa4 None None] Loading glance-api-keystone+cachemanagement from /etc/glance/glance-api-paste.ini {{(pid=99733) load_paste_app /opt/stack/glance/glance/common/config.py:772}}
Aug 12 20:49:00.700421 np0000007112 devstack@g-api.service[99733]: INFO glance.image_cache [None req-47e6802c-2566-4b20-b58f-4156b5621aa4 None None] Image cache loaded driver 'centralized_db'.
Aug 12 20:49:00.702340 np0000007112 devstack@g-api.service[99734]: INFO glance.image_cache [None req-22dadfb4-0f52-4ec0-acfe-08502f24c80f None None] Image cache loaded driver 'centralized_db'.
Aug 12 20:49:00.705462 np0000007112 devstack@g-api.service[99735]: INFO glance.image_cache [None req-aa3e91ae-2f0b-4c09-87a2-109f7c4a458f None None] Image cache loaded driver 'centralized_db'.
Aug 12 20:49:00.749098 np0000007112 devstack@g-api.service[99734]: INFO dbcounter [None req-22dadfb4-0f52-4ec0-acfe-08502f24c80f None None] Registered counter for database glance
Aug 12 20:49:00.749243 np0000007112 devstack@g-api.service[99735]: INFO dbcounter [None req-aa3e91ae-2f0b-4c09-87a2-109f7c4a458f None None] Registered counter for database glance
Aug 12 20:49:00.758135 np0000007112 devstack@g-api.service[99733]: INFO dbcounter [None req-47e6802c-2566-4b20-b58f-4156b5621aa4 None None] Registered counter for database glance
Aug 12 20:49:00.785646 np0000007112 devstack@g-api.service[99735]: DEBUG oslo_db.sqlalchemy.engines [None req-aa3e91ae-2f0b-4c09-87a2-109f7c4a458f None None] MySQL server mode set to STRICT_TRANS_TABLES,STRICT_ALL_TABLES,NO_ZERO_IN_DATE,NO_ZERO_DATE,ERROR_FOR_DIVISION_BY_ZERO,TRADITIONAL,NO_ENGINE_SUBSTITUTION {{(pid=99735) _check_effective_sql_mode /opt/stack/data/venv/lib/python3.12/site-packages/oslo_db/sqlalchemy/engines.py:325}}
Aug 12 20:49:00.786064 np0000007112 devstack@g-api.service[99734]: DEBUG oslo_db.sqlalchemy.engines [None req-22dadfb4-0f52-4ec0-acfe-08502f24c80f None None] MySQL server mode set to STRICT_TRANS_TABLES,STRICT_ALL_TABLES,NO_ZERO_IN_DATE,NO_ZERO_DATE,ERROR_FOR_DIVISION_BY_ZERO,TRADITIONAL,NO_ENGINE_SUBSTITUTION {{(pid=99734) _check_effective_sql_mode /opt/stack/data/venv/lib/python3.12/site-packages/oslo_db/sqlalchemy/engines.py:325}}
Aug 12 20:49:00.803667 np0000007112 devstack@g-api.service[99733]: DEBUG oslo_db.sqlalchemy.engines [None req-47e6802c-2566-4b20-b58f-4156b5621aa4 None None] MySQL server mode set to STRICT_TRANS_TABLES,STRICT_ALL_TABLES,NO_ZERO_IN_DATE,NO_ZERO_DATE,ERROR_FOR_DIVISION_BY_ZERO,TRADITIONAL,NO_ENGINE_SUBSTITUTION {{(pid=99733) _check_effective_sql_mode /opt/stack/data/venv/lib/python3.12/site-packages/oslo_db/sqlalchemy/engines.py:325}}
Aug 12 20:49:00.886698 np0000007112 devstack@g-api.service[99735]: DEBUG dbcounter [-] [99735] Writer thread running {{(pid=99735) stat_writer /opt/stack/data/venv/lib/python3.12/site-packages/dbcounter.py:102}}
Aug 12 20:49:00.897158 np0000007112 devstack@g-api.service[99735]: INFO glance.image_cache [None req-aa3e91ae-2f0b-4c09-87a2-109f7c4a458f None None] Image cache loaded driver 'centralized_db'.
Aug 12 20:49:00.898175 np0000007112 devstack@g-api.service[99734]: DEBUG dbcounter [-] [99734] Writer thread running {{(pid=99734) stat_writer /opt/stack/data/venv/lib/python3.12/site-packages/dbcounter.py:102}}
Aug 12 20:49:00.901321 np0000007112 devstack@g-api.service[99734]: DEBUG glance.image_cache.drivers.centralized_db [None req-22dadfb4-0f52-4ec0-acfe-08502f24c80f None None] Node reference is already recorded, ignoring it {{(pid=99734) configure /opt/stack/glance/glance/image_cache/drivers/centralized_db.py:71}}
Aug 12 20:49:00.903318 np0000007112 devstack@g-api.service[99735]: DEBUG glance.image_cache.drivers.centralized_db [None req-aa3e91ae-2f0b-4c09-87a2-109f7c4a458f None None] Node reference is already recorded, ignoring it {{(pid=99735) configure /opt/stack/glance/glance/image_cache/drivers/centralized_db.py:71}}
Aug 12 20:49:00.906808 np0000007112 devstack@g-api.service[99734]: INFO glance.image_cache [None req-22dadfb4-0f52-4ec0-acfe-08502f24c80f None None] Image cache loaded driver 'centralized_db'.
Aug 12 20:49:00.907604 np0000007112 devstack@g-api.service[99735]: DEBUG glance.api.v2.cached_images [None req-aa3e91ae-2f0b-4c09-87a2-109f7c4a458f None None] Started cache worker thread {{(pid=99735) __init__ /opt/stack/glance/glance/api/v2/cached_images.py:71}}
Aug 12 20:49:00.908351 np0000007112 devstack@g-api.service[99735]: INFO glance.image_cache [None req-aa3e91ae-2f0b-4c09-87a2-109f7c4a458f None None] Image cache loaded driver 'centralized_db'.
Aug 12 20:49:00.912086 np0000007112 devstack@g-api.service[99733]: DEBUG dbcounter [-] [99733] Writer thread running {{(pid=99733) stat_writer /opt/stack/data/venv/lib/python3.12/site-packages/dbcounter.py:102}}
Aug 12 20:49:00.913489 np0000007112 devstack@g-api.service[99734]: DEBUG glance.image_cache.drivers.centralized_db [None req-22dadfb4-0f52-4ec0-acfe-08502f24c80f None None] Node reference is already recorded, ignoring it {{(pid=99734) configure /opt/stack/glance/glance/image_cache/drivers/centralized_db.py:71}}
Aug 12 20:49:00.914323 np0000007112 devstack@g-api.service[99733]: DEBUG glance.image_cache.drivers.centralized_db [None req-47e6802c-2566-4b20-b58f-4156b5621aa4 None None] Node reference is already recorded, ignoring it {{(pid=99733) configure /opt/stack/glance/glance/image_cache/drivers/centralized_db.py:71}}
Aug 12 20:49:00.914385 np0000007112 devstack@g-api.service[99735]: DEBUG glance.image_cache.drivers.centralized_db [None req-aa3e91ae-2f0b-4c09-87a2-109f7c4a458f None None] Node reference is already recorded, ignoring it {{(pid=99735) configure /opt/stack/glance/glance/image_cache/drivers/centralized_db.py:71}}
Aug 12 20:49:00.918437 np0000007112 devstack@g-api.service[99734]: DEBUG glance.api.v2.cached_images [None req-22dadfb4-0f52-4ec0-acfe-08502f24c80f None None] Started cache worker thread {{(pid=99734) __init__ /opt/stack/glance/glance/api/v2/cached_images.py:71}}
Aug 12 20:49:00.919106 np0000007112 devstack@g-api.service[99734]: INFO glance.image_cache [None req-22dadfb4-0f52-4ec0-acfe-08502f24c80f None None] Image cache loaded driver 'centralized_db'.
Aug 12 20:49:00.919334 np0000007112 devstack@g-api.service[99733]: INFO glance.image_cache [None req-47e6802c-2566-4b20-b58f-4156b5621aa4 None None] Image cache loaded driver 'centralized_db'.
Aug 12 20:49:00.919461 np0000007112 devstack@g-api.service[99735]: INFO glance.api.middleware.cache_manage [None req-aa3e91ae-2f0b-4c09-87a2-109f7c4a458f None None] Initialized image cache management middleware
Aug 12 20:49:00.919608 np0000007112 devstack@g-api.service[99735]: INFO glance.image_cache [None req-aa3e91ae-2f0b-4c09-87a2-109f7c4a458f None None] Image cache loaded driver 'centralized_db'.
Aug 12 20:49:00.925482 np0000007112 devstack@g-api.service[99735]: DEBUG glance.image_cache.drivers.centralized_db [None req-aa3e91ae-2f0b-4c09-87a2-109f7c4a458f None None] Node reference is already recorded, ignoring it {{(pid=99735) configure /opt/stack/glance/glance/image_cache/drivers/centralized_db.py:71}}
Aug 12 20:49:00.925874 np0000007112 devstack@g-api.service[99733]: DEBUG glance.image_cache.drivers.centralized_db [None req-47e6802c-2566-4b20-b58f-4156b5621aa4 None None] Node reference is already recorded, ignoring it {{(pid=99733) configure /opt/stack/glance/glance/image_cache/drivers/centralized_db.py:71}}
Aug 12 20:49:00.926018 np0000007112 devstack@g-api.service[99734]: DEBUG glance.image_cache.drivers.centralized_db [None req-22dadfb4-0f52-4ec0-acfe-08502f24c80f None None] Node reference is already recorded, ignoring it {{(pid=99734) configure /opt/stack/glance/glance/image_cache/drivers/centralized_db.py:71}}
Aug 12 20:49:00.928760 np0000007112 devstack@g-api.service[99735]: INFO glance.api.middleware.cache [None req-aa3e91ae-2f0b-4c09-87a2-109f7c4a458f None None] Initialized image cache middleware
Aug 12 20:49:00.930267 np0000007112 devstack@g-api.service[99733]: DEBUG glance.api.v2.cached_images [None req-47e6802c-2566-4b20-b58f-4156b5621aa4 None None] Started cache worker thread {{(pid=99733) __init__ /opt/stack/glance/glance/api/v2/cached_images.py:71}}
Aug 12 20:49:00.930880 np0000007112 devstack@g-api.service[99733]: INFO glance.image_cache [None req-47e6802c-2566-4b20-b58f-4156b5621aa4 None None] Image cache loaded driver 'centralized_db'.
Aug 12 20:49:00.931816 np0000007112 devstack@g-api.service[99734]: INFO glance.api.middleware.cache_manage [None req-22dadfb4-0f52-4ec0-acfe-08502f24c80f None None] Initialized image cache management middleware
Aug 12 20:49:00.931949 np0000007112 devstack@g-api.service[99734]: INFO glance.image_cache [None req-22dadfb4-0f52-4ec0-acfe-08502f24c80f None None] Image cache loaded driver 'centralized_db'.
Aug 12 20:49:00.938295 np0000007112 devstack@g-api.service[99733]: DEBUG glance.image_cache.drivers.centralized_db [None req-47e6802c-2566-4b20-b58f-4156b5621aa4 None None] Node reference is already recorded, ignoring it {{(pid=99733) configure /opt/stack/glance/glance/image_cache/drivers/centralized_db.py:71}}
Aug 12 20:49:00.938772 np0000007112 devstack@g-api.service[99735]: DEBUG glance.common.config [None req-aa3e91ae-2f0b-4c09-87a2-109f7c4a458f None None] ******************************************************************************** {{(pid=99735) log_opt_values /opt/stack/data/venv/lib/python3.12/site-packages/oslo_config/cfg.py:3518}}
Aug 12 20:49:00.938856 np0000007112 devstack@g-api.service[99735]: DEBUG glance.common.config [None req-aa3e91ae-2f0b-4c09-87a2-109f7c4a458f None None] Configuration options gathered from: {{(pid=99735) log_opt_values /opt/stack/data/venv/lib/python3.12/site-packages/oslo_config/cfg.py:3519}}
Aug 12 20:49:00.939108 np0000007112 devstack@g-api.service[99735]: DEBUG glance.common.config [None req-aa3e91ae-2f0b-4c09-87a2-109f7c4a458f None None] command line args: [] {{(pid=99735) log_opt_values /opt/stack/data/venv/lib/python3.12/site-packages/oslo_config/cfg.py:3520}}
Aug 12 20:49:00.939226 np0000007112 devstack@g-api.service[99735]: DEBUG glance.common.config [None req-aa3e91ae-2f0b-4c09-87a2-109f7c4a458f None None] config files: ['/etc/glance/glance-image-import.conf', '/etc/glance/glance-api.conf'] {{(pid=99735) log_opt_values /opt/stack/data/venv/lib/python3.12/site-packages/oslo_config/cfg.py:3521}}
Aug 12 20:49:00.939290 np0000007112 devstack@g-api.service[99735]: DEBUG glance.common.config [None req-aa3e91ae-2f0b-4c09-87a2-109f7c4a458f None None] ================================================================================ {{(pid=99735) log_opt_values /opt/stack/data/venv/lib/python3.12/site-packages/oslo_config/cfg.py:3526}}
Aug 12 20:49:00.939402 np0000007112 devstack@g-api.service[99735]: DEBUG glance.common.config [None req-aa3e91ae-2f0b-4c09-87a2-109f7c4a458f None None] allow_anonymous_access = False {{(pid=99735) log_opt_values /opt/stack/data/venv/lib/python3.12/site-packages/oslo_config/cfg.py:3534}}
Aug 12 20:49:00.939443 np0000007112 devstack@g-api.service[99734]: DEBUG glance.image_cache.drivers.centralized_db [None req-22dadfb4-0f52-4ec0-acfe-08502f24c80f None None] Node reference is already recorded, ignoring it {{(pid=99734) configure /opt/stack/glance/glance/image_cache/drivers/centralized_db.py:71}}
Aug 12 20:49:00.939500 np0000007112 devstack@g-api.service[99735]: DEBUG glance.common.config [None req-aa3e91ae-2f0b-4c09-87a2-109f7c4a458f None None] api_limit_max = 1000 {{(pid=99735) log_opt_values /opt/stack/data/venv/lib/python3.12/site-packages/oslo_config/cfg.py:3534}}
Aug 12 20:49:00.939602 np0000007112 devstack@g-api.service[99735]: DEBUG glance.common.config [None req-aa3e91ae-2f0b-4c09-87a2-109f7c4a458f None None] config_dir = [] {{(pid=99735) log_opt_values /opt/stack/data/venv/lib/python3.12/site-packages/oslo_config/cfg.py:3534}}
Aug 12 20:49:00.939675 np0000007112 devstack@g-api.service[99735]: DEBUG glance.common.config [None req-aa3e91ae-2f0b-4c09-87a2-109f7c4a458f None None] config_file = ['/etc/glance/glance-image-import.conf', '/etc/glance/glance-api.conf'] {{(pid=99735) log_opt_values /opt/stack/data/venv/lib/python3.12/site-packages/oslo_config/cfg.py:3534}}
Aug 12 20:49:00.939767 np0000007112 devstack@g-api.service[99735]: DEBUG glance.common.config [None req-aa3e91ae-2f0b-4c09-87a2-109f7c4a458f None None] config_source = [] {{(pid=99735) log_opt_values /opt/stack/data/venv/lib/python3.12/site-packages/oslo_config/cfg.py:3534}}
Aug 12 20:49:00.939861 np0000007112 devstack@g-api.service[99735]: DEBUG glance.common.config [None req-aa3e91ae-2f0b-4c09-87a2-109f7c4a458f None None] control_exchange = glance {{(pid=99735) log_opt_values /opt/stack/data/venv/lib/python3.12/site-packages/oslo_config/cfg.py:3534}}
Aug 12 20:49:00.939928 np0000007112 devstack@g-api.service[99735]: DEBUG glance.common.config [None req-aa3e91ae-2f0b-4c09-87a2-109f7c4a458f None None] debug = True {{(pid=99735) log_opt_values /opt/stack/data/venv/lib/python3.12/site-packages/oslo_config/cfg.py:3534}}
Aug 12 20:49:00.940131 np0000007112 devstack@g-api.service[99735]: DEBUG glance.common.config [None req-aa3e91ae-2f0b-4c09-87a2-109f7c4a458f None None] default_log_levels = ['amqp=WARN', 'boto=WARN', 'sqlalchemy=WARN', 'suds=INFO', 'oslo.messaging=INFO', 'oslo_messaging=INFO', 'iso8601=WARN', 'requests.packages.urllib3.connectionpool=WARN', 'urllib3.connectionpool=WARN', 'websocket=WARN', 'requests.packages.urllib3.util.retry=WARN', 'urllib3.util.retry=WARN', 'keystonemiddleware=WARN', 'routes.middleware=WARN', 'stevedore=WARN', 'taskflow=WARN', 'keystoneauth=WARN', 'oslo.cache=INFO', 'oslo_policy=INFO', 'dogpile.core.dogpile=INFO'] {{(pid=99735) log_opt_values /opt/stack/data/venv/lib/python3.12/site-packages/oslo_config/cfg.py:3534}}
Aug 12 20:49:00.940227 np0000007112 devstack@g-api.service[99735]: DEBUG glance.common.config [None req-aa3e91ae-2f0b-4c09-87a2-109f7c4a458f None None] default_publisher_id = image.localhost {{(pid=99735) log_opt_values /opt/stack/data/venv/lib/python3.12/site-packages/oslo_config/cfg.py:3534}}
Aug 12 20:49:00.940303 np0000007112 devstack@g-api.service[99735]: DEBUG glance.common.config [None req-aa3e91ae-2f0b-4c09-87a2-109f7c4a458f None None] delayed_delete = False {{(pid=99735) log_opt_values /opt/stack/data/venv/lib/python3.12/site-packages/oslo_config/cfg.py:3534}}
Aug 12 20:49:00.940423 np0000007112 devstack@g-api.service[99735]: DEBUG glance.common.config [None req-aa3e91ae-2f0b-4c09-87a2-109f7c4a458f None None] digest_algorithm = sha256 {{(pid=99735) log_opt_values /opt/stack/data/venv/lib/python3.12/site-packages/oslo_config/cfg.py:3534}}
Aug 12 20:49:00.940544 np0000007112 devstack@g-api.service[99735]: DEBUG glance.common.config [None req-aa3e91ae-2f0b-4c09-87a2-109f7c4a458f None None] disabled_notifications = [] {{(pid=99735) log_opt_values /opt/stack/data/venv/lib/python3.12/site-packages/oslo_config/cfg.py:3534}}
Aug 12 20:49:00.940701 np0000007112 devstack@g-api.service[99735]: DEBUG glance.common.config [None req-aa3e91ae-2f0b-4c09-87a2-109f7c4a458f None None] do_secure_hash = True {{(pid=99735) log_opt_values /opt/stack/data/venv/lib/python3.12/site-packages/oslo_config/cfg.py:3534}}
Aug 12 20:49:00.940817 np0000007112 devstack@g-api.service[99735]: DEBUG glance.common.config [None req-aa3e91ae-2f0b-4c09-87a2-109f7c4a458f None None] enabled_backends = None {{(pid=99735) log_opt_values /opt/stack/data/venv/lib/python3.12/site-packages/oslo_config/cfg.py:3534}}
Aug 12 20:49:00.940957 np0000007112 devstack@g-api.service[99735]: DEBUG glance.common.config [None req-aa3e91ae-2f0b-4c09-87a2-109f7c4a458f None None] enabled_import_methods = ['glance-direct', 'web-download', 'copy-image'] {{(pid=99735) log_opt_values /opt/stack/data/venv/lib/python3.12/site-packages/oslo_config/cfg.py:3534}}
Aug 12 20:49:00.941133 np0000007112 devstack@g-api.service[99735]: DEBUG glance.common.config [None req-aa3e91ae-2f0b-4c09-87a2-109f7c4a458f None None] fatal_deprecations = False {{(pid=99735) log_opt_values /opt/stack/data/venv/lib/python3.12/site-packages/oslo_config/cfg.py:3534}}
Aug 12 20:49:00.941307 np0000007112 devstack@g-api.service[99735]: DEBUG glance.common.config [None req-aa3e91ae-2f0b-4c09-87a2-109f7c4a458f None None] hashing_algorithm = sha512 {{(pid=99735) log_opt_values /opt/stack/data/venv/lib/python3.12/site-packages/oslo_config/cfg.py:3534}}
Aug 12 20:49:00.941401 np0000007112 devstack@g-api.service[99735]: DEBUG glance.common.config [None req-aa3e91ae-2f0b-4c09-87a2-109f7c4a458f None None] http_retries = 3 {{(pid=99735) log_opt_values /opt/stack/data/venv/lib/python3.12/site-packages/oslo_config/cfg.py:3534}}
Aug 12 20:49:00.941498 np0000007112 devstack@g-api.service[99735]: DEBUG glance.common.config [None req-aa3e91ae-2f0b-4c09-87a2-109f7c4a458f None None] image_cache_dir = /opt/stack/data/glance/cache/ {{(pid=99735) log_opt_values /opt/stack/data/venv/lib/python3.12/site-packages/oslo_config/cfg.py:3534}}
Aug 12 20:49:00.941661 np0000007112 devstack@g-api.service[99735]: DEBUG glance.common.config [None req-aa3e91ae-2f0b-4c09-87a2-109f7c4a458f None None] image_cache_driver = centralized_db {{(pid=99735) log_opt_values /opt/stack/data/venv/lib/python3.12/site-packages/oslo_config/cfg.py:3534}}
Aug 12 20:49:00.941703 np0000007112 devstack@g-api.service[99735]: DEBUG glance.common.config [None req-aa3e91ae-2f0b-4c09-87a2-109f7c4a458f None None] image_cache_max_size = 10737418240 {{(pid=99735) log_opt_values /opt/stack/data/venv/lib/python3.12/site-packages/oslo_config/cfg.py:3534}}
Aug 12 20:49:00.941786 np0000007112 devstack@g-api.service[99735]: DEBUG glance.common.config [None req-aa3e91ae-2f0b-4c09-87a2-109f7c4a458f None None] image_cache_sqlite_db = cache.db {{(pid=99735) log_opt_values /opt/stack/data/venv/lib/python3.12/site-packages/oslo_config/cfg.py:3534}}
Aug 12 20:49:00.941878 np0000007112 devstack@g-api.service[99735]: DEBUG glance.common.config [None req-aa3e91ae-2f0b-4c09-87a2-109f7c4a458f None None] image_cache_stall_time = 86400 {{(pid=99735) log_opt_values /opt/stack/data/venv/lib/python3.12/site-packages/oslo_config/cfg.py:3534}}
Aug 12 20:49:00.941975 np0000007112 devstack@g-api.service[99735]: DEBUG glance.common.config [None req-aa3e91ae-2f0b-4c09-87a2-109f7c4a458f None None] image_location_quota = 10 {{(pid=99735) log_opt_values /opt/stack/data/venv/lib/python3.12/site-packages/oslo_config/cfg.py:3534}}
Aug 12 20:49:00.942069 np0000007112 devstack@g-api.service[99735]: DEBUG glance.common.config [None req-aa3e91ae-2f0b-4c09-87a2-109f7c4a458f None None] image_member_quota = 128 {{(pid=99735) log_opt_values /opt/stack/data/venv/lib/python3.12/site-packages/oslo_config/cfg.py:3534}}
Aug 12 20:49:00.942157 np0000007112 devstack@g-api.service[99735]: DEBUG glance.common.config [None req-aa3e91ae-2f0b-4c09-87a2-109f7c4a458f None None] image_property_quota = 128 {{(pid=99735) log_opt_values /opt/stack/data/venv/lib/python3.12/site-packages/oslo_config/cfg.py:3534}}
Aug 12 20:49:00.942243 np0000007112 devstack@g-api.service[99735]: DEBUG glance.common.config [None req-aa3e91ae-2f0b-4c09-87a2-109f7c4a458f None None] image_size_cap = 1099511627776 {{(pid=99735) log_opt_values /opt/stack/data/venv/lib/python3.12/site-packages/oslo_config/cfg.py:3534}}
Aug 12 20:49:00.942329 np0000007112 devstack@g-api.service[99735]: DEBUG glance.common.config [None req-aa3e91ae-2f0b-4c09-87a2-109f7c4a458f None None] image_tag_quota = 128 {{(pid=99735) log_opt_values /opt/stack/data/venv/lib/python3.12/site-packages/oslo_config/cfg.py:3534}}
Aug 12 20:49:00.942421 np0000007112 devstack@g-api.service[99735]: DEBUG glance.common.config [None req-aa3e91ae-2f0b-4c09-87a2-109f7c4a458f None None] instance_format = [instance: %(uuid)s] {{(pid=99735) log_opt_values /opt/stack/data/venv/lib/python3.12/site-packages/oslo_config/cfg.py:3534}}
Aug 12 20:49:00.942517 np0000007112 devstack@g-api.service[99735]: DEBUG glance.common.config [None req-aa3e91ae-2f0b-4c09-87a2-109f7c4a458f None None] instance_uuid_format = [instance: %(uuid)s] {{(pid=99735) log_opt_values /opt/stack/data/venv/lib/python3.12/site-packages/oslo_config/cfg.py:3534}}
Aug 12 20:49:00.942612 np0000007112 devstack@g-api.service[99735]: DEBUG glance.common.config [None req-aa3e91ae-2f0b-4c09-87a2-109f7c4a458f None None] limit_param_default = 25 {{(pid=99735) log_opt_values /opt/stack/data/venv/lib/python3.12/site-packages/oslo_config/cfg.py:3534}}
Aug 12 20:49:00.942708 np0000007112 devstack@g-api.service[99735]: DEBUG glance.common.config [None req-aa3e91ae-2f0b-4c09-87a2-109f7c4a458f None None] log_color = False {{(pid=99735) log_opt_values /opt/stack/data/venv/lib/python3.12/site-packages/oslo_config/cfg.py:3534}}
Aug 12 20:49:00.942799 np0000007112 devstack@g-api.service[99735]: DEBUG glance.common.config [None req-aa3e91ae-2f0b-4c09-87a2-109f7c4a458f None None] log_config_append = None {{(pid=99735) log_opt_values /opt/stack/data/venv/lib/python3.12/site-packages/oslo_config/cfg.py:3534}}
Aug 12 20:49:00.942883 np0000007112 devstack@g-api.service[99733]: INFO glance.api.middleware.cache_manage [None req-47e6802c-2566-4b20-b58f-4156b5621aa4 None None] Initialized image cache management middleware
Aug 12 20:49:00.942933 np0000007112 devstack@g-api.service[99735]: DEBUG glance.common.config [None req-aa3e91ae-2f0b-4c09-87a2-109f7c4a458f None None] log_date_format = %Y-%m-%d %H:%M:%S {{(pid=99735) log_opt_values /opt/stack/data/venv/lib/python3.12/site-packages/oslo_config/cfg.py:3534}}
Aug 12 20:49:00.942985 np0000007112 devstack@g-api.service[99734]: INFO glance.api.middleware.cache [None req-22dadfb4-0f52-4ec0-acfe-08502f24c80f None None] Initialized image cache middleware
Aug 12 20:49:00.943033 np0000007112 devstack@g-api.service[99733]: INFO glance.image_cache [None req-47e6802c-2566-4b20-b58f-4156b5621aa4 None None] Image cache loaded driver 'centralized_db'.
Aug 12 20:49:00.943065 np0000007112 devstack@g-api.service[99735]: DEBUG glance.common.config [None req-aa3e91ae-2f0b-4c09-87a2-109f7c4a458f None None] log_dir = None {{(pid=99735) log_opt_values /opt/stack/data/venv/lib/python3.12/site-packages/oslo_config/cfg.py:3534}}
Aug 12 20:49:00.943150 np0000007112 devstack@g-api.service[99735]: DEBUG glance.common.config [None req-aa3e91ae-2f0b-4c09-87a2-109f7c4a458f None None] log_file = None {{(pid=99735) log_opt_values /opt/stack/data/venv/lib/python3.12/site-packages/oslo_config/cfg.py:3534}}
Aug 12 20:49:00.943240 np0000007112 devstack@g-api.service[99735]: DEBUG glance.common.config [None req-aa3e91ae-2f0b-4c09-87a2-109f7c4a458f None None] log_rotate_interval = 1 {{(pid=99735) log_opt_values /opt/stack/data/venv/lib/python3.12/site-packages/oslo_config/cfg.py:3534}}
Aug 12 20:49:00.943334 np0000007112 devstack@g-api.service[99735]: DEBUG glance.common.config [None req-aa3e91ae-2f0b-4c09-87a2-109f7c4a458f None None] log_rotate_interval_type = days {{(pid=99735) log_opt_values /opt/stack/data/venv/lib/python3.12/site-packages/oslo_config/cfg.py:3534}}
Aug 12 20:49:00.943426 np0000007112 devstack@g-api.service[99735]: DEBUG glance.common.config [None req-aa3e91ae-2f0b-4c09-87a2-109f7c4a458f None None] log_rotation_type = none {{(pid=99735) log_opt_values /opt/stack/data/venv/lib/python3.12/site-packages/oslo_config/cfg.py:3534}}
Aug 12 20:49:00.943494 np0000007112 devstack@g-api.service[99735]: DEBUG glance.common.config [None req-aa3e91ae-2f0b-4c09-87a2-109f7c4a458f None None] logging_context_format_string = %(color)s%(levelname)s %(name)s [%(global_request_id)s %(request_id)s %(project_name)s %(user_name)s%(color)s] %(instance)s%(color)s%(message)s {{(pid=99735) log_opt_values /opt/stack/data/venv/lib/python3.12/site-packages/oslo_config/cfg.py:3534}}
Aug 12 20:49:00.943560 np0000007112 devstack@g-api.service[99735]: DEBUG glance.common.config [None req-aa3e91ae-2f0b-4c09-87a2-109f7c4a458f None None] logging_debug_format_suffix = {{(pid=%(process)d) %(funcName)s %(pathname)s:%(lineno)d}} {{(pid=99735) log_opt_values /opt/stack/data/venv/lib/python3.12/site-packages/oslo_config/cfg.py:3534}}
Aug 12 20:49:00.943664 np0000007112 devstack@g-api.service[99735]: DEBUG glance.common.config [None req-aa3e91ae-2f0b-4c09-87a2-109f7c4a458f None None] logging_default_format_string = %(color)s%(levelname)s %(name)s [-%(color)s] %(instance)s%(color)s%(message)s {{(pid=99735) log_opt_values /opt/stack/data/venv/lib/python3.12/site-packages/oslo_config/cfg.py:3534}}
Aug 12 20:49:00.943758 np0000007112 devstack@g-api.service[99735]: DEBUG glance.common.config [None req-aa3e91ae-2f0b-4c09-87a2-109f7c4a458f None None] logging_exception_prefix = ERROR %(name)s %(instance)s {{(pid=99735) log_opt_values /opt/stack/data/venv/lib/python3.12/site-packages/oslo_config/cfg.py:3534}}
Aug 12 20:49:00.943826 np0000007112 devstack@g-api.service[99735]: DEBUG glance.common.config [None req-aa3e91ae-2f0b-4c09-87a2-109f7c4a458f None None] logging_user_identity_format = %(user)s %(project)s %(domain)s %(system_scope)s %(user_domain)s %(project_domain)s {{(pid=99735) log_opt_values /opt/stack/data/venv/lib/python3.12/site-packages/oslo_config/cfg.py:3534}}
Aug 12 20:49:00.943918 np0000007112 devstack@g-api.service[99735]: DEBUG glance.common.config [None req-aa3e91ae-2f0b-4c09-87a2-109f7c4a458f None None] max_logfile_count = 30 {{(pid=99735) log_opt_values /opt/stack/data/venv/lib/python3.12/site-packages/oslo_config/cfg.py:3534}}
Aug 12 20:49:00.944023 np0000007112 devstack@g-api.service[99735]: DEBUG glance.common.config [None req-aa3e91ae-2f0b-4c09-87a2-109f7c4a458f None None] max_logfile_size_mb = 200 {{(pid=99735) log_opt_values /opt/stack/data/venv/lib/python3.12/site-packages/oslo_config/cfg.py:3534}}
Aug 12 20:49:00.944110 np0000007112 devstack@g-api.service[99735]: DEBUG glance.common.config [None req-aa3e91ae-2f0b-4c09-87a2-109f7c4a458f None None] max_request_id_length = 64 {{(pid=99735) log_opt_values /opt/stack/data/venv/lib/python3.12/site-packages/oslo_config/cfg.py:3534}}
Aug 12 20:49:00.944200 np0000007112 devstack@g-api.service[99735]: DEBUG glance.common.config [None req-aa3e91ae-2f0b-4c09-87a2-109f7c4a458f None None] metadata_encryption_key = **** {{(pid=99735) log_opt_values /opt/stack/data/venv/lib/python3.12/site-packages/oslo_config/cfg.py:3534}}
Aug 12 20:49:00.944292 np0000007112 devstack@g-api.service[99735]: DEBUG glance.common.config [None req-aa3e91ae-2f0b-4c09-87a2-109f7c4a458f None None] node_staging_uri = file:///tmp/staging/ {{(pid=99735) log_opt_values /opt/stack/data/venv/lib/python3.12/site-packages/oslo_config/cfg.py:3534}}
Aug 12 20:49:00.944377 np0000007112 devstack@g-api.service[99735]: DEBUG glance.common.config [None req-aa3e91ae-2f0b-4c09-87a2-109f7c4a458f None None] property_protection_file = None {{(pid=99735) log_opt_values /opt/stack/data/venv/lib/python3.12/site-packages/oslo_config/cfg.py:3534}}
Aug 12 20:49:00.944502 np0000007112 devstack@g-api.service[99735]: DEBUG glance.common.config [None req-aa3e91ae-2f0b-4c09-87a2-109f7c4a458f None None] property_protection_rule_format = roles {{(pid=99735) log_opt_values /opt/stack/data/venv/lib/python3.12/site-packages/oslo_config/cfg.py:3534}}
Aug 12 20:49:00.944558 np0000007112 devstack@g-api.service[99735]: DEBUG glance.common.config [None req-aa3e91ae-2f0b-4c09-87a2-109f7c4a458f None None] public_endpoint = https://10.4.3.90/image {{(pid=99735) log_opt_values /opt/stack/data/venv/lib/python3.12/site-packages/oslo_config/cfg.py:3534}}
Aug 12 20:49:00.944653 np0000007112 devstack@g-api.service[99735]: DEBUG glance.common.config [None req-aa3e91ae-2f0b-4c09-87a2-109f7c4a458f None None] publish_errors = False {{(pid=99735) log_opt_values /opt/stack/data/venv/lib/python3.12/site-packages/oslo_config/cfg.py:3534}}
Aug 12 20:49:00.944787 np0000007112 devstack@g-api.service[99735]: DEBUG glance.common.config [None req-aa3e91ae-2f0b-4c09-87a2-109f7c4a458f None None] pydev_worker_debug_host = None {{(pid=99735) log_opt_values /opt/stack/data/venv/lib/python3.12/site-packages/oslo_config/cfg.py:3534}}
Aug 12 20:49:00.944888 np0000007112 devstack@g-api.service[99735]: DEBUG glance.common.config [None req-aa3e91ae-2f0b-4c09-87a2-109f7c4a458f None None] pydev_worker_debug_port = 5678 {{(pid=99735) log_opt_values /opt/stack/data/venv/lib/python3.12/site-packages/oslo_config/cfg.py:3534}}
Aug 12 20:49:00.945002 np0000007112 devstack@g-api.service[99735]: DEBUG glance.common.config [None req-aa3e91ae-2f0b-4c09-87a2-109f7c4a458f None None] rate_limit_burst = 0 {{(pid=99735) log_opt_values /opt/stack/data/venv/lib/python3.12/site-packages/oslo_config/cfg.py:3534}}
Aug 12 20:49:00.945101 np0000007112 devstack@g-api.service[99735]: DEBUG glance.common.config [None req-aa3e91ae-2f0b-4c09-87a2-109f7c4a458f None None] rate_limit_except_level = CRITICAL {{(pid=99735) log_opt_values /opt/stack/data/venv/lib/python3.12/site-packages/oslo_config/cfg.py:3534}}
Aug 12 20:49:00.945195 np0000007112 devstack@g-api.service[99735]: DEBUG glance.common.config [None req-aa3e91ae-2f0b-4c09-87a2-109f7c4a458f None None] rate_limit_interval = 0 {{(pid=99735) log_opt_values /opt/stack/data/venv/lib/python3.12/site-packages/oslo_config/cfg.py:3534}}
Aug 12 20:49:00.945349 np0000007112 devstack@g-api.service[99735]: DEBUG glance.common.config [None req-aa3e91ae-2f0b-4c09-87a2-109f7c4a458f None None] scrub_pool_size = 1 {{(pid=99735) log_opt_values /opt/stack/data/venv/lib/python3.12/site-packages/oslo_config/cfg.py:3534}}
Aug 12 20:49:00.945480 np0000007112 devstack@g-api.service[99735]: DEBUG glance.common.config [None req-aa3e91ae-2f0b-4c09-87a2-109f7c4a458f None None] scrub_time = 0 {{(pid=99735) log_opt_values /opt/stack/data/venv/lib/python3.12/site-packages/oslo_config/cfg.py:3534}}
Aug 12 20:49:00.945604 np0000007112 devstack@g-api.service[99735]: DEBUG glance.common.config [None req-aa3e91ae-2f0b-4c09-87a2-109f7c4a458f None None] shell_completion = None {{(pid=99735) log_opt_values /opt/stack/data/venv/lib/python3.12/site-packages/oslo_config/cfg.py:3534}}
Aug 12 20:49:00.945738 np0000007112 devstack@g-api.service[99735]: DEBUG glance.common.config [None req-aa3e91ae-2f0b-4c09-87a2-109f7c4a458f None None] show_image_direct_url = False {{(pid=99735) log_opt_values /opt/stack/data/venv/lib/python3.12/site-packages/oslo_config/cfg.py:3534}}
Aug 12 20:49:00.946023 np0000007112 devstack@g-api.service[99735]: WARNING oslo_config.cfg [None req-aa3e91ae-2f0b-4c09-87a2-109f7c4a458f None None] Deprecated: Option "show_multiple_locations" from group "DEFAULT" is deprecated for removal (Use of this option, deprecated since Newton, is a security risk and will be removed once we figure out a way to satisfy those use cases that currently require it. An earlier announcement that the same functionality can be achieved with greater granularity by using policies is incorrect. You cannot work around this option via policy configuration at the present time, though that is the direction we believe the fix will take. Please keep an eye on the Glance release notes to stay up to date on progress in addressing this issue.). Its value may be silently ignored in the future.
Aug 12 20:49:00.946176 np0000007112 devstack@g-api.service[99735]: DEBUG glance.common.config [None req-aa3e91ae-2f0b-4c09-87a2-109f7c4a458f None None] show_multiple_locations = False {{(pid=99735) log_opt_values /opt/stack/data/venv/lib/python3.12/site-packages/oslo_config/cfg.py:3534}}
Aug 12 20:49:00.946317 np0000007112 devstack@g-api.service[99735]: DEBUG glance.common.config [None req-aa3e91ae-2f0b-4c09-87a2-109f7c4a458f None None] syslog_log_facility = LOG_USER {{(pid=99735) log_opt_values /opt/stack/data/venv/lib/python3.12/site-packages/oslo_config/cfg.py:3534}}
Aug 12 20:49:00.946443 np0000007112 devstack@g-api.service[99735]: DEBUG glance.common.config [None req-aa3e91ae-2f0b-4c09-87a2-109f7c4a458f None None] transport_url = **** {{(pid=99735) log_opt_values /opt/stack/data/venv/lib/python3.12/site-packages/oslo_config/cfg.py:3534}}
Aug 12 20:49:00.946568 np0000007112 devstack@g-api.service[99735]: DEBUG glance.common.config [None req-aa3e91ae-2f0b-4c09-87a2-109f7c4a458f None None] use_journal = False {{(pid=99735) log_opt_values /opt/stack/data/venv/lib/python3.12/site-packages/oslo_config/cfg.py:3534}}
Aug 12 20:49:00.946697 np0000007112 devstack@g-api.service[99735]: DEBUG glance.common.config [None req-aa3e91ae-2f0b-4c09-87a2-109f7c4a458f None None] use_json = False {{(pid=99735) log_opt_values /opt/stack/data/venv/lib/python3.12/site-packages/oslo_config/cfg.py:3534}}
Aug 12 20:49:00.946796 np0000007112 devstack@g-api.service[99735]: DEBUG glance.common.config [None req-aa3e91ae-2f0b-4c09-87a2-109f7c4a458f None None] use_keystone_limits = True {{(pid=99735) log_opt_values /opt/stack/data/venv/lib/python3.12/site-packages/oslo_config/cfg.py:3534}}
Aug 12 20:49:00.946916 np0000007112 devstack@g-api.service[99735]: DEBUG glance.common.config [None req-aa3e91ae-2f0b-4c09-87a2-109f7c4a458f None None] use_stderr = False {{(pid=99735) log_opt_values /opt/stack/data/venv/lib/python3.12/site-packages/oslo_config/cfg.py:3534}}
Aug 12 20:49:00.947096 np0000007112 devstack@g-api.service[99735]: DEBUG glance.common.config [None req-aa3e91ae-2f0b-4c09-87a2-109f7c4a458f None None] use_syslog = False {{(pid=99735) log_opt_values /opt/stack/data/venv/lib/python3.12/site-packages/oslo_config/cfg.py:3534}}
Aug 12 20:49:00.947225 np0000007112 devstack@g-api.service[99735]: DEBUG glance.common.config [None req-aa3e91ae-2f0b-4c09-87a2-109f7c4a458f None None] user_storage_quota = 0 {{(pid=99735) log_opt_values /opt/stack/data/venv/lib/python3.12/site-packages/oslo_config/cfg.py:3534}}
Aug 12 20:49:00.947328 np0000007112 devstack@g-api.service[99735]: DEBUG glance.common.config [None req-aa3e91ae-2f0b-4c09-87a2-109f7c4a458f None None] worker_self_reference_url = http://127.0.0.1:60999 {{(pid=99735) log_opt_values /opt/stack/data/venv/lib/python3.12/site-packages/oslo_config/cfg.py:3534}}
Aug 12 20:49:00.947476 np0000007112 devstack@g-api.service[99735]: DEBUG glance.common.config [None req-aa3e91ae-2f0b-4c09-87a2-109f7c4a458f None None] oslo_concurrency.disable_process_locking = False {{(pid=99735) log_opt_values /opt/stack/data/venv/lib/python3.12/site-packages/oslo_config/cfg.py:3545}}
Aug 12 20:49:00.947576 np0000007112 devstack@g-api.service[99735]: DEBUG glance.common.config [None req-aa3e91ae-2f0b-4c09-87a2-109f7c4a458f None None] oslo_concurrency.lock_path = /opt/stack/data/glance/locks {{(pid=99735) log_opt_values /opt/stack/data/venv/lib/python3.12/site-packages/oslo_config/cfg.py:3545}}
Aug 12 20:49:00.947688 np0000007112 devstack@g-api.service[99735]: DEBUG glance.common.config [None req-aa3e91ae-2f0b-4c09-87a2-109f7c4a458f None None] oslo_middleware.enable_proxy_headers_parsing = False {{(pid=99735) log_opt_values /opt/stack/data/venv/lib/python3.12/site-packages/oslo_config/cfg.py:3545}}
Aug 12 20:49:00.947787 np0000007112 devstack@g-api.service[99735]: DEBUG glance.common.config [None req-aa3e91ae-2f0b-4c09-87a2-109f7c4a458f None None] oslo_middleware.http_basic_auth_user_file = /etc/htpasswd {{(pid=99735) log_opt_values /opt/stack/data/venv/lib/python3.12/site-packages/oslo_config/cfg.py:3545}}
Aug 12 20:49:00.947875 np0000007112 devstack@g-api.service[99735]: DEBUG glance.common.config [None req-aa3e91ae-2f0b-4c09-87a2-109f7c4a458f None None] paste_deploy.config_file = None {{(pid=99735) log_opt_values /opt/stack/data/venv/lib/python3.12/site-packages/oslo_config/cfg.py:3545}}
Aug 12 20:49:00.948002 np0000007112 devstack@g-api.service[99735]: DEBUG glance.common.config [None req-aa3e91ae-2f0b-4c09-87a2-109f7c4a458f None None] paste_deploy.flavor = keystone+cachemanagement {{(pid=99735) log_opt_values /opt/stack/data/venv/lib/python3.12/site-packages/oslo_config/cfg.py:3545}}
Aug 12 20:49:00.948135 np0000007112 devstack@g-api.service[99735]: DEBUG glance.common.config [None req-aa3e91ae-2f0b-4c09-87a2-109f7c4a458f None None] image_format.container_formats = ['ami', 'ari', 'aki', 'bare', 'ovf', 'ova', 'docker', 'compressed'] {{(pid=99735) log_opt_values /opt/stack/data/venv/lib/python3.12/site-packages/oslo_config/cfg.py:3545}}
Aug 12 20:49:00.948284 np0000007112 devstack@g-api.service[99735]: DEBUG glance.common.config [None req-aa3e91ae-2f0b-4c09-87a2-109f7c4a458f None None] image_format.disk_formats = ['ami', 'ari', 'aki', 'vhd', 'vhdx', 'vmdk', 'raw', 'qcow2', 'vdi', 'iso', 'ploop'] {{(pid=99735) log_opt_values /opt/stack/data/venv/lib/python3.12/site-packages/oslo_config/cfg.py:3545}}
Aug 12 20:49:00.948418 np0000007112 devstack@g-api.service[99735]: DEBUG glance.common.config [None req-aa3e91ae-2f0b-4c09-87a2-109f7c4a458f None None] image_format.gpt_safety_checks_nonfatal = [] {{(pid=99735) log_opt_values /opt/stack/data/venv/lib/python3.12/site-packages/oslo_config/cfg.py:3545}}
Aug 12 20:49:00.948524 np0000007112 devstack@g-api.service[99735]: DEBUG glance.common.config [None req-aa3e91ae-2f0b-4c09-87a2-109f7c4a458f None None] image_format.require_image_format_match = True {{(pid=99735) log_opt_values /opt/stack/data/venv/lib/python3.12/site-packages/oslo_config/cfg.py:3545}}
Aug 12 20:49:00.948697 np0000007112 devstack@g-api.service[99735]: DEBUG glance.common.config [None req-aa3e91ae-2f0b-4c09-87a2-109f7c4a458f None None] image_format.vmdk_allowed_types = ['streamOptimized', 'monolithicSparse'] {{(pid=99735) log_opt_values /opt/stack/data/venv/lib/python3.12/site-packages/oslo_config/cfg.py:3545}}
Aug 12 20:49:00.948805 np0000007112 devstack@g-api.service[99735]: DEBUG glance.common.config [None req-aa3e91ae-2f0b-4c09-87a2-109f7c4a458f None None] task.task_executor = taskflow {{(pid=99735) log_opt_values /opt/stack/data/venv/lib/python3.12/site-packages/oslo_config/cfg.py:3545}}
Aug 12 20:49:00.948900 np0000007112 devstack@g-api.service[99735]: DEBUG glance.common.config [None req-aa3e91ae-2f0b-4c09-87a2-109f7c4a458f None None] task.task_time_to_live = 48 {{(pid=99735) log_opt_values /opt/stack/data/venv/lib/python3.12/site-packages/oslo_config/cfg.py:3545}}
Aug 12 20:49:00.948951 np0000007112 devstack@g-api.service[99733]: DEBUG glance.image_cache.drivers.centralized_db [None req-47e6802c-2566-4b20-b58f-4156b5621aa4 None None] Node reference is already recorded, ignoring it {{(pid=99733) configure /opt/stack/glance/glance/image_cache/drivers/centralized_db.py:71}}
Aug 12 20:49:00.949004 np0000007112 devstack@g-api.service[99735]: DEBUG glance.common.config [None req-aa3e91ae-2f0b-4c09-87a2-109f7c4a458f None None] task.work_dir = None {{(pid=99735) log_opt_values /opt/stack/data/venv/lib/python3.12/site-packages/oslo_config/cfg.py:3545}}
Aug 12 20:49:00.949113 np0000007112 devstack@g-api.service[99735]: DEBUG glance.common.config [None req-aa3e91ae-2f0b-4c09-87a2-109f7c4a458f None None] wsgi.python_interpreter = /opt/stack/data/venv/bin/python3 {{(pid=99735) log_opt_values /opt/stack/data/venv/lib/python3.12/site-packages/oslo_config/cfg.py:3545}}
Aug 12 20:49:00.949202 np0000007112 devstack@g-api.service[99735]: DEBUG glance.common.config [None req-aa3e91ae-2f0b-4c09-87a2-109f7c4a458f None None] wsgi.task_pool_threads = 16 {{(pid=99735) log_opt_values /opt/stack/data/venv/lib/python3.12/site-packages/oslo_config/cfg.py:3545}}
Aug 12 20:49:00.949298 np0000007112 devstack@g-api.service[99735]: DEBUG glance.common.config [None req-aa3e91ae-2f0b-4c09-87a2-109f7c4a458f None None] import_filtering_opts.allowed_hosts = [] {{(pid=99735) log_opt_values /opt/stack/data/venv/lib/python3.12/site-packages/oslo_config/cfg.py:3545}}
Aug 12 20:49:00.949391 np0000007112 devstack@g-api.service[99735]: DEBUG glance.common.config [None req-aa3e91ae-2f0b-4c09-87a2-109f7c4a458f None None] import_filtering_opts.allowed_ports = [80, 443] {{(pid=99735) log_opt_values /opt/stack/data/venv/lib/python3.12/site-packages/oslo_config/cfg.py:3545}}
Aug 12 20:49:00.949491 np0000007112 devstack@g-api.service[99735]: DEBUG glance.common.config [None req-aa3e91ae-2f0b-4c09-87a2-109f7c4a458f None None] import_filtering_opts.allowed_schemes = ['http', 'https'] {{(pid=99735) log_opt_values /opt/stack/data/venv/lib/python3.12/site-packages/oslo_config/cfg.py:3545}}
Aug 12 20:49:00.949579 np0000007112 devstack@g-api.service[99735]: DEBUG glance.common.config [None req-aa3e91ae-2f0b-4c09-87a2-109f7c4a458f None None] import_filtering_opts.disallowed_hosts = [] {{(pid=99735) log_opt_values /opt/stack/data/venv/lib/python3.12/site-packages/oslo_config/cfg.py:3545}}
Aug 12 20:49:00.949677 np0000007112 devstack@g-api.service[99735]: DEBUG glance.common.config [None req-aa3e91ae-2f0b-4c09-87a2-109f7c4a458f None None] import_filtering_opts.disallowed_ports = [] {{(pid=99735) log_opt_values /opt/stack/data/venv/lib/python3.12/site-packages/oslo_config/cfg.py:3545}}
Aug 12 20:49:00.949766 np0000007112 devstack@g-api.service[99735]: DEBUG glance.common.config [None req-aa3e91ae-2f0b-4c09-87a2-109f7c4a458f None None] import_filtering_opts.disallowed_schemes = [] {{(pid=99735) log_opt_values /opt/stack/data/venv/lib/python3.12/site-packages/oslo_config/cfg.py:3545}}
Aug 12 20:49:00.949863 np0000007112 devstack@g-api.service[99735]: DEBUG glance.common.config [None req-aa3e91ae-2f0b-4c09-87a2-109f7c4a458f None None] oslo_messaging_metrics.metrics_buffer_size = 1000 {{(pid=99735) log_opt_values /opt/stack/data/venv/lib/python3.12/site-packages/oslo_config/cfg.py:3545}}
