Aug 12 20:48:39.413211 np0000007112 nova-scheduler[93506]: DEBUG cotyledon.oslo_config_glue [-] oslo_messaging_rabbit.rabbit_quorum_delivery_limit = 0 {{(pid=93506) log_opt_values /opt/stack/data/venv/lib/python3.12/site-packages/oslo_config/cfg.py:3545}}
Aug 12 20:48:39.413211 np0000007112 nova-scheduler[93506]: DEBUG cotyledon.oslo_config_glue [-] oslo_messaging_rabbit.rabbit_quorum_max_memory_bytes = 0 {{(pid=93506) log_opt_values /opt/stack/data/venv/lib/python3.12/site-packages/oslo_config/cfg.py:3545}}
Aug 12 20:48:39.413211 np0000007112 nova-scheduler[93506]: DEBUG cotyledon.oslo_config_glue [-] oslo_messaging_rabbit.rabbit_quorum_max_memory_length = 0 {{(pid=93506) log_opt_values /opt/stack/data/venv/lib/python3.12/site-packages/oslo_config/cfg.py:3545}}
Aug 12 20:48:39.413310 np0000007112 nova-scheduler[93506]: DEBUG cotyledon.oslo_config_glue [-] oslo_messaging_rabbit.rabbit_quorum_queue = False {{(pid=93506) log_opt_values /opt/stack/data/venv/lib/python3.12/site-packages/oslo_config/cfg.py:3545}}
Aug 12 20:48:39.413310 np0000007112 nova-scheduler[93506]: DEBUG cotyledon.oslo_config_glue [-] oslo_messaging_rabbit.rabbit_retry_backoff = 2 {{(pid=93506) log_opt_values /opt/stack/data/venv/lib/python3.12/site-packages/oslo_config/cfg.py:3545}}
Aug 12 20:48:39.413310 np0000007112 nova-scheduler[93506]: DEBUG cotyledon.oslo_config_glue [-] oslo_messaging_rabbit.rabbit_retry_interval = 1 {{(pid=93506) log_opt_values /opt/stack/data/venv/lib/python3.12/site-packages/oslo_config/cfg.py:3545}}
Aug 12 20:48:39.413394 np0000007112 nova-scheduler[93506]: DEBUG cotyledon.oslo_config_glue [-] oslo_messaging_rabbit.rabbit_stream_fanout = False {{(pid=93506) log_opt_values /opt/stack/data/venv/lib/python3.12/site-packages/oslo_config/cfg.py:3545}}
Aug 12 20:48:39.413394 np0000007112 nova-scheduler[93506]: DEBUG cotyledon.oslo_config_glue [-] oslo_messaging_rabbit.rabbit_transient_queues_ttl = 1800 {{(pid=93506) log_opt_values /opt/stack/data/venv/lib/python3.12/site-packages/oslo_config/cfg.py:3545}}
Aug 12 20:48:39.413394 np0000007112 nova-scheduler[93506]: DEBUG cotyledon.oslo_config_glue [-] oslo_messaging_rabbit.rabbit_transient_quorum_queue = False {{(pid=93506) log_opt_values /opt/stack/data/venv/lib/python3.12/site-packages/oslo_config/cfg.py:3545}}
Aug 12 20:48:39.413502 np0000007112 nova-scheduler[93506]: DEBUG cotyledon.oslo_config_glue [-] oslo_messaging_rabbit.rpc_conn_pool_size = 30 {{(pid=93506) log_opt_values /opt/stack/data/venv/lib/python3.12/site-packages/oslo_config/cfg.py:3545}}
Aug 12 20:48:39.413502 np0000007112 nova-scheduler[93506]: DEBUG cotyledon.oslo_config_glue [-] oslo_messaging_rabbit.ssl = False {{(pid=93506) log_opt_values /opt/stack/data/venv/lib/python3.12/site-packages/oslo_config/cfg.py:3545}}
Aug 12 20:48:39.413502 np0000007112 nova-scheduler[93506]: DEBUG cotyledon.oslo_config_glue [-] oslo_messaging_rabbit.ssl_ca_file = {{(pid=93506) log_opt_values /opt/stack/data/venv/lib/python3.12/site-packages/oslo_config/cfg.py:3545}}
Aug 12 20:48:39.413605 np0000007112 nova-scheduler[93506]: DEBUG cotyledon.oslo_config_glue [-] oslo_messaging_rabbit.ssl_cert_file = {{(pid=93506) log_opt_values /opt/stack/data/venv/lib/python3.12/site-packages/oslo_config/cfg.py:3545}}
Aug 12 20:48:39.413605 np0000007112 nova-scheduler[93506]: DEBUG cotyledon.oslo_config_glue [-] oslo_messaging_rabbit.ssl_enforce_fips_mode = False {{(pid=93506) log_opt_values /opt/stack/data/venv/lib/python3.12/site-packages/oslo_config/cfg.py:3545}}
Aug 12 20:48:39.413666 np0000007112 nova-scheduler[93506]: DEBUG cotyledon.oslo_config_glue [-] oslo_messaging_rabbit.ssl_enforce_hostname_verification = True {{(pid=93506) log_opt_values /opt/stack/data/venv/lib/python3.12/site-packages/oslo_config/cfg.py:3545}}
Aug 12 20:48:39.413701 np0000007112 nova-scheduler[93506]: DEBUG cotyledon.oslo_config_glue [-] oslo_messaging_rabbit.ssl_key_file = {{(pid=93506) log_opt_values /opt/stack/data/venv/lib/python3.12/site-packages/oslo_config/cfg.py:3545}}
Aug 12 20:48:39.413741 np0000007112 nova-scheduler[93506]: DEBUG cotyledon.oslo_config_glue [-] oslo_messaging_rabbit.ssl_version = {{(pid=93506) log_opt_values /opt/stack/data/venv/lib/python3.12/site-packages/oslo_config/cfg.py:3545}}
Aug 12 20:48:39.413786 np0000007112 nova-scheduler[93506]: DEBUG cotyledon.oslo_config_glue [-] oslo_messaging_rabbit.use_queue_manager = False {{(pid=93506) log_opt_values /opt/stack/data/venv/lib/python3.12/site-packages/oslo_config/cfg.py:3545}}
Aug 12 20:48:39.413831 np0000007112 nova-scheduler[93506]: DEBUG cotyledon.oslo_config_glue [-] oslo_messaging_notifications.driver = ['messagingv2'] {{(pid=93506) log_opt_values /opt/stack/data/venv/lib/python3.12/site-packages/oslo_config/cfg.py:3545}}
Aug 12 20:48:39.413871 np0000007112 nova-scheduler[93506]: DEBUG cotyledon.oslo_config_glue [-] oslo_messaging_notifications.retry = -1 {{(pid=93506) log_opt_values /opt/stack/data/venv/lib/python3.12/site-packages/oslo_config/cfg.py:3545}}
Aug 12 20:48:39.413904 np0000007112 nova-scheduler[93506]: DEBUG cotyledon.oslo_config_glue [-] oslo_messaging_notifications.topics = ['notifications'] {{(pid=93506) log_opt_values /opt/stack/data/venv/lib/python3.12/site-packages/oslo_config/cfg.py:3545}}
Aug 12 20:48:39.413937 np0000007112 nova-scheduler[93506]: DEBUG cotyledon.oslo_config_glue [-] oslo_messaging_notifications.transport_url = **** {{(pid=93506) log_opt_values /opt/stack/data/venv/lib/python3.12/site-packages/oslo_config/cfg.py:3545}}
Aug 12 20:48:39.414015 np0000007112 nova-scheduler[93506]: DEBUG cotyledon.oslo_config_glue [-] oslo_limit.auth_section = None {{(pid=93506) log_opt_values /opt/stack/data/venv/lib/python3.12/site-packages/oslo_config/cfg.py:3545}}
Aug 12 20:48:39.414059 np0000007112 nova-scheduler[93506]: DEBUG cotyledon.oslo_config_glue [-] oslo_limit.auth_type = None {{(pid=93506) log_opt_values /opt/stack/data/venv/lib/python3.12/site-packages/oslo_config/cfg.py:3545}}
Aug 12 20:48:39.414097 np0000007112 nova-scheduler[93506]: DEBUG cotyledon.oslo_config_glue [-] oslo_limit.cafile = None {{(pid=93506) log_opt_values /opt/stack/data/venv/lib/python3.12/site-packages/oslo_config/cfg.py:3545}}
Aug 12 20:48:39.414131 np0000007112 nova-scheduler[93506]: DEBUG cotyledon.oslo_config_glue [-] oslo_limit.certfile = None {{(pid=93506) log_opt_values /opt/stack/data/venv/lib/python3.12/site-packages/oslo_config/cfg.py:3545}}
Aug 12 20:48:39.414175 np0000007112 nova-scheduler[93506]: DEBUG cotyledon.oslo_config_glue [-] oslo_limit.collect_timing = False {{(pid=93506) log_opt_values /opt/stack/data/venv/lib/python3.12/site-packages/oslo_config/cfg.py:3545}}
Aug 12 20:48:39.414175 np0000007112 nova-scheduler[93506]: DEBUG cotyledon.oslo_config_glue [-] oslo_limit.connect_retries = None {{(pid=93506) log_opt_values /opt/stack/data/venv/lib/python3.12/site-packages/oslo_config/cfg.py:3545}}
Aug 12 20:48:39.414244 np0000007112 nova-scheduler[93506]: DEBUG cotyledon.oslo_config_glue [-] oslo_limit.connect_retry_delay = None {{(pid=93506) log_opt_values /opt/stack/data/venv/lib/python3.12/site-packages/oslo_config/cfg.py:3545}}
Aug 12 20:48:39.414281 np0000007112 nova-scheduler[93506]: DEBUG cotyledon.oslo_config_glue [-] oslo_limit.endpoint_id = None {{(pid=93506) log_opt_values /opt/stack/data/venv/lib/python3.12/site-packages/oslo_config/cfg.py:3545}}
Aug 12 20:48:39.414314 np0000007112 nova-scheduler[93506]: DEBUG cotyledon.oslo_config_glue [-] oslo_limit.endpoint_interface = public {{(pid=93506) log_opt_values /opt/stack/data/venv/lib/python3.12/site-packages/oslo_config/cfg.py:3545}}
Aug 12 20:48:39.414353 np0000007112 nova-scheduler[93506]: DEBUG cotyledon.oslo_config_glue [-] oslo_limit.endpoint_override = None {{(pid=93506) log_opt_values /opt/stack/data/venv/lib/python3.12/site-packages/oslo_config/cfg.py:3545}}
Aug 12 20:48:39.414385 np0000007112 nova-scheduler[93506]: DEBUG cotyledon.oslo_config_glue [-] oslo_limit.endpoint_region_name = None {{(pid=93506) log_opt_values /opt/stack/data/venv/lib/python3.12/site-packages/oslo_config/cfg.py:3545}}
Aug 12 20:48:39.414417 np0000007112 nova-scheduler[93506]: DEBUG cotyledon.oslo_config_glue [-] oslo_limit.endpoint_service_name = None {{(pid=93506) log_opt_values /opt/stack/data/venv/lib/python3.12/site-packages/oslo_config/cfg.py:3545}}
Aug 12 20:48:39.414451 np0000007112 nova-scheduler[93506]: DEBUG cotyledon.oslo_config_glue [-] oslo_limit.endpoint_service_type = None {{(pid=93506) log_opt_values /opt/stack/data/venv/lib/python3.12/site-packages/oslo_config/cfg.py:3545}}
Aug 12 20:48:39.414489 np0000007112 nova-scheduler[93506]: DEBUG cotyledon.oslo_config_glue [-] oslo_limit.insecure = False {{(pid=93506) log_opt_values /opt/stack/data/venv/lib/python3.12/site-packages/oslo_config/cfg.py:3545}}
Aug 12 20:48:39.414522 np0000007112 nova-scheduler[93506]: DEBUG cotyledon.oslo_config_glue [-] oslo_limit.keyfile = None {{(pid=93506) log_opt_values /opt/stack/data/venv/lib/python3.12/site-packages/oslo_config/cfg.py:3545}}
Aug 12 20:48:39.414556 np0000007112 nova-scheduler[93506]: DEBUG cotyledon.oslo_config_glue [-] oslo_limit.max_version = None {{(pid=93506) log_opt_values /opt/stack/data/venv/lib/python3.12/site-packages/oslo_config/cfg.py:3545}}
Aug 12 20:48:39.414602 np0000007112 nova-scheduler[93506]: DEBUG cotyledon.oslo_config_glue [-] oslo_limit.min_version = None {{(pid=93506) log_opt_values /opt/stack/data/venv/lib/python3.12/site-packages/oslo_config/cfg.py:3545}}
Aug 12 20:48:39.414638 np0000007112 nova-scheduler[93506]: DEBUG cotyledon.oslo_config_glue [-] oslo_limit.region_name = None {{(pid=93506) log_opt_values /opt/stack/data/venv/lib/python3.12/site-packages/oslo_config/cfg.py:3545}}
Aug 12 20:48:39.414672 np0000007112 nova-scheduler[93506]: DEBUG cotyledon.oslo_config_glue [-] oslo_limit.retriable_status_codes = None {{(pid=93506) log_opt_values /opt/stack/data/venv/lib/python3.12/site-packages/oslo_config/cfg.py:3545}}
Aug 12 20:48:39.414725 np0000007112 nova-scheduler[93506]: DEBUG cotyledon.oslo_config_glue [-] oslo_limit.service_name = None {{(pid=93506) log_opt_values /opt/stack/data/venv/lib/python3.12/site-packages/oslo_config/cfg.py:3545}}
Aug 12 20:48:39.414772 np0000007112 nova-scheduler[93506]: DEBUG cotyledon.oslo_config_glue [-] oslo_limit.service_type = None {{(pid=93506) log_opt_values /opt/stack/data/venv/lib/python3.12/site-packages/oslo_config/cfg.py:3545}}
Aug 12 20:48:39.414818 np0000007112 nova-scheduler[93506]: DEBUG cotyledon.oslo_config_glue [-] oslo_limit.split_loggers = False {{(pid=93506) log_opt_values /opt/stack/data/venv/lib/python3.12/site-packages/oslo_config/cfg.py:3545}}
Aug 12 20:48:39.414818 np0000007112 nova-scheduler[93506]: DEBUG cotyledon.oslo_config_glue [-] oslo_limit.status_code_retries = None {{(pid=93506) log_opt_values /opt/stack/data/venv/lib/python3.12/site-packages/oslo_config/cfg.py:3545}}
Aug 12 20:48:39.414893 np0000007112 nova-scheduler[93506]: DEBUG cotyledon.oslo_config_glue [-] oslo_limit.status_code_retry_delay = None {{(pid=93506) log_opt_values /opt/stack/data/venv/lib/python3.12/site-packages/oslo_config/cfg.py:3545}}
Aug 12 20:48:39.414893 np0000007112 nova-scheduler[93506]: DEBUG cotyledon.oslo_config_glue [-] oslo_limit.timeout = None {{(pid=93506) log_opt_values /opt/stack/data/venv/lib/python3.12/site-packages/oslo_config/cfg.py:3545}}
Aug 12 20:48:39.414980 np0000007112 nova-scheduler[93506]: DEBUG cotyledon.oslo_config_glue [-] oslo_limit.valid_interfaces = None {{(pid=93506) log_opt_values /opt/stack/data/venv/lib/python3.12/site-packages/oslo_config/cfg.py:3545}}
Aug 12 20:48:39.414980 np0000007112 nova-scheduler[93506]: DEBUG cotyledon.oslo_config_glue [-] oslo_limit.version = None {{(pid=93506) log_opt_values /opt/stack/data/venv/lib/python3.12/site-packages/oslo_config/cfg.py:3545}}
Aug 12 20:48:39.415053 np0000007112 nova-scheduler[93506]: DEBUG cotyledon.oslo_config_glue [-] oslo_reports.file_event_handler = None {{(pid=93506) log_opt_values /opt/stack/data/venv/lib/python3.12/site-packages/oslo_config/cfg.py:3545}}
Aug 12 20:48:39.415053 np0000007112 nova-scheduler[93506]: DEBUG cotyledon.oslo_config_glue [-] oslo_reports.file_event_handler_interval = 1 {{(pid=93506) log_opt_values /opt/stack/data/venv/lib/python3.12/site-packages/oslo_config/cfg.py:3545}}
Aug 12 20:48:39.415120 np0000007112 nova-scheduler[93506]: DEBUG cotyledon.oslo_config_glue [-] oslo_reports.log_dir = None {{(pid=93506) log_opt_values /opt/stack/data/venv/lib/python3.12/site-packages/oslo_config/cfg.py:3545}}
Aug 12 20:48:39.415120 np0000007112 nova-scheduler[93506]: DEBUG cotyledon.oslo_config_glue [-] ******************************************************************************** {{(pid=93506) log_opt_values /opt/stack/data/venv/lib/python3.12/site-packages/oslo_config/cfg.py:3552}}
Aug 12 20:48:39.415234 np0000007112 nova-scheduler[93506]: DEBUG cotyledon._service_worker [-] Run service ServiceWrapper(2) [93506] {{(pid=93506) wait_forever /opt/stack/data/venv/lib/python3.12/site-packages/cotyledon/_service_worker.py:218}}
Aug 12 20:48:39.416664 np0000007112 nova-scheduler[93506]: INFO nova.service [-] Starting scheduler node (version 33.1.0)
Aug 12 20:48:39.420926 np0000007112 nova-scheduler[93506]: INFO dbcounter [None req-3bb0d4c5-c472-4059-a03a-50b45d8a8392 None None] Registered counter for database nova_cell0
Aug 12 20:48:39.426115 np0000007112 nova-scheduler[93502]: DEBUG oslo_db.sqlalchemy.engines [None req-e4816501-4cf9-4454-be2b-4490fc4bdeef None None] MySQL server mode set to STRICT_TRANS_TABLES,STRICT_ALL_TABLES,NO_ZERO_IN_DATE,NO_ZERO_DATE,ERROR_FOR_DIVISION_BY_ZERO,TRADITIONAL,NO_ENGINE_SUBSTITUTION {{(pid=93502) _check_effective_sql_mode /opt/stack/data/venv/lib/python3.12/site-packages/oslo_db/sqlalchemy/engines.py:325}}
Aug 12 20:48:39.430215 np0000007112 nova-scheduler[93504]: DEBUG oslo_db.sqlalchemy.engines [None req-c195e9f4-9e9a-4e63-b76a-6c7056ed0905 None None] MySQL server mode set to STRICT_TRANS_TABLES,STRICT_ALL_TABLES,NO_ZERO_IN_DATE,NO_ZERO_DATE,ERROR_FOR_DIVISION_BY_ZERO,TRADITIONAL,NO_ENGINE_SUBSTITUTION {{(pid=93504) _check_effective_sql_mode /opt/stack/data/venv/lib/python3.12/site-packages/oslo_db/sqlalchemy/engines.py:325}}
Aug 12 20:48:39.435633 np0000007112 nova-scheduler[93502]: DEBUG dbcounter [-] [93502] Writer thread running {{(pid=93502) stat_writer /opt/stack/data/venv/lib/python3.12/site-packages/dbcounter.py:102}}
Aug 12 20:48:39.439202 np0000007112 nova-scheduler[93504]: DEBUG dbcounter [-] [93504] Writer thread running {{(pid=93504) stat_writer /opt/stack/data/venv/lib/python3.12/site-packages/dbcounter.py:102}}
Aug 12 20:48:39.450533 np0000007112 nova-scheduler[93502]: DEBUG nova.service [None req-e4816501-4cf9-4454-be2b-4490fc4bdeef None None] Creating RPC server for service: nova-scheduler on topic: scheduler {{(pid=93502) start /opt/stack/nova/nova/service.py:196}}
Aug 12 20:48:39.453476 np0000007112 nova-scheduler[93504]: DEBUG nova.service [None req-c195e9f4-9e9a-4e63-b76a-6c7056ed0905 None None] Creating RPC server for service: nova-scheduler on topic: scheduler {{(pid=93504) start /opt/stack/nova/nova/service.py:196}}
Aug 12 20:48:39.455383 np0000007112 nova-scheduler[93506]: DEBUG oslo_db.sqlalchemy.engines [None req-3bb0d4c5-c472-4059-a03a-50b45d8a8392 None None] MySQL server mode set to STRICT_TRANS_TABLES,STRICT_ALL_TABLES,NO_ZERO_IN_DATE,NO_ZERO_DATE,ERROR_FOR_DIVISION_BY_ZERO,TRADITIONAL,NO_ENGINE_SUBSTITUTION {{(pid=93506) _check_effective_sql_mode /opt/stack/data/venv/lib/python3.12/site-packages/oslo_db/sqlalchemy/engines.py:325}}
Aug 12 20:48:39.464780 np0000007112 nova-scheduler[93506]: DEBUG dbcounter [-] [93506] Writer thread running {{(pid=93506) stat_writer /opt/stack/data/venv/lib/python3.12/site-packages/dbcounter.py:102}}
Aug 12 20:48:39.467819 np0000007112 nova-scheduler[93506]: DEBUG nova.service [None req-3bb0d4c5-c472-4059-a03a-50b45d8a8392 None None] Creating RPC server for service: nova-scheduler on topic: scheduler {{(pid=93506) start /opt/stack/nova/nova/service.py:196}}
Aug 12 20:48:39.474205 np0000007112 nova-scheduler[93502]: DEBUG nova.service [None req-e4816501-4cf9-4454-be2b-4490fc4bdeef None None] Join ServiceGroup membership for this service scheduler {{(pid=93502) start /opt/stack/nova/nova/service.py:222}}
Aug 12 20:48:39.474346 np0000007112 nova-scheduler[93502]: DEBUG nova.servicegroup.drivers.db [None req-e4816501-4cf9-4454-be2b-4490fc4bdeef None None] DB_Driver: join new ServiceGroup member np0000007112 to the scheduler group, service = {{(pid=93502) join /opt/stack/nova/nova/servicegroup/drivers/db.py:44}}
Aug 12 20:48:39.477596 np0000007112 nova-scheduler[93504]: DEBUG nova.service [None req-c195e9f4-9e9a-4e63-b76a-6c7056ed0905 None None] Join ServiceGroup membership for this service scheduler {{(pid=93504) start /opt/stack/nova/nova/service.py:222}}
Aug 12 20:48:39.477786 np0000007112 nova-scheduler[93504]: DEBUG nova.servicegroup.drivers.db [None req-c195e9f4-9e9a-4e63-b76a-6c7056ed0905 None None] DB_Driver: join new ServiceGroup member np0000007112 to the scheduler group, service = {{(pid=93504) join /opt/stack/nova/nova/servicegroup/drivers/db.py:44}}
Aug 12 20:48:39.480128 np0000007112 nova-scheduler[93504]: DEBUG oslo.service.backend._threading.loopingcall [None req-1454b4d7-ff86-4d30-af60-8596e4afb9e5 None None] Dynamic interval looping call 'nova.service.Service.periodic_tasks' sleeping for 60.00 seconds {{(pid=93504) _run_loop /opt/stack/data/venv/lib/python3.12/site-packages/oslo_service/backend/_threading/loopingcall.py:125}}
Aug 12 20:48:39.483440 np0000007112 nova-scheduler[93506]: DEBUG nova.service [None req-3bb0d4c5-c472-4059-a03a-50b45d8a8392 None None] Join ServiceGroup membership for this service scheduler {{(pid=93506) start /opt/stack/nova/nova/service.py:222}}
Aug 12 20:48:39.483660 np0000007112 nova-scheduler[93506]: DEBUG nova.servicegroup.drivers.db [None req-3bb0d4c5-c472-4059-a03a-50b45d8a8392 None None] DB_Driver: join new ServiceGroup member np0000007112 to the scheduler group, service = {{(pid=93506) join /opt/stack/nova/nova/servicegroup/drivers/db.py:44}}
Aug 12 20:48:44.491151 np0000007112 nova-scheduler[93504]: DEBUG oslo.service.backend._threading.loopingcall [-] Fixed interval looping call 'nova.servicegroup.drivers.db.DbDriver._report_state' sleeping for 119.99 seconds {{(pid=93504) _run_loop /opt/stack/data/venv/lib/python3.12/site-packages/oslo_service/backend/_threading/loopingcall.py:125}}
Aug 12 20:48:44.491626 np0000007112 nova-scheduler[93502]: DEBUG oslo.service.backend._threading.loopingcall [-] Fixed interval looping call 'nova.servicegroup.drivers.db.DbDriver._report_state' sleeping for 119.99 seconds {{(pid=93502) _run_loop /opt/stack/data/venv/lib/python3.12/site-packages/oslo_service/backend/_threading/loopingcall.py:125}}
Aug 12 20:48:44.495358 np0000007112 nova-scheduler[93506]: DEBUG oslo.service.backend._threading.loopingcall [-] Fixed interval looping call 'nova.servicegroup.drivers.db.DbDriver._report_state' sleeping for 119.99 seconds {{(pid=93506) _run_loop /opt/stack/data/venv/lib/python3.12/site-packages/oslo_service/backend/_threading/loopingcall.py:125}}
Aug 12 20:48:48.061310 np0000007112 nova-scheduler[92211]: DEBUG dbcounter [-] [92211] Writing DB stats nova_api:SELECT=3 {{(pid=92211) stat_writer /opt/stack/data/venv/lib/python3.12/site-packages/dbcounter.py:115}}
Aug 12 20:48:48.185877 np0000007112 nova-scheduler[92211]: DEBUG dbcounter [-] [92211] Writing DB stats nova_cell0:SELECT=1 {{(pid=92211) stat_writer /opt/stack/data/venv/lib/python3.12/site-packages/dbcounter.py:115}}
Aug 12 20:48:48.190337 np0000007112 nova-scheduler[92211]: DEBUG dbcounter [-] [92211] Writing DB stats nova_cell1:SELECT=1 {{(pid=92211) stat_writer /opt/stack/data/venv/lib/python3.12/site-packages/dbcounter.py:115}}
Aug 12 20:48:54.487274 np0000007112 nova-scheduler[93504]: DEBUG dbcounter [-] [93504] Writing DB stats nova_cell0:SELECT=5,nova_cell0:INSERT=1,nova_cell0:UPDATE=1 {{(pid=93504) stat_writer /opt/stack/data/venv/lib/python3.12/site-packages/dbcounter.py:115}}
Aug 12 20:48:54.488121 np0000007112 nova-scheduler[93502]: DEBUG dbcounter [-] [93502] Writing DB stats nova_cell0:SELECT=4,nova_cell0:INSERT=1,nova_cell0:UPDATE=1 {{(pid=93502) stat_writer /opt/stack/data/venv/lib/python3.12/site-packages/dbcounter.py:115}}
Aug 12 20:48:54.493092 np0000007112 nova-scheduler[93506]: DEBUG dbcounter [-] [93506] Writing DB stats nova_cell0:SELECT=3 {{(pid=93506) stat_writer /opt/stack/data/venv/lib/python3.12/site-packages/dbcounter.py:115}}
Aug 12 20:49:04.485560 np0000007112 nova-scheduler[93506]: DEBUG oslo.service.backend._threading.loopingcall [None req-c2076691-68a3-439e-b546-9bc8d2b763d5 None None] Dynamic interval looping call 'nova.service.Service.periodic_tasks' sleeping for 60.00 seconds {{(pid=93506) _run_loop /opt/stack/data/venv/lib/python3.12/site-packages/oslo_service/backend/_threading/loopingcall.py:125}}
Aug 12 20:49:22.476739 np0000007112 nova-scheduler[93502]: DEBUG oslo.service.backend._threading.loopingcall [None req-499056b7-08e4-41d1-9c22-7d7c80da0e71 None None] Dynamic interval looping call 'nova.service.Service.periodic_tasks' sleeping for 60.00 seconds {{(pid=93502) _run_loop /opt/stack/data/venv/lib/python3.12/site-packages/oslo_service/backend/_threading/loopingcall.py:125}}
Aug 12 20:49:39.480980 np0000007112 nova-scheduler[93504]: DEBUG oslo.service.backend._threading.loopingcall [None req-1454b4d7-ff86-4d30-af60-8596e4afb9e5 None None] Dynamic interval looping call 'nova.service.Service.periodic_tasks' sleeping for 60.00 seconds {{(pid=93504) _run_loop /opt/stack/data/venv/lib/python3.12/site-packages/oslo_service/backend/_threading/loopingcall.py:125}}
Aug 12 20:50:04.486014 np0000007112 nova-scheduler[93506]: DEBUG oslo.service.backend._threading.loopingcall [None req-c2076691-68a3-439e-b546-9bc8d2b763d5 None None] Dynamic interval looping call 'nova.service.Service.periodic_tasks' sleeping for 60.00 seconds {{(pid=93506) _run_loop /opt/stack/data/venv/lib/python3.12/site-packages/oslo_service/backend/_threading/loopingcall.py:125}}
Aug 12 20:50:22.477229 np0000007112 nova-scheduler[93502]: DEBUG oslo.service.backend._threading.loopingcall [None req-499056b7-08e4-41d1-9c22-7d7c80da0e71 None None] Dynamic interval looping call 'nova.service.Service.periodic_tasks' sleeping for 60.00 seconds {{(pid=93502) _run_loop /opt/stack/data/venv/lib/python3.12/site-packages/oslo_service/backend/_threading/loopingcall.py:125}}
Aug 12 20:50:39.481423 np0000007112 nova-scheduler[93504]: DEBUG oslo.service.backend._threading.loopingcall [None req-1454b4d7-ff86-4d30-af60-8596e4afb9e5 None None] Dynamic interval looping call 'nova.service.Service.periodic_tasks' sleeping for 60.00 seconds {{(pid=93504) _run_loop /opt/stack/data/venv/lib/python3.12/site-packages/oslo_service/backend/_threading/loopingcall.py:125}}
Aug 12 20:50:44.487712 np0000007112 nova-scheduler[93504]: DEBUG oslo.service.backend._threading.loopingcall [-] Fixed interval looping call 'nova.servicegroup.drivers.db.DbDriver._report_state' sleeping for 119.99 seconds {{(pid=93504) _run_loop /opt/stack/data/venv/lib/python3.12/site-packages/oslo_service/backend/_threading/loopingcall.py:125}}
Aug 12 20:50:44.488601 np0000007112 nova-scheduler[93502]: DEBUG oslo.service.backend._threading.loopingcall [-] Fixed interval looping call 'nova.servicegroup.drivers.db.DbDriver._report_state' sleeping for 119.99 seconds {{(pid=93502) _run_loop /opt/stack/data/venv/lib/python3.12/site-packages/oslo_service/backend/_threading/loopingcall.py:125}}
Aug 12 20:50:44.489603 np0000007112 nova-scheduler[93506]: DEBUG oslo.service.backend._threading.loopingcall [-] Fixed interval looping call 'nova.servicegroup.drivers.db.DbDriver._report_state' sleeping for 120.00 seconds {{(pid=93506) _run_loop /opt/stack/data/venv/lib/python3.12/site-packages/oslo_service/backend/_threading/loopingcall.py:125}}
Aug 12 20:50:54.484201 np0000007112 nova-scheduler[93504]: DEBUG dbcounter [-] [93504] Writing DB stats nova_cell0:SELECT=1,nova_cell0:UPDATE=1 {{(pid=93504) stat_writer /opt/stack/data/venv/lib/python3.12/site-packages/dbcounter.py:115}}
Aug 12 20:50:54.484656 np0000007112 nova-scheduler[93502]: DEBUG dbcounter [-] [93502] Writing DB stats nova_cell0:SELECT=1,nova_cell0:UPDATE=1 {{(pid=93502) stat_writer /opt/stack/data/venv/lib/python3.12/site-packages/dbcounter.py:115}}
Aug 12 20:50:54.487651 np0000007112 nova-scheduler[93506]: DEBUG dbcounter [-] [93506] Writing DB stats nova_cell0:SELECT=1 {{(pid=93506) stat_writer /opt/stack/data/venv/lib/python3.12/site-packages/dbcounter.py:115}}
Aug 12 20:51:04.486432 np0000007112 nova-scheduler[93506]: DEBUG oslo.service.backend._threading.loopingcall [None req-c2076691-68a3-439e-b546-9bc8d2b763d5 None None] Dynamic interval looping call 'nova.service.Service.periodic_tasks' sleeping for 60.00 seconds {{(pid=93506) _run_loop /opt/stack/data/venv/lib/python3.12/site-packages/oslo_service/backend/_threading/loopingcall.py:125}}
Aug 12 20:51:20.401697 np0000007112 nova-scheduler[93502]: DEBUG nova.scheduler.manager [None req-cfce16d9-a3e9-4e64-b286-0c5f0e9a2f11 tempest-ServerRescueNegativeTestJSON-817897533 tempest-ServerRescueNegativeTestJSON-817897533-project-member] Starting to schedule for instances: ['3e08ef33-cb72-4309-9e42-eb1ae567accb'] {{(pid=93502) select_destinations /opt/stack/nova/nova/scheduler/manager.py:209}}
Aug 12 20:51:20.402213 np0000007112 nova-scheduler[93502]: DEBUG nova.scheduler.request_filter [None req-cfce16d9-a3e9-4e64-b286-0c5f0e9a2f11 tempest-ServerRescueNegativeTestJSON-817897533 tempest-ServerRescueNegativeTestJSON-817897533-project-member] compute_status_filter request filter added forbidden trait COMPUTE_STATUS_DISABLED {{(pid=93502) compute_status_filter /opt/stack/nova/nova/scheduler/request_filter.py:253}}
Aug 12 20:51:20.403309 np0000007112 nova-scheduler[93502]: DEBUG nova.scheduler.request_filter [None req-cfce16d9-a3e9-4e64-b286-0c5f0e9a2f11 tempest-ServerRescueNegativeTestJSON-817897533 tempest-ServerRescueNegativeTestJSON-817897533-project-member] Request filter 'compute_status_filter' took 0.0 seconds {{(pid=93502) wrapper /opt/stack/nova/nova/scheduler/request_filter.py:46}}
Aug 12 20:51:20.403534 np0000007112 nova-scheduler[93502]: DEBUG nova.scheduler.request_filter [None req-cfce16d9-a3e9-4e64-b286-0c5f0e9a2f11 tempest-ServerRescueNegativeTestJSON-817897533 tempest-ServerRescueNegativeTestJSON-817897533-project-member] Request filter 'accelerators_filter' took 0.0 seconds {{(pid=93502) wrapper /opt/stack/nova/nova/scheduler/request_filter.py:46}}
Aug 12 20:51:20.403713 np0000007112 nova-scheduler[93502]: DEBUG nova.scheduler.request_filter [None req-cfce16d9-a3e9-4e64-b286-0c5f0e9a2f11 tempest-ServerRescueNegativeTestJSON-817897533 tempest-ServerRescueNegativeTestJSON-817897533-project-member] Request filter 'packed_virtqueue_filter' took 0.0 seconds {{(pid=93502) wrapper /opt/stack/nova/nova/scheduler/request_filter.py:46}}
Aug 12 20:51:20.405431 np0000007112 nova-scheduler[93502]: DEBUG nova.scheduler.request_filter [None req-cfce16d9-a3e9-4e64-b286-0c5f0e9a2f11 tempest-ServerRescueNegativeTestJSON-817897533 tempest-ServerRescueNegativeTestJSON-817897533-project-member] Request filter 'remote_managed_ports_filter' took 0.0 seconds {{(pid=93502) wrapper /opt/stack/nova/nova/scheduler/request_filter.py:46}}
Aug 12 20:51:20.406814 np0000007112 nova-scheduler[93502]: DEBUG nova.scheduler.request_filter [None req-cfce16d9-a3e9-4e64-b286-0c5f0e9a2f11 tempest-ServerRescueNegativeTestJSON-817897533 tempest-ServerRescueNegativeTestJSON-817897533-project-member] ephemeral_encryption_filter skipped {{(pid=93502) ephemeral_encryption_filter /opt/stack/nova/nova/scheduler/request_filter.py:426}}
Aug 12 20:51:20.407138 np0000007112 nova-scheduler[93502]: DEBUG nova.scheduler.request_filter [None req-cfce16d9-a3e9-4e64-b286-0c5f0e9a2f11 tempest-ServerRescueNegativeTestJSON-817897533 tempest-ServerRescueNegativeTestJSON-817897533-project-member] virtio_sound_filter skipped {{(pid=93502) virtio_sound_filter /opt/stack/nova/nova/scheduler/request_filter.py:460}}
Aug 12 20:51:20.407394 np0000007112 nova-scheduler[93502]: DEBUG nova.scheduler.request_filter [None req-cfce16d9-a3e9-4e64-b286-0c5f0e9a2f11 tempest-ServerRescueNegativeTestJSON-817897533 tempest-ServerRescueNegativeTestJSON-817897533-project-member] tpm_secret_security_filter skipped {{(pid=93502) tpm_secret_security_filter /opt/stack/nova/nova/scheduler/request_filter.py:477}}
Aug 12 20:51:20.879114 np0000007112 nova-scheduler[93502]: INFO nova.utils [None req-cfce16d9-a3e9-4e64-b286-0c5f0e9a2f11 tempest-ServerRescueNegativeTestJSON-817897533 tempest-ServerRescueNegativeTestJSON-817897533-project-member] The cell worker thread pool ForkProcess-1.cell_worker is initialized
Aug 12 20:51:20.879417 np0000007112 nova-scheduler[93502]: DEBUG oslo_concurrency.lockutils [None req-cfce16d9-a3e9-4e64-b286-0c5f0e9a2f11 tempest-ServerRescueNegativeTestJSON-817897533 tempest-ServerRescueNegativeTestJSON-817897533-project-member] Acquiring lock "4a4f8d13-4717-46e6-b5ac-032a19e4c036" by "nova.context.set_target_cell..get_or_set_cached_cell_and_set_connections" {{(pid=93502) inner /opt/stack/data/venv/lib/python3.12/site-packages/oslo_concurrency/lockutils.py:512}}
Aug 12 20:51:20.879603 np0000007112 nova-scheduler[93502]: DEBUG oslo_concurrency.lockutils [None req-cfce16d9-a3e9-4e64-b286-0c5f0e9a2f11 tempest-ServerRescueNegativeTestJSON-817897533 tempest-ServerRescueNegativeTestJSON-817897533-project-member] Lock "4a4f8d13-4717-46e6-b5ac-032a19e4c036" acquired by "nova.context.set_target_cell..get_or_set_cached_cell_and_set_connections" :: waited 0.000s {{(pid=93502) inner /opt/stack/data/venv/lib/python3.12/site-packages/oslo_concurrency/lockutils.py:525}}
Aug 12 20:51:20.880905 np0000007112 nova-scheduler[93502]: DEBUG oslo_concurrency.lockutils [None req-cfce16d9-a3e9-4e64-b286-0c5f0e9a2f11 tempest-ServerRescueNegativeTestJSON-817897533 tempest-ServerRescueNegativeTestJSON-817897533-project-member] Lock "4a4f8d13-4717-46e6-b5ac-032a19e4c036" "released" by "nova.context.set_target_cell..get_or_set_cached_cell_and_set_connections" :: held 0.001s {{(pid=93502) inner /opt/stack/data/venv/lib/python3.12/site-packages/oslo_concurrency/lockutils.py:544}}
Aug 12 20:51:20.886526 np0000007112 nova-scheduler[93502]: INFO dbcounter [None req-cfce16d9-a3e9-4e64-b286-0c5f0e9a2f11 tempest-ServerRescueNegativeTestJSON-817897533 tempest-ServerRescueNegativeTestJSON-817897533-project-member] Registered counter for database nova_cell1
Aug 12 20:51:20.919609 np0000007112 nova-scheduler[93502]: DEBUG oslo_db.sqlalchemy.engines [None req-cfce16d9-a3e9-4e64-b286-0c5f0e9a2f11 tempest-ServerRescueNegativeTestJSON-817897533 tempest-ServerRescueNegativeTestJSON-817897533-project-member] MySQL server mode set to STRICT_TRANS_TABLES,STRICT_ALL_TABLES,NO_ZERO_IN_DATE,NO_ZERO_DATE,ERROR_FOR_DIVISION_BY_ZERO,TRADITIONAL,NO_ENGINE_SUBSTITUTION {{(pid=93502) _check_effective_sql_mode /opt/stack/data/venv/lib/python3.12/site-packages/oslo_db/sqlalchemy/engines.py:325}}
Aug 12 20:51:20.925191 np0000007112 nova-scheduler[93502]: DEBUG dbcounter [-] [93502] Writer thread running {{(pid=93502) stat_writer /opt/stack/data/venv/lib/python3.12/site-packages/dbcounter.py:102}}
Aug 12 20:51:20.936287 np0000007112 nova-scheduler[93502]: DEBUG oslo_db.sqlalchemy.engines [None req-cfce16d9-a3e9-4e64-b286-0c5f0e9a2f11 tempest-ServerRescueNegativeTestJSON-817897533 tempest-ServerRescueNegativeTestJSON-817897533-project-member] Parent process 92211 forked (93502) with an open database connection, which is being discarded and recreated. {{(pid=93502) checkout /opt/stack/data/venv/lib/python3.12/site-packages/oslo_db/sqlalchemy/engines.py:402}}
Aug 12 20:51:20.969160 np0000007112 nova-scheduler[93502]: DEBUG dbcounter [-] [93502] Writer thread running {{(pid=93502) stat_writer /opt/stack/data/venv/lib/python3.12/site-packages/dbcounter.py:102}}
Aug 12 20:51:20.971614 np0000007112 nova-scheduler[93502]: DEBUG oslo_concurrency.lockutils [None req-cfce16d9-a3e9-4e64-b286-0c5f0e9a2f11 tempest-ServerRescueNegativeTestJSON-817897533 tempest-ServerRescueNegativeTestJSON-817897533-project-member] Acquiring lock "4a4f8d13-4717-46e6-b5ac-032a19e4c036" by "nova.context.set_target_cell..get_or_set_cached_cell_and_set_connections" {{(pid=93502) inner /opt/stack/data/venv/lib/python3.12/site-packages/oslo_concurrency/lockutils.py:512}}
Aug 12 20:51:20.971778 np0000007112 nova-scheduler[93502]: DEBUG oslo_concurrency.lockutils [None req-cfce16d9-a3e9-4e64-b286-0c5f0e9a2f11 tempest-ServerRescueNegativeTestJSON-817897533 tempest-ServerRescueNegativeTestJSON-817897533-project-member] Lock "4a4f8d13-4717-46e6-b5ac-032a19e4c036" acquired by "nova.context.set_target_cell..get_or_set_cached_cell_and_set_connections" :: waited 0.000s {{(pid=93502) inner /opt/stack/data/venv/lib/python3.12/site-packages/oslo_concurrency/lockutils.py:525}}
Aug 12 20:51:20.971888 np0000007112 nova-scheduler[93502]: DEBUG oslo_concurrency.lockutils [None req-cfce16d9-a3e9-4e64-b286-0c5f0e9a2f11 tempest-ServerRescueNegativeTestJSON-817897533 tempest-ServerRescueNegativeTestJSON-817897533-project-member] Lock "4a4f8d13-4717-46e6-b5ac-032a19e4c036" "released" by "nova.context.set_target_cell..get_or_set_cached_cell_and_set_connections" :: held 0.000s {{(pid=93502) inner /opt/stack/data/venv/lib/python3.12/site-packages/oslo_concurrency/lockutils.py:544}}
Aug 12 20:51:20.974514 np0000007112 nova-scheduler[93502]: DEBUG oslo_concurrency.lockutils [None req-cfce16d9-a3e9-4e64-b286-0c5f0e9a2f11 tempest-ServerRescueNegativeTestJSON-817897533 tempest-ServerRescueNegativeTestJSON-817897533-project-member] Acquiring lock "np0000007112-np0000007112" by "nova.scheduler.host_manager.HostState.update.._locked_update" {{(pid=93502) inner /opt/stack/data/venv/lib/python3.12/site-packages/oslo_concurrency/lockutils.py:512}}
Aug 12 20:51:20.974654 np0000007112 nova-scheduler[93502]: DEBUG oslo_concurrency.lockutils [None req-cfce16d9-a3e9-4e64-b286-0c5f0e9a2f11 tempest-ServerRescueNegativeTestJSON-817897533 tempest-ServerRescueNegativeTestJSON-817897533-project-member] Lock "np0000007112-np0000007112" acquired by "nova.scheduler.host_manager.HostState.update.._locked_update" :: waited 0.000s {{(pid=93502) inner /opt/stack/data/venv/lib/python3.12/site-packages/oslo_concurrency/lockutils.py:525}}
Aug 12 20:51:20.975666 np0000007112 nova-scheduler[93502]: DEBUG nova.scheduler.host_manager [None req-cfce16d9-a3e9-4e64-b286-0c5f0e9a2f11 tempest-ServerRescueNegativeTestJSON-817897533 tempest-ServerRescueNegativeTestJSON-817897533-project-member] Update host state from compute node: ComputeNode(cpu_allocation_ratio=4.0,cpu_info='{"arch": "x86_64", "model": "EPYC-Milan", "vendor": "AMD", "topology": {"cells": 1, "sockets": 16, "cores": 1, "threads": 1}, "maxphysaddr": {"mode": "emulate", "bits": 40}, "features": ["apic", "clwb", "tsc", "ibpb", "amd-psfd", "fxsr_opt", "pschange-mc-no", "wbnoinvd", "syscall", "bmi2", "xsave", "pdpe1gb", "pae", "sse4a", "nrip-save", "mca", "fma", "stibp-always-on", "smep", "sse4.2", "xgetbv1", "nx", "cx8", "msr", "perfctr_core", "erms", "vmcb-clean", "de", "clflush", "pcid", "rdpid", "sha-ni", "hypervisor", "svme-addr-chk", "spec-ctrl", "adx", "flushbyasid", "xsaves", "rdseed", "clflushopt", "pni", "vpclmulqdq", "ibrs", "pge", "pse", "vgif", "vme", "npt", "xsaveerptr", "mds-no", "sep", "amd-stibp", "pclmuldq", "avx", "sse", "topoext", "clzero", "movbe", "virt-ssbd", "3dnowprefetch", "tsc-deadline", "bmi1", "lbrv", "pat", "fpu", "ssbd", "pse36", "null-sel-clr-base", "popcnt", "pause-filter", "fxsr", "skip-l1dfl-vmentry", "xsavec", "fsgsbase", "aes", "lahf_lm", "tsc-scale", "cmov", "cx16", "lfence-always-serializing", "rdctl-no", "misalignsse", "mtrr", "osvw", "cmp_legacy", "arch-capabilities", "xsaveopt", "vaes", "arat", "invpcid", "v-vmsave-vmload", "avx2", "umip", "pku", "pfthreshold", "abm", "smap", "svm", "amd-ssbd", "lm", "rdrand", "mmx", "mce", "stibp", "no-nested-data-bp", "fsrm", "sse2", "gds-no", "rdtscp", "cr8legacy", "mmxext", "x2apic", "ssse3", "tsc_adjust", "f16c", "sse4.1"]}',created_at=2026-08-12T20:48:59Z,current_workload=0,deleted=False,deleted_at=None,disk_allocation_ratio=1.0,disk_available_least=73,free_disk_gb=95,free_ram_mb=62765,host='np0000007112',host_ip=10.4.3.90,hypervisor_hostname='np0000007112',hypervisor_type='QEMU',hypervisor_version=8002002,id=1,local_gb=95,local_gb_used=0,mapped=1,memory_mb=63277,memory_mb_used=512,metrics='[]',numa_topology='{"nova_object.name": "NUMATopology", "nova_object.namespace": "nova", "nova_object.version": "1.2", "nova_object.data": {"cells": [{"nova_object.name": "NUMACell", "nova_object.namespace": "nova", "nova_object.version": "1.5", "nova_object.data": {"id": 0, "cpuset": [0, 1, 2, 3, 4, 5, 6, 7, 8, 9, 10, 11, 12, 13, 14, 15], "pcpuset": [0, 1, 2, 3, 4, 5, 6, 7, 8, 9, 10, 11, 12, 13, 14, 15], "memory": 63277, "cpu_usage": 0, "memory_usage": 0, "pinned_cpus": [], "siblings": [[6], [12], [2], [15], [5], [11], [8], [14], [4], [1], [7], [10], [0], [13], [3], [9]], "mempages": [{"nova_object.name": "NUMAPagesTopology", "nova_object.namespace": "nova", "nova_object.version": "1.1", "nova_object.data": {"size_kb": 4, "total": 16177928, "used": 0, "reserved": 0}, "nova_object.changes": ["size_kb", "total", "used", "reserved"]}, {"nova_object.name": "NUMAPagesTopology", "nova_object.namespace": "nova", "nova_object.version": "1.1", "nova_object.data": {"size_kb": 2048, "total": 41, "used": 0, "reserved": 0}, "nova_object.changes": ["size_kb", "total", "used", "reserved"]}, {"nova_object.name": "NUMAPagesTopology", "nova_object.namespace": "nova", "nova_object.version": "1.1", "nova_object.data": {"size_kb": 1048576, "total": 0, "used": 0, "reserved": 0}, "nova_object.changes": ["size_kb", "total", "used", "reserved"]}], "network_metadata": {"nova_object.name": "NetworkMetadata", "nova_object.namespace": "nova", "nova_object.version": "1.0", "nova_object.data": {"physnets": [], "tunneled": false}, "nova_object.changes": ["tunneled", "physnets"]}, "socket": null}, "nova_object.changes": ["siblings", "cpu_usage", "pcpuset", "mempages", "cpuset", "network_metadata", "socket", "memory", "memory_usage", "pinned_cpus", "id"]}]}, "nova_object.changes": ["cells"]}',pci_device_pools=PciDevicePoolList,ram_allocation_ratio=1.0,running_vms=0,service_id=3,stats={failed_builds='0',uptime=' 20:50:48 up 13 min, 2 users, load average: 1.75, 1.63, 0.88
Aug 12 20:51:20.975666 np0000007112 nova-scheduler[93502]: '},supported_hv_specs=[HVSpec,HVSpec,HVSpec,HVSpec,HVSpec,HVSpec,HVSpec,HVSpec,HVSpec,HVSpec,HVSpec,HVSpec,HVSpec,HVSpec,HVSpec,HVSpec,HVSpec,HVSpec,HVSpec,HVSpec,HVSpec,HVSpec,HVSpec,HVSpec,HVSpec],updated_at=2026-08-12T20:50:49Z,uuid=0aac0069-a344-447d-be6b-a46b4e549f5e,vcpus=16,vcpus_used=0) {{(pid=93502) _locked_update /opt/stack/nova/nova/scheduler/host_manager.py:168}}
Aug 12 20:51:20.976723 np0000007112 nova-scheduler[93502]: DEBUG nova.scheduler.host_manager [None req-cfce16d9-a3e9-4e64-b286-0c5f0e9a2f11 tempest-ServerRescueNegativeTestJSON-817897533 tempest-ServerRescueNegativeTestJSON-817897533-project-member] Update host state with aggregates: [] {{(pid=93502) _locked_update /opt/stack/nova/nova/scheduler/host_manager.py:171}}
Aug 12 20:51:20.976834 np0000007112 nova-scheduler[93502]: DEBUG nova.scheduler.host_manager [None req-cfce16d9-a3e9-4e64-b286-0c5f0e9a2f11 tempest-ServerRescueNegativeTestJSON-817897533 tempest-ServerRescueNegativeTestJSON-817897533-project-member] Update host state with service dict: {'id': 3, 'uuid': '17dc37b2-0b14-4622-bba4-1524ef5de8d0', 'host': 'np0000007112', 'binary': 'nova-compute', 'topic': 'compute', 'report_count': 2, 'disabled': False, 'disabled_reason': None, 'last_seen_up': datetime.datetime(2026, 8, 12, 20, 51, 6, tzinfo=datetime.timezone.utc), 'forced_down': False, 'version': 72, 'created_at': datetime.datetime(2026, 8, 12, 20, 48, 59, tzinfo=datetime.timezone.utc), 'updated_at': datetime.datetime(2026, 8, 12, 20, 51, 6, tzinfo=datetime.timezone.utc), 'deleted_at': None, 'deleted': False} {{(pid=93502) _locked_update /opt/stack/nova/nova/scheduler/host_manager.py:174}}
Aug 12 20:51:20.976949 np0000007112 nova-scheduler[93502]: DEBUG nova.scheduler.host_manager [None req-cfce16d9-a3e9-4e64-b286-0c5f0e9a2f11 tempest-ServerRescueNegativeTestJSON-817897533 tempest-ServerRescueNegativeTestJSON-817897533-project-member] Update host state with instances: [] {{(pid=93502) _locked_update /opt/stack/nova/nova/scheduler/host_manager.py:177}}
Aug 12 20:51:20.977119 np0000007112 nova-scheduler[93502]: DEBUG oslo_concurrency.lockutils [None req-cfce16d9-a3e9-4e64-b286-0c5f0e9a2f11 tempest-ServerRescueNegativeTestJSON-817897533 tempest-ServerRescueNegativeTestJSON-817897533-project-member] Lock "np0000007112-np0000007112" "released" by "nova.scheduler.host_manager.HostState.update.._locked_update" :: held 0.002s {{(pid=93502) inner /opt/stack/data/venv/lib/python3.12/site-packages/oslo_concurrency/lockutils.py:544}}
Aug 12 20:51:20.977545 np0000007112 nova-scheduler[93502]: DEBUG nova.filters [None req-cfce16d9-a3e9-4e64-b286-0c5f0e9a2f11 tempest-ServerRescueNegativeTestJSON-817897533 tempest-ServerRescueNegativeTestJSON-817897533-project-member] Starting with 1 host(s) {{(pid=93502) get_filtered_objects /opt/stack/nova/nova/filters.py:70}}
Aug 12 20:51:20.977810 np0000007112 nova-scheduler[93502]: DEBUG nova.filters [None req-cfce16d9-a3e9-4e64-b286-0c5f0e9a2f11 tempest-ServerRescueNegativeTestJSON-817897533 tempest-ServerRescueNegativeTestJSON-817897533-project-member] Filter ComputeFilter returned 1 host(s) {{(pid=93502) get_filtered_objects /opt/stack/nova/nova/filters.py:102}}
Aug 12 20:51:20.977949 np0000007112 nova-scheduler[93502]: DEBUG nova.filters [None req-cfce16d9-a3e9-4e64-b286-0c5f0e9a2f11 tempest-ServerRescueNegativeTestJSON-817897533 tempest-ServerRescueNegativeTestJSON-817897533-project-member] Filter ComputeCapabilitiesFilter returned 1 host(s) {{(pid=93502) get_filtered_objects /opt/stack/nova/nova/filters.py:102}}
Aug 12 20:51:20.978373 np0000007112 nova-scheduler[93502]: DEBUG nova.filters [None req-cfce16d9-a3e9-4e64-b286-0c5f0e9a2f11 tempest-ServerRescueNegativeTestJSON-817897533 tempest-ServerRescueNegativeTestJSON-817897533-project-member] Filter ImagePropertiesFilter returned 1 host(s) {{(pid=93502) get_filtered_objects /opt/stack/nova/nova/filters.py:102}}
Aug 12 20:51:20.978373 np0000007112 nova-scheduler[93502]: DEBUG nova.filters [None req-cfce16d9-a3e9-4e64-b286-0c5f0e9a2f11 tempest-ServerRescueNegativeTestJSON-817897533 tempest-ServerRescueNegativeTestJSON-817897533-project-member] Filter ServerGroupAntiAffinityFilter returned 1 host(s) {{(pid=93502) get_filtered_objects /opt/stack/nova/nova/filters.py:102}}
Aug 12 20:51:20.978457 np0000007112 nova-scheduler[93502]: DEBUG nova.filters [None req-cfce16d9-a3e9-4e64-b286-0c5f0e9a2f11 tempest-ServerRescueNegativeTestJSON-817897533 tempest-ServerRescueNegativeTestJSON-817897533-project-member] Filter ServerGroupAffinityFilter returned 1 host(s) {{(pid=93502) get_filtered_objects /opt/stack/nova/nova/filters.py:102}}
Aug 12 20:51:20.978532 np0000007112 nova-scheduler[93502]: DEBUG nova.filters [None req-cfce16d9-a3e9-4e64-b286-0c5f0e9a2f11 tempest-ServerRescueNegativeTestJSON-817897533 tempest-ServerRescueNegativeTestJSON-817897533-project-member] Filter SameHostFilter returned 1 host(s) {{(pid=93502) get_filtered_objects /opt/stack/nova/nova/filters.py:102}}
Aug 12 20:51:20.978640 np0000007112 nova-scheduler[93502]: DEBUG nova.filters [None req-cfce16d9-a3e9-4e64-b286-0c5f0e9a2f11 tempest-ServerRescueNegativeTestJSON-817897533 tempest-ServerRescueNegativeTestJSON-817897533-project-member] Filter DifferentHostFilter returned 1 host(s) {{(pid=93502) get_filtered_objects /opt/stack/nova/nova/filters.py:102}}
Aug 12 20:51:20.978752 np0000007112 nova-scheduler[93502]: DEBUG nova.scheduler.manager [None req-cfce16d9-a3e9-4e64-b286-0c5f0e9a2f11 tempest-ServerRescueNegativeTestJSON-817897533 tempest-ServerRescueNegativeTestJSON-817897533-project-member] Filtered [(np0000007112, np0000007112) ram: 62765MB disk: 74752MB io_ops: 0 instances: 0, allocation_candidates: 1] {{(pid=93502) _get_sorted_hosts /opt/stack/nova/nova/scheduler/manager.py:742}}
Aug 12 20:51:20.978928 np0000007112 nova-scheduler[93502]: DEBUG nova.scheduler.manager [None req-cfce16d9-a3e9-4e64-b286-0c5f0e9a2f11 tempest-ServerRescueNegativeTestJSON-817897533 tempest-ServerRescueNegativeTestJSON-817897533-project-member] Weighed [WeighedHost [host: (np0000007112, np0000007112) ram: 62765MB disk: 74752MB io_ops: 0 instances: 0, allocation_candidates: 1, weight: 0.0]] {{(pid=93502) _get_sorted_hosts /opt/stack/nova/nova/scheduler/manager.py:764}}
Aug 12 20:51:20.979119 np0000007112 nova-scheduler[93502]: DEBUG nova.scheduler.utils [None req-cfce16d9-a3e9-4e64-b286-0c5f0e9a2f11 tempest-ServerRescueNegativeTestJSON-817897533 tempest-ServerRescueNegativeTestJSON-817897533-project-member] Attempting to claim resources in the placement API for instance 3e08ef33-cb72-4309-9e42-eb1ae567accb {{(pid=93502) claim_resources /opt/stack/nova/nova/scheduler/utils.py:1345}}
Aug 12 20:51:21.140464 np0000007112 nova-scheduler[93502]: DEBUG nova.scheduler.manager [None req-cfce16d9-a3e9-4e64-b286-0c5f0e9a2f11 tempest-ServerRescueNegativeTestJSON-817897533 tempest-ServerRescueNegativeTestJSON-817897533-project-member] [instance: 3e08ef33-cb72-4309-9e42-eb1ae567accb] Selected host: (np0000007112, np0000007112) ram: 62765MB disk: 74752MB io_ops: 0 instances: 0, allocation_candidates: 1 {{(pid=93502) _consume_selected_host /opt/stack/nova/nova/scheduler/manager.py:624}}
Aug 12 20:51:21.140715 np0000007112 nova-scheduler[93502]: DEBUG oslo_concurrency.lockutils [None req-cfce16d9-a3e9-4e64-b286-0c5f0e9a2f11 tempest-ServerRescueNegativeTestJSON-817897533 tempest-ServerRescueNegativeTestJSON-817897533-project-member] Acquiring lock "np0000007112-np0000007112" by "nova.scheduler.host_manager.HostState.consume_from_request.._locked" {{(pid=93502) inner /opt/stack/data/venv/lib/python3.12/site-packages/oslo_concurrency/lockutils.py:512}}
Aug 12 20:51:21.141033 np0000007112 nova-scheduler[93502]: DEBUG oslo_concurrency.lockutils [None req-cfce16d9-a3e9-4e64-b286-0c5f0e9a2f11 tempest-ServerRescueNegativeTestJSON-817897533 tempest-ServerRescueNegativeTestJSON-817897533-project-member] Lock "np0000007112-np0000007112" acquired by "nova.scheduler.host_manager.HostState.consume_from_request.._locked" :: waited 0.000s {{(pid=93502) inner /opt/stack/data/venv/lib/python3.12/site-packages/oslo_concurrency/lockutils.py:525}}
Aug 12 20:51:21.141099 np0000007112 nova-scheduler[93502]: DEBUG oslo_concurrency.lockutils [None req-cfce16d9-a3e9-4e64-b286-0c5f0e9a2f11 tempest-ServerRescueNegativeTestJSON-817897533 tempest-ServerRescueNegativeTestJSON-817897533-project-member] Lock "np0000007112-np0000007112" "released" by "nova.scheduler.host_manager.HostState.consume_from_request.._locked" :: held 0.000s {{(pid=93502) inner /opt/stack/data/venv/lib/python3.12/site-packages/oslo_concurrency/lockutils.py:544}}
Aug 12 20:51:22.477708 np0000007112 nova-scheduler[93502]: DEBUG oslo.service.backend._threading.loopingcall [None req-499056b7-08e4-41d1-9c22-7d7c80da0e71 None None] Dynamic interval looping call 'nova.service.Service.periodic_tasks' sleeping for 60.00 seconds {{(pid=93502) _run_loop /opt/stack/data/venv/lib/python3.12/site-packages/oslo_service/backend/_threading/loopingcall.py:125}}
Aug 12 20:51:24.880480 np0000007112 nova-scheduler[93504]: DEBUG nova.scheduler.manager [None req-0984ced7-1b42-4389-a824-55cf36428408 tempest-ServerActionsTestOtherB-1287093480 tempest-ServerActionsTestOtherB-1287093480-project-member] Starting to schedule for instances: ['92b5e983-0cab-42b2-b3bd-07bdac4c486a'] {{(pid=93504) select_destinations /opt/stack/nova/nova/scheduler/manager.py:209}}
Aug 12 20:51:24.881082 np0000007112 nova-scheduler[93504]: DEBUG nova.scheduler.request_filter [None req-0984ced7-1b42-4389-a824-55cf36428408 tempest-ServerActionsTestOtherB-1287093480 tempest-ServerActionsTestOtherB-1287093480-project-member] compute_status_filter request filter added forbidden trait COMPUTE_STATUS_DISABLED {{(pid=93504) compute_status_filter /opt/stack/nova/nova/scheduler/request_filter.py:253}}
Aug 12 20:51:24.881237 np0000007112 nova-scheduler[93504]: DEBUG nova.scheduler.request_filter [None req-0984ced7-1b42-4389-a824-55cf36428408 tempest-ServerActionsTestOtherB-1287093480 tempest-ServerActionsTestOtherB-1287093480-project-member] Request filter 'compute_status_filter' took 0.0 seconds {{(pid=93504) wrapper /opt/stack/nova/nova/scheduler/request_filter.py:46}}
Aug 12 20:51:24.882058 np0000007112 nova-scheduler[93504]: DEBUG nova.scheduler.request_filter [None req-0984ced7-1b42-4389-a824-55cf36428408 tempest-ServerActionsTestOtherB-1287093480 tempest-ServerActionsTestOtherB-1287093480-project-member] Request filter 'accelerators_filter' took 0.0 seconds {{(pid=93504) wrapper /opt/stack/nova/nova/scheduler/request_filter.py:46}}
Aug 12 20:51:24.882229 np0000007112 nova-scheduler[93504]: DEBUG nova.scheduler.request_filter [None req-0984ced7-1b42-4389-a824-55cf36428408 tempest-ServerActionsTestOtherB-1287093480 tempest-ServerActionsTestOtherB-1287093480-project-member] Request filter 'packed_virtqueue_filter' took 0.0 seconds {{(pid=93504) wrapper /opt/stack/nova/nova/scheduler/request_filter.py:46}}
Aug 12 20:51:24.882482 np0000007112 nova-scheduler[93504]: DEBUG nova.scheduler.request_filter [None req-0984ced7-1b42-4389-a824-55cf36428408 tempest-ServerActionsTestOtherB-1287093480 tempest-ServerActionsTestOtherB-1287093480-project-member] Request filter 'remote_managed_ports_filter' took 0.0 seconds {{(pid=93504) wrapper /opt/stack/nova/nova/scheduler/request_filter.py:46}}
