Aug 12 20:48:44.314635 np0000007112 nova-conductor[95842]: DEBUG cotyledon.oslo_config_glue [-] oslo_messaging_rabbit.rabbit_qos_prefetch_count = 0 {{(pid=95842) log_opt_values /opt/stack/data/venv/lib/python3.12/site-packages/oslo_config/cfg.py:3545}}
Aug 12 20:48:44.314816 np0000007112 nova-conductor[95863]: INFO nova.service [-] Starting conductor node (version 33.1.0)
Aug 12 20:48:44.314842 np0000007112 nova-conductor[95842]: DEBUG cotyledon.oslo_config_glue [-] oslo_messaging_rabbit.rabbit_quorum_delivery_limit = 0 {{(pid=95842) log_opt_values /opt/stack/data/venv/lib/python3.12/site-packages/oslo_config/cfg.py:3545}}
Aug 12 20:48:44.314842 np0000007112 nova-conductor[95842]: DEBUG cotyledon.oslo_config_glue [-] oslo_messaging_rabbit.rabbit_quorum_max_memory_bytes = 0 {{(pid=95842) log_opt_values /opt/stack/data/venv/lib/python3.12/site-packages/oslo_config/cfg.py:3545}}
Aug 12 20:48:44.314842 np0000007112 nova-conductor[95842]: DEBUG cotyledon.oslo_config_glue [-] oslo_messaging_rabbit.rabbit_quorum_max_memory_length = 0 {{(pid=95842) log_opt_values /opt/stack/data/venv/lib/python3.12/site-packages/oslo_config/cfg.py:3545}}
Aug 12 20:48:44.314842 np0000007112 nova-conductor[95842]: DEBUG cotyledon.oslo_config_glue [-] oslo_messaging_rabbit.rabbit_quorum_queue = False {{(pid=95842) log_opt_values /opt/stack/data/venv/lib/python3.12/site-packages/oslo_config/cfg.py:3545}}
Aug 12 20:48:44.314842 np0000007112 nova-conductor[95842]: DEBUG cotyledon.oslo_config_glue [-] oslo_messaging_rabbit.rabbit_retry_backoff = 2 {{(pid=95842) log_opt_values /opt/stack/data/venv/lib/python3.12/site-packages/oslo_config/cfg.py:3545}}
Aug 12 20:48:44.314842 np0000007112 nova-conductor[95842]: DEBUG cotyledon.oslo_config_glue [-] oslo_messaging_rabbit.rabbit_retry_interval = 1 {{(pid=95842) log_opt_values /opt/stack/data/venv/lib/python3.12/site-packages/oslo_config/cfg.py:3545}}
Aug 12 20:48:44.314842 np0000007112 nova-conductor[95842]: DEBUG cotyledon.oslo_config_glue [-] oslo_messaging_rabbit.rabbit_stream_fanout = False {{(pid=95842) log_opt_values /opt/stack/data/venv/lib/python3.12/site-packages/oslo_config/cfg.py:3545}}
Aug 12 20:48:44.314842 np0000007112 nova-conductor[95842]: DEBUG cotyledon.oslo_config_glue [-] oslo_messaging_rabbit.rabbit_transient_queues_ttl = 1800 {{(pid=95842) log_opt_values /opt/stack/data/venv/lib/python3.12/site-packages/oslo_config/cfg.py:3545}}
Aug 12 20:48:44.315084 np0000007112 nova-conductor[95842]: DEBUG cotyledon.oslo_config_glue [-] oslo_messaging_rabbit.rabbit_transient_quorum_queue = False {{(pid=95842) log_opt_values /opt/stack/data/venv/lib/python3.12/site-packages/oslo_config/cfg.py:3545}}
Aug 12 20:48:44.315084 np0000007112 nova-conductor[95842]: DEBUG cotyledon.oslo_config_glue [-] oslo_messaging_rabbit.rpc_conn_pool_size = 30 {{(pid=95842) log_opt_values /opt/stack/data/venv/lib/python3.12/site-packages/oslo_config/cfg.py:3545}}
Aug 12 20:48:44.315084 np0000007112 nova-conductor[95842]: DEBUG cotyledon.oslo_config_glue [-] oslo_messaging_rabbit.ssl = False {{(pid=95842) log_opt_values /opt/stack/data/venv/lib/python3.12/site-packages/oslo_config/cfg.py:3545}}
Aug 12 20:48:44.315084 np0000007112 nova-conductor[95842]: DEBUG cotyledon.oslo_config_glue [-] oslo_messaging_rabbit.ssl_ca_file = {{(pid=95842) log_opt_values /opt/stack/data/venv/lib/python3.12/site-packages/oslo_config/cfg.py:3545}}
Aug 12 20:48:44.315084 np0000007112 nova-conductor[95842]: DEBUG cotyledon.oslo_config_glue [-] oslo_messaging_rabbit.ssl_cert_file = {{(pid=95842) log_opt_values /opt/stack/data/venv/lib/python3.12/site-packages/oslo_config/cfg.py:3545}}
Aug 12 20:48:44.315084 np0000007112 nova-conductor[95842]: DEBUG cotyledon.oslo_config_glue [-] oslo_messaging_rabbit.ssl_enforce_fips_mode = False {{(pid=95842) log_opt_values /opt/stack/data/venv/lib/python3.12/site-packages/oslo_config/cfg.py:3545}}
Aug 12 20:48:44.315084 np0000007112 nova-conductor[95842]: DEBUG cotyledon.oslo_config_glue [-] oslo_messaging_rabbit.ssl_enforce_hostname_verification = True {{(pid=95842) log_opt_values /opt/stack/data/venv/lib/python3.12/site-packages/oslo_config/cfg.py:3545}}
Aug 12 20:48:44.315084 np0000007112 nova-conductor[95842]: DEBUG cotyledon.oslo_config_glue [-] oslo_messaging_rabbit.ssl_key_file = {{(pid=95842) log_opt_values /opt/stack/data/venv/lib/python3.12/site-packages/oslo_config/cfg.py:3545}}
Aug 12 20:48:44.315084 np0000007112 nova-conductor[95842]: DEBUG cotyledon.oslo_config_glue [-] oslo_messaging_rabbit.ssl_version = {{(pid=95842) log_opt_values /opt/stack/data/venv/lib/python3.12/site-packages/oslo_config/cfg.py:3545}}
Aug 12 20:48:44.315353 np0000007112 nova-conductor[95842]: DEBUG cotyledon.oslo_config_glue [-] oslo_messaging_rabbit.use_queue_manager = False {{(pid=95842) log_opt_values /opt/stack/data/venv/lib/python3.12/site-packages/oslo_config/cfg.py:3545}}
Aug 12 20:48:44.315353 np0000007112 nova-conductor[95842]: DEBUG cotyledon.oslo_config_glue [-] oslo_messaging_notifications.driver = ['messagingv2'] {{(pid=95842) log_opt_values /opt/stack/data/venv/lib/python3.12/site-packages/oslo_config/cfg.py:3545}}
Aug 12 20:48:44.315353 np0000007112 nova-conductor[95842]: DEBUG cotyledon.oslo_config_glue [-] oslo_messaging_notifications.retry = -1 {{(pid=95842) log_opt_values /opt/stack/data/venv/lib/python3.12/site-packages/oslo_config/cfg.py:3545}}
Aug 12 20:48:44.315353 np0000007112 nova-conductor[95842]: DEBUG cotyledon.oslo_config_glue [-] oslo_messaging_notifications.topics = ['notifications'] {{(pid=95842) log_opt_values /opt/stack/data/venv/lib/python3.12/site-packages/oslo_config/cfg.py:3545}}
Aug 12 20:48:44.315353 np0000007112 nova-conductor[95842]: DEBUG cotyledon.oslo_config_glue [-] oslo_messaging_notifications.transport_url = **** {{(pid=95842) log_opt_values /opt/stack/data/venv/lib/python3.12/site-packages/oslo_config/cfg.py:3545}}
Aug 12 20:48:44.315353 np0000007112 nova-conductor[95842]: DEBUG cotyledon.oslo_config_glue [-] oslo_limit.auth_section = None {{(pid=95842) log_opt_values /opt/stack/data/venv/lib/python3.12/site-packages/oslo_config/cfg.py:3545}}
Aug 12 20:48:44.315353 np0000007112 nova-conductor[95842]: DEBUG cotyledon.oslo_config_glue [-] oslo_limit.auth_type = None {{(pid=95842) log_opt_values /opt/stack/data/venv/lib/python3.12/site-packages/oslo_config/cfg.py:3545}}
Aug 12 20:48:44.315353 np0000007112 nova-conductor[95842]: DEBUG cotyledon.oslo_config_glue [-] oslo_limit.cafile = None {{(pid=95842) log_opt_values /opt/stack/data/venv/lib/python3.12/site-packages/oslo_config/cfg.py:3545}}
Aug 12 20:48:44.315353 np0000007112 nova-conductor[95842]: DEBUG cotyledon.oslo_config_glue [-] oslo_limit.certfile = None {{(pid=95842) log_opt_values /opt/stack/data/venv/lib/python3.12/site-packages/oslo_config/cfg.py:3545}}
Aug 12 20:48:44.315600 np0000007112 nova-conductor[95842]: DEBUG cotyledon.oslo_config_glue [-] oslo_limit.collect_timing = False {{(pid=95842) log_opt_values /opt/stack/data/venv/lib/python3.12/site-packages/oslo_config/cfg.py:3545}}
Aug 12 20:48:44.315600 np0000007112 nova-conductor[95842]: DEBUG cotyledon.oslo_config_glue [-] oslo_limit.connect_retries = None {{(pid=95842) log_opt_values /opt/stack/data/venv/lib/python3.12/site-packages/oslo_config/cfg.py:3545}}
Aug 12 20:48:44.315600 np0000007112 nova-conductor[95842]: DEBUG cotyledon.oslo_config_glue [-] oslo_limit.connect_retry_delay = None {{(pid=95842) log_opt_values /opt/stack/data/venv/lib/python3.12/site-packages/oslo_config/cfg.py:3545}}
Aug 12 20:48:44.315600 np0000007112 nova-conductor[95842]: DEBUG cotyledon.oslo_config_glue [-] oslo_limit.endpoint_id = None {{(pid=95842) log_opt_values /opt/stack/data/venv/lib/python3.12/site-packages/oslo_config/cfg.py:3545}}
Aug 12 20:48:44.315600 np0000007112 nova-conductor[95842]: DEBUG cotyledon.oslo_config_glue [-] oslo_limit.endpoint_interface = public {{(pid=95842) log_opt_values /opt/stack/data/venv/lib/python3.12/site-packages/oslo_config/cfg.py:3545}}
Aug 12 20:48:44.315600 np0000007112 nova-conductor[95842]: DEBUG cotyledon.oslo_config_glue [-] oslo_limit.endpoint_override = None {{(pid=95842) log_opt_values /opt/stack/data/venv/lib/python3.12/site-packages/oslo_config/cfg.py:3545}}
Aug 12 20:48:44.315600 np0000007112 nova-conductor[95842]: DEBUG cotyledon.oslo_config_glue [-] oslo_limit.endpoint_region_name = None {{(pid=95842) log_opt_values /opt/stack/data/venv/lib/python3.12/site-packages/oslo_config/cfg.py:3545}}
Aug 12 20:48:44.315600 np0000007112 nova-conductor[95842]: DEBUG cotyledon.oslo_config_glue [-] oslo_limit.endpoint_service_name = None {{(pid=95842) log_opt_values /opt/stack/data/venv/lib/python3.12/site-packages/oslo_config/cfg.py:3545}}
Aug 12 20:48:44.315600 np0000007112 nova-conductor[95842]: DEBUG cotyledon.oslo_config_glue [-] oslo_limit.endpoint_service_type = None {{(pid=95842) log_opt_values /opt/stack/data/venv/lib/python3.12/site-packages/oslo_config/cfg.py:3545}}
Aug 12 20:48:44.315812 np0000007112 nova-conductor[95842]: DEBUG cotyledon.oslo_config_glue [-] oslo_limit.insecure = False {{(pid=95842) log_opt_values /opt/stack/data/venv/lib/python3.12/site-packages/oslo_config/cfg.py:3545}}
Aug 12 20:48:44.315812 np0000007112 nova-conductor[95842]: DEBUG cotyledon.oslo_config_glue [-] oslo_limit.keyfile = None {{(pid=95842) log_opt_values /opt/stack/data/venv/lib/python3.12/site-packages/oslo_config/cfg.py:3545}}
Aug 12 20:48:44.315812 np0000007112 nova-conductor[95842]: DEBUG cotyledon.oslo_config_glue [-] oslo_limit.max_version = None {{(pid=95842) log_opt_values /opt/stack/data/venv/lib/python3.12/site-packages/oslo_config/cfg.py:3545}}
Aug 12 20:48:44.315812 np0000007112 nova-conductor[95842]: DEBUG cotyledon.oslo_config_glue [-] oslo_limit.min_version = None {{(pid=95842) log_opt_values /opt/stack/data/venv/lib/python3.12/site-packages/oslo_config/cfg.py:3545}}
Aug 12 20:48:44.315812 np0000007112 nova-conductor[95842]: DEBUG cotyledon.oslo_config_glue [-] oslo_limit.region_name = None {{(pid=95842) log_opt_values /opt/stack/data/venv/lib/python3.12/site-packages/oslo_config/cfg.py:3545}}
Aug 12 20:48:44.315812 np0000007112 nova-conductor[95842]: DEBUG cotyledon.oslo_config_glue [-] oslo_limit.retriable_status_codes = None {{(pid=95842) log_opt_values /opt/stack/data/venv/lib/python3.12/site-packages/oslo_config/cfg.py:3545}}
Aug 12 20:48:44.315812 np0000007112 nova-conductor[95842]: DEBUG cotyledon.oslo_config_glue [-] oslo_limit.service_name = None {{(pid=95842) log_opt_values /opt/stack/data/venv/lib/python3.12/site-packages/oslo_config/cfg.py:3545}}
Aug 12 20:48:44.315812 np0000007112 nova-conductor[95842]: DEBUG cotyledon.oslo_config_glue [-] oslo_limit.service_type = None {{(pid=95842) log_opt_values /opt/stack/data/venv/lib/python3.12/site-packages/oslo_config/cfg.py:3545}}
Aug 12 20:48:44.315812 np0000007112 nova-conductor[95842]: DEBUG cotyledon.oslo_config_glue [-] oslo_limit.split_loggers = False {{(pid=95842) log_opt_values /opt/stack/data/venv/lib/python3.12/site-packages/oslo_config/cfg.py:3545}}
Aug 12 20:48:44.316027 np0000007112 nova-conductor[95842]: DEBUG cotyledon.oslo_config_glue [-] oslo_limit.status_code_retries = None {{(pid=95842) log_opt_values /opt/stack/data/venv/lib/python3.12/site-packages/oslo_config/cfg.py:3545}}
Aug 12 20:48:44.316027 np0000007112 nova-conductor[95842]: DEBUG cotyledon.oslo_config_glue [-] oslo_limit.status_code_retry_delay = None {{(pid=95842) log_opt_values /opt/stack/data/venv/lib/python3.12/site-packages/oslo_config/cfg.py:3545}}
Aug 12 20:48:44.316027 np0000007112 nova-conductor[95842]: DEBUG cotyledon.oslo_config_glue [-] oslo_limit.timeout = None {{(pid=95842) log_opt_values /opt/stack/data/venv/lib/python3.12/site-packages/oslo_config/cfg.py:3545}}
Aug 12 20:48:44.316027 np0000007112 nova-conductor[95842]: DEBUG cotyledon.oslo_config_glue [-] oslo_limit.valid_interfaces = None {{(pid=95842) log_opt_values /opt/stack/data/venv/lib/python3.12/site-packages/oslo_config/cfg.py:3545}}
Aug 12 20:48:44.316027 np0000007112 nova-conductor[95842]: DEBUG cotyledon.oslo_config_glue [-] oslo_limit.version = None {{(pid=95842) log_opt_values /opt/stack/data/venv/lib/python3.12/site-packages/oslo_config/cfg.py:3545}}
Aug 12 20:48:44.316027 np0000007112 nova-conductor[95842]: DEBUG cotyledon.oslo_config_glue [-] oslo_reports.file_event_handler = None {{(pid=95842) log_opt_values /opt/stack/data/venv/lib/python3.12/site-packages/oslo_config/cfg.py:3545}}
Aug 12 20:48:44.316027 np0000007112 nova-conductor[95842]: DEBUG cotyledon.oslo_config_glue [-] oslo_reports.file_event_handler_interval = 1 {{(pid=95842) log_opt_values /opt/stack/data/venv/lib/python3.12/site-packages/oslo_config/cfg.py:3545}}
Aug 12 20:48:44.316027 np0000007112 nova-conductor[95842]: DEBUG cotyledon.oslo_config_glue [-] oslo_reports.log_dir = None {{(pid=95842) log_opt_values /opt/stack/data/venv/lib/python3.12/site-packages/oslo_config/cfg.py:3545}}
Aug 12 20:48:44.316027 np0000007112 nova-conductor[95842]: DEBUG cotyledon.oslo_config_glue [-] ******************************************************************************** {{(pid=95842) log_opt_values /opt/stack/data/venv/lib/python3.12/site-packages/oslo_config/cfg.py:3552}}
Aug 12 20:48:44.316210 np0000007112 nova-conductor[95842]: DEBUG cotyledon._service_worker [-] Run service ServiceWrapper(0) [95842] {{(pid=95842) wait_forever /opt/stack/data/venv/lib/python3.12/site-packages/cotyledon/_service_worker.py:218}}
Aug 12 20:48:44.316210 np0000007112 nova-conductor[95842]: INFO nova.service [-] Starting conductor node (version 33.1.0)
Aug 12 20:48:44.316254 np0000007112 nova-conductor[95863]: INFO dbcounter [None req-732e45f5-bdf6-4768-8cde-221940027df3 None None] Registered counter for database nova_cell0
Aug 12 20:48:44.316278 np0000007112 nova-conductor[95842]: INFO dbcounter [None req-a7863651-ebb6-4a2a-9057-57690bdf5c45 None None] Registered counter for database nova_cell0
Aug 12 20:48:44.320439 np0000007112 nova-conductor[95849]: DEBUG oslo_db.sqlalchemy.engines [None req-643fea28-e5ec-4cce-a6b1-2dc2ff89b2fc None None] MySQL server mode set to STRICT_TRANS_TABLES,STRICT_ALL_TABLES,NO_ZERO_IN_DATE,NO_ZERO_DATE,ERROR_FOR_DIVISION_BY_ZERO,TRADITIONAL,NO_ENGINE_SUBSTITUTION {{(pid=95849) _check_effective_sql_mode /opt/stack/data/venv/lib/python3.12/site-packages/oslo_db/sqlalchemy/engines.py:325}}
Aug 12 20:48:44.331306 np0000007112 nova-conductor[95849]: DEBUG dbcounter [-] [95849] Writer thread running {{(pid=95849) stat_writer /opt/stack/data/venv/lib/python3.12/site-packages/dbcounter.py:102}}
Aug 12 20:48:44.333233 np0000007112 nova-conductor[95863]: DEBUG oslo_db.sqlalchemy.engines [None req-732e45f5-bdf6-4768-8cde-221940027df3 None None] MySQL server mode set to STRICT_TRANS_TABLES,STRICT_ALL_TABLES,NO_ZERO_IN_DATE,NO_ZERO_DATE,ERROR_FOR_DIVISION_BY_ZERO,TRADITIONAL,NO_ENGINE_SUBSTITUTION {{(pid=95863) _check_effective_sql_mode /opt/stack/data/venv/lib/python3.12/site-packages/oslo_db/sqlalchemy/engines.py:325}}
Aug 12 20:48:44.342347 np0000007112 nova-conductor[95863]: DEBUG dbcounter [-] [95863] Writer thread running {{(pid=95863) stat_writer /opt/stack/data/venv/lib/python3.12/site-packages/dbcounter.py:102}}
Aug 12 20:48:44.342453 np0000007112 nova-conductor[95842]: DEBUG oslo_db.sqlalchemy.engines [None req-a7863651-ebb6-4a2a-9057-57690bdf5c45 None None] MySQL server mode set to STRICT_TRANS_TABLES,STRICT_ALL_TABLES,NO_ZERO_IN_DATE,NO_ZERO_DATE,ERROR_FOR_DIVISION_BY_ZERO,TRADITIONAL,NO_ENGINE_SUBSTITUTION {{(pid=95842) _check_effective_sql_mode /opt/stack/data/venv/lib/python3.12/site-packages/oslo_db/sqlalchemy/engines.py:325}}
Aug 12 20:48:44.347739 np0000007112 nova-conductor[95849]: DEBUG nova.service [None req-643fea28-e5ec-4cce-a6b1-2dc2ff89b2fc None None] Creating RPC server for service: nova-conductor on topic: conductor {{(pid=95849) start /opt/stack/nova/nova/service.py:196}}
Aug 12 20:48:44.353107 np0000007112 nova-conductor[95842]: DEBUG dbcounter [-] [95842] Writer thread running {{(pid=95842) stat_writer /opt/stack/data/venv/lib/python3.12/site-packages/dbcounter.py:102}}
Aug 12 20:48:44.356421 np0000007112 nova-conductor[95863]: DEBUG nova.service [None req-732e45f5-bdf6-4768-8cde-221940027df3 None None] Creating RPC server for service: nova-conductor on topic: conductor {{(pid=95863) start /opt/stack/nova/nova/service.py:196}}
Aug 12 20:48:44.356739 np0000007112 nova-conductor[95842]: DEBUG nova.service [None req-a7863651-ebb6-4a2a-9057-57690bdf5c45 None None] Creating RPC server for service: nova-conductor on topic: conductor {{(pid=95842) start /opt/stack/nova/nova/service.py:196}}
Aug 12 20:48:44.371548 np0000007112 nova-conductor[95849]: DEBUG nova.service [None req-643fea28-e5ec-4cce-a6b1-2dc2ff89b2fc None None] Join ServiceGroup membership for this service conductor {{(pid=95849) start /opt/stack/nova/nova/service.py:222}}
Aug 12 20:48:44.371548 np0000007112 nova-conductor[95849]: DEBUG nova.servicegroup.drivers.db [None req-643fea28-e5ec-4cce-a6b1-2dc2ff89b2fc None None] DB_Driver: join new ServiceGroup member np0000007112 to the conductor group, service = {{(pid=95849) join /opt/stack/nova/nova/servicegroup/drivers/db.py:44}}
Aug 12 20:48:44.377350 np0000007112 nova-conductor[95863]: DEBUG nova.service [None req-732e45f5-bdf6-4768-8cde-221940027df3 None None] Join ServiceGroup membership for this service conductor {{(pid=95863) start /opt/stack/nova/nova/service.py:222}}
Aug 12 20:48:44.377539 np0000007112 nova-conductor[95863]: DEBUG nova.servicegroup.drivers.db [None req-732e45f5-bdf6-4768-8cde-221940027df3 None None] DB_Driver: join new ServiceGroup member np0000007112 to the conductor group, service = {{(pid=95863) join /opt/stack/nova/nova/servicegroup/drivers/db.py:44}}
Aug 12 20:48:44.379389 np0000007112 nova-conductor[95842]: DEBUG nova.service [None req-a7863651-ebb6-4a2a-9057-57690bdf5c45 None None] Join ServiceGroup membership for this service conductor {{(pid=95842) start /opt/stack/nova/nova/service.py:222}}
Aug 12 20:48:44.379649 np0000007112 nova-conductor[95842]: DEBUG nova.servicegroup.drivers.db [None req-a7863651-ebb6-4a2a-9057-57690bdf5c45 None None] DB_Driver: join new ServiceGroup member np0000007112 to the conductor group, service = {{(pid=95842) join /opt/stack/nova/nova/servicegroup/drivers/db.py:44}}
Aug 12 20:48:49.385506 np0000007112 nova-conductor[95849]: DEBUG oslo.service.backend._threading.loopingcall [-] Fixed interval looping call 'nova.servicegroup.drivers.db.DbDriver._report_state' sleeping for 119.99 seconds {{(pid=95849) _run_loop /opt/stack/data/venv/lib/python3.12/site-packages/oslo_service/backend/_threading/loopingcall.py:125}}
Aug 12 20:48:49.387289 np0000007112 nova-conductor[95863]: DEBUG oslo.service.backend._threading.loopingcall [-] Fixed interval looping call 'nova.servicegroup.drivers.db.DbDriver._report_state' sleeping for 120.00 seconds {{(pid=95863) _run_loop /opt/stack/data/venv/lib/python3.12/site-packages/oslo_service/backend/_threading/loopingcall.py:125}}
Aug 12 20:48:49.393507 np0000007112 nova-conductor[95842]: DEBUG oslo.service.backend._threading.loopingcall [-] Fixed interval looping call 'nova.servicegroup.drivers.db.DbDriver._report_state' sleeping for 119.99 seconds {{(pid=95842) _run_loop /opt/stack/data/venv/lib/python3.12/site-packages/oslo_service/backend/_threading/loopingcall.py:125}}
Aug 12 20:48:52.976939 np0000007112 nova-conductor[94357]: DEBUG dbcounter [-] [94357] Writing DB stats nova_api:SELECT=1 {{(pid=94357) stat_writer /opt/stack/data/venv/lib/python3.12/site-packages/dbcounter.py:115}}
Aug 12 20:48:53.104408 np0000007112 nova-conductor[94357]: DEBUG dbcounter [-] [94357] Writing DB stats nova_cell1:SELECT=1 {{(pid=94357) stat_writer /opt/stack/data/venv/lib/python3.12/site-packages/dbcounter.py:115}}
Aug 12 20:48:53.107630 np0000007112 nova-conductor[94357]: DEBUG dbcounter [-] [94357] Writing DB stats nova_cell0:SELECT=1 {{(pid=94357) stat_writer /opt/stack/data/venv/lib/python3.12/site-packages/dbcounter.py:115}}
Aug 12 20:48:59.381541 np0000007112 nova-conductor[95849]: DEBUG dbcounter [-] [95849] Writing DB stats nova_cell0:SELECT=4,nova_cell0:INSERT=1,nova_cell0:UPDATE=1 {{(pid=95849) stat_writer /opt/stack/data/venv/lib/python3.12/site-packages/dbcounter.py:115}}
Aug 12 20:48:59.385361 np0000007112 nova-conductor[95842]: DEBUG oslo.service.backend._threading.loopingcall [None req-8f83b1ec-6df0-4267-942e-3f3415af05a9 None None] Dynamic interval looping call 'nova.service.Service.periodic_tasks' sleeping for 60.00 seconds {{(pid=95842) _run_loop /opt/stack/data/venv/lib/python3.12/site-packages/oslo_service/backend/_threading/loopingcall.py:125}}
Aug 12 20:48:59.385643 np0000007112 nova-conductor[95863]: DEBUG dbcounter [-] [95863] Writing DB stats nova_cell0:SELECT=4,nova_cell0:INSERT=1 {{(pid=95863) stat_writer /opt/stack/data/venv/lib/python3.12/site-packages/dbcounter.py:115}}
Aug 12 20:48:59.389890 np0000007112 nova-conductor[95842]: DEBUG dbcounter [-] [95842] Writing DB stats nova_cell0:SELECT=3 {{(pid=95842) stat_writer /opt/stack/data/venv/lib/python3.12/site-packages/dbcounter.py:115}}
Aug 12 20:49:12.374379 np0000007112 nova-conductor[95849]: DEBUG oslo.service.backend._threading.loopingcall [None req-a79a4541-7558-49a7-b381-82d1c51599ca None None] Dynamic interval looping call 'nova.service.Service.periodic_tasks' sleeping for 60.00 seconds {{(pid=95849) _run_loop /opt/stack/data/venv/lib/python3.12/site-packages/oslo_service/backend/_threading/loopingcall.py:125}}
Aug 12 20:49:12.379995 np0000007112 nova-conductor[95863]: DEBUG oslo.service.backend._threading.loopingcall [None req-af8c263b-9c24-410b-986a-d8e4285143ca None None] Dynamic interval looping call 'nova.service.Service.periodic_tasks' sleeping for 60.00 seconds {{(pid=95863) _run_loop /opt/stack/data/venv/lib/python3.12/site-packages/oslo_service/backend/_threading/loopingcall.py:125}}
Aug 12 20:49:59.385844 np0000007112 nova-conductor[95842]: DEBUG oslo.service.backend._threading.loopingcall [None req-8f83b1ec-6df0-4267-942e-3f3415af05a9 None None] Dynamic interval looping call 'nova.service.Service.periodic_tasks' sleeping for 60.00 seconds {{(pid=95842) _run_loop /opt/stack/data/venv/lib/python3.12/site-packages/oslo_service/backend/_threading/loopingcall.py:125}}
Aug 12 20:50:12.374886 np0000007112 nova-conductor[95849]: DEBUG oslo.service.backend._threading.loopingcall [None req-a79a4541-7558-49a7-b381-82d1c51599ca None None] Dynamic interval looping call 'nova.service.Service.periodic_tasks' sleeping for 60.00 seconds {{(pid=95849) _run_loop /opt/stack/data/venv/lib/python3.12/site-packages/oslo_service/backend/_threading/loopingcall.py:125}}
Aug 12 20:50:12.380533 np0000007112 nova-conductor[95863]: DEBUG oslo.service.backend._threading.loopingcall [None req-af8c263b-9c24-410b-986a-d8e4285143ca None None] Dynamic interval looping call 'nova.service.Service.periodic_tasks' sleeping for 60.00 seconds {{(pid=95863) _run_loop /opt/stack/data/venv/lib/python3.12/site-packages/oslo_service/backend/_threading/loopingcall.py:125}}
Aug 12 20:50:49.381674 np0000007112 nova-conductor[95849]: DEBUG oslo.service.backend._threading.loopingcall [-] Fixed interval looping call 'nova.servicegroup.drivers.db.DbDriver._report_state' sleeping for 119.99 seconds {{(pid=95849) _run_loop /opt/stack/data/venv/lib/python3.12/site-packages/oslo_service/backend/_threading/loopingcall.py:125}}
Aug 12 20:50:49.387581 np0000007112 nova-conductor[95842]: DEBUG oslo.service.backend._threading.loopingcall [-] Fixed interval looping call 'nova.servicegroup.drivers.db.DbDriver._report_state' sleeping for 120.00 seconds {{(pid=95842) _run_loop /opt/stack/data/venv/lib/python3.12/site-packages/oslo_service/backend/_threading/loopingcall.py:125}}
Aug 12 20:50:49.390162 np0000007112 nova-conductor[95863]: DEBUG oslo.service.backend._threading.loopingcall [-] Fixed interval looping call 'nova.servicegroup.drivers.db.DbDriver._report_state' sleeping for 120.00 seconds {{(pid=95863) _run_loop /opt/stack/data/venv/lib/python3.12/site-packages/oslo_service/backend/_threading/loopingcall.py:125}}
Aug 12 20:50:59.379458 np0000007112 nova-conductor[95849]: DEBUG dbcounter [-] [95849] Writing DB stats nova_cell0:SELECT=1,nova_cell0:UPDATE=1 {{(pid=95849) stat_writer /opt/stack/data/venv/lib/python3.12/site-packages/dbcounter.py:115}}
Aug 12 20:50:59.386327 np0000007112 nova-conductor[95842]: DEBUG dbcounter [-] [95842] Writing DB stats nova_cell0:SELECT=1 {{(pid=95842) stat_writer /opt/stack/data/venv/lib/python3.12/site-packages/dbcounter.py:115}}
Aug 12 20:50:59.387787 np0000007112 nova-conductor[95842]: DEBUG oslo.service.backend._threading.loopingcall [None req-8f83b1ec-6df0-4267-942e-3f3415af05a9 None None] Dynamic interval looping call 'nova.service.Service.periodic_tasks' sleeping for 60.00 seconds {{(pid=95842) _run_loop /opt/stack/data/venv/lib/python3.12/site-packages/oslo_service/backend/_threading/loopingcall.py:125}}
Aug 12 20:50:59.389079 np0000007112 nova-conductor[95863]: DEBUG dbcounter [-] [95863] Writing DB stats nova_cell0:SELECT=1 {{(pid=95863) stat_writer /opt/stack/data/venv/lib/python3.12/site-packages/dbcounter.py:115}}
Aug 12 20:51:12.375775 np0000007112 nova-conductor[95849]: DEBUG oslo.service.backend._threading.loopingcall [None req-a79a4541-7558-49a7-b381-82d1c51599ca None None] Dynamic interval looping call 'nova.service.Service.periodic_tasks' sleeping for 60.00 seconds {{(pid=95849) _run_loop /opt/stack/data/venv/lib/python3.12/site-packages/oslo_service/backend/_threading/loopingcall.py:125}}
Aug 12 20:51:12.380951 np0000007112 nova-conductor[95863]: DEBUG oslo.service.backend._threading.loopingcall [None req-af8c263b-9c24-410b-986a-d8e4285143ca None None] Dynamic interval looping call 'nova.service.Service.periodic_tasks' sleeping for 60.00 seconds {{(pid=95863) _run_loop /opt/stack/data/venv/lib/python3.12/site-packages/oslo_service/backend/_threading/loopingcall.py:125}}
Aug 12 20:51:20.336588 np0000007112 nova-conductor[95849]: DEBUG oslo_db.sqlalchemy.engines [None req-cfce16d9-a3e9-4e64-b286-0c5f0e9a2f11 tempest-ServerRescueNegativeTestJSON-817897533 tempest-ServerRescueNegativeTestJSON-817897533-project-member] Parent process 94357 forked (95849) with an open database connection, which is being discarded and recreated. {{(pid=95849) checkout /opt/stack/data/venv/lib/python3.12/site-packages/oslo_db/sqlalchemy/engines.py:402}}
Aug 12 20:51:20.372307 np0000007112 nova-conductor[95849]: DEBUG dbcounter [-] [95849] Writer thread running {{(pid=95849) stat_writer /opt/stack/data/venv/lib/python3.12/site-packages/dbcounter.py:102}}
Aug 12 20:51:21.154892 np0000007112 nova-conductor[95849]: DEBUG nova.conductor.manager [None req-cfce16d9-a3e9-4e64-b286-0c5f0e9a2f11 tempest-ServerRescueNegativeTestJSON-817897533 tempest-ServerRescueNegativeTestJSON-817897533-project-member] Took 0.78 seconds to select destinations for 1 instance(s). {{(pid=95849) _schedule_instances /opt/stack/nova/nova/conductor/manager.py:968}}
Aug 12 20:51:21.184657 np0000007112 nova-conductor[95849]: DEBUG oslo_concurrency.lockutils [None req-cfce16d9-a3e9-4e64-b286-0c5f0e9a2f11 tempest-ServerRescueNegativeTestJSON-817897533 tempest-ServerRescueNegativeTestJSON-817897533-project-member] Acquiring lock "4a4f8d13-4717-46e6-b5ac-032a19e4c036" by "nova.context.set_target_cell..get_or_set_cached_cell_and_set_connections" {{(pid=95849) inner /opt/stack/data/venv/lib/python3.12/site-packages/oslo_concurrency/lockutils.py:512}}
Aug 12 20:51:21.184875 np0000007112 nova-conductor[95849]: DEBUG oslo_concurrency.lockutils [None req-cfce16d9-a3e9-4e64-b286-0c5f0e9a2f11 tempest-ServerRescueNegativeTestJSON-817897533 tempest-ServerRescueNegativeTestJSON-817897533-project-member] Lock "4a4f8d13-4717-46e6-b5ac-032a19e4c036" acquired by "nova.context.set_target_cell..get_or_set_cached_cell_and_set_connections" :: waited 0.000s {{(pid=95849) inner /opt/stack/data/venv/lib/python3.12/site-packages/oslo_concurrency/lockutils.py:525}}
Aug 12 20:51:21.186111 np0000007112 nova-conductor[95849]: DEBUG oslo_concurrency.lockutils [None req-cfce16d9-a3e9-4e64-b286-0c5f0e9a2f11 tempest-ServerRescueNegativeTestJSON-817897533 tempest-ServerRescueNegativeTestJSON-817897533-project-member] Lock "4a4f8d13-4717-46e6-b5ac-032a19e4c036" "released" by "nova.context.set_target_cell..get_or_set_cached_cell_and_set_connections" :: held 0.001s {{(pid=95849) inner /opt/stack/data/venv/lib/python3.12/site-packages/oslo_concurrency/lockutils.py:544}}
Aug 12 20:51:21.187855 np0000007112 nova-conductor[95849]: INFO dbcounter [None req-cfce16d9-a3e9-4e64-b286-0c5f0e9a2f11 tempest-ServerRescueNegativeTestJSON-817897533 tempest-ServerRescueNegativeTestJSON-817897533-project-member] Registered counter for database nova_cell1
Aug 12 20:51:21.219584 np0000007112 nova-conductor[95849]: DEBUG oslo_db.sqlalchemy.engines [None req-cfce16d9-a3e9-4e64-b286-0c5f0e9a2f11 tempest-ServerRescueNegativeTestJSON-817897533 tempest-ServerRescueNegativeTestJSON-817897533-project-member] MySQL server mode set to STRICT_TRANS_TABLES,STRICT_ALL_TABLES,NO_ZERO_IN_DATE,NO_ZERO_DATE,ERROR_FOR_DIVISION_BY_ZERO,TRADITIONAL,NO_ENGINE_SUBSTITUTION {{(pid=95849) _check_effective_sql_mode /opt/stack/data/venv/lib/python3.12/site-packages/oslo_db/sqlalchemy/engines.py:325}}
Aug 12 20:51:21.225931 np0000007112 nova-conductor[95849]: DEBUG dbcounter [-] [95849] Writer thread running {{(pid=95849) stat_writer /opt/stack/data/venv/lib/python3.12/site-packages/dbcounter.py:102}}
Aug 12 20:51:21.280822 np0000007112 nova-conductor[95849]: INFO nova.utils [None req-cfce16d9-a3e9-4e64-b286-0c5f0e9a2f11 tempest-ServerRescueNegativeTestJSON-817897533 tempest-ServerRescueNegativeTestJSON-817897533-project-member] The cell worker thread pool ForkProcess-2.cell_worker is initialized
Aug 12 20:51:21.281150 np0000007112 nova-conductor[95849]: DEBUG oslo_concurrency.lockutils [None req-cfce16d9-a3e9-4e64-b286-0c5f0e9a2f11 tempest-ServerRescueNegativeTestJSON-817897533 tempest-ServerRescueNegativeTestJSON-817897533-project-member] Acquiring lock "00000000-0000-0000-0000-000000000000" by "nova.context.set_target_cell..get_or_set_cached_cell_and_set_connections" {{(pid=95849) inner /opt/stack/data/venv/lib/python3.12/site-packages/oslo_concurrency/lockutils.py:512}}
Aug 12 20:51:21.281284 np0000007112 nova-conductor[95849]: DEBUG oslo_concurrency.lockutils [None req-cfce16d9-a3e9-4e64-b286-0c5f0e9a2f11 tempest-ServerRescueNegativeTestJSON-817897533 tempest-ServerRescueNegativeTestJSON-817897533-project-member] Lock "00000000-0000-0000-0000-000000000000" acquired by "nova.context.set_target_cell..get_or_set_cached_cell_and_set_connections" :: waited 0.000s {{(pid=95849) inner /opt/stack/data/venv/lib/python3.12/site-packages/oslo_concurrency/lockutils.py:525}}
Aug 12 20:51:21.281601 np0000007112 nova-conductor[95849]: DEBUG oslo_concurrency.lockutils [None req-cfce16d9-a3e9-4e64-b286-0c5f0e9a2f11 tempest-ServerRescueNegativeTestJSON-817897533 tempest-ServerRescueNegativeTestJSON-817897533-project-member] Lock "00000000-0000-0000-0000-000000000000" "released" by "nova.context.set_target_cell..get_or_set_cached_cell_and_set_connections" :: held 0.000s {{(pid=95849) inner /opt/stack/data/venv/lib/python3.12/site-packages/oslo_concurrency/lockutils.py:544}}
Aug 12 20:51:21.282213 np0000007112 nova-conductor[95849]: DEBUG oslo_concurrency.lockutils [None req-cfce16d9-a3e9-4e64-b286-0c5f0e9a2f11 tempest-ServerRescueNegativeTestJSON-817897533 tempest-ServerRescueNegativeTestJSON-817897533-project-member] Acquiring lock "4a4f8d13-4717-46e6-b5ac-032a19e4c036" by "nova.context.set_target_cell..get_or_set_cached_cell_and_set_connections" {{(pid=95849) inner /opt/stack/data/venv/lib/python3.12/site-packages/oslo_concurrency/lockutils.py:512}}
Aug 12 20:51:21.283633 np0000007112 nova-conductor[95849]: DEBUG oslo_concurrency.lockutils [None req-cfce16d9-a3e9-4e64-b286-0c5f0e9a2f11 tempest-ServerRescueNegativeTestJSON-817897533 tempest-ServerRescueNegativeTestJSON-817897533-project-member] Lock "4a4f8d13-4717-46e6-b5ac-032a19e4c036" acquired by "nova.context.set_target_cell..get_or_set_cached_cell_and_set_connections" :: waited 0.001s {{(pid=95849) inner /opt/stack/data/venv/lib/python3.12/site-packages/oslo_concurrency/lockutils.py:525}}
Aug 12 20:51:21.283815 np0000007112 nova-conductor[95849]: INFO dbcounter [None req-cfce16d9-a3e9-4e64-b286-0c5f0e9a2f11 tempest-ServerRescueNegativeTestJSON-817897533 tempest-ServerRescueNegativeTestJSON-817897533-project-member] Registered counter for database nova_cell0
Aug 12 20:51:21.284930 np0000007112 nova-conductor[95849]: DEBUG oslo_concurrency.lockutils [None req-cfce16d9-a3e9-4e64-b286-0c5f0e9a2f11 tempest-ServerRescueNegativeTestJSON-817897533 tempest-ServerRescueNegativeTestJSON-817897533-project-member] Lock "4a4f8d13-4717-46e6-b5ac-032a19e4c036" "released" by "nova.context.set_target_cell..get_or_set_cached_cell_and_set_connections" :: held 0.000s {{(pid=95849) inner /opt/stack/data/venv/lib/python3.12/site-packages/oslo_concurrency/lockutils.py:544}}
Aug 12 20:51:21.314728 np0000007112 nova-conductor[95849]: DEBUG oslo_db.sqlalchemy.engines [None req-cfce16d9-a3e9-4e64-b286-0c5f0e9a2f11 tempest-ServerRescueNegativeTestJSON-817897533 tempest-ServerRescueNegativeTestJSON-817897533-project-member] MySQL server mode set to STRICT_TRANS_TABLES,STRICT_ALL_TABLES,NO_ZERO_IN_DATE,NO_ZERO_DATE,ERROR_FOR_DIVISION_BY_ZERO,TRADITIONAL,NO_ENGINE_SUBSTITUTION {{(pid=95849) _check_effective_sql_mode /opt/stack/data/venv/lib/python3.12/site-packages/oslo_db/sqlalchemy/engines.py:325}}
Aug 12 20:51:21.322647 np0000007112 nova-conductor[95849]: DEBUG dbcounter [-] [95849] Writer thread running {{(pid=95849) stat_writer /opt/stack/data/venv/lib/python3.12/site-packages/dbcounter.py:102}}
Aug 12 20:51:21.332334 np0000007112 nova-conductor[95849]: DEBUG nova.quota [None req-cfce16d9-a3e9-4e64-b286-0c5f0e9a2f11 tempest-ServerRescueNegativeTestJSON-817897533 tempest-ServerRescueNegativeTestJSON-817897533-project-member] Getting quotas for project b5daa849408849a99fcb47784d59e565. Resources: {'ram', 'cores', 'instances'} {{(pid=95849) _get_quotas /opt/stack/nova/nova/quota.py:389}}
Aug 12 20:51:21.335253 np0000007112 nova-conductor[95849]: DEBUG nova.quota [None req-cfce16d9-a3e9-4e64-b286-0c5f0e9a2f11 tempest-ServerRescueNegativeTestJSON-817897533 tempest-ServerRescueNegativeTestJSON-817897533-project-member] Getting quotas for user 9c514fc769f4460c99fbb75a48a9f511 and project b5daa849408849a99fcb47784d59e565. Resources: {'ram', 'cores', 'instances'} {{(pid=95849) _get_quotas /opt/stack/nova/nova/quota.py:379}}
Aug 12 20:51:21.341786 np0000007112 nova-conductor[95849]: DEBUG nova.conductor.manager [None req-cfce16d9-a3e9-4e64-b286-0c5f0e9a2f11 tempest-ServerRescueNegativeTestJSON-817897533 tempest-ServerRescueNegativeTestJSON-817897533-project-member] [instance: 3e08ef33-cb72-4309-9e42-eb1ae567accb] Selected host: np0000007112; Selected node: np0000007112; Alternates: [] {{(pid=95849) schedule_and_build_instances /opt/stack/nova/nova/conductor/manager.py:1784}}
Aug 12 20:51:21.342294 np0000007112 nova-conductor[95849]: DEBUG oslo_concurrency.lockutils [None req-cfce16d9-a3e9-4e64-b286-0c5f0e9a2f11 tempest-ServerRescueNegativeTestJSON-817897533 tempest-ServerRescueNegativeTestJSON-817897533-project-member] Acquiring lock "4a4f8d13-4717-46e6-b5ac-032a19e4c036" by "nova.context.set_target_cell..get_or_set_cached_cell_and_set_connections" {{(pid=95849) inner /opt/stack/data/venv/lib/python3.12/site-packages/oslo_concurrency/lockutils.py:512}}
Aug 12 20:51:21.342386 np0000007112 nova-conductor[95849]: DEBUG oslo_concurrency.lockutils [None req-cfce16d9-a3e9-4e64-b286-0c5f0e9a2f11 tempest-ServerRescueNegativeTestJSON-817897533 tempest-ServerRescueNegativeTestJSON-817897533-project-member] Lock "4a4f8d13-4717-46e6-b5ac-032a19e4c036" acquired by "nova.context.set_target_cell..get_or_set_cached_cell_and_set_connections" :: waited 0.000s {{(pid=95849) inner /opt/stack/data/venv/lib/python3.12/site-packages/oslo_concurrency/lockutils.py:525}}
Aug 12 20:51:21.342605 np0000007112 nova-conductor[95849]: DEBUG oslo_concurrency.lockutils [None req-cfce16d9-a3e9-4e64-b286-0c5f0e9a2f11 tempest-ServerRescueNegativeTestJSON-817897533 tempest-ServerRescueNegativeTestJSON-817897533-project-member] Lock "4a4f8d13-4717-46e6-b5ac-032a19e4c036" "released" by "nova.context.set_target_cell..get_or_set_cached_cell_and_set_connections" :: held 0.000s {{(pid=95849) inner /opt/stack/data/venv/lib/python3.12/site-packages/oslo_concurrency/lockutils.py:544}}
Aug 12 20:51:21.353657 np0000007112 nova-conductor[95849]: DEBUG nova.conductor.manager [None req-cfce16d9-a3e9-4e64-b286-0c5f0e9a2f11 tempest-ServerRescueNegativeTestJSON-817897533 tempest-ServerRescueNegativeTestJSON-817897533-project-member] [instance: 3e08ef33-cb72-4309-9e42-eb1ae567accb] block_device_mapping [BlockDeviceMapping(attachment_id=,boot_index=0,connection_info=None,created_at=,delete_on_termination=True,deleted=,deleted_at=,destination_type='local',device_name=None,device_type='disk',disk_bus=None,encrypted=False,encryption_format=None,encryption_options=None,encryption_secret_uuid=None,guest_format=None,id=,image_id='e6106abd-7cce-4661-b275-8159d8045e00',instance=,instance_uuid=,no_device=False,snapshot_id=None,source_type='image',tag=None,updated_at=,uuid=,volume_id=None,volume_size=None,volume_type=None)] {{(pid=95849) _create_block_device_mapping /opt/stack/nova/nova/conductor/manager.py:1529}}
Aug 12 20:51:21.355246 np0000007112 nova-conductor[95849]: DEBUG oslo_concurrency.lockutils [None req-cfce16d9-a3e9-4e64-b286-0c5f0e9a2f11 tempest-ServerRescueNegativeTestJSON-817897533 tempest-ServerRescueNegativeTestJSON-817897533-project-member] Acquiring lock "4a4f8d13-4717-46e6-b5ac-032a19e4c036" by "nova.context.set_target_cell..get_or_set_cached_cell_and_set_connections" {{(pid=95849) inner /opt/stack/data/venv/lib/python3.12/site-packages/oslo_concurrency/lockutils.py:512}}
Aug 12 20:51:21.355393 np0000007112 nova-conductor[95849]: DEBUG oslo_concurrency.lockutils [None req-cfce16d9-a3e9-4e64-b286-0c5f0e9a2f11 tempest-ServerRescueNegativeTestJSON-817897533 tempest-ServerRescueNegativeTestJSON-817897533-project-member] Lock "4a4f8d13-4717-46e6-b5ac-032a19e4c036" acquired by "nova.context.set_target_cell..get_or_set_cached_cell_and_set_connections" :: waited 0.000s {{(pid=95849) inner /opt/stack/data/venv/lib/python3.12/site-packages/oslo_concurrency/lockutils.py:525}}
Aug 12 20:51:21.355497 np0000007112 nova-conductor[95849]: DEBUG oslo_concurrency.lockutils [None req-cfce16d9-a3e9-4e64-b286-0c5f0e9a2f11 tempest-ServerRescueNegativeTestJSON-817897533 tempest-ServerRescueNegativeTestJSON-817897533-project-member] Lock "4a4f8d13-4717-46e6-b5ac-032a19e4c036" "released" by "nova.context.set_target_cell..get_or_set_cached_cell_and_set_connections" :: held 0.000s {{(pid=95849) inner /opt/stack/data/venv/lib/python3.12/site-packages/oslo_concurrency/lockutils.py:544}}
Aug 12 20:51:21.388745 np0000007112 nova-conductor[95849]: DEBUG oslo_concurrency.lockutils [None req-cfce16d9-a3e9-4e64-b286-0c5f0e9a2f11 tempest-ServerRescueNegativeTestJSON-817897533 tempest-ServerRescueNegativeTestJSON-817897533-project-member] Acquiring lock "4a4f8d13-4717-46e6-b5ac-032a19e4c036" by "nova.context.set_target_cell..get_or_set_cached_cell_and_set_connections" {{(pid=95849) inner /opt/stack/data/venv/lib/python3.12/site-packages/oslo_concurrency/lockutils.py:512}}
Aug 12 20:51:21.388900 np0000007112 nova-conductor[95849]: DEBUG oslo_concurrency.lockutils [None req-cfce16d9-a3e9-4e64-b286-0c5f0e9a2f11 tempest-ServerRescueNegativeTestJSON-817897533 tempest-ServerRescueNegativeTestJSON-817897533-project-member] Lock "4a4f8d13-4717-46e6-b5ac-032a19e4c036" acquired by "nova.context.set_target_cell..get_or_set_cached_cell_and_set_connections" :: waited 0.000s {{(pid=95849) inner /opt/stack/data/venv/lib/python3.12/site-packages/oslo_concurrency/lockutils.py:525}}
Aug 12 20:51:21.389135 np0000007112 nova-conductor[95849]: DEBUG oslo_concurrency.lockutils [None req-cfce16d9-a3e9-4e64-b286-0c5f0e9a2f11 tempest-ServerRescueNegativeTestJSON-817897533 tempest-ServerRescueNegativeTestJSON-817897533-project-member] Lock "4a4f8d13-4717-46e6-b5ac-032a19e4c036" "released" by "nova.context.set_target_cell..get_or_set_cached_cell_and_set_connections" :: held 0.000s {{(pid=95849) inner /opt/stack/data/venv/lib/python3.12/site-packages/oslo_concurrency/lockutils.py:544}}
Aug 12 20:51:21.389324 np0000007112 nova-conductor[95849]: DEBUG oslo_concurrency.lockutils [None req-cfce16d9-a3e9-4e64-b286-0c5f0e9a2f11 tempest-ServerRescueNegativeTestJSON-817897533 tempest-ServerRescueNegativeTestJSON-817897533-project-member] Acquiring lock "compute-rpcapi-router" {{(pid=95849) lock /opt/stack/data/venv/lib/python3.12/site-packages/oslo_concurrency/lockutils.py:396}}
Aug 12 20:51:21.389405 np0000007112 nova-conductor[95849]: DEBUG oslo_concurrency.lockutils [None req-cfce16d9-a3e9-4e64-b286-0c5f0e9a2f11 tempest-ServerRescueNegativeTestJSON-817897533 tempest-ServerRescueNegativeTestJSON-817897533-project-member] Acquired lock "compute-rpcapi-router" {{(pid=95849) lock /opt/stack/data/venv/lib/python3.12/site-packages/oslo_concurrency/lockutils.py:399}}
Aug 12 20:51:21.389794 np0000007112 nova-conductor[95849]: DEBUG oslo_concurrency.lockutils [None req-63a8687a-f14b-4b86-8e53-7569c08cc847 None None] Acquiring lock "00000000-0000-0000-0000-000000000000" by "nova.context.set_target_cell..get_or_set_cached_cell_and_set_connections" {{(pid=95849) inner /opt/stack/data/venv/lib/python3.12/site-packages/oslo_concurrency/lockutils.py:512}}
Aug 12 20:51:21.389923 np0000007112 nova-conductor[95849]: DEBUG oslo_concurrency.lockutils [None req-63a8687a-f14b-4b86-8e53-7569c08cc847 None None] Lock "00000000-0000-0000-0000-000000000000" acquired by "nova.context.set_target_cell..get_or_set_cached_cell_and_set_connections" :: waited 0.000s {{(pid=95849) inner /opt/stack/data/venv/lib/python3.12/site-packages/oslo_concurrency/lockutils.py:525}}
Aug 12 20:51:21.390062 np0000007112 nova-conductor[95849]: DEBUG oslo_concurrency.lockutils [None req-63a8687a-f14b-4b86-8e53-7569c08cc847 None None] Lock "00000000-0000-0000-0000-000000000000" "released" by "nova.context.set_target_cell..get_or_set_cached_cell_and_set_connections" :: held 0.000s {{(pid=95849) inner /opt/stack/data/venv/lib/python3.12/site-packages/oslo_concurrency/lockutils.py:544}}
Aug 12 20:51:21.390631 np0000007112 nova-conductor[95849]: DEBUG oslo_concurrency.lockutils [None req-63a8687a-f14b-4b86-8e53-7569c08cc847 None None] Acquiring lock "4a4f8d13-4717-46e6-b5ac-032a19e4c036" by "nova.context.set_target_cell..get_or_set_cached_cell_and_set_connections" {{(pid=95849) inner /opt/stack/data/venv/lib/python3.12/site-packages/oslo_concurrency/lockutils.py:512}}
Aug 12 20:51:21.391466 np0000007112 nova-conductor[95849]: DEBUG oslo_concurrency.lockutils [None req-63a8687a-f14b-4b86-8e53-7569c08cc847 None None] Lock "4a4f8d13-4717-46e6-b5ac-032a19e4c036" acquired by "nova.context.set_target_cell..get_or_set_cached_cell_and_set_connections" :: waited 0.001s {{(pid=95849) inner /opt/stack/data/venv/lib/python3.12/site-packages/oslo_concurrency/lockutils.py:525}}
Aug 12 20:51:21.391692 np0000007112 nova-conductor[95849]: DEBUG oslo_concurrency.lockutils [None req-63a8687a-f14b-4b86-8e53-7569c08cc847 None None] Lock "4a4f8d13-4717-46e6-b5ac-032a19e4c036" "released" by "nova.context.set_target_cell..get_or_set_cached_cell_and_set_connections" :: held 0.000s {{(pid=95849) inner /opt/stack/data/venv/lib/python3.12/site-packages/oslo_concurrency/lockutils.py:544}}
Aug 12 20:51:21.397012 np0000007112 nova-conductor[95849]: INFO nova.compute.rpcapi [None req-63a8687a-f14b-4b86-8e53-7569c08cc847 None None] Automatically selected compute RPC version 6.5 from minimum service version 72
Aug 12 20:51:21.397391 np0000007112 nova-conductor[95849]: DEBUG oslo_concurrency.lockutils [None req-63a8687a-f14b-4b86-8e53-7569c08cc847 None None] Releasing lock "compute-rpcapi-router" {{(pid=95849) lock /opt/stack/data/venv/lib/python3.12/site-packages/oslo_concurrency/lockutils.py:419}}
Aug 12 20:51:24.851191 np0000007112 nova-conductor[95863]: DEBUG dbcounter [-] [95863] Writer thread running {{(pid=95863) stat_writer /opt/stack/data/venv/lib/python3.12/site-packages/dbcounter.py:102}}
Aug 12 20:51:25.025064 np0000007112 nova-conductor[95842]: DEBUG dbcounter [-] [95842] Writer thread running {{(pid=95842) stat_writer /opt/stack/data/venv/lib/python3.12/site-packages/dbcounter.py:102}}
Aug 12 20:51:25.296935 np0000007112 nova-conductor[95863]: DEBUG nova.conductor.manager [None req-0984ced7-1b42-4389-a824-55cf36428408 tempest-ServerActionsTestOtherB-1287093480 tempest-ServerActionsTestOtherB-1287093480-project-member] Took 0.44 seconds to select destinations for 1 instance(s). {{(pid=95863) _schedule_instances /opt/stack/nova/nova/conductor/manager.py:968}}
Aug 12 20:51:25.332331 np0000007112 nova-conductor[95863]: DEBUG oslo_concurrency.lockutils [None req-0984ced7-1b42-4389-a824-55cf36428408 tempest-ServerActionsTestOtherB-1287093480 tempest-ServerActionsTestOtherB-1287093480-project-member] Acquiring lock "4a4f8d13-4717-46e6-b5ac-032a19e4c036" by "nova.context.set_target_cell..get_or_set_cached_cell_and_set_connections" {{(pid=95863) inner /opt/stack/data/venv/lib/python3.12/site-packages/oslo_concurrency/lockutils.py:512}}
Aug 12 20:51:25.332607 np0000007112 nova-conductor[95863]: DEBUG oslo_concurrency.lockutils [None req-0984ced7-1b42-4389-a824-55cf36428408 tempest-ServerActionsTestOtherB-1287093480 tempest-ServerActionsTestOtherB-1287093480-project-member] Lock "4a4f8d13-4717-46e6-b5ac-032a19e4c036" acquired by "nova.context.set_target_cell..get_or_set_cached_cell_and_set_connections" :: waited 0.001s {{(pid=95863) inner /opt/stack/data/venv/lib/python3.12/site-packages/oslo_concurrency/lockutils.py:525}}
Aug 12 20:51:25.333696 np0000007112 nova-conductor[95863]: DEBUG oslo_concurrency.lockutils [None req-0984ced7-1b42-4389-a824-55cf36428408 tempest-ServerActionsTestOtherB-1287093480 tempest-ServerActionsTestOtherB-1287093480-project-member] Lock "4a4f8d13-4717-46e6-b5ac-032a19e4c036" "released" by "nova.context.set_target_cell..get_or_set_cached_cell_and_set_connections" :: held 0.001s {{(pid=95863) inner /opt/stack/data/venv/lib/python3.12/site-packages/oslo_concurrency/lockutils.py:544}}
Aug 12 20:51:25.335322 np0000007112 nova-conductor[95863]: INFO dbcounter [None req-0984ced7-1b42-4389-a824-55cf36428408 tempest-ServerActionsTestOtherB-1287093480 tempest-ServerActionsTestOtherB-1287093480-project-member] Registered counter for database nova_cell1
Aug 12 20:51:25.377574 np0000007112 nova-conductor[95863]: DEBUG oslo_db.sqlalchemy.engines [None req-0984ced7-1b42-4389-a824-55cf36428408 tempest-ServerActionsTestOtherB-1287093480 tempest-ServerActionsTestOtherB-1287093480-project-member] MySQL server mode set to STRICT_TRANS_TABLES,STRICT_ALL_TABLES,NO_ZERO_IN_DATE,NO_ZERO_DATE,ERROR_FOR_DIVISION_BY_ZERO,TRADITIONAL,NO_ENGINE_SUBSTITUTION {{(pid=95863) _check_effective_sql_mode /opt/stack/data/venv/lib/python3.12/site-packages/oslo_db/sqlalchemy/engines.py:325}}
Aug 12 20:51:25.391018 np0000007112 nova-conductor[95863]: DEBUG dbcounter [-] [95863] Writer thread running {{(pid=95863) stat_writer /opt/stack/data/venv/lib/python3.12/site-packages/dbcounter.py:102}}
Aug 12 20:51:25.447560 np0000007112 nova-conductor[95863]: INFO nova.utils [None req-0984ced7-1b42-4389-a824-55cf36428408 tempest-ServerActionsTestOtherB-1287093480 tempest-ServerActionsTestOtherB-1287093480-project-member] The cell worker thread pool ForkProcess-3.cell_worker is initialized
Aug 12 20:51:25.447827 np0000007112 nova-conductor[95863]: DEBUG oslo_concurrency.lockutils [None req-0984ced7-1b42-4389-a824-55cf36428408 tempest-ServerActionsTestOtherB-1287093480 tempest-ServerActionsTestOtherB-1287093480-project-member] Acquiring lock "00000000-0000-0000-0000-000000000000" by "nova.context.set_target_cell..get_or_set_cached_cell_and_set_connections" {{(pid=95863) inner /opt/stack/data/venv/lib/python3.12/site-packages/oslo_concurrency/lockutils.py:512}}
Aug 12 20:51:25.447982 np0000007112 nova-conductor[95863]: DEBUG oslo_concurrency.lockutils [None req-0984ced7-1b42-4389-a824-55cf36428408 tempest-ServerActionsTestOtherB-1287093480 tempest-ServerActionsTestOtherB-1287093480-project-member] Lock "00000000-0000-0000-0000-000000000000" acquired by "nova.context.set_target_cell..get_or_set_cached_cell_and_set_connections" :: waited 0.000s {{(pid=95863) inner /opt/stack/data/venv/lib/python3.12/site-packages/oslo_concurrency/lockutils.py:525}}
Aug 12 20:51:25.448301 np0000007112 nova-conductor[95863]: DEBUG oslo_concurrency.lockutils [None req-0984ced7-1b42-4389-a824-55cf36428408 tempest-ServerActionsTestOtherB-1287093480 tempest-ServerActionsTestOtherB-1287093480-project-member] Lock "00000000-0000-0000-0000-000000000000" "released" by "nova.context.set_target_cell..get_or_set_cached_cell_and_set_connections" :: held 0.000s {{(pid=95863) inner /opt/stack/data/venv/lib/python3.12/site-packages/oslo_concurrency/lockutils.py:544}}
Aug 12 20:51:25.448971 np0000007112 nova-conductor[95863]: DEBUG oslo_concurrency.lockutils [None req-0984ced7-1b42-4389-a824-55cf36428408 tempest-ServerActionsTestOtherB-1287093480 tempest-ServerActionsTestOtherB-1287093480-project-member] Acquiring lock "4a4f8d13-4717-46e6-b5ac-032a19e4c036" by "nova.context.set_target_cell..get_or_set_cached_cell_and_set_connections" {{(pid=95863) inner /opt/stack/data/venv/lib/python3.12/site-packages/oslo_concurrency/lockutils.py:512}}
