Aug 12 20:48:15.216491 np0000007112 devstack@neutron-api.service[87594]: DEBUG neutron.api.extensions [None req-14e7a2ce-237c-46a0-a7b5-0e2a18023249 None None] Ext name="Address scope" alias="address-scope" description="Address scopes extension." updated="2015-07-26T10:00:00-00:00" {{(pid=87594) _check_extension /opt/stack/neutron/neutron/api/extensions.py:415}}
Aug 12 20:48:15.216711 np0000007112 devstack@neutron-api.service[87594]: INFO neutron.api.extensions [None req-14e7a2ce-237c-46a0-a7b5-0e2a18023249 None None] Loaded extension: address-scope
Aug 12 20:48:15.216833 np0000007112 devstack@neutron-api.service[87594]: DEBUG neutron.api.extensions [None req-14e7a2ce-237c-46a0-a7b5-0e2a18023249 None None] Loading extension file: admin_state_down_before_update.py {{(pid=87594) _load_all_extensions_from_path /opt/stack/neutron/neutron/api/extensions.py:449}}
Aug 12 20:48:15.217144 np0000007112 devstack@neutron-api.service[87594]: DEBUG neutron.api.extensions [None req-14e7a2ce-237c-46a0-a7b5-0e2a18023249 None None] Ext name="Enforce Router's Admin State Down Before Update Extension" alias="router-admin-state-down-before-update" description="Ensure that the admin state of a router is DOWN (admin_state_up=False) before updating the distributed attribute" updated="2019-07-02T15:56:00" {{(pid=87594) _check_extension /opt/stack/neutron/neutron/api/extensions.py:415}}
Aug 12 20:48:15.217388 np0000007112 devstack@neutron-api.service[87594]: INFO neutron.api.extensions [None req-14e7a2ce-237c-46a0-a7b5-0e2a18023249 None None] Extension router-admin-state-down-before-update not supported by any of loaded plugins
Aug 12 20:48:15.217480 np0000007112 devstack@neutron-api.service[87594]: DEBUG neutron.api.extensions [None req-14e7a2ce-237c-46a0-a7b5-0e2a18023249 None None] Loading extension file: agent.py {{(pid=87594) _load_all_extensions_from_path /opt/stack/neutron/neutron/api/extensions.py:449}}
Aug 12 20:48:15.217863 np0000007112 devstack@neutron-api.service[87594]: DEBUG neutron.api.extensions [None req-14e7a2ce-237c-46a0-a7b5-0e2a18023249 None None] Ext name="agent" alias="agent" description="The agent management extension." updated="2013-02-03T10:00:00-00:00" {{(pid=87594) _check_extension /opt/stack/neutron/neutron/api/extensions.py:415}}
Aug 12 20:48:15.218079 np0000007112 devstack@neutron-api.service[87594]: INFO neutron.api.extensions [None req-14e7a2ce-237c-46a0-a7b5-0e2a18023249 None None] Loaded extension: agent
Aug 12 20:48:15.218223 np0000007112 devstack@neutron-api.service[87594]: DEBUG neutron.api.extensions [None req-14e7a2ce-237c-46a0-a7b5-0e2a18023249 None None] Loading extension file: agent_resources_synced.py {{(pid=87594) _load_all_extensions_from_path /opt/stack/neutron/neutron/api/extensions.py:449}}
Aug 12 20:48:15.219206 np0000007112 devstack@neutron-api.service[87594]: DEBUG neutron.api.extensions [None req-14e7a2ce-237c-46a0-a7b5-0e2a18023249 None None] Ext name="Agent's Resource View Synced to Placement" alias="agent-resources-synced" description="Stores success/failure of last sync to Placement" updated="2018-12-19T00:00:00-00:00" {{(pid=87594) _check_extension /opt/stack/neutron/neutron/api/extensions.py:415}}
Aug 12 20:48:15.219206 np0000007112 devstack@neutron-api.service[87594]: INFO neutron.api.extensions [None req-14e7a2ce-237c-46a0-a7b5-0e2a18023249 None None] Extension agent-resources-synced not supported by any of loaded plugins
Aug 12 20:48:15.219206 np0000007112 devstack@neutron-api.service[87594]: DEBUG neutron.api.extensions [None req-14e7a2ce-237c-46a0-a7b5-0e2a18023249 None None] Loading extension file: agent_sort_key.py {{(pid=87594) _load_all_extensions_from_path /opt/stack/neutron/neutron/api/extensions.py:449}}
Aug 12 20:48:15.219206 np0000007112 devstack@neutron-api.service[87594]: DEBUG neutron.api.extensions [None req-14e7a2ce-237c-46a0-a7b5-0e2a18023249 None None] Ext name="Agents Sort Key" alias="agent_sort_key" description="Enabling the keyword sort_key for sorting in agents." updated="2013-02-03T10:00:00-00:00" {{(pid=87594) _check_extension /opt/stack/neutron/neutron/api/extensions.py:415}}
Aug 12 20:48:15.219206 np0000007112 devstack@neutron-api.service[87594]: INFO neutron.api.extensions [None req-14e7a2ce-237c-46a0-a7b5-0e2a18023249 None None] Extension agent_sort_key not supported by any of loaded plugins
Aug 12 20:48:15.219206 np0000007112 devstack@neutron-api.service[87594]: DEBUG neutron.api.extensions [None req-14e7a2ce-237c-46a0-a7b5-0e2a18023249 None None] Loading extension file: allowedaddresspairs.py {{(pid=87594) _load_all_extensions_from_path /opt/stack/neutron/neutron/api/extensions.py:449}}
Aug 12 20:48:15.220209 np0000007112 devstack@neutron-api.service[87594]: DEBUG neutron.api.extensions [None req-14e7a2ce-237c-46a0-a7b5-0e2a18023249 None None] Ext name="Allowed Address Pairs" alias="allowed-address-pairs" description="Provides allowed address pairs" updated="2013-07-23T10:00:00-00:00" {{(pid=87594) _check_extension /opt/stack/neutron/neutron/api/extensions.py:415}}
Aug 12 20:48:15.220388 np0000007112 devstack@neutron-api.service[87594]: INFO neutron.api.extensions [None req-14e7a2ce-237c-46a0-a7b5-0e2a18023249 None None] Loaded extension: allowed-address-pairs
Aug 12 20:48:15.220520 np0000007112 devstack@neutron-api.service[87594]: DEBUG neutron.api.extensions [None req-14e7a2ce-237c-46a0-a7b5-0e2a18023249 None None] Loading extension file: auto_allocated_topology.py {{(pid=87594) _load_all_extensions_from_path /opt/stack/neutron/neutron/api/extensions.py:449}}
Aug 12 20:48:15.221334 np0000007112 devstack@neutron-api.service[87594]: DEBUG neutron.api.extensions [None req-14e7a2ce-237c-46a0-a7b5-0e2a18023249 None None] Ext name="Auto Allocated Topology Services" alias="auto-allocated-topology" description="Auto Allocated Topology Services." updated="2016-01-01T00:00:00-00:00" {{(pid=87594) _check_extension /opt/stack/neutron/neutron/api/extensions.py:415}}
Aug 12 20:48:15.221334 np0000007112 devstack@neutron-api.service[87594]: INFO neutron.api.extensions [None req-14e7a2ce-237c-46a0-a7b5-0e2a18023249 None None] Loaded extension: auto-allocated-topology
Aug 12 20:48:15.221334 np0000007112 devstack@neutron-api.service[87594]: DEBUG neutron.api.extensions [None req-14e7a2ce-237c-46a0-a7b5-0e2a18023249 None None] Loading extension file: availability_zone.py {{(pid=87594) _load_all_extensions_from_path /opt/stack/neutron/neutron/api/extensions.py:449}}
Aug 12 20:48:15.222000 np0000007112 devstack@neutron-api.service[87594]: DEBUG neutron.api.extensions [None req-14e7a2ce-237c-46a0-a7b5-0e2a18023249 None None] Ext name="Availability Zone" alias="availability_zone" description="The availability zone extension." updated="2015-01-01T10:00:00-00:00" {{(pid=87594) _check_extension /opt/stack/neutron/neutron/api/extensions.py:415}}
Aug 12 20:48:15.222208 np0000007112 devstack@neutron-api.service[87594]: INFO neutron.api.extensions [None req-14e7a2ce-237c-46a0-a7b5-0e2a18023249 None None] Loaded extension: availability_zone
Aug 12 20:48:15.223067 np0000007112 devstack@neutron-api.service[87594]: DEBUG neutron.api.extensions [None req-14e7a2ce-237c-46a0-a7b5-0e2a18023249 None None] Loading extension file: availability_zone_filter.py {{(pid=87594) _load_all_extensions_from_path /opt/stack/neutron/neutron/api/extensions.py:449}}
Aug 12 20:48:15.223067 np0000007112 devstack@neutron-api.service[87594]: DEBUG neutron.api.extensions [None req-14e7a2ce-237c-46a0-a7b5-0e2a18023249 None None] Ext name="Availability Zone Filter Extension" alias="availability_zone_filter" description="Add filter parameters to AvailabilityZone resource" updated="2018-06-22T10:00:00-00:00" {{(pid=87594) _check_extension /opt/stack/neutron/neutron/api/extensions.py:415}}
Aug 12 20:48:15.223067 np0000007112 devstack@neutron-api.service[87594]: INFO neutron.api.extensions [None req-14e7a2ce-237c-46a0-a7b5-0e2a18023249 None None] Extension availability_zone_filter not supported by any of loaded plugins
Aug 12 20:48:15.223067 np0000007112 devstack@neutron-api.service[87594]: DEBUG neutron.api.extensions [None req-14e7a2ce-237c-46a0-a7b5-0e2a18023249 None None] Loading extension file: data_plane_status.py {{(pid=87594) _load_all_extensions_from_path /opt/stack/neutron/neutron/api/extensions.py:449}}
Aug 12 20:48:15.223481 np0000007112 devstack@neutron-api.service[87594]: DEBUG neutron.api.extensions [None req-14e7a2ce-237c-46a0-a7b5-0e2a18023249 None None] Ext name="Port data plane status extension" alias="data-plane-status" description="Expose status of underlying data plane" updated="2017-01-24T10:00:00-00:00" {{(pid=87594) _check_extension /opt/stack/neutron/neutron/api/extensions.py:415}}
Aug 12 20:48:15.223481 np0000007112 devstack@neutron-api.service[87594]: INFO neutron.api.extensions [None req-14e7a2ce-237c-46a0-a7b5-0e2a18023249 None None] Extension data-plane-status not supported by any of loaded plugins
Aug 12 20:48:15.223481 np0000007112 devstack@neutron-api.service[87594]: DEBUG neutron.api.extensions [None req-14e7a2ce-237c-46a0-a7b5-0e2a18023249 None None] Loading extension file: default_subnetpools.py {{(pid=87594) _load_all_extensions_from_path /opt/stack/neutron/neutron/api/extensions.py:449}}
Aug 12 20:48:15.223875 np0000007112 devstack@neutron-api.service[87594]: DEBUG neutron.api.extensions [None req-14e7a2ce-237c-46a0-a7b5-0e2a18023249 None None] Ext name="Default Subnetpools" alias="default-subnetpools" description="Provides ability to mark and use a subnetpool as the default." updated="2016-02-18T18:00:00-00:00" {{(pid=87594) _check_extension /opt/stack/neutron/neutron/api/extensions.py:415}}
Aug 12 20:48:15.223985 np0000007112 devstack@neutron-api.service[87594]: INFO neutron.api.extensions [None req-14e7a2ce-237c-46a0-a7b5-0e2a18023249 None None] Loaded extension: default-subnetpools
Aug 12 20:48:15.224113 np0000007112 devstack@neutron-api.service[87594]: DEBUG neutron.api.extensions [None req-14e7a2ce-237c-46a0-a7b5-0e2a18023249 None None] Loading extension file: dhcpagentscheduler.py {{(pid=87594) _load_all_extensions_from_path /opt/stack/neutron/neutron/api/extensions.py:449}}
Aug 12 20:48:15.224548 np0000007112 devstack@neutron-api.service[87594]: DEBUG neutron.api.extensions [None req-14e7a2ce-237c-46a0-a7b5-0e2a18023249 None None] Ext name="DHCP Agent Scheduler" alias="dhcp_agent_scheduler" description="Schedule networks among dhcp agents" updated="2013-02-07T10:00:00-00:00" {{(pid=87594) _check_extension /opt/stack/neutron/neutron/api/extensions.py:415}}
Aug 12 20:48:15.224736 np0000007112 devstack@neutron-api.service[87594]: INFO neutron.api.extensions [None req-14e7a2ce-237c-46a0-a7b5-0e2a18023249 None None] Loaded extension: dhcp_agent_scheduler
Aug 12 20:48:15.224844 np0000007112 devstack@neutron-api.service[87594]: DEBUG neutron.api.extensions [None req-14e7a2ce-237c-46a0-a7b5-0e2a18023249 None None] Loading extension file: dns.py {{(pid=87594) _load_all_extensions_from_path /opt/stack/neutron/neutron/api/extensions.py:449}}
Aug 12 20:48:15.225128 np0000007112 devstack@neutron-api.service[87594]: DEBUG neutron.api.extensions [None req-14e7a2ce-237c-46a0-a7b5-0e2a18023249 None None] Ext name="DNS Integration" alias="dns-integration" description="Provides integration with DNS." updated="2015-08-15T18:00:00-00:00" {{(pid=87594) _check_extension /opt/stack/neutron/neutron/api/extensions.py:415}}
Aug 12 20:48:15.225325 np0000007112 devstack@neutron-api.service[87594]: INFO neutron.api.extensions [None req-14e7a2ce-237c-46a0-a7b5-0e2a18023249 None None] Loaded extension: dns-integration
Aug 12 20:48:15.225445 np0000007112 devstack@neutron-api.service[87594]: DEBUG neutron.api.extensions [None req-14e7a2ce-237c-46a0-a7b5-0e2a18023249 None None] Loading extension file: dns_domain_ports.py {{(pid=87594) _load_all_extensions_from_path /opt/stack/neutron/neutron/api/extensions.py:449}}
Aug 12 20:48:15.225742 np0000007112 devstack@neutron-api.service[87594]: DEBUG neutron.api.extensions [None req-14e7a2ce-237c-46a0-a7b5-0e2a18023249 None None] Ext name="dns_domain for ports" alias="dns-domain-ports" description="Allows the DNS domain to be specified for a network port." updated="2017-04-24T10:00:00-00:00" {{(pid=87594) _check_extension /opt/stack/neutron/neutron/api/extensions.py:415}}
Aug 12 20:48:15.225970 np0000007112 devstack@neutron-api.service[87594]: INFO neutron.api.extensions [None req-14e7a2ce-237c-46a0-a7b5-0e2a18023249 None None] Loaded extension: dns-domain-ports
Aug 12 20:48:15.226114 np0000007112 devstack@neutron-api.service[87594]: DEBUG neutron.api.extensions [None req-14e7a2ce-237c-46a0-a7b5-0e2a18023249 None None] Loading extension file: dns_integration_domain_keywords.py {{(pid=87594) _load_all_extensions_from_path /opt/stack/neutron/neutron/api/extensions.py:449}}
Aug 12 20:48:15.226404 np0000007112 devstack@neutron-api.service[87594]: DEBUG neutron.api.extensions [None req-14e7a2ce-237c-46a0-a7b5-0e2a18023249 None None] Ext name="DNS domain names with keywords allowed" alias="dns-integration-domain-keywords" description="Allows to use keywords like , , and as DNS domain name" updated="2020-06-15T18:00:00-00:00" {{(pid=87594) _check_extension /opt/stack/neutron/neutron/api/extensions.py:415}}
Aug 12 20:48:15.226611 np0000007112 devstack@neutron-api.service[87594]: INFO neutron.api.extensions [None req-14e7a2ce-237c-46a0-a7b5-0e2a18023249 None None] Loaded extension: dns-integration-domain-keywords
Aug 12 20:48:15.226720 np0000007112 devstack@neutron-api.service[87594]: DEBUG neutron.api.extensions [None req-14e7a2ce-237c-46a0-a7b5-0e2a18023249 None None] Loading extension file: dvr.py {{(pid=87594) _load_all_extensions_from_path /opt/stack/neutron/neutron/api/extensions.py:449}}
Aug 12 20:48:15.227063 np0000007112 devstack@neutron-api.service[87592]: DEBUG neutron_lib.callbacks.manager [None req-8e9ebdf4-841f-4e4a-9bfc-d1ec9096b58c None None] Subscribe: > router before_delete 55550000, False {{(pid=87592) subscribe /opt/stack/data/venv/lib/python3.12/site-packages/neutron_lib/callbacks/manager.py:52}}
Aug 12 20:48:15.227191 np0000007112 devstack@neutron-api.service[87594]: DEBUG neutron.api.extensions [None req-14e7a2ce-237c-46a0-a7b5-0e2a18023249 None None] Ext name="Distributed Virtual Router" alias="dvr" description="Enables configuration of Distributed Virtual Routers." updated="2014-06-1T10:00:00-00:00" {{(pid=87594) _check_extension /opt/stack/neutron/neutron/api/extensions.py:415}}
Aug 12 20:48:15.227350 np0000007112 devstack@neutron-api.service[87594]: INFO neutron.api.extensions [None req-14e7a2ce-237c-46a0-a7b5-0e2a18023249 None None] Extension dvr not supported by any of loaded plugins
Aug 12 20:48:15.227396 np0000007112 devstack@neutron-api.service[87592]: DEBUG neutron_lib.callbacks.manager [None req-8e9ebdf4-841f-4e4a-9bfc-d1ec9096b58c None None] Subscribe: port before_update 55550000, False {{(pid=87592) subscribe /opt/stack/data/venv/lib/python3.12/site-packages/neutron_lib/callbacks/manager.py:52}}
Aug 12 20:48:15.227445 np0000007112 devstack@neutron-api.service[87594]: DEBUG neutron.api.extensions [None req-14e7a2ce-237c-46a0-a7b5-0e2a18023249 None None] Loading extension file: ecmp_routes.py {{(pid=87594) _load_all_extensions_from_path /opt/stack/neutron/neutron/api/extensions.py:449}}
Aug 12 20:48:15.227543 np0000007112 devstack@neutron-api.service[87592]: DEBUG neutron_lib.callbacks.manager [None req-8e9ebdf4-841f-4e4a-9bfc-d1ec9096b58c None None] Subscribe: port after_update 55550000, False {{(pid=87592) subscribe /opt/stack/data/venv/lib/python3.12/site-packages/neutron_lib/callbacks/manager.py:52}}
Aug 12 20:48:15.227714 np0000007112 devstack@neutron-api.service[87592]: DEBUG neutron_lib.callbacks.manager [None req-8e9ebdf4-841f-4e4a-9bfc-d1ec9096b58c None None] Subscribe: > port precommit_delete 55550000, False {{(pid=87592) subscribe /opt/stack/data/venv/lib/python3.12/site-packages/neutron_lib/callbacks/manager.py:52}}
Aug 12 20:48:15.227766 np0000007112 devstack@neutron-api.service[87594]: DEBUG neutron.api.extensions [None req-14e7a2ce-237c-46a0-a7b5-0e2a18023249 None None] Ext name="Equal Cost Multipath Routing" alias="ecmp_routes" description="Allows traffic to reach thesame destination via multiple different links " updated="2020-11-26T18:00:00-00:00" {{(pid=87594) _check_extension /opt/stack/neutron/neutron/api/extensions.py:415}}
Aug 12 20:48:15.227824 np0000007112 devstack@neutron-api.service[87592]: DEBUG neutron_lib.callbacks.manager [None req-8e9ebdf4-841f-4e4a-9bfc-d1ec9096b58c None None] Subscribe: port before_update 55550000, False {{(pid=87592) subscribe /opt/stack/data/venv/lib/python3.12/site-packages/neutron_lib/callbacks/manager.py:52}}
Aug 12 20:48:15.227987 np0000007112 devstack@neutron-api.service[87592]: DEBUG neutron_lib.callbacks.manager [None req-8e9ebdf4-841f-4e4a-9bfc-d1ec9096b58c None None] Subscribe: port before_delete 55550000, False {{(pid=87592) subscribe /opt/stack/data/venv/lib/python3.12/site-packages/neutron_lib/callbacks/manager.py:52}}
Aug 12 20:48:15.228055 np0000007112 devstack@neutron-api.service[87594]: INFO neutron.api.extensions [None req-14e7a2ce-237c-46a0-a7b5-0e2a18023249 None None] Extension ecmp_routes not supported by any of loaded plugins
Aug 12 20:48:15.228055 np0000007112 devstack@neutron-api.service[87594]: DEBUG neutron.api.extensions [None req-14e7a2ce-237c-46a0-a7b5-0e2a18023249 None None] Loading extension file: empty_string_filtering.py {{(pid=87594) _load_all_extensions_from_path /opt/stack/neutron/neutron/api/extensions.py:449}}
Aug 12 20:48:15.228229 np0000007112 devstack@neutron-api.service[87592]: DEBUG neutron_lib.callbacks.manager [None req-8e9ebdf4-841f-4e4a-9bfc-d1ec9096b58c None None] Subscribe: > router precommit_create 55550000, False {{(pid=87592) subscribe /opt/stack/data/venv/lib/python3.12/site-packages/neutron_lib/callbacks/manager.py:52}}
Aug 12 20:48:15.228229 np0000007112 devstack@neutron-api.service[87592]: DEBUG neutron_lib.callbacks.manager [None req-8e9ebdf4-841f-4e4a-9bfc-d1ec9096b58c None None] Subscribe: > router precommit_create 55550000, False {{(pid=87592) subscribe /opt/stack/data/venv/lib/python3.12/site-packages/neutron_lib/callbacks/manager.py:52}}
Aug 12 20:48:15.228497 np0000007112 devstack@neutron-api.service[87594]: DEBUG neutron.api.extensions [None req-14e7a2ce-237c-46a0-a7b5-0e2a18023249 None None] Ext name="Empty String Filtering Extension" alias="empty-string-filtering" description="Allow filtering by attributes with empty string value" updated="2018-05-01T10:00:00-00:00" {{(pid=87594) _check_extension /opt/stack/neutron/neutron/api/extensions.py:415}}
Aug 12 20:48:15.228644 np0000007112 devstack@neutron-api.service[87592]: DEBUG neutron_lib.callbacks.manager [None req-8e9ebdf4-841f-4e4a-9bfc-d1ec9096b58c None None] Subscribe: > router precommit_update 55550000, False {{(pid=87592) subscribe /opt/stack/data/venv/lib/python3.12/site-packages/neutron_lib/callbacks/manager.py:52}}
Aug 12 20:48:15.228644 np0000007112 devstack@neutron-api.service[87592]: DEBUG neutron_lib.callbacks.manager [None req-8e9ebdf4-841f-4e4a-9bfc-d1ec9096b58c None None] Subscribe: subnet after_update 55550000, False {{(pid=87592) subscribe /opt/stack/data/venv/lib/python3.12/site-packages/neutron_lib/callbacks/manager.py:52}}
Aug 12 20:48:15.228845 np0000007112 devstack@neutron-api.service[87594]: INFO neutron.api.extensions [None req-14e7a2ce-237c-46a0-a7b5-0e2a18023249 None None] Loaded extension: empty-string-filtering
Aug 12 20:48:15.228845 np0000007112 devstack@neutron-api.service[87594]: DEBUG neutron.api.extensions [None req-14e7a2ce-237c-46a0-a7b5-0e2a18023249 None None] Loading extension file: evpn.py {{(pid=87594) _load_all_extensions_from_path /opt/stack/neutron/neutron/api/extensions.py:449}}
Aug 12 20:48:15.229056 np0000007112 devstack@neutron-api.service[87592]: DEBUG neutron.quota.resource_registry [None req-8e9ebdf4-841f-4e4a-9bfc-d1ec9096b58c None None] Tracking information for resource: router configured {{(pid=87592) set_tracked_resource /opt/stack/neutron/neutron/quota/resource_registry.py:203}}
Aug 12 20:48:15.229056 np0000007112 devstack@neutron-api.service[87592]: DEBUG neutron.quota.resource_registry [None req-8e9ebdf4-841f-4e4a-9bfc-d1ec9096b58c None None] Tracking information for resource: floatingip configured {{(pid=87592) set_tracked_resource /opt/stack/neutron/neutron/quota/resource_registry.py:203}}
Aug 12 20:48:15.229204 np0000007112 devstack@neutron-api.service[87594]: DEBUG neutron.api.extensions [None req-14e7a2ce-237c-46a0-a7b5-0e2a18023249 None None] Ext name="EVPN" alias="evpn" description="Router extension to support EVPN Type-5 route advertisement" updated="2026-04-28T00:00:00-00:00" {{(pid=87594) _check_extension /opt/stack/neutron/neutron/api/extensions.py:415}}
Aug 12 20:48:15.229258 np0000007112 devstack@neutron-api.service[87592]: INFO neutron.services.ovn_l3.plugin [None req-8e9ebdf4-841f-4e4a-9bfc-d1ec9096b58c None None] Starting OVNL3RouterPlugin
Aug 12 20:48:15.229393 np0000007112 devstack@neutron-api.service[87594]: INFO neutron.api.extensions [None req-14e7a2ce-237c-46a0-a7b5-0e2a18023249 None None] Extension evpn not supported by any of loaded plugins
Aug 12 20:48:15.229393 np0000007112 devstack@neutron-api.service[87594]: DEBUG neutron.api.extensions [None req-14e7a2ce-237c-46a0-a7b5-0e2a18023249 None None] Loading extension file: expose_l3_conntrack_helper.py {{(pid=87594) _load_all_extensions_from_path /opt/stack/neutron/neutron/api/extensions.py:449}}
Aug 12 20:48:15.229556 np0000007112 devstack@neutron-api.service[87592]: DEBUG neutron_lib.callbacks.manager [None req-8e9ebdf4-841f-4e4a-9bfc-d1ec9096b58c None None] Subscribe: > port_forwarding_plugin after_init 55550000, False {{(pid=87592) subscribe /opt/stack/data/venv/lib/python3.12/site-packages/neutron_lib/callbacks/manager.py:52}}
Aug 12 20:48:15.229737 np0000007112 devstack@neutron-api.service[87594]: DEBUG neutron.api.extensions [None req-14e7a2ce-237c-46a0-a7b5-0e2a18023249 None None] Ext name="Expose CT target rules for conntrack helper" alias="expose-l3-conntrack-helper" description="Expose allow adding CT target rules for conntrack helper" updated="2019-04-04T10:00:00-00:00" {{(pid=87594) _check_extension /opt/stack/neutron/neutron/api/extensions.py:415}}
Aug 12 20:48:15.229788 np0000007112 devstack@neutron-api.service[87592]: DEBUG neutron_lib.callbacks.manager [None req-8e9ebdf4-841f-4e4a-9bfc-d1ec9096b58c None None] Subscribe: > router before_create 55550100, False {{(pid=87592) subscribe /opt/stack/data/venv/lib/python3.12/site-packages/neutron_lib/callbacks/manager.py:52}}
Aug 12 20:48:15.229923 np0000007112 devstack@neutron-api.service[87594]: INFO neutron.api.extensions [None req-14e7a2ce-237c-46a0-a7b5-0e2a18023249 None None] Extension expose-l3-conntrack-helper not supported by any of loaded plugins
Aug 12 20:48:15.229988 np0000007112 devstack@neutron-api.service[87592]: DEBUG neutron_lib.callbacks.manager [None req-8e9ebdf4-841f-4e4a-9bfc-d1ec9096b58c None None] Subscribe: > router precommit_delete 55550100, False {{(pid=87592) subscribe /opt/stack/data/venv/lib/python3.12/site-packages/neutron_lib/callbacks/manager.py:52}}
Aug 12 20:48:15.230109 np0000007112 devstack@neutron-api.service[87594]: DEBUG neutron.api.extensions [None req-14e7a2ce-237c-46a0-a7b5-0e2a18023249 None None] Loading extension file: expose_port_forwarding_in_fip.py {{(pid=87594) _load_all_extensions_from_path /opt/stack/neutron/neutron/api/extensions.py:449}}
Aug 12 20:48:15.230227 np0000007112 devstack@neutron-api.service[87592]: DEBUG neutron_lib.callbacks.manager [None req-8e9ebdf4-841f-4e4a-9bfc-d1ec9096b58c None None] Subscribe: > router precommit_create 55550100, False {{(pid=87592) subscribe /opt/stack/data/venv/lib/python3.12/site-packages/neutron_lib/callbacks/manager.py:52}}
Aug 12 20:48:15.230227 np0000007112 devstack@neutron-api.service[87592]: DEBUG neutron_lib.callbacks.manager [None req-8e9ebdf4-841f-4e4a-9bfc-d1ec9096b58c None None] Subscribe: > router precommit_update 55550100, False {{(pid=87592) subscribe /opt/stack/data/venv/lib/python3.12/site-packages/neutron_lib/callbacks/manager.py:52}}
Aug 12 20:48:15.230400 np0000007112 devstack@neutron-api.service[87594]: DEBUG neutron.api.extensions [None req-14e7a2ce-237c-46a0-a7b5-0e2a18023249 None None] Ext name="Expose Floating IP port forwardings" alias="expose-port-forwarding-in-fip" description="Expose port forwarding fields in floating IP response" updated="2018-06-28T16:00:00-00:00" {{(pid=87594) _check_extension /opt/stack/neutron/neutron/api/extensions.py:415}}
Aug 12 20:48:15.230549 np0000007112 devstack@neutron-api.service[87594]: INFO neutron.api.extensions [None req-14e7a2ce-237c-46a0-a7b5-0e2a18023249 None None] Extension expose-port-forwarding-in-fip not supported by any of loaded plugins
Aug 12 20:48:15.230652 np0000007112 devstack@neutron-api.service[87594]: DEBUG neutron.api.extensions [None req-14e7a2ce-237c-46a0-a7b5-0e2a18023249 None None] Loading extension file: external_net.py {{(pid=87594) _load_all_extensions_from_path /opt/stack/neutron/neutron/api/extensions.py:449}}
Aug 12 20:48:15.230941 np0000007112 devstack@neutron-api.service[87594]: DEBUG neutron.api.extensions [None req-14e7a2ce-237c-46a0-a7b5-0e2a18023249 None None] Ext name="Neutron external network" alias="external-net" description="Adds external network attribute to network resource." updated="2013-01-14T10:00:00-00:00" {{(pid=87594) _check_extension /opt/stack/neutron/neutron/api/extensions.py:415}}
Aug 12 20:48:15.231150 np0000007112 devstack@neutron-api.service[87594]: INFO neutron.api.extensions [None req-14e7a2ce-237c-46a0-a7b5-0e2a18023249 None None] Loaded extension: external-net
Aug 12 20:48:15.231293 np0000007112 devstack@neutron-api.service[87594]: DEBUG neutron.api.extensions [None req-14e7a2ce-237c-46a0-a7b5-0e2a18023249 None None] Loading extension file: extra_dhcp_opt.py {{(pid=87594) _load_all_extensions_from_path /opt/stack/neutron/neutron/api/extensions.py:449}}
Aug 12 20:48:15.231551 np0000007112 devstack@neutron-api.service[87594]: DEBUG neutron.api.extensions [None req-14e7a2ce-237c-46a0-a7b5-0e2a18023249 None None] Ext name="Neutron Extra DHCP options" alias="extra_dhcp_opt" description="Extra options configuration for DHCP. For example PXE boot options to DHCP clients can be specified (e.g. tftp-server, server-ip-address, bootfile-name)" updated="2013-03-17T12:00:00-00:00" {{(pid=87594) _check_extension /opt/stack/neutron/neutron/api/extensions.py:415}}
Aug 12 20:48:15.231790 np0000007112 devstack@neutron-api.service[87594]: INFO neutron.api.extensions [None req-14e7a2ce-237c-46a0-a7b5-0e2a18023249 None None] Loaded extension: extra_dhcp_opt
Aug 12 20:48:15.231922 np0000007112 devstack@neutron-api.service[87594]: DEBUG neutron.api.extensions [None req-14e7a2ce-237c-46a0-a7b5-0e2a18023249 None None] Loading extension file: extraroute.py {{(pid=87594) _load_all_extensions_from_path /opt/stack/neutron/neutron/api/extensions.py:449}}
Aug 12 20:48:15.232202 np0000007112 devstack@neutron-api.service[87594]: DEBUG neutron.api.extensions [None req-14e7a2ce-237c-46a0-a7b5-0e2a18023249 None None] Ext name="Neutron Extra Route" alias="extraroute" description="Extra routes configuration for L3 router" updated="2013-02-01T10:00:00-00:00" {{(pid=87594) _check_extension /opt/stack/neutron/neutron/api/extensions.py:415}}
Aug 12 20:48:15.232412 np0000007112 devstack@neutron-api.service[87594]: INFO neutron.api.extensions [None req-14e7a2ce-237c-46a0-a7b5-0e2a18023249 None None] Loaded extension: extraroute
Aug 12 20:48:15.232532 np0000007112 devstack@neutron-api.service[87594]: DEBUG neutron.api.extensions [None req-14e7a2ce-237c-46a0-a7b5-0e2a18023249 None None] Loading extension file: extraroute_atomic.py {{(pid=87594) _load_all_extensions_from_path /opt/stack/neutron/neutron/api/extensions.py:449}}
Aug 12 20:48:15.232857 np0000007112 devstack@neutron-api.service[87594]: DEBUG neutron.api.extensions [None req-14e7a2ce-237c-46a0-a7b5-0e2a18023249 None None] Ext name="Atomically add/remove extra routes" alias="extraroute-atomic" description="Edit extra routes of a router on server side by atomically adding/removing extra routes" updated="2019-07-10T00:00:00+00:00" {{(pid=87594) _check_extension /opt/stack/neutron/neutron/api/extensions.py:415}}
Aug 12 20:48:15.233094 np0000007112 devstack@neutron-api.service[87594]: INFO neutron.api.extensions [None req-14e7a2ce-237c-46a0-a7b5-0e2a18023249 None None] Loaded extension: extraroute-atomic
Aug 12 20:48:15.233201 np0000007112 devstack@neutron-api.service[87594]: DEBUG neutron.api.extensions [None req-14e7a2ce-237c-46a0-a7b5-0e2a18023249 None None] Loading extension file: filter_validation.py {{(pid=87594) _load_all_extensions_from_path /opt/stack/neutron/neutron/api/extensions.py:449}}
Aug 12 20:48:15.233529 np0000007112 devstack@neutron-api.service[87594]: DEBUG neutron.api.extensions [None req-14e7a2ce-237c-46a0-a7b5-0e2a18023249 None None] Ext name="Filter parameters validation" alias="filter-validation" description="Provides validation on filter parameters." updated="2018-07-04T10:00:00-00:00" {{(pid=87594) _check_extension /opt/stack/neutron/neutron/api/extensions.py:415}}
Aug 12 20:48:15.233777 np0000007112 devstack@neutron-api.service[87594]: INFO neutron.api.extensions [None req-14e7a2ce-237c-46a0-a7b5-0e2a18023249 None None] Loaded extension: filter-validation
Aug 12 20:48:15.233903 np0000007112 devstack@neutron-api.service[87594]: DEBUG neutron.api.extensions [None req-14e7a2ce-237c-46a0-a7b5-0e2a18023249 None None] Loading extension file: fip_pf_description.py {{(pid=87594) _load_all_extensions_from_path /opt/stack/neutron/neutron/api/extensions.py:449}}
Aug 12 20:48:15.234189 np0000007112 devstack@neutron-api.service[87594]: DEBUG neutron.api.extensions [None req-14e7a2ce-237c-46a0-a7b5-0e2a18023249 None None] Ext name="Floating IP Port Forwarding new attribute description" alias="floating-ip-port-forwarding-description" description="Add a description field to Port Forwarding rules" updated="2019-11-01T10:00:00-00:00" {{(pid=87594) _check_extension /opt/stack/neutron/neutron/api/extensions.py:415}}
Aug 12 20:48:15.234433 np0000007112 devstack@neutron-api.service[87594]: INFO neutron.api.extensions [None req-14e7a2ce-237c-46a0-a7b5-0e2a18023249 None None] Extension floating-ip-port-forwarding-description not supported by any of loaded plugins
Aug 12 20:48:15.234539 np0000007112 devstack@neutron-api.service[87594]: DEBUG neutron.api.extensions [None req-14e7a2ce-237c-46a0-a7b5-0e2a18023249 None None] Loading extension file: fip_pf_detail.py {{(pid=87594) _load_all_extensions_from_path /opt/stack/neutron/neutron/api/extensions.py:449}}
Aug 12 20:48:15.234790 np0000007112 devstack@neutron-api.service[87594]: DEBUG neutron.api.extensions [None req-14e7a2ce-237c-46a0-a7b5-0e2a18023249 None None] Ext name="Floating IP port forwarding detail" alias="floating-ip-port-forwarding-detail" description="Allow list floating ip return more port forwarding data, include'id' and 'internal_port_id'" updated="2022-05-06T10:00:00-00:00" {{(pid=87594) _check_extension /opt/stack/neutron/neutron/api/extensions.py:415}}
Aug 12 20:48:15.235023 np0000007112 devstack@neutron-api.service[87594]: INFO neutron.api.extensions [None req-14e7a2ce-237c-46a0-a7b5-0e2a18023249 None None] Loaded extension: floating-ip-port-forwarding-detail
Aug 12 20:48:15.235092 np0000007112 devstack@neutron-api.service[87592]: DEBUG neutron.services.provider_configuration [None req-8e9ebdf4-841f-4e4a-9bfc-d1ec9096b58c None None] Service providers = [] {{(pid=87592) parse_service_provider_opt /opt/stack/neutron/neutron/services/provider_configuration.py:170}}
Aug 12 20:48:15.235233 np0000007112 devstack@neutron-api.service[87594]: DEBUG neutron.api.extensions [None req-14e7a2ce-237c-46a0-a7b5-0e2a18023249 None None] Loading extension file: fip_pf_port_range.py {{(pid=87594) _load_all_extensions_from_path /opt/stack/neutron/neutron/api/extensions.py:449}}
Aug 12 20:48:15.235280 np0000007112 devstack@neutron-api.service[87592]: DEBUG neutron.db.servicetype_db [None req-8e9ebdf4-841f-4e4a-9bfc-d1ec9096b58c None None] Adding provider configuration for service L3_ROUTER_NAT {{(pid=87592) add_provider_configuration /opt/stack/neutron/neutron/db/servicetype_db.py:45}}
Aug 12 20:48:15.235465 np0000007112 devstack@neutron-api.service[87594]: DEBUG neutron.api.extensions [None req-14e7a2ce-237c-46a0-a7b5-0e2a18023249 None None] Ext name="Floating IP Port Forwarding support port ranges" alias="floating-ip-port-forwarding-port-ranges" description="Add support to port ranges" updated="2020-07-01T10:00:00-00:00" {{(pid=87594) _check_extension /opt/stack/neutron/neutron/api/extensions.py:415}}
Aug 12 20:48:15.235671 np0000007112 devstack@neutron-api.service[87594]: INFO neutron.api.extensions [None req-14e7a2ce-237c-46a0-a7b5-0e2a18023249 None None] Extension floating-ip-port-forwarding-port-ranges not supported by any of loaded plugins
Aug 12 20:48:15.235853 np0000007112 devstack@neutron-api.service[87594]: DEBUG neutron.api.extensions [None req-14e7a2ce-237c-46a0-a7b5-0e2a18023249 None None] Loading extension file: fip_port_details.py {{(pid=87594) _load_all_extensions_from_path /opt/stack/neutron/neutron/api/extensions.py:449}}
Aug 12 20:48:15.236129 np0000007112 devstack@neutron-api.service[87594]: DEBUG neutron.api.extensions [None req-14e7a2ce-237c-46a0-a7b5-0e2a18023249 None None] Ext name="Floating IP Port Details Extension" alias="fip-port-details" description="Add port_details attribute to Floating IP resource" updated="2018-04-09T10:00:00-00:00" {{(pid=87594) _check_extension /opt/stack/neutron/neutron/api/extensions.py:415}}
Aug 12 20:48:15.236316 np0000007112 devstack@neutron-api.service[87594]: INFO neutron.api.extensions [None req-14e7a2ce-237c-46a0-a7b5-0e2a18023249 None None] Loaded extension: fip-port-details
Aug 12 20:48:15.236499 np0000007112 devstack@neutron-api.service[87594]: DEBUG neutron.api.extensions [None req-14e7a2ce-237c-46a0-a7b5-0e2a18023249 None None] Loading extension file: flavors.py {{(pid=87594) _load_all_extensions_from_path /opt/stack/neutron/neutron/api/extensions.py:449}}
Aug 12 20:48:15.236820 np0000007112 devstack@neutron-api.service[87594]: DEBUG neutron.api.extensions [None req-14e7a2ce-237c-46a0-a7b5-0e2a18023249 None None] Ext name="Neutron Service Flavors" alias="flavors" description="Flavor specification for Neutron advanced services." updated="2015-09-17T10:00:00-00:00" {{(pid=87594) _check_extension /opt/stack/neutron/neutron/api/extensions.py:415}}
Aug 12 20:48:15.236998 np0000007112 devstack@neutron-api.service[87592]: DEBUG neutron_lib.callbacks.manager [None req-8e9ebdf4-841f-4e4a-9bfc-d1ec9096b58c None None] Subscribe: > router precommit_create 55549900, False {{(pid=87592) subscribe /opt/stack/data/venv/lib/python3.12/site-packages/neutron_lib/callbacks/manager.py:52}}
Aug 12 20:48:15.237052 np0000007112 devstack@neutron-api.service[87594]: INFO neutron.api.extensions [None req-14e7a2ce-237c-46a0-a7b5-0e2a18023249 None None] Loaded extension: flavors
Aug 12 20:48:15.237196 np0000007112 devstack@neutron-api.service[87592]: DEBUG neutron_lib.callbacks.manager [None req-8e9ebdf4-841f-4e4a-9bfc-d1ec9096b58c None None] Subscribe: > router_interface after_create 55550000, False {{(pid=87592) subscribe /opt/stack/data/venv/lib/python3.12/site-packages/neutron_lib/callbacks/manager.py:52}}
Aug 12 20:48:15.237307 np0000007112 devstack@neutron-api.service[87594]: DEBUG neutron.api.extensions [None req-14e7a2ce-237c-46a0-a7b5-0e2a18023249 None None] Loading extension file: floating_ip_port_forwarding.py {{(pid=87594) _load_all_extensions_from_path /opt/stack/neutron/neutron/api/extensions.py:449}}
Aug 12 20:48:15.237443 np0000007112 devstack@neutron-api.service[87592]: DEBUG neutron_lib.callbacks.manager [None req-8e9ebdf4-841f-4e4a-9bfc-d1ec9096b58c None None] Subscribe: > floatingip after_create 55550000, False {{(pid=87592) subscribe /opt/stack/data/venv/lib/python3.12/site-packages/neutron_lib/callbacks/manager.py:52}}
Aug 12 20:48:15.237443 np0000007112 devstack@neutron-api.service[87592]: DEBUG neutron_lib.callbacks.manager [None req-8e9ebdf4-841f-4e4a-9bfc-d1ec9096b58c None None] Subscribe: > floatingip precommit_create 55550000, False {{(pid=87592) subscribe /opt/stack/data/venv/lib/python3.12/site-packages/neutron_lib/callbacks/manager.py:52}}
Aug 12 20:48:15.237687 np0000007112 devstack@neutron-api.service[87592]: DEBUG neutron_lib.callbacks.manager [None req-8e9ebdf4-841f-4e4a-9bfc-d1ec9096b58c None None] Subscribe: > floatingip precommit_update 55550000, False {{(pid=87592) subscribe /opt/stack/data/venv/lib/python3.12/site-packages/neutron_lib/callbacks/manager.py:52}}
Aug 12 20:48:15.237736 np0000007112 devstack@neutron-api.service[87594]: DEBUG neutron.api.extensions [None req-14e7a2ce-237c-46a0-a7b5-0e2a18023249 None None] Ext name="Floating IP Port Forwarding" alias="floating-ip-port-forwarding" description="Allow port forwarding from floating IP port to an internal port" updated="2018-01-19T10:00:00-00:00" {{(pid=87594) _check_extension /opt/stack/neutron/neutron/api/extensions.py:415}}
Aug 12 20:48:15.237837 np0000007112 devstack@neutron-api.service[87592]: DEBUG neutron_lib.callbacks.manager [None req-8e9ebdf4-841f-4e4a-9bfc-d1ec9096b58c None None] Subscribe: > floatingip after_delete 55550000, False {{(pid=87592) subscribe /opt/stack/data/venv/lib/python3.12/site-packages/neutron_lib/callbacks/manager.py:52}}
Aug 12 20:48:15.237886 np0000007112 devstack@neutron-api.service[87594]: INFO neutron.api.extensions [None req-14e7a2ce-237c-46a0-a7b5-0e2a18023249 None None] Extension floating-ip-port-forwarding not supported by any of loaded plugins
Aug 12 20:48:15.238060 np0000007112 devstack@neutron-api.service[87592]: DEBUG neutron_lib.callbacks.manager [None req-8e9ebdf4-841f-4e4a-9bfc-d1ec9096b58c None None] Subscribe: > floatingip after_status_update 55550000, False {{(pid=87592) subscribe /opt/stack/data/venv/lib/python3.12/site-packages/neutron_lib/callbacks/manager.py:52}}
Aug 12 20:48:15.238158 np0000007112 devstack@neutron-api.service[87594]: DEBUG neutron.api.extensions [None req-14e7a2ce-237c-46a0-a7b5-0e2a18023249 None None] Loading extension file: floatingip_pools.py {{(pid=87594) _load_all_extensions_from_path /opt/stack/neutron/neutron/api/extensions.py:449}}
Aug 12 20:48:15.238307 np0000007112 devstack@neutron-api.service[87592]: DEBUG neutron_lib.callbacks.manager [None req-8e9ebdf4-841f-4e4a-9bfc-d1ec9096b58c None None] Subscribe: > floatingip after_update 55550000, False {{(pid=87592) subscribe /opt/stack/data/venv/lib/python3.12/site-packages/neutron_lib/callbacks/manager.py:52}}
Aug 12 20:48:15.238307 np0000007112 devstack@neutron-api.service[87592]: DEBUG neutron_lib.callbacks.manager [None req-8e9ebdf4-841f-4e4a-9bfc-d1ec9096b58c None None] Subscribe: > port_forwarding after_create 55550000, False {{(pid=87592) subscribe /opt/stack/data/venv/lib/python3.12/site-packages/neutron_lib/callbacks/manager.py:52}}
Aug 12 20:48:15.238497 np0000007112 devstack@neutron-api.service[87594]: DEBUG neutron.api.extensions [None req-14e7a2ce-237c-46a0-a7b5-0e2a18023249 None None] Ext name="Floating IP Pools Extension" alias="floatingip-pools" description="Provides a floating IP pools API." updated="2018-03-21T10:00:00-00:00" {{(pid=87594) _check_extension /opt/stack/neutron/neutron/api/extensions.py:415}}
Aug 12 20:48:15.238644 np0000007112 devstack@neutron-api.service[87592]: DEBUG neutron_lib.callbacks.manager [None req-8e9ebdf4-841f-4e4a-9bfc-d1ec9096b58c None None] Subscribe: > router_interface after_delete 55550000, False {{(pid=87592) subscribe /opt/stack/data/venv/lib/python3.12/site-packages/neutron_lib/callbacks/manager.py:52}}
Aug 12 20:48:15.238644 np0000007112 devstack@neutron-api.service[87592]: DEBUG neutron_lib.callbacks.manager [None req-8e9ebdf4-841f-4e4a-9bfc-d1ec9096b58c None None] Subscribe: > router after_create 55550000, False {{(pid=87592) subscribe /opt/stack/data/venv/lib/python3.12/site-packages/neutron_lib/callbacks/manager.py:52}}
Aug 12 20:48:15.238829 np0000007112 devstack@neutron-api.service[87594]: INFO neutron.api.extensions [None req-14e7a2ce-237c-46a0-a7b5-0e2a18023249 None None] Loaded extension: floatingip-pools
Aug 12 20:48:15.238925 np0000007112 devstack@neutron-api.service[87592]: DEBUG neutron_lib.callbacks.manager [None req-8e9ebdf4-841f-4e4a-9bfc-d1ec9096b58c None None] Subscribe: > router precommit_create 55550000, False {{(pid=87592) subscribe /opt/stack/data/venv/lib/python3.12/site-packages/neutron_lib/callbacks/manager.py:52}}
Aug 12 20:48:15.239004 np0000007112 devstack@neutron-api.service[87594]: DEBUG neutron.api.extensions [None req-14e7a2ce-237c-46a0-a7b5-0e2a18023249 None None] Loading extension file: ip_allocation.py {{(pid=87594) _load_all_extensions_from_path /opt/stack/neutron/neutron/api/extensions.py:449}}
Aug 12 20:48:15.239113 np0000007112 devstack@neutron-api.service[87592]: DEBUG neutron_lib.callbacks.manager [None req-8e9ebdf4-841f-4e4a-9bfc-d1ec9096b58c None None] Subscribe: > router after_delete 55550000, False {{(pid=87592) subscribe /opt/stack/data/venv/lib/python3.12/site-packages/neutron_lib/callbacks/manager.py:52}}
Aug 12 20:48:15.239113 np0000007112 devstack@neutron-api.service[87592]: DEBUG neutron_lib.callbacks.manager [None req-8e9ebdf4-841f-4e4a-9bfc-d1ec9096b58c None None] Subscribe: > router after_update 55550000, False {{(pid=87592) subscribe /opt/stack/data/venv/lib/python3.12/site-packages/neutron_lib/callbacks/manager.py:52}}
Aug 12 20:48:15.239984 np0000007112 devstack@neutron-api.service[87594]: DEBUG neutron.api.extensions [None req-14e7a2ce-237c-46a0-a7b5-0e2a18023249 None None] Ext name="IP Allocation" alias="ip_allocation" description="IP allocation extension." updated="2016-06-10T23:00:00-00:00" {{(pid=87594) _check_extension /opt/stack/neutron/neutron/api/extensions.py:415}}
Aug 12 20:48:15.240629 np0000007112 devstack@neutron-api.service[87592]: DEBUG neutron.services.service_base [None req-8e9ebdf4-841f-4e4a-9bfc-d1ec9096b58c None None] Loaded 'neutron.services.ovn_l3.service_providers.ovn.OvnDriver' provider for service L3_ROUTER_NAT {{(pid=87592) load_drivers /opt/stack/neutron/neutron/services/service_base.py:49}}
Aug 12 20:48:15.240857 np0000007112 devstack@neutron-api.service[87594]: INFO neutron.api.extensions [None req-14e7a2ce-237c-46a0-a7b5-0e2a18023249 None None] Extension ip_allocation not supported by any of loaded plugins
Aug 12 20:48:15.241016 np0000007112 devstack@neutron-api.service[87592]: DEBUG neutron_lib.callbacks.manager [None req-8e9ebdf4-841f-4e4a-9bfc-d1ec9096b58c None None] Subscribe: > process after_init 55550001, True {{(pid=87592) subscribe /opt/stack/data/venv/lib/python3.12/site-packages/neutron_lib/callbacks/manager.py:52}}
Aug 12 20:48:15.241113 np0000007112 devstack@neutron-api.service[87594]: DEBUG neutron.api.extensions [None req-14e7a2ce-237c-46a0-a7b5-0e2a18023249 None None] Loading extension file: ip_substring_port_filtering.py {{(pid=87594) _load_all_extensions_from_path /opt/stack/neutron/neutron/api/extensions.py:449}}
Aug 12 20:48:15.241167 np0000007112 devstack@neutron-api.service[87592]: DEBUG neutron.manager [None req-8e9ebdf4-841f-4e4a-9bfc-d1ec9096b58c None None] Successfully loaded L3_ROUTER_NAT plugin. Description: L3 Router Service Plugin for basic L3 forwarding using OVN {{(pid=87592) _create_and_add_service_plugin /opt/stack/neutron/neutron/manager.py:236}}
Aug 12 20:48:15.241269 np0000007112 devstack@neutron-api.service[87594]: DEBUG neutron.api.extensions [None req-14e7a2ce-237c-46a0-a7b5-0e2a18023249 None None] Ext name="IP address substring filtering" alias="ip-substring-filtering" description="Provides IP address substring filtering when listing ports" updated="2017-11-28T09:00:00-00:00" {{(pid=87594) _check_extension /opt/stack/neutron/neutron/api/extensions.py:415}}
Aug 12 20:48:15.241368 np0000007112 devstack@neutron-api.service[87592]: INFO neutron.manager [None req-8e9ebdf4-841f-4e4a-9bfc-d1ec9096b58c None None] Loading Plugin: auto_allocate
Aug 12 20:48:15.241416 np0000007112 devstack@neutron-api.service[87594]: INFO neutron.api.extensions [None req-14e7a2ce-237c-46a0-a7b5-0e2a18023249 None None] Extension ip-substring-filtering not supported by any of loaded plugins
Aug 12 20:48:15.241416 np0000007112 devstack@neutron-api.service[87594]: DEBUG neutron.api.extensions [None req-14e7a2ce-237c-46a0-a7b5-0e2a18023249 None None] Loading extension file: l2_adjacency.py {{(pid=87594) _load_all_extensions_from_path /opt/stack/neutron/neutron/api/extensions.py:449}}
Aug 12 20:48:15.241416 np0000007112 devstack@neutron-api.service[87594]: DEBUG neutron.api.extensions [None req-14e7a2ce-237c-46a0-a7b5-0e2a18023249 None None] Ext name="L2 Adjacency" alias="l2_adjacency" description="Display L2 Adjacency for Neutron Networks." updated="2016-04-12T16:00:00-00:00" {{(pid=87594) _check_extension /opt/stack/neutron/neutron/api/extensions.py:415}}
Aug 12 20:48:15.241416 np0000007112 devstack@neutron-api.service[87594]: INFO neutron.api.extensions [None req-14e7a2ce-237c-46a0-a7b5-0e2a18023249 None None] Extension l2_adjacency not supported by any of loaded plugins
Aug 12 20:48:15.241416 np0000007112 devstack@neutron-api.service[87594]: DEBUG neutron.api.extensions [None req-14e7a2ce-237c-46a0-a7b5-0e2a18023249 None None] Loading extension file: l3.py {{(pid=87594) _load_all_extensions_from_path /opt/stack/neutron/neutron/api/extensions.py:449}}
Aug 12 20:48:15.241713 np0000007112 devstack@neutron-api.service[87592]: DEBUG neutron_lib.callbacks.manager [None req-8e9ebdf4-841f-4e4a-9bfc-d1ec9096b58c None None] Subscribe: network precommit_update 55550000, False {{(pid=87592) subscribe /opt/stack/data/venv/lib/python3.12/site-packages/neutron_lib/callbacks/manager.py:52}}
Aug 12 20:48:15.241848 np0000007112 devstack@neutron-api.service[87594]: DEBUG neutron.api.extensions [None req-14e7a2ce-237c-46a0-a7b5-0e2a18023249 None None] Ext name="Neutron L3 Router" alias="router" description="Router abstraction for basic L3 forwarding between L2 Neutron networks and access to external networks via a NAT gateway." updated="2012-07-20T10:00:00-00:00" {{(pid=87594) _check_extension /opt/stack/neutron/neutron/api/extensions.py:415}}
Aug 12 20:48:15.241906 np0000007112 devstack@neutron-api.service[87592]: DEBUG neutron_lib.callbacks.manager [None req-8e9ebdf4-841f-4e4a-9bfc-d1ec9096b58c None None] Subscribe: network precommit_create 55550000, False {{(pid=87592) subscribe /opt/stack/data/venv/lib/python3.12/site-packages/neutron_lib/callbacks/manager.py:52}}
Aug 12 20:48:15.242011 np0000007112 devstack@neutron-api.service[87594]: INFO neutron.api.extensions [None req-14e7a2ce-237c-46a0-a7b5-0e2a18023249 None None] Loaded extension: router
Aug 12 20:48:15.242054 np0000007112 devstack@neutron-api.service[87592]: DEBUG neutron.manager [None req-8e9ebdf4-841f-4e4a-9bfc-d1ec9096b58c None None] Successfully loaded auto-allocated-topology plugin. Description: Auto Allocated Topology - aka get me a network. {{(pid=87592) _create_and_add_service_plugin /opt/stack/neutron/neutron/manager.py:236}}
Aug 12 20:48:15.242206 np0000007112 devstack@neutron-api.service[87594]: DEBUG neutron.api.extensions [None req-14e7a2ce-237c-46a0-a7b5-0e2a18023249 None None] Loading extension file: l3_agent_scheduler_ha_chassis_priority.py {{(pid=87594) _load_all_extensions_from_path /opt/stack/neutron/neutron/api/extensions.py:449}}
Aug 12 20:48:15.242292 np0000007112 devstack@neutron-api.service[87592]: INFO neutron.manager [None req-8e9ebdf4-841f-4e4a-9bfc-d1ec9096b58c None None] Loading Plugin: tag
Aug 12 20:48:15.242381 np0000007112 devstack@neutron-api.service[87594]: DEBUG neutron.api.extensions [None req-14e7a2ce-237c-46a0-a7b5-0e2a18023249 None None] Ext name="L3 Agent Scheduler HA Chassis Priority" alias="l3-agent-scheduler-ha-chassis-priority" description="Exposes the HA_Chassis priority in the L3 Agent Scheduler API responses and allows setting priority when scheduling a router to a chassis." updated="2026-03-31T00:00:00-00:00" {{(pid=87594) _check_extension /opt/stack/neutron/neutron/api/extensions.py:415}}
Aug 12 20:48:15.242381 np0000007112 devstack@neutron-api.service[87594]: INFO neutron.api.extensions [None req-14e7a2ce-237c-46a0-a7b5-0e2a18023249 None None] Loaded extension: l3-agent-scheduler-ha-chassis-priority
Aug 12 20:48:15.242381 np0000007112 devstack@neutron-api.service[87594]: DEBUG neutron.api.extensions [None req-14e7a2ce-237c-46a0-a7b5-0e2a18023249 None None] Loading extension file: l3_conntrack_helper.py {{(pid=87594) _load_all_extensions_from_path /opt/stack/neutron/neutron/api/extensions.py:449}}
Aug 12 20:48:15.242909 np0000007112 devstack@neutron-api.service[87594]: DEBUG neutron.api.extensions [None req-14e7a2ce-237c-46a0-a7b5-0e2a18023249 None None] Ext name="L3 Conntrack helper" alias="l3-conntrack-helper" description="Allow adding CT target rules for conntrack helper" updated="2019-04-04T10:00:00-00:00" {{(pid=87594) _check_extension /opt/stack/neutron/neutron/api/extensions.py:415}}
Aug 12 20:48:15.243148 np0000007112 devstack@neutron-api.service[87594]: INFO neutron.api.extensions [None req-14e7a2ce-237c-46a0-a7b5-0e2a18023249 None None] Extension l3-conntrack-helper not supported by any of loaded plugins
Aug 12 20:48:15.243314 np0000007112 devstack@neutron-api.service[87594]: DEBUG neutron.api.extensions [None req-14e7a2ce-237c-46a0-a7b5-0e2a18023249 None None] Loading extension file: l3_enable_default_route_bfd.py {{(pid=87594) _load_all_extensions_from_path /opt/stack/neutron/neutron/api/extensions.py:449}}
