Jun 24 14:40:21.422558 np0000003554 nova-conductor[98838]: DEBUG cotyledon.oslo_config_glue [-] profiler.filter_error_trace = False {{(pid=98838) log_opt_values /opt/stack/data/venv/lib/python3.12/site-packages/oslo_config/cfg.py:3253}}
Jun 24 14:40:21.422558 np0000003554 nova-conductor[98838]: DEBUG cotyledon.oslo_config_glue [-] profiler.hmac_keys = **** {{(pid=98838) log_opt_values /opt/stack/data/venv/lib/python3.12/site-packages/oslo_config/cfg.py:3253}}
Jun 24 14:40:21.422558 np0000003554 nova-conductor[98838]: DEBUG cotyledon.oslo_config_glue [-] profiler.sentinel_service_name = mymaster {{(pid=98838) log_opt_values /opt/stack/data/venv/lib/python3.12/site-packages/oslo_config/cfg.py:3253}}
Jun 24 14:40:21.423022 np0000003554 nova-conductor[98838]: DEBUG cotyledon.oslo_config_glue [-] profiler.socket_timeout = 0.1 {{(pid=98838) log_opt_values /opt/stack/data/venv/lib/python3.12/site-packages/oslo_config/cfg.py:3253}}
Jun 24 14:40:21.423022 np0000003554 nova-conductor[98838]: DEBUG cotyledon.oslo_config_glue [-] profiler.trace_requests = False {{(pid=98838) log_opt_values /opt/stack/data/venv/lib/python3.12/site-packages/oslo_config/cfg.py:3253}}
Jun 24 14:40:21.423022 np0000003554 nova-conductor[98838]: DEBUG cotyledon.oslo_config_glue [-] profiler.trace_sqlalchemy = False {{(pid=98838) log_opt_values /opt/stack/data/venv/lib/python3.12/site-packages/oslo_config/cfg.py:3253}}
Jun 24 14:40:21.423022 np0000003554 nova-conductor[98838]: DEBUG cotyledon.oslo_config_glue [-] profiler_jaeger.process_tags = {} {{(pid=98838) log_opt_values /opt/stack/data/venv/lib/python3.12/site-packages/oslo_config/cfg.py:3253}}
Jun 24 14:40:21.423022 np0000003554 nova-conductor[98838]: DEBUG cotyledon.oslo_config_glue [-] profiler_jaeger.service_name_prefix = None {{(pid=98838) log_opt_values /opt/stack/data/venv/lib/python3.12/site-packages/oslo_config/cfg.py:3253}}
Jun 24 14:40:21.423022 np0000003554 nova-conductor[98838]: DEBUG cotyledon.oslo_config_glue [-] profiler_otlp.service_name_prefix = None {{(pid=98838) log_opt_values /opt/stack/data/venv/lib/python3.12/site-packages/oslo_config/cfg.py:3253}}
Jun 24 14:40:21.423022 np0000003554 nova-conductor[98838]: DEBUG cotyledon.oslo_config_glue [-] oslo_messaging_rabbit.amqp_auto_delete = False {{(pid=98838) log_opt_values /opt/stack/data/venv/lib/python3.12/site-packages/oslo_config/cfg.py:3253}}
Jun 24 14:40:21.423022 np0000003554 nova-conductor[98838]: DEBUG cotyledon.oslo_config_glue [-] oslo_messaging_rabbit.amqp_durable_queues = False {{(pid=98838) log_opt_values /opt/stack/data/venv/lib/python3.12/site-packages/oslo_config/cfg.py:3253}}
Jun 24 14:40:21.423022 np0000003554 nova-conductor[98838]: DEBUG cotyledon.oslo_config_glue [-] oslo_messaging_rabbit.conn_pool_min_size = 2 {{(pid=98838) log_opt_values /opt/stack/data/venv/lib/python3.12/site-packages/oslo_config/cfg.py:3253}}
Jun 24 14:40:21.423284 np0000003554 nova-conductor[98838]: DEBUG cotyledon.oslo_config_glue [-] oslo_messaging_rabbit.conn_pool_ttl = 1200 {{(pid=98838) log_opt_values /opt/stack/data/venv/lib/python3.12/site-packages/oslo_config/cfg.py:3253}}
Jun 24 14:40:21.423284 np0000003554 nova-conductor[98838]: DEBUG cotyledon.oslo_config_glue [-] oslo_messaging_rabbit.direct_mandatory_flag = True {{(pid=98838) log_opt_values /opt/stack/data/venv/lib/python3.12/site-packages/oslo_config/cfg.py:3253}}
Jun 24 14:40:21.423284 np0000003554 nova-conductor[98838]: DEBUG cotyledon.oslo_config_glue [-] oslo_messaging_rabbit.enable_cancel_on_failover = False {{(pid=98838) log_opt_values /opt/stack/data/venv/lib/python3.12/site-packages/oslo_config/cfg.py:3253}}
Jun 24 14:40:21.423284 np0000003554 nova-conductor[98838]: DEBUG cotyledon.oslo_config_glue [-] oslo_messaging_rabbit.heartbeat_rate = 3 {{(pid=98838) log_opt_values /opt/stack/data/venv/lib/python3.12/site-packages/oslo_config/cfg.py:3253}}
Jun 24 14:40:21.423284 np0000003554 nova-conductor[98838]: DEBUG cotyledon.oslo_config_glue [-] oslo_messaging_rabbit.heartbeat_timeout_threshold = 60 {{(pid=98838) log_opt_values /opt/stack/data/venv/lib/python3.12/site-packages/oslo_config/cfg.py:3253}}
Jun 24 14:40:21.423284 np0000003554 nova-conductor[98838]: DEBUG cotyledon.oslo_config_glue [-] oslo_messaging_rabbit.hostname = np0000003554 {{(pid=98838) log_opt_values /opt/stack/data/venv/lib/python3.12/site-packages/oslo_config/cfg.py:3253}}
Jun 24 14:40:21.423284 np0000003554 nova-conductor[98838]: DEBUG cotyledon.oslo_config_glue [-] oslo_messaging_rabbit.kombu_compression = None {{(pid=98838) log_opt_values /opt/stack/data/venv/lib/python3.12/site-packages/oslo_config/cfg.py:3253}}
Jun 24 14:40:21.423284 np0000003554 nova-conductor[98838]: DEBUG cotyledon.oslo_config_glue [-] oslo_messaging_rabbit.kombu_failover_strategy = round-robin {{(pid=98838) log_opt_values /opt/stack/data/venv/lib/python3.12/site-packages/oslo_config/cfg.py:3253}}
Jun 24 14:40:21.423284 np0000003554 nova-conductor[98838]: DEBUG cotyledon.oslo_config_glue [-] oslo_messaging_rabbit.kombu_missing_consumer_retry_timeout = 60 {{(pid=98838) log_opt_values /opt/stack/data/venv/lib/python3.12/site-packages/oslo_config/cfg.py:3253}}
Jun 24 14:40:21.423535 np0000003554 nova-conductor[98838]: DEBUG cotyledon.oslo_config_glue [-] oslo_messaging_rabbit.kombu_reconnect_delay = 1.0 {{(pid=98838) log_opt_values /opt/stack/data/venv/lib/python3.12/site-packages/oslo_config/cfg.py:3253}}
Jun 24 14:40:21.423535 np0000003554 nova-conductor[98838]: DEBUG cotyledon.oslo_config_glue [-] oslo_messaging_rabbit.kombu_reconnect_splay = 0.0 {{(pid=98838) log_opt_values /opt/stack/data/venv/lib/python3.12/site-packages/oslo_config/cfg.py:3253}}
Jun 24 14:40:21.423535 np0000003554 nova-conductor[98838]: DEBUG cotyledon.oslo_config_glue [-] oslo_messaging_rabbit.processname = nova-conductor {{(pid=98838) log_opt_values /opt/stack/data/venv/lib/python3.12/site-packages/oslo_config/cfg.py:3253}}
Jun 24 14:40:21.423535 np0000003554 nova-conductor[98838]: DEBUG cotyledon.oslo_config_glue [-] oslo_messaging_rabbit.rabbit_ha_queues = False {{(pid=98838) log_opt_values /opt/stack/data/venv/lib/python3.12/site-packages/oslo_config/cfg.py:3253}}
Jun 24 14:40:21.423535 np0000003554 nova-conductor[98838]: DEBUG cotyledon.oslo_config_glue [-] oslo_messaging_rabbit.rabbit_interval_max = 30 {{(pid=98838) log_opt_values /opt/stack/data/venv/lib/python3.12/site-packages/oslo_config/cfg.py:3253}}
Jun 24 14:40:21.423535 np0000003554 nova-conductor[98838]: DEBUG cotyledon.oslo_config_glue [-] oslo_messaging_rabbit.rabbit_login_method = AMQPLAIN {{(pid=98838) log_opt_values /opt/stack/data/venv/lib/python3.12/site-packages/oslo_config/cfg.py:3253}}
Jun 24 14:40:21.423535 np0000003554 nova-conductor[98838]: DEBUG cotyledon.oslo_config_glue [-] oslo_messaging_rabbit.rabbit_qos_prefetch_count = 0 {{(pid=98838) log_opt_values /opt/stack/data/venv/lib/python3.12/site-packages/oslo_config/cfg.py:3253}}
Jun 24 14:40:21.423535 np0000003554 nova-conductor[98838]: DEBUG cotyledon.oslo_config_glue [-] oslo_messaging_rabbit.rabbit_quorum_delivery_limit = 0 {{(pid=98838) log_opt_values /opt/stack/data/venv/lib/python3.12/site-packages/oslo_config/cfg.py:3253}}
Jun 24 14:40:21.423535 np0000003554 nova-conductor[98838]: DEBUG cotyledon.oslo_config_glue [-] oslo_messaging_rabbit.rabbit_quorum_max_memory_bytes = 0 {{(pid=98838) log_opt_values /opt/stack/data/venv/lib/python3.12/site-packages/oslo_config/cfg.py:3253}}
Jun 24 14:40:21.423714 np0000003554 nova-conductor[98838]: DEBUG cotyledon.oslo_config_glue [-] oslo_messaging_rabbit.rabbit_quorum_max_memory_length = 0 {{(pid=98838) log_opt_values /opt/stack/data/venv/lib/python3.12/site-packages/oslo_config/cfg.py:3253}}
Jun 24 14:40:21.423714 np0000003554 nova-conductor[98838]: DEBUG cotyledon.oslo_config_glue [-] oslo_messaging_rabbit.rabbit_quorum_queue = False {{(pid=98838) log_opt_values /opt/stack/data/venv/lib/python3.12/site-packages/oslo_config/cfg.py:3253}}
Jun 24 14:40:21.423714 np0000003554 nova-conductor[98838]: DEBUG cotyledon.oslo_config_glue [-] oslo_messaging_rabbit.rabbit_retry_backoff = 2 {{(pid=98838) log_opt_values /opt/stack/data/venv/lib/python3.12/site-packages/oslo_config/cfg.py:3253}}
Jun 24 14:40:21.423714 np0000003554 nova-conductor[98838]: DEBUG cotyledon.oslo_config_glue [-] oslo_messaging_rabbit.rabbit_retry_interval = 1 {{(pid=98838) log_opt_values /opt/stack/data/venv/lib/python3.12/site-packages/oslo_config/cfg.py:3253}}
Jun 24 14:40:21.423714 np0000003554 nova-conductor[98838]: DEBUG cotyledon.oslo_config_glue [-] oslo_messaging_rabbit.rabbit_stream_fanout = False {{(pid=98838) log_opt_values /opt/stack/data/venv/lib/python3.12/site-packages/oslo_config/cfg.py:3253}}
Jun 24 14:40:21.423714 np0000003554 nova-conductor[98838]: DEBUG cotyledon.oslo_config_glue [-] oslo_messaging_rabbit.rabbit_transient_queues_ttl = 1800 {{(pid=98838) log_opt_values /opt/stack/data/venv/lib/python3.12/site-packages/oslo_config/cfg.py:3253}}
Jun 24 14:40:21.423714 np0000003554 nova-conductor[98838]: DEBUG cotyledon.oslo_config_glue [-] oslo_messaging_rabbit.rabbit_transient_quorum_queue = False {{(pid=98838) log_opt_values /opt/stack/data/venv/lib/python3.12/site-packages/oslo_config/cfg.py:3253}}
Jun 24 14:40:21.423714 np0000003554 nova-conductor[98838]: DEBUG cotyledon.oslo_config_glue [-] oslo_messaging_rabbit.rpc_conn_pool_size = 30 {{(pid=98838) log_opt_values /opt/stack/data/venv/lib/python3.12/site-packages/oslo_config/cfg.py:3253}}
Jun 24 14:40:21.423714 np0000003554 nova-conductor[98838]: DEBUG cotyledon.oslo_config_glue [-] oslo_messaging_rabbit.ssl = False {{(pid=98838) log_opt_values /opt/stack/data/venv/lib/python3.12/site-packages/oslo_config/cfg.py:3253}}
Jun 24 14:40:21.423881 np0000003554 nova-conductor[98838]: DEBUG cotyledon.oslo_config_glue [-] oslo_messaging_rabbit.ssl_ca_file = {{(pid=98838) log_opt_values /opt/stack/data/venv/lib/python3.12/site-packages/oslo_config/cfg.py:3253}}
Jun 24 14:40:21.423881 np0000003554 nova-conductor[98838]: DEBUG cotyledon.oslo_config_glue [-] oslo_messaging_rabbit.ssl_cert_file = {{(pid=98838) log_opt_values /opt/stack/data/venv/lib/python3.12/site-packages/oslo_config/cfg.py:3253}}
Jun 24 14:40:21.423881 np0000003554 nova-conductor[98838]: DEBUG cotyledon.oslo_config_glue [-] oslo_messaging_rabbit.ssl_enforce_fips_mode = False {{(pid=98838) log_opt_values /opt/stack/data/venv/lib/python3.12/site-packages/oslo_config/cfg.py:3253}}
Jun 24 14:40:21.423881 np0000003554 nova-conductor[98838]: DEBUG cotyledon.oslo_config_glue [-] oslo_messaging_rabbit.ssl_enforce_hostname_verification = True {{(pid=98838) log_opt_values /opt/stack/data/venv/lib/python3.12/site-packages/oslo_config/cfg.py:3253}}
Jun 24 14:40:21.423881 np0000003554 nova-conductor[98838]: DEBUG cotyledon.oslo_config_glue [-] oslo_messaging_rabbit.ssl_key_file = {{(pid=98838) log_opt_values /opt/stack/data/venv/lib/python3.12/site-packages/oslo_config/cfg.py:3253}}
Jun 24 14:40:21.423881 np0000003554 nova-conductor[98838]: DEBUG cotyledon.oslo_config_glue [-] oslo_messaging_rabbit.ssl_version = {{(pid=98838) log_opt_values /opt/stack/data/venv/lib/python3.12/site-packages/oslo_config/cfg.py:3253}}
Jun 24 14:40:21.423881 np0000003554 nova-conductor[98838]: DEBUG cotyledon.oslo_config_glue [-] oslo_messaging_rabbit.use_queue_manager = False {{(pid=98838) log_opt_values /opt/stack/data/venv/lib/python3.12/site-packages/oslo_config/cfg.py:3253}}
Jun 24 14:40:21.423881 np0000003554 nova-conductor[98838]: DEBUG cotyledon.oslo_config_glue [-] oslo_messaging_notifications.driver = ['messagingv2'] {{(pid=98838) log_opt_values /opt/stack/data/venv/lib/python3.12/site-packages/oslo_config/cfg.py:3253}}
Jun 24 14:40:21.423881 np0000003554 nova-conductor[98838]: DEBUG cotyledon.oslo_config_glue [-] oslo_messaging_notifications.retry = -1 {{(pid=98838) log_opt_values /opt/stack/data/venv/lib/python3.12/site-packages/oslo_config/cfg.py:3253}}
Jun 24 14:40:21.424066 np0000003554 nova-conductor[98838]: DEBUG cotyledon.oslo_config_glue [-] oslo_messaging_notifications.topics = ['notifications'] {{(pid=98838) log_opt_values /opt/stack/data/venv/lib/python3.12/site-packages/oslo_config/cfg.py:3253}}
Jun 24 14:40:21.424066 np0000003554 nova-conductor[98838]: DEBUG cotyledon.oslo_config_glue [-] oslo_messaging_notifications.transport_url = **** {{(pid=98838) log_opt_values /opt/stack/data/venv/lib/python3.12/site-packages/oslo_config/cfg.py:3253}}
Jun 24 14:40:21.424066 np0000003554 nova-conductor[98838]: DEBUG cotyledon.oslo_config_glue [-] oslo_limit.auth_section = None {{(pid=98838) log_opt_values /opt/stack/data/venv/lib/python3.12/site-packages/oslo_config/cfg.py:3253}}
Jun 24 14:40:21.424066 np0000003554 nova-conductor[98838]: DEBUG cotyledon.oslo_config_glue [-] oslo_limit.auth_type = None {{(pid=98838) log_opt_values /opt/stack/data/venv/lib/python3.12/site-packages/oslo_config/cfg.py:3253}}
Jun 24 14:40:21.424066 np0000003554 nova-conductor[98838]: DEBUG cotyledon.oslo_config_glue [-] oslo_limit.cafile = None {{(pid=98838) log_opt_values /opt/stack/data/venv/lib/python3.12/site-packages/oslo_config/cfg.py:3253}}
Jun 24 14:40:21.424066 np0000003554 nova-conductor[98838]: DEBUG cotyledon.oslo_config_glue [-] oslo_limit.certfile = None {{(pid=98838) log_opt_values /opt/stack/data/venv/lib/python3.12/site-packages/oslo_config/cfg.py:3253}}
Jun 24 14:40:21.424066 np0000003554 nova-conductor[98838]: DEBUG cotyledon.oslo_config_glue [-] oslo_limit.collect_timing = False {{(pid=98838) log_opt_values /opt/stack/data/venv/lib/python3.12/site-packages/oslo_config/cfg.py:3253}}
Jun 24 14:40:21.424066 np0000003554 nova-conductor[98838]: DEBUG cotyledon.oslo_config_glue [-] oslo_limit.connect_retries = None {{(pid=98838) log_opt_values /opt/stack/data/venv/lib/python3.12/site-packages/oslo_config/cfg.py:3253}}
Jun 24 14:40:21.424066 np0000003554 nova-conductor[98838]: DEBUG cotyledon.oslo_config_glue [-] oslo_limit.connect_retry_delay = None {{(pid=98838) log_opt_values /opt/stack/data/venv/lib/python3.12/site-packages/oslo_config/cfg.py:3253}}
Jun 24 14:40:21.424273 np0000003554 nova-conductor[98838]: DEBUG cotyledon.oslo_config_glue [-] oslo_limit.endpoint_id = None {{(pid=98838) log_opt_values /opt/stack/data/venv/lib/python3.12/site-packages/oslo_config/cfg.py:3253}}
Jun 24 14:40:21.424273 np0000003554 nova-conductor[98838]: DEBUG cotyledon.oslo_config_glue [-] oslo_limit.endpoint_interface = public {{(pid=98838) log_opt_values /opt/stack/data/venv/lib/python3.12/site-packages/oslo_config/cfg.py:3253}}
Jun 24 14:40:21.424273 np0000003554 nova-conductor[98838]: DEBUG cotyledon.oslo_config_glue [-] oslo_limit.endpoint_override = None {{(pid=98838) log_opt_values /opt/stack/data/venv/lib/python3.12/site-packages/oslo_config/cfg.py:3253}}
Jun 24 14:40:21.424273 np0000003554 nova-conductor[98838]: DEBUG cotyledon.oslo_config_glue [-] oslo_limit.endpoint_region_name = None {{(pid=98838) log_opt_values /opt/stack/data/venv/lib/python3.12/site-packages/oslo_config/cfg.py:3253}}
Jun 24 14:40:21.424273 np0000003554 nova-conductor[98838]: DEBUG cotyledon.oslo_config_glue [-] oslo_limit.endpoint_service_name = None {{(pid=98838) log_opt_values /opt/stack/data/venv/lib/python3.12/site-packages/oslo_config/cfg.py:3253}}
Jun 24 14:40:21.424273 np0000003554 nova-conductor[98838]: DEBUG cotyledon.oslo_config_glue [-] oslo_limit.endpoint_service_type = None {{(pid=98838) log_opt_values /opt/stack/data/venv/lib/python3.12/site-packages/oslo_config/cfg.py:3253}}
Jun 24 14:40:21.424273 np0000003554 nova-conductor[98838]: DEBUG cotyledon.oslo_config_glue [-] oslo_limit.insecure = False {{(pid=98838) log_opt_values /opt/stack/data/venv/lib/python3.12/site-packages/oslo_config/cfg.py:3253}}
Jun 24 14:40:21.424273 np0000003554 nova-conductor[98838]: DEBUG cotyledon.oslo_config_glue [-] oslo_limit.keyfile = None {{(pid=98838) log_opt_values /opt/stack/data/venv/lib/python3.12/site-packages/oslo_config/cfg.py:3253}}
Jun 24 14:40:21.424273 np0000003554 nova-conductor[98838]: DEBUG cotyledon.oslo_config_glue [-] oslo_limit.max_version = None {{(pid=98838) log_opt_values /opt/stack/data/venv/lib/python3.12/site-packages/oslo_config/cfg.py:3253}}
Jun 24 14:40:21.424593 np0000003554 nova-conductor[98838]: DEBUG cotyledon.oslo_config_glue [-] oslo_limit.min_version = None {{(pid=98838) log_opt_values /opt/stack/data/venv/lib/python3.12/site-packages/oslo_config/cfg.py:3253}}
Jun 24 14:40:21.424593 np0000003554 nova-conductor[98838]: DEBUG cotyledon.oslo_config_glue [-] oslo_limit.region_name = None {{(pid=98838) log_opt_values /opt/stack/data/venv/lib/python3.12/site-packages/oslo_config/cfg.py:3253}}
Jun 24 14:40:21.424593 np0000003554 nova-conductor[98838]: DEBUG cotyledon.oslo_config_glue [-] oslo_limit.retriable_status_codes = None {{(pid=98838) log_opt_values /opt/stack/data/venv/lib/python3.12/site-packages/oslo_config/cfg.py:3253}}
Jun 24 14:40:21.424593 np0000003554 nova-conductor[98838]: DEBUG cotyledon.oslo_config_glue [-] oslo_limit.service_name = None {{(pid=98838) log_opt_values /opt/stack/data/venv/lib/python3.12/site-packages/oslo_config/cfg.py:3253}}
Jun 24 14:40:21.424593 np0000003554 nova-conductor[98838]: DEBUG cotyledon.oslo_config_glue [-] oslo_limit.service_type = None {{(pid=98838) log_opt_values /opt/stack/data/venv/lib/python3.12/site-packages/oslo_config/cfg.py:3253}}
Jun 24 14:40:21.424593 np0000003554 nova-conductor[98838]: DEBUG cotyledon.oslo_config_glue [-] oslo_limit.split_loggers = False {{(pid=98838) log_opt_values /opt/stack/data/venv/lib/python3.12/site-packages/oslo_config/cfg.py:3253}}
Jun 24 14:40:21.424593 np0000003554 nova-conductor[98838]: DEBUG cotyledon.oslo_config_glue [-] oslo_limit.status_code_retries = None {{(pid=98838) log_opt_values /opt/stack/data/venv/lib/python3.12/site-packages/oslo_config/cfg.py:3253}}
Jun 24 14:40:21.424593 np0000003554 nova-conductor[98838]: DEBUG cotyledon.oslo_config_glue [-] oslo_limit.status_code_retry_delay = None {{(pid=98838) log_opt_values /opt/stack/data/venv/lib/python3.12/site-packages/oslo_config/cfg.py:3253}}
Jun 24 14:40:21.424593 np0000003554 nova-conductor[98838]: DEBUG cotyledon.oslo_config_glue [-] oslo_limit.timeout = None {{(pid=98838) log_opt_values /opt/stack/data/venv/lib/python3.12/site-packages/oslo_config/cfg.py:3253}}
Jun 24 14:40:21.424850 np0000003554 nova-conductor[98838]: DEBUG cotyledon.oslo_config_glue [-] oslo_limit.valid_interfaces = None {{(pid=98838) log_opt_values /opt/stack/data/venv/lib/python3.12/site-packages/oslo_config/cfg.py:3253}}
Jun 24 14:40:21.424850 np0000003554 nova-conductor[98838]: DEBUG cotyledon.oslo_config_glue [-] oslo_limit.version = None {{(pid=98838) log_opt_values /opt/stack/data/venv/lib/python3.12/site-packages/oslo_config/cfg.py:3253}}
Jun 24 14:40:21.424850 np0000003554 nova-conductor[98838]: DEBUG cotyledon.oslo_config_glue [-] oslo_reports.file_event_handler = None {{(pid=98838) log_opt_values /opt/stack/data/venv/lib/python3.12/site-packages/oslo_config/cfg.py:3253}}
Jun 24 14:40:21.424850 np0000003554 nova-conductor[98838]: DEBUG cotyledon.oslo_config_glue [-] oslo_reports.file_event_handler_interval = 1 {{(pid=98838) log_opt_values /opt/stack/data/venv/lib/python3.12/site-packages/oslo_config/cfg.py:3253}}
Jun 24 14:40:21.424850 np0000003554 nova-conductor[98838]: DEBUG cotyledon.oslo_config_glue [-] oslo_reports.log_dir = None {{(pid=98838) log_opt_values /opt/stack/data/venv/lib/python3.12/site-packages/oslo_config/cfg.py:3253}}
Jun 24 14:40:21.424850 np0000003554 nova-conductor[98838]: DEBUG cotyledon.oslo_config_glue [-] ******************************************************************************** {{(pid=98838) log_opt_values /opt/stack/data/venv/lib/python3.12/site-packages/oslo_config/cfg.py:3260}}
Jun 24 14:40:21.424850 np0000003554 nova-conductor[98838]: DEBUG cotyledon._service_worker [-] Run service ServiceWrapper(3) [98838] {{(pid=98838) wait_forever /opt/stack/data/venv/lib/python3.12/site-packages/cotyledon/_service_worker.py:218}}
Jun 24 14:40:21.424850 np0000003554 nova-conductor[98838]: INFO nova.service [-] Starting conductor node (version 33.1.0)
Jun 24 14:40:21.424850 np0000003554 nova-conductor[98838]: INFO dbcounter [None req-ad4aac87-e059-4044-8f7c-e8054d596b53 None None] Registered counter for database nova_cell0
Jun 24 14:40:21.425130 np0000003554 nova-conductor[98808]: DEBUG oslo_db.sqlalchemy.engines [None req-5e963050-1b55-4d94-b3af-4fad3a160632 None None] MySQL server mode set to STRICT_TRANS_TABLES,STRICT_ALL_TABLES,NO_ZERO_IN_DATE,NO_ZERO_DATE,ERROR_FOR_DIVISION_BY_ZERO,TRADITIONAL,NO_ENGINE_SUBSTITUTION {{(pid=98808) _check_effective_sql_mode /opt/stack/data/venv/lib/python3.12/site-packages/oslo_db/sqlalchemy/engines.py:325}}
Jun 24 14:40:21.425164 np0000003554 nova-conductor[98817]: DEBUG oslo_db.sqlalchemy.engines [None req-3a968be6-e1a4-4a4a-a246-ae7ba9d8f514 None None] MySQL server mode set to STRICT_TRANS_TABLES,STRICT_ALL_TABLES,NO_ZERO_IN_DATE,NO_ZERO_DATE,ERROR_FOR_DIVISION_BY_ZERO,TRADITIONAL,NO_ENGINE_SUBSTITUTION {{(pid=98817) _check_effective_sql_mode /opt/stack/data/venv/lib/python3.12/site-packages/oslo_db/sqlalchemy/engines.py:325}}
Jun 24 14:40:21.425198 np0000003554 nova-conductor[98808]: DEBUG dbcounter [-] [98808] Writer thread running {{(pid=98808) stat_writer /opt/stack/data/venv/lib/python3.12/site-packages/dbcounter.py:102}}
Jun 24 14:40:21.427638 np0000003554 nova-conductor[98817]: DEBUG dbcounter [-] [98817] Writer thread running {{(pid=98817) stat_writer /opt/stack/data/venv/lib/python3.12/site-packages/dbcounter.py:102}}
Jun 24 14:40:21.436283 np0000003554 nova-conductor[98828]: DEBUG oslo_db.sqlalchemy.engines [None req-3bdb0e61-2098-4951-b02d-a43164a2513a None None] MySQL server mode set to STRICT_TRANS_TABLES,STRICT_ALL_TABLES,NO_ZERO_IN_DATE,NO_ZERO_DATE,ERROR_FOR_DIVISION_BY_ZERO,TRADITIONAL,NO_ENGINE_SUBSTITUTION {{(pid=98828) _check_effective_sql_mode /opt/stack/data/venv/lib/python3.12/site-packages/oslo_db/sqlalchemy/engines.py:325}}
Jun 24 14:40:21.440125 np0000003554 nova-conductor[98808]: DEBUG nova.service [None req-5e963050-1b55-4d94-b3af-4fad3a160632 None None] Creating RPC server for service: nova-conductor on topic: conductor {{(pid=98808) start /opt/stack/nova/nova/service.py:196}}
Jun 24 14:40:21.445296 np0000003554 nova-conductor[98817]: DEBUG nova.service [None req-3a968be6-e1a4-4a4a-a246-ae7ba9d8f514 None None] Creating RPC server for service: nova-conductor on topic: conductor {{(pid=98817) start /opt/stack/nova/nova/service.py:196}}
Jun 24 14:40:21.447788 np0000003554 nova-conductor[98828]: DEBUG dbcounter [-] [98828] Writer thread running {{(pid=98828) stat_writer /opt/stack/data/venv/lib/python3.12/site-packages/dbcounter.py:102}}
Jun 24 14:40:21.451195 np0000003554 nova-conductor[98828]: DEBUG nova.service [None req-3bdb0e61-2098-4951-b02d-a43164a2513a None None] Creating RPC server for service: nova-conductor on topic: conductor {{(pid=98828) start /opt/stack/nova/nova/service.py:196}}
Jun 24 14:40:21.454464 np0000003554 nova-conductor[98838]: DEBUG oslo_db.sqlalchemy.engines [None req-ad4aac87-e059-4044-8f7c-e8054d596b53 None None] MySQL server mode set to STRICT_TRANS_TABLES,STRICT_ALL_TABLES,NO_ZERO_IN_DATE,NO_ZERO_DATE,ERROR_FOR_DIVISION_BY_ZERO,TRADITIONAL,NO_ENGINE_SUBSTITUTION {{(pid=98838) _check_effective_sql_mode /opt/stack/data/venv/lib/python3.12/site-packages/oslo_db/sqlalchemy/engines.py:325}}
Jun 24 14:40:21.466203 np0000003554 nova-conductor[98838]: DEBUG dbcounter [-] [98838] Writer thread running {{(pid=98838) stat_writer /opt/stack/data/venv/lib/python3.12/site-packages/dbcounter.py:102}}
Jun 24 14:40:21.468649 np0000003554 nova-conductor[98817]: DEBUG nova.service [None req-3a968be6-e1a4-4a4a-a246-ae7ba9d8f514 None None] Join ServiceGroup membership for this service conductor {{(pid=98817) start /opt/stack/nova/nova/service.py:222}}
Jun 24 14:40:21.468856 np0000003554 nova-conductor[98817]: DEBUG nova.servicegroup.drivers.db [None req-3a968be6-e1a4-4a4a-a246-ae7ba9d8f514 None None] DB_Driver: join new ServiceGroup member np0000003554 to the conductor group, service = {{(pid=98817) join /opt/stack/nova/nova/servicegroup/drivers/db.py:44}}
Jun 24 14:40:21.469258 np0000003554 nova-conductor[98838]: DEBUG nova.service [None req-ad4aac87-e059-4044-8f7c-e8054d596b53 None None] Creating RPC server for service: nova-conductor on topic: conductor {{(pid=98838) start /opt/stack/nova/nova/service.py:196}}
Jun 24 14:40:21.470650 np0000003554 nova-conductor[98808]: DEBUG nova.service [None req-5e963050-1b55-4d94-b3af-4fad3a160632 None None] Join ServiceGroup membership for this service conductor {{(pid=98808) start /opt/stack/nova/nova/service.py:222}}
Jun 24 14:40:21.470861 np0000003554 nova-conductor[98808]: DEBUG nova.servicegroup.drivers.db [None req-5e963050-1b55-4d94-b3af-4fad3a160632 None None] DB_Driver: join new ServiceGroup member np0000003554 to the conductor group, service = {{(pid=98808) join /opt/stack/nova/nova/servicegroup/drivers/db.py:44}}
Jun 24 14:40:21.476941 np0000003554 nova-conductor[98828]: DEBUG nova.service [None req-3bdb0e61-2098-4951-b02d-a43164a2513a None None] Join ServiceGroup membership for this service conductor {{(pid=98828) start /opt/stack/nova/nova/service.py:222}}
Jun 24 14:40:21.477273 np0000003554 nova-conductor[98828]: DEBUG nova.servicegroup.drivers.db [None req-3bdb0e61-2098-4951-b02d-a43164a2513a None None] DB_Driver: join new ServiceGroup member np0000003554 to the conductor group, service = {{(pid=98828) join /opt/stack/nova/nova/servicegroup/drivers/db.py:44}}
Jun 24 14:40:21.488112 np0000003554 nova-conductor[98838]: DEBUG nova.service [None req-ad4aac87-e059-4044-8f7c-e8054d596b53 None None] Join ServiceGroup membership for this service conductor {{(pid=98838) start /opt/stack/nova/nova/service.py:222}}
Jun 24 14:40:21.488555 np0000003554 nova-conductor[98838]: DEBUG nova.servicegroup.drivers.db [None req-ad4aac87-e059-4044-8f7c-e8054d596b53 None None] DB_Driver: join new ServiceGroup member np0000003554 to the conductor group, service = {{(pid=98838) join /opt/stack/nova/nova/servicegroup/drivers/db.py:44}}
Jun 24 14:40:26.486726 np0000003554 nova-conductor[98817]: DEBUG oslo.service.backend._threading.loopingcall [-] Fixed interval looping call 'nova.servicegroup.drivers.db.DbDriver._report_state' sleeping for 119.98 seconds {{(pid=98817) _run_loop /opt/stack/data/venv/lib/python3.12/site-packages/oslo_service/backend/_threading/loopingcall.py:125}}
Jun 24 14:40:26.487254 np0000003554 nova-conductor[98808]: DEBUG oslo.service.backend._threading.loopingcall [-] Fixed interval looping call 'nova.servicegroup.drivers.db.DbDriver._report_state' sleeping for 119.99 seconds {{(pid=98808) _run_loop /opt/stack/data/venv/lib/python3.12/site-packages/oslo_service/backend/_threading/loopingcall.py:125}}
Jun 24 14:40:26.492999 np0000003554 nova-conductor[98828]: DEBUG oslo.service.backend._threading.loopingcall [-] Fixed interval looping call 'nova.servicegroup.drivers.db.DbDriver._report_state' sleeping for 119.99 seconds {{(pid=98828) _run_loop /opt/stack/data/venv/lib/python3.12/site-packages/oslo_service/backend/_threading/loopingcall.py:125}}
Jun 24 14:40:26.504435 np0000003554 nova-conductor[98838]: DEBUG oslo.service.backend._threading.loopingcall [-] Fixed interval looping call 'nova.servicegroup.drivers.db.DbDriver._report_state' sleeping for 119.99 seconds {{(pid=98838) _run_loop /opt/stack/data/venv/lib/python3.12/site-packages/oslo_service/backend/_threading/loopingcall.py:125}}
Jun 24 14:40:29.978913 np0000003554 nova-conductor[97363]: DEBUG dbcounter [-] [97363] Writing DB stats nova_api:SELECT=1 {{(pid=97363) stat_writer /opt/stack/data/venv/lib/python3.12/site-packages/dbcounter.py:115}}
Jun 24 14:40:30.133363 np0000003554 nova-conductor[97363]: DEBUG dbcounter [-] [97363] Writing DB stats nova_cell0:SELECT=1 {{(pid=97363) stat_writer /opt/stack/data/venv/lib/python3.12/site-packages/dbcounter.py:115}}
Jun 24 14:40:30.140754 np0000003554 nova-conductor[97363]: DEBUG dbcounter [-] [97363] Writing DB stats nova_cell1:SELECT=1 {{(pid=97363) stat_writer /opt/stack/data/venv/lib/python3.12/site-packages/dbcounter.py:115}}
Jun 24 14:40:31.472841 np0000003554 nova-conductor[98808]: DEBUG oslo.service.backend._threading.loopingcall [None req-13226893-7807-4d36-9d87-8f86c4e9d3a7 None None] Dynamic interval looping call 'nova.service.Service.periodic_tasks' sleeping for 60.00 seconds {{(pid=98808) _run_loop /opt/stack/data/venv/lib/python3.12/site-packages/oslo_service/backend/_threading/loopingcall.py:125}}
Jun 24 14:40:36.482367 np0000003554 nova-conductor[98817]: DEBUG dbcounter [-] [98817] Writing DB stats nova_cell0:SELECT=5,nova_cell0:INSERT=1,nova_cell0:UPDATE=1 {{(pid=98817) stat_writer /opt/stack/data/venv/lib/python3.12/site-packages/dbcounter.py:115}}
Jun 24 14:40:36.482825 np0000003554 nova-conductor[98808]: DEBUG dbcounter [-] [98808] Writing DB stats nova_cell0:SELECT=4,nova_cell0:INSERT=1,nova_cell0:UPDATE=1 {{(pid=98808) stat_writer /opt/stack/data/venv/lib/python3.12/site-packages/dbcounter.py:115}}
Jun 24 14:40:36.489401 np0000003554 nova-conductor[98828]: DEBUG dbcounter [-] [98828] Writing DB stats nova_cell0:SELECT=3 {{(pid=98828) stat_writer /opt/stack/data/venv/lib/python3.12/site-packages/dbcounter.py:115}}
Jun 24 14:40:36.501092 np0000003554 nova-conductor[98838]: DEBUG dbcounter [-] [98838] Writing DB stats nova_cell0:SELECT=3 {{(pid=98838) stat_writer /opt/stack/data/venv/lib/python3.12/site-packages/dbcounter.py:115}}
Jun 24 14:40:43.470716 np0000003554 nova-conductor[98817]: DEBUG oslo.service.backend._threading.loopingcall [None req-9a8d5002-e481-4244-ad0b-b528726d3906 None None] Dynamic interval looping call 'nova.service.Service.periodic_tasks' sleeping for 60.00 seconds {{(pid=98817) _run_loop /opt/stack/data/venv/lib/python3.12/site-packages/oslo_service/backend/_threading/loopingcall.py:125}}
Jun 24 14:41:09.490891 np0000003554 nova-conductor[98838]: DEBUG oslo.service.backend._threading.loopingcall [None req-71847587-e983-460a-99fa-ddfb97cb28b5 None None] Dynamic interval looping call 'nova.service.Service.periodic_tasks' sleeping for 60.00 seconds {{(pid=98838) _run_loop /opt/stack/data/venv/lib/python3.12/site-packages/oslo_service/backend/_threading/loopingcall.py:125}}
Jun 24 14:41:19.480729 np0000003554 nova-conductor[98828]: DEBUG oslo.service.backend._threading.loopingcall [None req-81f58063-b685-4221-b0a7-e26aed491b09 None None] Dynamic interval looping call 'nova.service.Service.periodic_tasks' sleeping for 60.00 seconds {{(pid=98828) _run_loop /opt/stack/data/venv/lib/python3.12/site-packages/oslo_service/backend/_threading/loopingcall.py:125}}
Jun 24 14:41:31.473403 np0000003554 nova-conductor[98808]: DEBUG oslo.service.backend._threading.loopingcall [None req-13226893-7807-4d36-9d87-8f86c4e9d3a7 None None] Dynamic interval looping call 'nova.service.Service.periodic_tasks' sleeping for 60.00 seconds {{(pid=98808) _run_loop /opt/stack/data/venv/lib/python3.12/site-packages/oslo_service/backend/_threading/loopingcall.py:125}}
Jun 24 14:41:43.471288 np0000003554 nova-conductor[98817]: DEBUG oslo.service.backend._threading.loopingcall [None req-9a8d5002-e481-4244-ad0b-b528726d3906 None None] Dynamic interval looping call 'nova.service.Service.periodic_tasks' sleeping for 60.00 seconds {{(pid=98817) _run_loop /opt/stack/data/venv/lib/python3.12/site-packages/oslo_service/backend/_threading/loopingcall.py:125}}
Jun 24 14:42:09.491538 np0000003554 nova-conductor[98838]: DEBUG oslo.service.backend._threading.loopingcall [None req-71847587-e983-460a-99fa-ddfb97cb28b5 None None] Dynamic interval looping call 'nova.service.Service.periodic_tasks' sleeping for 60.00 seconds {{(pid=98838) _run_loop /opt/stack/data/venv/lib/python3.12/site-packages/oslo_service/backend/_threading/loopingcall.py:125}}
Jun 24 14:42:19.481375 np0000003554 nova-conductor[98828]: DEBUG oslo.service.backend._threading.loopingcall [None req-81f58063-b685-4221-b0a7-e26aed491b09 None None] Dynamic interval looping call 'nova.service.Service.periodic_tasks' sleeping for 60.00 seconds {{(pid=98828) _run_loop /opt/stack/data/venv/lib/python3.12/site-packages/oslo_service/backend/_threading/loopingcall.py:125}}
Jun 24 14:42:26.473692 np0000003554 nova-conductor[98817]: DEBUG oslo.service.backend._threading.loopingcall [-] Fixed interval looping call 'nova.servicegroup.drivers.db.DbDriver._report_state' sleeping for 119.99 seconds {{(pid=98817) _run_loop /opt/stack/data/venv/lib/python3.12/site-packages/oslo_service/backend/_threading/loopingcall.py:125}}
Jun 24 14:42:26.480750 np0000003554 nova-conductor[98808]: DEBUG oslo.service.backend._threading.loopingcall [-] Fixed interval looping call 'nova.servicegroup.drivers.db.DbDriver._report_state' sleeping for 120.00 seconds {{(pid=98808) _run_loop /opt/stack/data/venv/lib/python3.12/site-packages/oslo_service/backend/_threading/loopingcall.py:125}}
Jun 24 14:42:26.487752 np0000003554 nova-conductor[98828]: DEBUG oslo.service.backend._threading.loopingcall [-] Fixed interval looping call 'nova.servicegroup.drivers.db.DbDriver._report_state' sleeping for 120.00 seconds {{(pid=98828) _run_loop /opt/stack/data/venv/lib/python3.12/site-packages/oslo_service/backend/_threading/loopingcall.py:125}}
Jun 24 14:42:26.498575 np0000003554 nova-conductor[98838]: DEBUG oslo.service.backend._threading.loopingcall [-] Fixed interval looping call 'nova.servicegroup.drivers.db.DbDriver._report_state' sleeping for 120.00 seconds {{(pid=98838) _run_loop /opt/stack/data/venv/lib/python3.12/site-packages/oslo_service/backend/_threading/loopingcall.py:125}}
Jun 24 14:42:31.473863 np0000003554 nova-conductor[98808]: DEBUG oslo.service.backend._threading.loopingcall [None req-13226893-7807-4d36-9d87-8f86c4e9d3a7 None None] Dynamic interval looping call 'nova.service.Service.periodic_tasks' sleeping for 60.00 seconds {{(pid=98808) _run_loop /opt/stack/data/venv/lib/python3.12/site-packages/oslo_service/backend/_threading/loopingcall.py:125}}
Jun 24 14:42:36.470071 np0000003554 nova-conductor[98817]: DEBUG dbcounter [-] [98817] Writing DB stats nova_cell0:SELECT=1,nova_cell0:UPDATE=1 {{(pid=98817) stat_writer /opt/stack/data/venv/lib/python3.12/site-packages/dbcounter.py:115}}
Jun 24 14:42:36.480609 np0000003554 nova-conductor[98808]: DEBUG dbcounter [-] [98808] Writing DB stats nova_cell0:SELECT=1 {{(pid=98808) stat_writer /opt/stack/data/venv/lib/python3.12/site-packages/dbcounter.py:115}}
Jun 24 14:42:36.484949 np0000003554 nova-conductor[98828]: DEBUG dbcounter [-] [98828] Writing DB stats nova_cell0:SELECT=1 {{(pid=98828) stat_writer /opt/stack/data/venv/lib/python3.12/site-packages/dbcounter.py:115}}
Jun 24 14:42:36.496752 np0000003554 nova-conductor[98838]: DEBUG dbcounter [-] [98838] Writing DB stats nova_cell0:SELECT=1 {{(pid=98838) stat_writer /opt/stack/data/venv/lib/python3.12/site-packages/dbcounter.py:115}}
Jun 24 14:42:43.471745 np0000003554 nova-conductor[98817]: DEBUG oslo.service.backend._threading.loopingcall [None req-9a8d5002-e481-4244-ad0b-b528726d3906 None None] Dynamic interval looping call 'nova.service.Service.periodic_tasks' sleeping for 60.00 seconds {{(pid=98817) _run_loop /opt/stack/data/venv/lib/python3.12/site-packages/oslo_service/backend/_threading/loopingcall.py:125}}
Jun 24 14:43:09.494640 np0000003554 nova-conductor[98838]: DEBUG oslo.service.backend._threading.loopingcall [None req-71847587-e983-460a-99fa-ddfb97cb28b5 None None] Dynamic interval looping call 'nova.service.Service.periodic_tasks' sleeping for 60.00 seconds {{(pid=98838) _run_loop /opt/stack/data/venv/lib/python3.12/site-packages/oslo_service/backend/_threading/loopingcall.py:125}}
Jun 24 14:43:15.179223 np0000003554 nova-conductor[98817]: DEBUG oslo_db.sqlalchemy.engines [None req-759b0de9-0bf1-470a-a304-d9839cb253de tempest-AttachVolumeShelveTestJSON-491274706 tempest-AttachVolumeShelveTestJSON-491274706-project-member] Parent process 97363 forked (98817) with an open database connection, which is being discarded and recreated. {{(pid=98817) checkout /opt/stack/data/venv/lib/python3.12/site-packages/oslo_db/sqlalchemy/engines.py:402}}
Jun 24 14:43:15.223558 np0000003554 nova-conductor[98817]: DEBUG dbcounter [-] [98817] Writer thread running {{(pid=98817) stat_writer /opt/stack/data/venv/lib/python3.12/site-packages/dbcounter.py:102}}
Jun 24 14:43:16.756839 np0000003554 nova-conductor[98817]: DEBUG nova.conductor.manager [None req-759b0de9-0bf1-470a-a304-d9839cb253de tempest-AttachVolumeShelveTestJSON-491274706 tempest-AttachVolumeShelveTestJSON-491274706-project-member] Took 1.53 seconds to select destinations for 1 instance(s). {{(pid=98817) _schedule_instances /opt/stack/nova/nova/conductor/manager.py:968}}
Jun 24 14:43:16.787213 np0000003554 nova-conductor[98817]: DEBUG oslo_concurrency.lockutils [None req-759b0de9-0bf1-470a-a304-d9839cb253de tempest-AttachVolumeShelveTestJSON-491274706 tempest-AttachVolumeShelveTestJSON-491274706-project-member] Acquiring lock "c518bce0-ba6c-45fe-8634-ccf19608fdbe" by "nova.context.set_target_cell..get_or_set_cached_cell_and_set_connections" {{(pid=98817) inner /opt/stack/data/venv/lib/python3.12/site-packages/oslo_concurrency/lockutils.py:511}}
Jun 24 14:43:16.787480 np0000003554 nova-conductor[98817]: DEBUG oslo_concurrency.lockutils [None req-759b0de9-0bf1-470a-a304-d9839cb253de tempest-AttachVolumeShelveTestJSON-491274706 tempest-AttachVolumeShelveTestJSON-491274706-project-member] Lock "c518bce0-ba6c-45fe-8634-ccf19608fdbe" acquired by "nova.context.set_target_cell..get_or_set_cached_cell_and_set_connections" :: waited 0.000s {{(pid=98817) inner /opt/stack/data/venv/lib/python3.12/site-packages/oslo_concurrency/lockutils.py:524}}
Jun 24 14:43:16.789273 np0000003554 nova-conductor[98817]: DEBUG oslo_concurrency.lockutils [None req-759b0de9-0bf1-470a-a304-d9839cb253de tempest-AttachVolumeShelveTestJSON-491274706 tempest-AttachVolumeShelveTestJSON-491274706-project-member] Lock "c518bce0-ba6c-45fe-8634-ccf19608fdbe" "released" by "nova.context.set_target_cell..get_or_set_cached_cell_and_set_connections" :: held 0.002s {{(pid=98817) inner /opt/stack/data/venv/lib/python3.12/site-packages/oslo_concurrency/lockutils.py:543}}
Jun 24 14:43:16.791801 np0000003554 nova-conductor[98817]: INFO dbcounter [None req-759b0de9-0bf1-470a-a304-d9839cb253de tempest-AttachVolumeShelveTestJSON-491274706 tempest-AttachVolumeShelveTestJSON-491274706-project-member] Registered counter for database nova_cell1
Jun 24 14:43:16.833536 np0000003554 nova-conductor[98817]: DEBUG oslo_db.sqlalchemy.engines [None req-759b0de9-0bf1-470a-a304-d9839cb253de tempest-AttachVolumeShelveTestJSON-491274706 tempest-AttachVolumeShelveTestJSON-491274706-project-member] MySQL server mode set to STRICT_TRANS_TABLES,STRICT_ALL_TABLES,NO_ZERO_IN_DATE,NO_ZERO_DATE,ERROR_FOR_DIVISION_BY_ZERO,TRADITIONAL,NO_ENGINE_SUBSTITUTION {{(pid=98817) _check_effective_sql_mode /opt/stack/data/venv/lib/python3.12/site-packages/oslo_db/sqlalchemy/engines.py:325}}
Jun 24 14:43:16.841262 np0000003554 nova-conductor[98817]: DEBUG dbcounter [-] [98817] Writer thread running {{(pid=98817) stat_writer /opt/stack/data/venv/lib/python3.12/site-packages/dbcounter.py:102}}
Jun 24 14:43:16.916979 np0000003554 nova-conductor[98817]: INFO nova.utils [None req-759b0de9-0bf1-470a-a304-d9839cb253de tempest-AttachVolumeShelveTestJSON-491274706 tempest-AttachVolumeShelveTestJSON-491274706-project-member] The cell worker thread pool ForkProcess-2.cell_worker is initialized
Jun 24 14:43:16.917413 np0000003554 nova-conductor[98817]: DEBUG oslo_concurrency.lockutils [None req-759b0de9-0bf1-470a-a304-d9839cb253de tempest-AttachVolumeShelveTestJSON-491274706 tempest-AttachVolumeShelveTestJSON-491274706-project-member] Acquiring lock "00000000-0000-0000-0000-000000000000" by "nova.context.set_target_cell..get_or_set_cached_cell_and_set_connections" {{(pid=98817) inner /opt/stack/data/venv/lib/python3.12/site-packages/oslo_concurrency/lockutils.py:511}}
Jun 24 14:43:16.917568 np0000003554 nova-conductor[98817]: DEBUG oslo_concurrency.lockutils [None req-759b0de9-0bf1-470a-a304-d9839cb253de tempest-AttachVolumeShelveTestJSON-491274706 tempest-AttachVolumeShelveTestJSON-491274706-project-member] Lock "00000000-0000-0000-0000-000000000000" acquired by "nova.context.set_target_cell..get_or_set_cached_cell_and_set_connections" :: waited 0.000s {{(pid=98817) inner /opt/stack/data/venv/lib/python3.12/site-packages/oslo_concurrency/lockutils.py:524}}
Jun 24 14:43:16.917987 np0000003554 nova-conductor[98817]: DEBUG oslo_concurrency.lockutils [None req-759b0de9-0bf1-470a-a304-d9839cb253de tempest-AttachVolumeShelveTestJSON-491274706 tempest-AttachVolumeShelveTestJSON-491274706-project-member] Lock "00000000-0000-0000-0000-000000000000" "released" by "nova.context.set_target_cell..get_or_set_cached_cell_and_set_connections" :: held 0.000s {{(pid=98817) inner /opt/stack/data/venv/lib/python3.12/site-packages/oslo_concurrency/lockutils.py:543}}
Jun 24 14:43:16.918679 np0000003554 nova-conductor[98817]: DEBUG oslo_concurrency.lockutils [None req-759b0de9-0bf1-470a-a304-d9839cb253de tempest-AttachVolumeShelveTestJSON-491274706 tempest-AttachVolumeShelveTestJSON-491274706-project-member] Acquiring lock "c518bce0-ba6c-45fe-8634-ccf19608fdbe" by "nova.context.set_target_cell..get_or_set_cached_cell_and_set_connections" {{(pid=98817) inner /opt/stack/data/venv/lib/python3.12/site-packages/oslo_concurrency/lockutils.py:511}}
Jun 24 14:43:16.920046 np0000003554 nova-conductor[98817]: INFO dbcounter [None req-759b0de9-0bf1-470a-a304-d9839cb253de tempest-AttachVolumeShelveTestJSON-491274706 tempest-AttachVolumeShelveTestJSON-491274706-project-member] Registered counter for database nova_cell0
Jun 24 14:43:16.921324 np0000003554 nova-conductor[98817]: DEBUG oslo_concurrency.lockutils [None req-759b0de9-0bf1-470a-a304-d9839cb253de tempest-AttachVolumeShelveTestJSON-491274706 tempest-AttachVolumeShelveTestJSON-491274706-project-member] Lock "c518bce0-ba6c-45fe-8634-ccf19608fdbe" acquired by "nova.context.set_target_cell..get_or_set_cached_cell_and_set_connections" :: waited 0.001s {{(pid=98817) inner /opt/stack/data/venv/lib/python3.12/site-packages/oslo_concurrency/lockutils.py:524}}
Jun 24 14:43:16.921482 np0000003554 nova-conductor[98817]: DEBUG oslo_concurrency.lockutils [None req-759b0de9-0bf1-470a-a304-d9839cb253de tempest-AttachVolumeShelveTestJSON-491274706 tempest-AttachVolumeShelveTestJSON-491274706-project-member] Lock "c518bce0-ba6c-45fe-8634-ccf19608fdbe" "released" by "nova.context.set_target_cell..get_or_set_cached_cell_and_set_connections" :: held 0.002s {{(pid=98817) inner /opt/stack/data/venv/lib/python3.12/site-packages/oslo_concurrency/lockutils.py:543}}
Jun 24 14:43:16.969687 np0000003554 nova-conductor[98817]: DEBUG oslo_db.sqlalchemy.engines [None req-759b0de9-0bf1-470a-a304-d9839cb253de tempest-AttachVolumeShelveTestJSON-491274706 tempest-AttachVolumeShelveTestJSON-491274706-project-member] MySQL server mode set to STRICT_TRANS_TABLES,STRICT_ALL_TABLES,NO_ZERO_IN_DATE,NO_ZERO_DATE,ERROR_FOR_DIVISION_BY_ZERO,TRADITIONAL,NO_ENGINE_SUBSTITUTION {{(pid=98817) _check_effective_sql_mode /opt/stack/data/venv/lib/python3.12/site-packages/oslo_db/sqlalchemy/engines.py:325}}
Jun 24 14:43:16.975461 np0000003554 nova-conductor[98817]: DEBUG dbcounter [-] [98817] Writer thread running {{(pid=98817) stat_writer /opt/stack/data/venv/lib/python3.12/site-packages/dbcounter.py:102}}
Jun 24 14:43:16.992743 np0000003554 nova-conductor[98817]: DEBUG nova.quota [None req-759b0de9-0bf1-470a-a304-d9839cb253de tempest-AttachVolumeShelveTestJSON-491274706 tempest-AttachVolumeShelveTestJSON-491274706-project-member] Getting quotas for project 8e8ac1b89dc945b7849e2a93de851452. Resources: {'cores', 'instances', 'ram'} {{(pid=98817) _get_quotas /opt/stack/nova/nova/quota.py:392}}
Jun 24 14:43:16.996524 np0000003554 nova-conductor[98817]: DEBUG nova.quota [None req-759b0de9-0bf1-470a-a304-d9839cb253de tempest-AttachVolumeShelveTestJSON-491274706 tempest-AttachVolumeShelveTestJSON-491274706-project-member] Getting quotas for user 7ad67c3c40ea4728b10ff97e381bb61c and project 8e8ac1b89dc945b7849e2a93de851452. Resources: {'cores', 'instances', 'ram'} {{(pid=98817) _get_quotas /opt/stack/nova/nova/quota.py:382}}
Jun 24 14:43:17.007050 np0000003554 nova-conductor[98817]: DEBUG nova.conductor.manager [None req-759b0de9-0bf1-470a-a304-d9839cb253de tempest-AttachVolumeShelveTestJSON-491274706 tempest-AttachVolumeShelveTestJSON-491274706-project-member] [instance: 838c469d-6dcc-4657-9953-0c7546d818ad] Selected host: np0000003554; Selected node: np0000003554; Alternates: [] {{(pid=98817) schedule_and_build_instances /opt/stack/nova/nova/conductor/manager.py:1784}}
Jun 24 14:43:17.007506 np0000003554 nova-conductor[98817]: DEBUG oslo_concurrency.lockutils [None req-759b0de9-0bf1-470a-a304-d9839cb253de tempest-AttachVolumeShelveTestJSON-491274706 tempest-AttachVolumeShelveTestJSON-491274706-project-member] Acquiring lock "c518bce0-ba6c-45fe-8634-ccf19608fdbe" by "nova.context.set_target_cell..get_or_set_cached_cell_and_set_connections" {{(pid=98817) inner /opt/stack/data/venv/lib/python3.12/site-packages/oslo_concurrency/lockutils.py:511}}
Jun 24 14:43:17.007700 np0000003554 nova-conductor[98817]: DEBUG oslo_concurrency.lockutils [None req-759b0de9-0bf1-470a-a304-d9839cb253de tempest-AttachVolumeShelveTestJSON-491274706 tempest-AttachVolumeShelveTestJSON-491274706-project-member] Lock "c518bce0-ba6c-45fe-8634-ccf19608fdbe" acquired by "nova.context.set_target_cell..get_or_set_cached_cell_and_set_connections" :: waited 0.000s {{(pid=98817) inner /opt/stack/data/venv/lib/python3.12/site-packages/oslo_concurrency/lockutils.py:524}}
Jun 24 14:43:17.007849 np0000003554 nova-conductor[98817]: DEBUG oslo_concurrency.lockutils [None req-759b0de9-0bf1-470a-a304-d9839cb253de tempest-AttachVolumeShelveTestJSON-491274706 tempest-AttachVolumeShelveTestJSON-491274706-project-member] Lock "c518bce0-ba6c-45fe-8634-ccf19608fdbe" "released" by "nova.context.set_target_cell..get_or_set_cached_cell_and_set_connections" :: held 0.000s {{(pid=98817) inner /opt/stack/data/venv/lib/python3.12/site-packages/oslo_concurrency/lockutils.py:543}}
Jun 24 14:43:17.021544 np0000003554 nova-conductor[98817]: DEBUG nova.conductor.manager [None req-759b0de9-0bf1-470a-a304-d9839cb253de tempest-AttachVolumeShelveTestJSON-491274706 tempest-AttachVolumeShelveTestJSON-491274706-project-member] [instance: 838c469d-6dcc-4657-9953-0c7546d818ad] block_device_mapping [BlockDeviceMapping(attachment_id=,boot_index=0,connection_info=None,created_at=,delete_on_termination=True,deleted=,deleted_at=,destination_type='local',device_name=None,device_type='disk',disk_bus=None,encrypted=False,encryption_format=None,encryption_options=None,encryption_secret_uuid=None,guest_format=None,id=,image_id='8f219220-a2ba-4cff-9d8b-947b3a0025e4',instance=,instance_uuid=,no_device=False,snapshot_id=None,source_type='image',tag=None,updated_at=,uuid=,volume_id=None,volume_size=None,volume_type=None)] {{(pid=98817) _create_block_device_mapping /opt/stack/nova/nova/conductor/manager.py:1529}}
Jun 24 14:43:17.023095 np0000003554 nova-conductor[98817]: DEBUG oslo_concurrency.lockutils [None req-759b0de9-0bf1-470a-a304-d9839cb253de tempest-AttachVolumeShelveTestJSON-491274706 tempest-AttachVolumeShelveTestJSON-491274706-project-member] Acquiring lock "c518bce0-ba6c-45fe-8634-ccf19608fdbe" by "nova.context.set_target_cell..get_or_set_cached_cell_and_set_connections" {{(pid=98817) inner /opt/stack/data/venv/lib/python3.12/site-packages/oslo_concurrency/lockutils.py:511}}
Jun 24 14:43:17.023298 np0000003554 nova-conductor[98817]: DEBUG oslo_concurrency.lockutils [None req-759b0de9-0bf1-470a-a304-d9839cb253de tempest-AttachVolumeShelveTestJSON-491274706 tempest-AttachVolumeShelveTestJSON-491274706-project-member] Lock "c518bce0-ba6c-45fe-8634-ccf19608fdbe" acquired by "nova.context.set_target_cell..get_or_set_cached_cell_and_set_connections" :: waited 0.000s {{(pid=98817) inner /opt/stack/data/venv/lib/python3.12/site-packages/oslo_concurrency/lockutils.py:524}}
Jun 24 14:43:17.023416 np0000003554 nova-conductor[98817]: DEBUG oslo_concurrency.lockutils [None req-759b0de9-0bf1-470a-a304-d9839cb253de tempest-AttachVolumeShelveTestJSON-491274706 tempest-AttachVolumeShelveTestJSON-491274706-project-member] Lock "c518bce0-ba6c-45fe-8634-ccf19608fdbe" "released" by "nova.context.set_target_cell..get_or_set_cached_cell_and_set_connections" :: held 0.000s {{(pid=98817) inner /opt/stack/data/venv/lib/python3.12/site-packages/oslo_concurrency/lockutils.py:543}}
Jun 24 14:43:17.064075 np0000003554 nova-conductor[98817]: DEBUG oslo_concurrency.lockutils [None req-759b0de9-0bf1-470a-a304-d9839cb253de tempest-AttachVolumeShelveTestJSON-491274706 tempest-AttachVolumeShelveTestJSON-491274706-project-member] Acquiring lock "c518bce0-ba6c-45fe-8634-ccf19608fdbe" by "nova.context.set_target_cell..get_or_set_cached_cell_and_set_connections" {{(pid=98817) inner /opt/stack/data/venv/lib/python3.12/site-packages/oslo_concurrency/lockutils.py:511}}
Jun 24 14:43:17.064262 np0000003554 nova-conductor[98817]: DEBUG oslo_concurrency.lockutils [None req-759b0de9-0bf1-470a-a304-d9839cb253de tempest-AttachVolumeShelveTestJSON-491274706 tempest-AttachVolumeShelveTestJSON-491274706-project-member] Lock "c518bce0-ba6c-45fe-8634-ccf19608fdbe" acquired by "nova.context.set_target_cell..get_or_set_cached_cell_and_set_connections" :: waited 0.000s {{(pid=98817) inner /opt/stack/data/venv/lib/python3.12/site-packages/oslo_concurrency/lockutils.py:524}}
