Jun 17 08:41:20.532806 np0000003020 devstack@placement-api.service[89253]: DEBUG placement.handlers.allocation [req-5491e2b9-62ec-4cbe-9640-6e13a3bbeb72 req-3beabbfc-cdf5-44cc-950a-fa4b8fb08eb5 service nova] Successfully wrote allocations [, , ] {{(pid=89253) _update_consumers_and_create_allocations /opt/stack/placement/placement/handlers/allocation.py:462}}
Jun 17 08:41:20.538640 np0000003020 devstack@placement-api.service[89253]: INFO placement.requestlog [req-5491e2b9-62ec-4cbe-9640-6e13a3bbeb72 req-3beabbfc-cdf5-44cc-950a-fa4b8fb08eb5 service nova] 10.4.3.148 "PUT /placement/allocations/eded215a-ab51-4452-b930-245b7225136b" status: 204 len: 0 microversion: 1.36
Jun 17 08:41:20.539066 np0000003020 devstack@placement-api.service[89253]: [pid: 89253|app: 0|req: 66/133] 10.4.3.148 () {72 vars in 1554 bytes} [Wed Jun 17 08:41:20 2026] PUT /placement/allocations/eded215a-ab51-4452-b930-245b7225136b => generated 0 bytes in 64 msecs (HTTP/1.1 204) 5 headers in 199 bytes (1 switches on core 0)
Jun 17 08:41:22.023528 np0000003020 devstack@placement-api.service[89254]: DEBUG placement.requestlog [req-5491e2b9-62ec-4cbe-9640-6e13a3bbeb72 req-b9cf5f04-9ce1-4474-8581-7e916881f94e None None] Starting request: 10.4.3.148 "GET /placement/allocations/eded215a-ab51-4452-b930-245b7225136b" {{(pid=89254) __call__ /opt/stack/placement/placement/requestlog.py:55}}
Jun 17 08:41:22.035376 np0000003020 devstack@placement-api.service[89254]: INFO placement.requestlog [req-5491e2b9-62ec-4cbe-9640-6e13a3bbeb72 req-b9cf5f04-9ce1-4474-8581-7e916881f94e service nova] 10.4.3.148 "GET /placement/allocations/eded215a-ab51-4452-b930-245b7225136b" status: 200 len: 258 microversion: 1.28
Jun 17 08:41:22.035636 np0000003020 devstack@placement-api.service[89254]: [pid: 89254|app: 0|req: 68/134] 10.4.3.148 () {68 vars in 1499 bytes} [Wed Jun 17 08:41:22 2026] GET /placement/allocations/eded215a-ab51-4452-b930-245b7225136b => generated 258 bytes in 15 msecs (HTTP/1.1 200) 8 headers in 296 bytes (1 switches on core 0)
Jun 17 08:41:22.619158 np0000003020 devstack@placement-api.service[89253]: DEBUG placement.requestlog [req-58f7cd94-0352-4b5c-8ea8-379874abce5d req-384d3523-a116-4db0-a9ba-7b9b61a4b645 None None] Starting request: 10.4.3.148 "GET /placement/allocations/7228d9a0-e4ca-406c-bc6e-6fcdee3205a2" {{(pid=89253) __call__ /opt/stack/placement/placement/requestlog.py:55}}
Jun 17 08:41:22.833738 np0000003020 devstack@placement-api.service[89253]: INFO placement.requestlog [req-58f7cd94-0352-4b5c-8ea8-379874abce5d req-384d3523-a116-4db0-a9ba-7b9b61a4b645 service nova] 10.4.3.148 "GET /placement/allocations/7228d9a0-e4ca-406c-bc6e-6fcdee3205a2" status: 200 len: 258 microversion: 1.28
Jun 17 08:41:22.833926 np0000003020 devstack@placement-api.service[89253]: [pid: 89253|app: 0|req: 67/135] 10.4.3.148 () {68 vars in 1501 bytes} [Wed Jun 17 08:41:22 2026] GET /placement/allocations/7228d9a0-e4ca-406c-bc6e-6fcdee3205a2 => generated 258 bytes in 215 msecs (HTTP/1.1 200) 8 headers in 296 bytes (1 switches on core 0)
Jun 17 08:41:22.865104 np0000003020 devstack@placement-api.service[89254]: DEBUG placement.requestlog [req-58f7cd94-0352-4b5c-8ea8-379874abce5d req-dc3e678f-bc65-4371-bde3-557cafea1fed None None] Starting request: 10.4.3.148 "GET /placement/allocations/7228d9a0-e4ca-406c-bc6e-6fcdee3205a2" {{(pid=89254) __call__ /opt/stack/placement/placement/requestlog.py:55}}
Jun 17 08:41:22.872202 np0000003020 devstack@placement-api.service[89254]: INFO placement.requestlog [req-58f7cd94-0352-4b5c-8ea8-379874abce5d req-dc3e678f-bc65-4371-bde3-557cafea1fed service nova] 10.4.3.148 "GET /placement/allocations/7228d9a0-e4ca-406c-bc6e-6fcdee3205a2" status: 200 len: 258 microversion: 1.28
Jun 17 08:41:22.872399 np0000003020 devstack@placement-api.service[89254]: [pid: 89254|app: 0|req: 69/136] 10.4.3.148 () {68 vars in 1501 bytes} [Wed Jun 17 08:41:22 2026] GET /placement/allocations/7228d9a0-e4ca-406c-bc6e-6fcdee3205a2 => generated 258 bytes in 7 msecs (HTTP/1.1 200) 8 headers in 296 bytes (1 switches on core 0)
Jun 17 08:41:22.909713 np0000003020 devstack@placement-api.service[89253]: DEBUG placement.requestlog [req-58f7cd94-0352-4b5c-8ea8-379874abce5d req-7bea882d-b0e1-4622-a357-de7d67ba0cad None None] Starting request: 10.4.3.148 "GET /placement/allocations/563ebc92-d1cb-4e8a-9a34-0305bf427a57" {{(pid=89253) __call__ /opt/stack/placement/placement/requestlog.py:55}}
Jun 17 08:41:22.914978 np0000003020 devstack@placement-api.service[89253]: INFO placement.requestlog [req-58f7cd94-0352-4b5c-8ea8-379874abce5d req-7bea882d-b0e1-4622-a357-de7d67ba0cad service nova] 10.4.3.148 "GET /placement/allocations/563ebc92-d1cb-4e8a-9a34-0305bf427a57" status: 200 len: 19 microversion: 1.28
Jun 17 08:41:22.915177 np0000003020 devstack@placement-api.service[89253]: [pid: 89253|app: 0|req: 68/137] 10.4.3.148 () {68 vars in 1501 bytes} [Wed Jun 17 08:41:22 2026] GET /placement/allocations/563ebc92-d1cb-4e8a-9a34-0305bf427a57 => generated 19 bytes in 5 msecs (HTTP/1.1 200) 8 headers in 295 bytes (1 switches on core 0)
Jun 17 08:41:22.941412 np0000003020 devstack@placement-api.service[89254]: DEBUG placement.requestlog [req-58f7cd94-0352-4b5c-8ea8-379874abce5d req-b407bb71-29c6-45ea-8399-1cfef387ebdb None None] Starting request: 10.4.3.148 "POST /placement/allocations" {{(pid=89254) __call__ /opt/stack/placement/placement/requestlog.py:55}}
Jun 17 08:41:22.983768 np0000003020 devstack@placement-api.service[89254]: DEBUG placement.handlers.allocation [req-58f7cd94-0352-4b5c-8ea8-379874abce5d req-b407bb71-29c6-45ea-8399-1cfef387ebdb service nova] Successfully wrote allocations [, , , , , ] {{(pid=89254) _update_consumers_and_create_allocations /opt/stack/placement/placement/handlers/allocation.py:572}}
Jun 17 08:41:22.991370 np0000003020 devstack@placement-api.service[89254]: INFO placement.requestlog [req-58f7cd94-0352-4b5c-8ea8-379874abce5d req-b407bb71-29c6-45ea-8399-1cfef387ebdb service nova] 10.4.3.148 "POST /placement/allocations" status: 204 len: 0 microversion: 1.28
Jun 17 08:41:22.991618 np0000003020 devstack@placement-api.service[89254]: [pid: 89254|app: 0|req: 70/138] 10.4.3.148 () {72 vars in 1444 bytes} [Wed Jun 17 08:41:22 2026] POST /placement/allocations => generated 0 bytes in 50 msecs (HTTP/1.1 204) 5 headers in 199 bytes (1 switches on core 0)
Jun 17 08:41:23.071209 np0000003020 devstack@placement-api.service[89253]: DEBUG placement.requestlog [req-5491e2b9-62ec-4cbe-9640-6e13a3bbeb72 req-32f62462-0a71-43ac-a55a-3cd986e6d1b9 None None] Starting request: 10.4.3.148 "GET /placement/resource_providers/35f8ed4c-2e2d-4838-aef1-e32976aa5ea4/allocations" {{(pid=89253) __call__ /opt/stack/placement/placement/requestlog.py:55}}
Jun 17 08:41:23.080588 np0000003020 devstack@placement-api.service[89253]: INFO placement.requestlog [req-5491e2b9-62ec-4cbe-9640-6e13a3bbeb72 req-32f62462-0a71-43ac-a55a-3cd986e6d1b9 service nova] 10.4.3.148 "GET /placement/resource_providers/35f8ed4c-2e2d-4838-aef1-e32976aa5ea4/allocations" status: 200 len: 839 microversion: 1.0
Jun 17 08:41:23.080763 np0000003020 devstack@placement-api.service[89253]: [pid: 89253|app: 0|req: 69/139] 10.4.3.148 () {66 vars in 1512 bytes} [Wed Jun 17 08:41:23 2026] GET /placement/resource_providers/35f8ed4c-2e2d-4838-aef1-e32976aa5ea4/allocations => generated 839 bytes in 10 msecs (HTTP/1.1 200) 6 headers in 224 bytes (1 switches on core 0)
Jun 17 08:41:23.112888 np0000003020 devstack@placement-api.service[89254]: DEBUG placement.requestlog [req-5491e2b9-62ec-4cbe-9640-6e13a3bbeb72 req-4dd9f2fd-a19e-4c85-b32a-47dfda73e317 None None] Starting request: 10.4.3.148 "GET /placement/allocations/225bda26-0507-4d4a-8775-c20adb84aea6" {{(pid=89254) __call__ /opt/stack/placement/placement/requestlog.py:55}}
Jun 17 08:41:23.119671 np0000003020 devstack@placement-api.service[89254]: INFO placement.requestlog [req-5491e2b9-62ec-4cbe-9640-6e13a3bbeb72 req-4dd9f2fd-a19e-4c85-b32a-47dfda73e317 service nova] 10.4.3.148 "GET /placement/allocations/225bda26-0507-4d4a-8775-c20adb84aea6" status: 200 len: 258 microversion: 1.28
Jun 17 08:41:23.120051 np0000003020 devstack@placement-api.service[89254]: [pid: 89254|app: 0|req: 71/140] 10.4.3.148 () {68 vars in 1499 bytes} [Wed Jun 17 08:41:23 2026] GET /placement/allocations/225bda26-0507-4d4a-8775-c20adb84aea6 => generated 258 bytes in 7 msecs (HTTP/1.1 200) 8 headers in 296 bytes (1 switches on core 0)
Jun 17 08:41:23.131481 np0000003020 devstack@placement-api.service[89253]: DEBUG placement.requestlog [req-58f7cd94-0352-4b5c-8ea8-379874abce5d req-a4a32612-e2b4-45a9-a19a-2a3b64a34fe4 None None] Starting request: 10.4.3.148 "GET /placement/allocation_candidates?limit=1000&resources=DISK_GB%3A1%2CMEMORY_MB%3A256%2CVCPU%3A1&root_required=%21COMPUTE_STATUS_DISABLED" {{(pid=89253) __call__ /opt/stack/placement/placement/requestlog.py:55}}
Jun 17 08:41:23.148703 np0000003020 devstack@placement-api.service[89253]: DEBUG placement.objects.research_context [req-58f7cd94-0352-4b5c-8ea8-379874abce5d req-a4a32612-e2b4-45a9-a19a-2a3b64a34fe4 service nova] getting providers with 1 DISK_GB {{(pid=89253) __init__ /opt/stack/placement/placement/objects/research_context.py:137}}
Jun 17 08:41:23.150576 np0000003020 devstack@placement-api.service[89254]: DEBUG placement.requestlog [req-5491e2b9-62ec-4cbe-9640-6e13a3bbeb72 req-4909fee0-8a5a-4337-ab37-a47e8edf584e None None] Starting request: 10.4.3.148 "GET /placement/allocations/aa8623fd-c3bf-465f-af4e-96e67ffdccf3" {{(pid=89254) __call__ /opt/stack/placement/placement/requestlog.py:55}}
Jun 17 08:41:23.154314 np0000003020 devstack@placement-api.service[89253]: DEBUG placement.objects.research_context [req-58f7cd94-0352-4b5c-8ea8-379874abce5d req-a4a32612-e2b4-45a9-a19a-2a3b64a34fe4 service nova] getting providers with 256 MEMORY_MB {{(pid=89253) __init__ /opt/stack/placement/placement/objects/research_context.py:137}}
Jun 17 08:41:23.156534 np0000003020 devstack@placement-api.service[89253]: DEBUG placement.objects.research_context [req-58f7cd94-0352-4b5c-8ea8-379874abce5d req-a4a32612-e2b4-45a9-a19a-2a3b64a34fe4 service nova] getting providers with 1 VCPU {{(pid=89253) __init__ /opt/stack/placement/placement/objects/research_context.py:137}}
Jun 17 08:41:23.158639 np0000003020 devstack@placement-api.service[89253]: DEBUG placement.objects.research_context [req-58f7cd94-0352-4b5c-8ea8-379874abce5d req-a4a32612-e2b4-45a9-a19a-2a3b64a34fe4 service nova] found 1 providers with available 1 DISK_GB {{(pid=89253) get_provider_ids_matching /opt/stack/placement/placement/objects/research_context.py:563}}
Jun 17 08:41:23.158720 np0000003020 devstack@placement-api.service[89254]: INFO placement.requestlog [req-5491e2b9-62ec-4cbe-9640-6e13a3bbeb72 req-4909fee0-8a5a-4337-ab37-a47e8edf584e service nova] 10.4.3.148 "GET /placement/allocations/aa8623fd-c3bf-465f-af4e-96e67ffdccf3" status: 200 len: 244 microversion: 1.28
Jun 17 08:41:23.158763 np0000003020 devstack@placement-api.service[89253]: DEBUG placement.objects.research_context [req-58f7cd94-0352-4b5c-8ea8-379874abce5d req-a4a32612-e2b4-45a9-a19a-2a3b64a34fe4 service nova] found 1 providers with available 256 MEMORY_MB {{(pid=89253) get_provider_ids_matching /opt/stack/placement/placement/objects/research_context.py:563}}
Jun 17 08:41:23.159059 np0000003020 devstack@placement-api.service[89253]: DEBUG placement.objects.research_context [req-58f7cd94-0352-4b5c-8ea8-379874abce5d req-a4a32612-e2b4-45a9-a19a-2a3b64a34fe4 service nova] found 1 providers after filtering by previous result {{(pid=89253) get_provider_ids_matching /opt/stack/placement/placement/objects/research_context.py:594}}
Jun 17 08:41:23.159143 np0000003020 devstack@placement-api.service[89253]: DEBUG placement.objects.research_context [req-58f7cd94-0352-4b5c-8ea8-379874abce5d req-a4a32612-e2b4-45a9-a19a-2a3b64a34fe4 service nova] found 1 providers with available 1 VCPU {{(pid=89253) get_provider_ids_matching /opt/stack/placement/placement/objects/research_context.py:563}}
Jun 17 08:41:23.159224 np0000003020 devstack@placement-api.service[89253]: DEBUG placement.objects.research_context [req-58f7cd94-0352-4b5c-8ea8-379874abce5d req-a4a32612-e2b4-45a9-a19a-2a3b64a34fe4 service nova] found 1 providers after filtering by previous result {{(pid=89253) get_provider_ids_matching /opt/stack/placement/placement/objects/research_context.py:594}}
Jun 17 08:41:23.159269 np0000003020 devstack@placement-api.service[89254]: [pid: 89254|app: 0|req: 72/141] 10.4.3.148 () {68 vars in 1499 bytes} [Wed Jun 17 08:41:23 2026] GET /placement/allocations/aa8623fd-c3bf-465f-af4e-96e67ffdccf3 => generated 244 bytes in 9 msecs (HTTP/1.1 200) 8 headers in 296 bytes (1 switches on core 0)
Jun 17 08:41:23.164524 np0000003020 devstack@placement-api.service[89253]: DEBUG placement.objects.allocation_candidate [req-58f7cd94-0352-4b5c-8ea8-379874abce5d req-a4a32612-e2b4-45a9-a19a-2a3b64a34fe4 service nova] RequestGroup(use_same_provider=False, resources={DISK_GB:1, MEMORY_MB:256, VCPU:1}, traits=(), aggregates=[]) (suffix '') returned 1 matches {{(pid=89253) _get_by_requests /opt/stack/placement/placement/objects/allocation_candidate.py:158}}
Jun 17 08:41:23.164670 np0000003020 devstack@placement-api.service[89253]: DEBUG placement.objects.allocation_candidate [req-58f7cd94-0352-4b5c-8ea8-379874abce5d req-a4a32612-e2b4-45a9-a19a-2a3b64a34fe4 service nova] Merging candidates yields 1 allocation requests and 1 provider summaries {{(pid=89253) _merge_candidates /opt/stack/placement/placement/objects/allocation_candidate.py:908}}
Jun 17 08:41:23.165548 np0000003020 devstack@placement-api.service[89253]: INFO placement.requestlog [req-58f7cd94-0352-4b5c-8ea8-379874abce5d req-a4a32612-e2b4-45a9-a19a-2a3b64a34fe4 service nova] 10.4.3.148 "GET /placement/allocation_candidates?limit=1000&resources=DISK_GB%3A1%2CMEMORY_MB%3A256%2CVCPU%3A1&root_required=%21COMPUTE_STATUS_DISABLED" status: 200 len: 2493 microversion: 1.36
Jun 17 08:41:23.165747 np0000003020 devstack@placement-api.service[89253]: [pid: 89253|app: 0|req: 70/142] 10.4.3.148 () {68 vars in 1625 bytes} [Wed Jun 17 08:41:23 2026] GET /placement/allocation_candidates?limit=1000&resources=DISK_GB%3A1%2CMEMORY_MB%3A256%2CVCPU%3A1&root_required=%21COMPUTE_STATUS_DISABLED => generated 2493 bytes in 34 msecs (HTTP/1.1 200) 8 headers in 297 bytes (1 switches on core 0)
Jun 17 08:41:23.191765 np0000003020 devstack@placement-api.service[89254]: DEBUG placement.requestlog [req-5491e2b9-62ec-4cbe-9640-6e13a3bbeb72 req-b927f69e-abe4-46aa-8d37-7e880796150a None None] Starting request: 10.4.3.148 "GET /placement/allocations/9d4d822e-fc0b-4965-9b66-c21dded4a85f" {{(pid=89254) __call__ /opt/stack/placement/placement/requestlog.py:55}}
Jun 17 08:41:23.198860 np0000003020 devstack@placement-api.service[89254]: INFO placement.requestlog [req-5491e2b9-62ec-4cbe-9640-6e13a3bbeb72 req-b927f69e-abe4-46aa-8d37-7e880796150a service nova] 10.4.3.148 "GET /placement/allocations/9d4d822e-fc0b-4965-9b66-c21dded4a85f" status: 200 len: 258 microversion: 1.28
Jun 17 08:41:23.199052 np0000003020 devstack@placement-api.service[89254]: [pid: 89254|app: 0|req: 73/143] 10.4.3.148 () {68 vars in 1499 bytes} [Wed Jun 17 08:41:23 2026] GET /placement/allocations/9d4d822e-fc0b-4965-9b66-c21dded4a85f => generated 258 bytes in 7 msecs (HTTP/1.1 200) 8 headers in 296 bytes (1 switches on core 0)
Jun 17 08:41:23.210641 np0000003020 devstack@placement-api.service[89253]: DEBUG placement.requestlog [req-58f7cd94-0352-4b5c-8ea8-379874abce5d req-29c8ac9b-5575-4aa1-baef-2dd538249452 None None] Starting request: 10.4.3.148 "GET /placement/allocations/7228d9a0-e4ca-406c-bc6e-6fcdee3205a2" {{(pid=89253) __call__ /opt/stack/placement/placement/requestlog.py:55}}
Jun 17 08:41:23.216708 np0000003020 devstack@placement-api.service[89253]: INFO placement.requestlog [req-58f7cd94-0352-4b5c-8ea8-379874abce5d req-29c8ac9b-5575-4aa1-baef-2dd538249452 service nova] 10.4.3.148 "GET /placement/allocations/7228d9a0-e4ca-406c-bc6e-6fcdee3205a2" status: 200 len: 19 microversion: 1.28
Jun 17 08:41:23.217378 np0000003020 devstack@placement-api.service[89253]: [pid: 89253|app: 0|req: 71/144] 10.4.3.148 () {68 vars in 1501 bytes} [Wed Jun 17 08:41:23 2026] GET /placement/allocations/7228d9a0-e4ca-406c-bc6e-6fcdee3205a2 => generated 19 bytes in 7 msecs (HTTP/1.1 200) 8 headers in 295 bytes (1 switches on core 0)
Jun 17 08:41:23.232976 np0000003020 devstack@placement-api.service[89254]: DEBUG placement.requestlog [req-5491e2b9-62ec-4cbe-9640-6e13a3bbeb72 req-1793cf32-b11c-4642-9ff9-8244e702196b None None] Starting request: 10.4.3.148 "GET /placement/allocations/cff6d041-6abe-4e88-8d39-27f76d4d4ebf" {{(pid=89254) __call__ /opt/stack/placement/placement/requestlog.py:55}}
Jun 17 08:41:23.241841 np0000003020 devstack@placement-api.service[89254]: INFO placement.requestlog [req-5491e2b9-62ec-4cbe-9640-6e13a3bbeb72 req-1793cf32-b11c-4642-9ff9-8244e702196b service nova] 10.4.3.148 "GET /placement/allocations/cff6d041-6abe-4e88-8d39-27f76d4d4ebf" status: 200 len: 258 microversion: 1.28
Jun 17 08:41:23.242070 np0000003020 devstack@placement-api.service[89254]: [pid: 89254|app: 0|req: 74/145] 10.4.3.148 () {68 vars in 1499 bytes} [Wed Jun 17 08:41:23 2026] GET /placement/allocations/cff6d041-6abe-4e88-8d39-27f76d4d4ebf => generated 258 bytes in 9 msecs (HTTP/1.1 200) 8 headers in 296 bytes (1 switches on core 0)
Jun 17 08:41:23.247287 np0000003020 devstack@placement-api.service[89253]: DEBUG placement.requestlog [req-58f7cd94-0352-4b5c-8ea8-379874abce5d req-13edbd31-c9b3-48ed-92e8-94afa18166d5 None None] Starting request: 10.4.3.148 "PUT /placement/allocations/7228d9a0-e4ca-406c-bc6e-6fcdee3205a2" {{(pid=89253) __call__ /opt/stack/placement/placement/requestlog.py:55}}
Jun 17 08:41:23.275319 np0000003020 devstack@placement-api.service[89254]: DEBUG placement.requestlog [req-5491e2b9-62ec-4cbe-9640-6e13a3bbeb72 req-7eee344d-7271-42ad-aa43-c2fb1b58486f None None] Starting request: 10.4.3.148 "GET /placement/allocations/563ebc92-d1cb-4e8a-9a34-0305bf427a57" {{(pid=89254) __call__ /opt/stack/placement/placement/requestlog.py:55}}
Jun 17 08:41:23.284522 np0000003020 devstack@placement-api.service[89253]: DEBUG placement.handlers.allocation [req-58f7cd94-0352-4b5c-8ea8-379874abce5d req-13edbd31-c9b3-48ed-92e8-94afa18166d5 service nova] Successfully wrote allocations [, , ] {{(pid=89253) _update_consumers_and_create_allocations /opt/stack/placement/placement/handlers/allocation.py:462}}
Jun 17 08:41:23.285127 np0000003020 devstack@placement-api.service[89254]: INFO placement.requestlog [req-5491e2b9-62ec-4cbe-9640-6e13a3bbeb72 req-7eee344d-7271-42ad-aa43-c2fb1b58486f service nova] 10.4.3.148 "GET /placement/allocations/563ebc92-d1cb-4e8a-9a34-0305bf427a57" status: 200 len: 258 microversion: 1.28
Jun 17 08:41:23.285369 np0000003020 devstack@placement-api.service[89254]: [pid: 89254|app: 0|req: 75/146] 10.4.3.148 () {68 vars in 1499 bytes} [Wed Jun 17 08:41:23 2026] GET /placement/allocations/563ebc92-d1cb-4e8a-9a34-0305bf427a57 => generated 258 bytes in 10 msecs (HTTP/1.1 200) 8 headers in 296 bytes (1 switches on core 0)
Jun 17 08:41:23.291032 np0000003020 devstack@placement-api.service[89253]: INFO placement.requestlog [req-58f7cd94-0352-4b5c-8ea8-379874abce5d req-13edbd31-c9b3-48ed-92e8-94afa18166d5 service nova] 10.4.3.148 "PUT /placement/allocations/7228d9a0-e4ca-406c-bc6e-6fcdee3205a2" status: 204 len: 0 microversion: 1.36
Jun 17 08:41:23.291327 np0000003020 devstack@placement-api.service[89253]: [pid: 89253|app: 0|req: 72/147] 10.4.3.148 () {72 vars in 1554 bytes} [Wed Jun 17 08:41:23 2026] PUT /placement/allocations/7228d9a0-e4ca-406c-bc6e-6fcdee3205a2 => generated 0 bytes in 44 msecs (HTTP/1.1 204) 5 headers in 199 bytes (1 switches on core 0)
Jun 17 08:41:23.315048 np0000003020 devstack@placement-api.service[89254]: DEBUG placement.requestlog [req-5491e2b9-62ec-4cbe-9640-6e13a3bbeb72 req-eda0717f-0e3e-4e10-9c44-fef8512f63f7 None None] Starting request: 10.4.3.148 "GET /placement/allocations/eded215a-ab51-4452-b930-245b7225136b" {{(pid=89254) __call__ /opt/stack/placement/placement/requestlog.py:55}}
Jun 17 08:41:23.325208 np0000003020 devstack@placement-api.service[89254]: INFO placement.requestlog [req-5491e2b9-62ec-4cbe-9640-6e13a3bbeb72 req-eda0717f-0e3e-4e10-9c44-fef8512f63f7 service nova] 10.4.3.148 "GET /placement/allocations/eded215a-ab51-4452-b930-245b7225136b" status: 200 len: 258 microversion: 1.28
Jun 17 08:41:23.325405 np0000003020 devstack@placement-api.service[89254]: [pid: 89254|app: 0|req: 76/148] 10.4.3.148 () {68 vars in 1499 bytes} [Wed Jun 17 08:41:23 2026] GET /placement/allocations/eded215a-ab51-4452-b930-245b7225136b => generated 258 bytes in 10 msecs (HTTP/1.1 200) 8 headers in 296 bytes (1 switches on core 0)
Jun 17 08:41:23.351818 np0000003020 devstack@placement-api.service[89253]: DEBUG placement.requestlog [req-5491e2b9-62ec-4cbe-9640-6e13a3bbeb72 req-521a341e-f6e3-45c5-9759-45d95f258d4c None None] Starting request: 10.4.3.148 "GET /placement/allocations/11ef52e2-19b0-4cfa-be72-d5ec503adfae" {{(pid=89253) __call__ /opt/stack/placement/placement/requestlog.py:55}}
Jun 17 08:41:23.358905 np0000003020 devstack@placement-api.service[89253]: INFO placement.requestlog [req-5491e2b9-62ec-4cbe-9640-6e13a3bbeb72 req-521a341e-f6e3-45c5-9759-45d95f258d4c service nova] 10.4.3.148 "GET /placement/allocations/11ef52e2-19b0-4cfa-be72-d5ec503adfae" status: 200 len: 258 microversion: 1.28
Jun 17 08:41:23.359128 np0000003020 devstack@placement-api.service[89253]: [pid: 89253|app: 0|req: 73/149] 10.4.3.148 () {68 vars in 1499 bytes} [Wed Jun 17 08:41:23 2026] GET /placement/allocations/11ef52e2-19b0-4cfa-be72-d5ec503adfae => generated 258 bytes in 7 msecs (HTTP/1.1 200) 8 headers in 296 bytes (1 switches on core 0)
Jun 17 08:41:23.385439 np0000003020 devstack@placement-api.service[89254]: DEBUG placement.requestlog [req-5491e2b9-62ec-4cbe-9640-6e13a3bbeb72 req-6a1769b2-313b-4e2f-b34e-7011d7f6b409 None None] Starting request: 10.4.3.148 "GET /placement/allocations/a79e7441-a3d8-4771-94ee-a6d1e07743a2" {{(pid=89254) __call__ /opt/stack/placement/placement/requestlog.py:55}}
Jun 17 08:41:23.392458 np0000003020 devstack@placement-api.service[89254]: INFO placement.requestlog [req-5491e2b9-62ec-4cbe-9640-6e13a3bbeb72 req-6a1769b2-313b-4e2f-b34e-7011d7f6b409 service nova] 10.4.3.148 "GET /placement/allocations/a79e7441-a3d8-4771-94ee-a6d1e07743a2" status: 200 len: 258 microversion: 1.28
Jun 17 08:41:23.392676 np0000003020 devstack@placement-api.service[89254]: [pid: 89254|app: 0|req: 77/150] 10.4.3.148 () {68 vars in 1499 bytes} [Wed Jun 17 08:41:23 2026] GET /placement/allocations/a79e7441-a3d8-4771-94ee-a6d1e07743a2 => generated 258 bytes in 8 msecs (HTTP/1.1 200) 8 headers in 296 bytes (1 switches on core 0)
Jun 17 08:41:24.561576 np0000003020 devstack@placement-api.service[89253]: DEBUG placement.requestlog [req-c97c2f44-2e72-4e48-9bf9-859ee45c09d7 req-52ad633c-8d21-4995-b605-53e04dac03e7 None None] Starting request: 10.4.3.148 "GET /placement/allocation_candidates?limit=1000&resources=DISK_GB%3A1%2CMEMORY_MB%3A192%2CVCPU%3A1&root_required=%21COMPUTE_STATUS_DISABLED" {{(pid=89253) __call__ /opt/stack/placement/placement/requestlog.py:55}}
Jun 17 08:41:24.569742 np0000003020 devstack@placement-api.service[89254]: DEBUG placement.requestlog [req-58f7cd94-0352-4b5c-8ea8-379874abce5d req-f7cbf3e2-409a-4d0f-af7f-d5147f47ec00 None None] Starting request: 10.4.3.148 "GET /placement/allocations/7228d9a0-e4ca-406c-bc6e-6fcdee3205a2" {{(pid=89254) __call__ /opt/stack/placement/placement/requestlog.py:55}}
Jun 17 08:41:24.591519 np0000003020 devstack@placement-api.service[89253]: DEBUG placement.objects.research_context [req-c97c2f44-2e72-4e48-9bf9-859ee45c09d7 req-52ad633c-8d21-4995-b605-53e04dac03e7 service nova] getting providers with 1 DISK_GB {{(pid=89253) __init__ /opt/stack/placement/placement/objects/research_context.py:137}}
Jun 17 08:41:24.592416 np0000003020 devstack@placement-api.service[89254]: INFO placement.requestlog [req-58f7cd94-0352-4b5c-8ea8-379874abce5d req-f7cbf3e2-409a-4d0f-af7f-d5147f47ec00 service nova] 10.4.3.148 "GET /placement/allocations/7228d9a0-e4ca-406c-bc6e-6fcdee3205a2" status: 200 len: 258 microversion: 1.28
Jun 17 08:41:24.592774 np0000003020 devstack@placement-api.service[89254]: [pid: 89254|app: 0|req: 78/151] 10.4.3.148 () {68 vars in 1499 bytes} [Wed Jun 17 08:41:24 2026] GET /placement/allocations/7228d9a0-e4ca-406c-bc6e-6fcdee3205a2 => generated 258 bytes in 23 msecs (HTTP/1.1 200) 8 headers in 296 bytes (1 switches on core 0)
Jun 17 08:41:24.598614 np0000003020 devstack@placement-api.service[89253]: DEBUG placement.objects.research_context [req-c97c2f44-2e72-4e48-9bf9-859ee45c09d7 req-52ad633c-8d21-4995-b605-53e04dac03e7 service nova] getting providers with 192 MEMORY_MB {{(pid=89253) __init__ /opt/stack/placement/placement/objects/research_context.py:137}}
Jun 17 08:41:24.603213 np0000003020 devstack@placement-api.service[89253]: DEBUG placement.objects.research_context [req-c97c2f44-2e72-4e48-9bf9-859ee45c09d7 req-52ad633c-8d21-4995-b605-53e04dac03e7 service nova] getting providers with 1 VCPU {{(pid=89253) __init__ /opt/stack/placement/placement/objects/research_context.py:137}}
Jun 17 08:41:24.610601 np0000003020 devstack@placement-api.service[89253]: DEBUG placement.objects.research_context [req-c97c2f44-2e72-4e48-9bf9-859ee45c09d7 req-52ad633c-8d21-4995-b605-53e04dac03e7 service nova] found 1 providers with available 1 DISK_GB {{(pid=89253) get_provider_ids_matching /opt/stack/placement/placement/objects/research_context.py:563}}
Jun 17 08:41:24.610601 np0000003020 devstack@placement-api.service[89253]: DEBUG placement.objects.research_context [req-c97c2f44-2e72-4e48-9bf9-859ee45c09d7 req-52ad633c-8d21-4995-b605-53e04dac03e7 service nova] found 1 providers with available 192 MEMORY_MB {{(pid=89253) get_provider_ids_matching /opt/stack/placement/placement/objects/research_context.py:563}}
Jun 17 08:41:24.610601 np0000003020 devstack@placement-api.service[89253]: DEBUG placement.objects.research_context [req-c97c2f44-2e72-4e48-9bf9-859ee45c09d7 req-52ad633c-8d21-4995-b605-53e04dac03e7 service nova] found 1 providers after filtering by previous result {{(pid=89253) get_provider_ids_matching /opt/stack/placement/placement/objects/research_context.py:594}}
Jun 17 08:41:24.610601 np0000003020 devstack@placement-api.service[89253]: DEBUG placement.objects.research_context [req-c97c2f44-2e72-4e48-9bf9-859ee45c09d7 req-52ad633c-8d21-4995-b605-53e04dac03e7 service nova] found 1 providers with available 1 VCPU {{(pid=89253) get_provider_ids_matching /opt/stack/placement/placement/objects/research_context.py:563}}
Jun 17 08:41:24.610601 np0000003020 devstack@placement-api.service[89253]: DEBUG placement.objects.research_context [req-c97c2f44-2e72-4e48-9bf9-859ee45c09d7 req-52ad633c-8d21-4995-b605-53e04dac03e7 service nova] found 1 providers after filtering by previous result {{(pid=89253) get_provider_ids_matching /opt/stack/placement/placement/objects/research_context.py:594}}
Jun 17 08:41:24.624341 np0000003020 devstack@placement-api.service[89253]: DEBUG placement.objects.allocation_candidate [req-c97c2f44-2e72-4e48-9bf9-859ee45c09d7 req-52ad633c-8d21-4995-b605-53e04dac03e7 service nova] RequestGroup(use_same_provider=False, resources={DISK_GB:1, MEMORY_MB:192, VCPU:1}, traits=(), aggregates=[]) (suffix '') returned 1 matches {{(pid=89253) _get_by_requests /opt/stack/placement/placement/objects/allocation_candidate.py:158}}
Jun 17 08:41:24.625140 np0000003020 devstack@placement-api.service[89253]: DEBUG placement.objects.allocation_candidate [req-c97c2f44-2e72-4e48-9bf9-859ee45c09d7 req-52ad633c-8d21-4995-b605-53e04dac03e7 service nova] Merging candidates yields 1 allocation requests and 1 provider summaries {{(pid=89253) _merge_candidates /opt/stack/placement/placement/objects/allocation_candidate.py:908}}
Jun 17 08:41:24.626110 np0000003020 devstack@placement-api.service[89253]: INFO placement.requestlog [req-c97c2f44-2e72-4e48-9bf9-859ee45c09d7 req-52ad633c-8d21-4995-b605-53e04dac03e7 service nova] 10.4.3.148 "GET /placement/allocation_candidates?limit=1000&resources=DISK_GB%3A1%2CMEMORY_MB%3A192%2CVCPU%3A1&root_required=%21COMPUTE_STATUS_DISABLED" status: 200 len: 2493 microversion: 1.36
Jun 17 08:41:24.626454 np0000003020 devstack@placement-api.service[89253]: [pid: 89253|app: 0|req: 74/152] 10.4.3.148 () {68 vars in 1625 bytes} [Wed Jun 17 08:41:24 2026] GET /placement/allocation_candidates?limit=1000&resources=DISK_GB%3A1%2CMEMORY_MB%3A192%2CVCPU%3A1&root_required=%21COMPUTE_STATUS_DISABLED => generated 2493 bytes in 65 msecs (HTTP/1.1 200) 8 headers in 297 bytes (1 switches on core 0)
Jun 17 08:41:24.671872 np0000003020 devstack@placement-api.service[89254]: DEBUG placement.requestlog [req-c97c2f44-2e72-4e48-9bf9-859ee45c09d7 req-b465e7db-9dad-44d8-8d02-de7b2b725ec6 None None] Starting request: 10.4.3.148 "GET /placement/allocations/82e4bb86-a0da-4610-bcea-307f03e816d5" {{(pid=89254) __call__ /opt/stack/placement/placement/requestlog.py:55}}
Jun 17 08:41:24.677571 np0000003020 devstack@placement-api.service[89254]: INFO placement.requestlog [req-c97c2f44-2e72-4e48-9bf9-859ee45c09d7 req-b465e7db-9dad-44d8-8d02-de7b2b725ec6 service nova] 10.4.3.148 "GET /placement/allocations/82e4bb86-a0da-4610-bcea-307f03e816d5" status: 200 len: 19 microversion: 1.28
Jun 17 08:41:24.677571 np0000003020 devstack@placement-api.service[89254]: [pid: 89254|app: 0|req: 79/153] 10.4.3.148 () {68 vars in 1501 bytes} [Wed Jun 17 08:41:24 2026] GET /placement/allocations/82e4bb86-a0da-4610-bcea-307f03e816d5 => generated 19 bytes in 6 msecs (HTTP/1.1 200) 8 headers in 295 bytes (1 switches on core 0)
Jun 17 08:41:24.709630 np0000003020 devstack@placement-api.service[89253]: DEBUG placement.requestlog [req-c97c2f44-2e72-4e48-9bf9-859ee45c09d7 req-be047bd4-4d29-4e21-ae87-86bc0ce3298f None None] Starting request: 10.4.3.148 "PUT /placement/allocations/82e4bb86-a0da-4610-bcea-307f03e816d5" {{(pid=89253) __call__ /opt/stack/placement/placement/requestlog.py:55}}
Jun 17 08:41:24.763302 np0000003020 devstack@placement-api.service[89253]: DEBUG placement.handlers.allocation [req-c97c2f44-2e72-4e48-9bf9-859ee45c09d7 req-be047bd4-4d29-4e21-ae87-86bc0ce3298f service nova] Successfully wrote allocations [, , ] {{(pid=89253) _update_consumers_and_create_allocations /opt/stack/placement/placement/handlers/allocation.py:462}}
Jun 17 08:41:24.770588 np0000003020 devstack@placement-api.service[89253]: INFO placement.requestlog [req-c97c2f44-2e72-4e48-9bf9-859ee45c09d7 req-be047bd4-4d29-4e21-ae87-86bc0ce3298f service nova] 10.4.3.148 "PUT /placement/allocations/82e4bb86-a0da-4610-bcea-307f03e816d5" status: 204 len: 0 microversion: 1.36
Jun 17 08:41:24.770588 np0000003020 devstack@placement-api.service[89253]: [pid: 89253|app: 0|req: 75/154] 10.4.3.148 () {72 vars in 1554 bytes} [Wed Jun 17 08:41:24 2026] PUT /placement/allocations/82e4bb86-a0da-4610-bcea-307f03e816d5 => generated 0 bytes in 58 msecs (HTTP/1.1 204) 5 headers in 199 bytes (1 switches on core 0)
Jun 17 08:41:25.400662 np0000003020 devstack@placement-api.service[89254]: DEBUG placement.requestlog [req-8322db84-81e0-4273-a253-c3333575203c req-5260f6da-87a2-476f-b4ee-0761ef9194c0 None None] Starting request: 10.4.3.148 "GET /placement/allocation_candidates?limit=1000&resources=DISK_GB%3A1%2CMEMORY_MB%3A192%2CVCPU%3A1&root_required=%21COMPUTE_STATUS_DISABLED" {{(pid=89254) __call__ /opt/stack/placement/placement/requestlog.py:55}}
Jun 17 08:41:25.423254 np0000003020 devstack@placement-api.service[89254]: DEBUG placement.objects.research_context [req-8322db84-81e0-4273-a253-c3333575203c req-5260f6da-87a2-476f-b4ee-0761ef9194c0 service nova] getting providers with 1 DISK_GB {{(pid=89254) __init__ /opt/stack/placement/placement/objects/research_context.py:137}}
Jun 17 08:41:25.427690 np0000003020 devstack@placement-api.service[89254]: DEBUG placement.objects.research_context [req-8322db84-81e0-4273-a253-c3333575203c req-5260f6da-87a2-476f-b4ee-0761ef9194c0 service nova] getting providers with 192 MEMORY_MB {{(pid=89254) __init__ /opt/stack/placement/placement/objects/research_context.py:137}}
Jun 17 08:41:25.428438 np0000003020 devstack@placement-api.service[89254]: DEBUG placement.objects.research_context [req-8322db84-81e0-4273-a253-c3333575203c req-5260f6da-87a2-476f-b4ee-0761ef9194c0 service nova] getting providers with 1 VCPU {{(pid=89254) __init__ /opt/stack/placement/placement/objects/research_context.py:137}}
Jun 17 08:41:25.431708 np0000003020 devstack@placement-api.service[89254]: DEBUG placement.objects.research_context [req-8322db84-81e0-4273-a253-c3333575203c req-5260f6da-87a2-476f-b4ee-0761ef9194c0 service nova] found 1 providers with available 1 DISK_GB {{(pid=89254) get_provider_ids_matching /opt/stack/placement/placement/objects/research_context.py:563}}
Jun 17 08:41:25.431804 np0000003020 devstack@placement-api.service[89254]: DEBUG placement.objects.research_context [req-8322db84-81e0-4273-a253-c3333575203c req-5260f6da-87a2-476f-b4ee-0761ef9194c0 service nova] found 1 providers with available 192 MEMORY_MB {{(pid=89254) get_provider_ids_matching /opt/stack/placement/placement/objects/research_context.py:563}}
Jun 17 08:41:25.432196 np0000003020 devstack@placement-api.service[89254]: DEBUG placement.objects.research_context [req-8322db84-81e0-4273-a253-c3333575203c req-5260f6da-87a2-476f-b4ee-0761ef9194c0 service nova] found 1 providers after filtering by previous result {{(pid=89254) get_provider_ids_matching /opt/stack/placement/placement/objects/research_context.py:594}}
Jun 17 08:41:25.432278 np0000003020 devstack@placement-api.service[89254]: DEBUG placement.objects.research_context [req-8322db84-81e0-4273-a253-c3333575203c req-5260f6da-87a2-476f-b4ee-0761ef9194c0 service nova] found 1 providers with available 1 VCPU {{(pid=89254) get_provider_ids_matching /opt/stack/placement/placement/objects/research_context.py:563}}
Jun 17 08:41:25.432362 np0000003020 devstack@placement-api.service[89254]: DEBUG placement.objects.research_context [req-8322db84-81e0-4273-a253-c3333575203c req-5260f6da-87a2-476f-b4ee-0761ef9194c0 service nova] found 1 providers after filtering by previous result {{(pid=89254) get_provider_ids_matching /opt/stack/placement/placement/objects/research_context.py:594}}
Jun 17 08:41:25.444271 np0000003020 devstack@placement-api.service[89254]: DEBUG placement.objects.allocation_candidate [req-8322db84-81e0-4273-a253-c3333575203c req-5260f6da-87a2-476f-b4ee-0761ef9194c0 service nova] RequestGroup(use_same_provider=False, resources={DISK_GB:1, MEMORY_MB:192, VCPU:1}, traits=(), aggregates=[]) (suffix '') returned 1 matches {{(pid=89254) _get_by_requests /opt/stack/placement/placement/objects/allocation_candidate.py:158}}
Jun 17 08:41:25.444390 np0000003020 devstack@placement-api.service[89254]: DEBUG placement.objects.allocation_candidate [req-8322db84-81e0-4273-a253-c3333575203c req-5260f6da-87a2-476f-b4ee-0761ef9194c0 service nova] Merging candidates yields 1 allocation requests and 1 provider summaries {{(pid=89254) _merge_candidates /opt/stack/placement/placement/objects/allocation_candidate.py:908}}
Jun 17 08:41:25.445300 np0000003020 devstack@placement-api.service[89254]: INFO placement.requestlog [req-8322db84-81e0-4273-a253-c3333575203c req-5260f6da-87a2-476f-b4ee-0761ef9194c0 service nova] 10.4.3.148 "GET /placement/allocation_candidates?limit=1000&resources=DISK_GB%3A1%2CMEMORY_MB%3A192%2CVCPU%3A1&root_required=%21COMPUTE_STATUS_DISABLED" status: 200 len: 2494 microversion: 1.36
Jun 17 08:41:25.445518 np0000003020 devstack@placement-api.service[89254]: [pid: 89254|app: 0|req: 80/155] 10.4.3.148 () {68 vars in 1625 bytes} [Wed Jun 17 08:41:25 2026] GET /placement/allocation_candidates?limit=1000&resources=DISK_GB%3A1%2CMEMORY_MB%3A192%2CVCPU%3A1&root_required=%21COMPUTE_STATUS_DISABLED => generated 2494 bytes in 45 msecs (HTTP/1.1 200) 8 headers in 297 bytes (1 switches on core 0)
Jun 17 08:41:25.495738 np0000003020 devstack@placement-api.service[89253]: DEBUG placement.requestlog [req-8322db84-81e0-4273-a253-c3333575203c req-b959cc19-851c-49ab-9744-6500436ac518 None None] Starting request: 10.4.3.148 "GET /placement/allocations/f3f97d8a-1cac-4821-971f-1f816beb95bc" {{(pid=89253) __call__ /opt/stack/placement/placement/requestlog.py:55}}
Jun 17 08:41:25.501520 np0000003020 devstack@placement-api.service[89253]: INFO placement.requestlog [req-8322db84-81e0-4273-a253-c3333575203c req-b959cc19-851c-49ab-9744-6500436ac518 service nova] 10.4.3.148 "GET /placement/allocations/f3f97d8a-1cac-4821-971f-1f816beb95bc" status: 200 len: 19 microversion: 1.28
Jun 17 08:41:25.502653 np0000003020 devstack@placement-api.service[89253]: [pid: 89253|app: 0|req: 76/156] 10.4.3.148 () {68 vars in 1501 bytes} [Wed Jun 17 08:41:25 2026] GET /placement/allocations/f3f97d8a-1cac-4821-971f-1f816beb95bc => generated 19 bytes in 6 msecs (HTTP/1.1 200) 8 headers in 295 bytes (1 switches on core 0)
Jun 17 08:41:25.539160 np0000003020 devstack@placement-api.service[89254]: DEBUG placement.requestlog [req-8322db84-81e0-4273-a253-c3333575203c req-07c710f5-0e15-4561-950e-bf87abe74b19 None None] Starting request: 10.4.3.148 "PUT /placement/allocations/f3f97d8a-1cac-4821-971f-1f816beb95bc" {{(pid=89254) __call__ /opt/stack/placement/placement/requestlog.py:55}}
Jun 17 08:41:25.586592 np0000003020 devstack@placement-api.service[89254]: DEBUG placement.handlers.allocation [req-8322db84-81e0-4273-a253-c3333575203c req-07c710f5-0e15-4561-950e-bf87abe74b19 service nova] Successfully wrote allocations [, , ] {{(pid=89254) _update_consumers_and_create_allocations /opt/stack/placement/placement/handlers/allocation.py:462}}
Jun 17 08:41:25.589778 np0000003020 devstack@placement-api.service[89254]: INFO placement.requestlog [req-8322db84-81e0-4273-a253-c3333575203c req-07c710f5-0e15-4561-950e-bf87abe74b19 service nova] 10.4.3.148 "PUT /placement/allocations/f3f97d8a-1cac-4821-971f-1f816beb95bc" status: 204 len: 0 microversion: 1.36
Jun 17 08:41:25.590126 np0000003020 devstack@placement-api.service[89254]: [pid: 89254|app: 0|req: 81/157] 10.4.3.148 () {72 vars in 1554 bytes} [Wed Jun 17 08:41:25 2026] PUT /placement/allocations/f3f97d8a-1cac-4821-971f-1f816beb95bc => generated 0 bytes in 51 msecs (HTTP/1.1 204) 5 headers in 199 bytes (1 switches on core 0)
Jun 17 08:41:25.649168 np0000003020 devstack@placement-api.service[89253]: DEBUG placement.requestlog [req-58f7cd94-0352-4b5c-8ea8-379874abce5d req-80e71f70-a57a-4c11-921b-675d129b3366 None None] Starting request: 10.4.3.148 "GET /placement/resource_providers/35f8ed4c-2e2d-4838-aef1-e32976aa5ea4/allocations" {{(pid=89253) __call__ /opt/stack/placement/placement/requestlog.py:55}}
Jun 17 08:41:25.661364 np0000003020 devstack@placement-api.service[89253]: INFO placement.requestlog [req-58f7cd94-0352-4b5c-8ea8-379874abce5d req-80e71f70-a57a-4c11-921b-675d129b3366 service nova] 10.4.3.148 "GET /placement/resource_providers/35f8ed4c-2e2d-4838-aef1-e32976aa5ea4/allocations" status: 200 len: 1139 microversion: 1.0
Jun 17 08:41:25.661622 np0000003020 devstack@placement-api.service[89253]: [pid: 89253|app: 0|req: 77/158] 10.4.3.148 () {66 vars in 1512 bytes} [Wed Jun 17 08:41:25 2026] GET /placement/resource_providers/35f8ed4c-2e2d-4838-aef1-e32976aa5ea4/allocations => generated 1139 bytes in 12 msecs (HTTP/1.1 200) 6 headers in 225 bytes (1 switches on core 0)
Jun 17 08:41:25.694257 np0000003020 devstack@placement-api.service[89254]: DEBUG placement.requestlog [req-58f7cd94-0352-4b5c-8ea8-379874abce5d req-3c87207a-0427-475c-a23b-918d51359828 None None] Starting request: 10.4.3.148 "GET /placement/allocations/225bda26-0507-4d4a-8775-c20adb84aea6" {{(pid=89254) __call__ /opt/stack/placement/placement/requestlog.py:55}}
Jun 17 08:41:25.704685 np0000003020 devstack@placement-api.service[89254]: INFO placement.requestlog [req-58f7cd94-0352-4b5c-8ea8-379874abce5d req-3c87207a-0427-475c-a23b-918d51359828 service nova] 10.4.3.148 "GET /placement/allocations/225bda26-0507-4d4a-8775-c20adb84aea6" status: 200 len: 258 microversion: 1.28
Jun 17 08:41:25.705148 np0000003020 devstack@placement-api.service[89254]: [pid: 89254|app: 0|req: 82/159] 10.4.3.148 () {68 vars in 1499 bytes} [Wed Jun 17 08:41:25 2026] GET /placement/allocations/225bda26-0507-4d4a-8775-c20adb84aea6 => generated 258 bytes in 11 msecs (HTTP/1.1 200) 8 headers in 296 bytes (1 switches on core 0)
Jun 17 08:41:25.732235 np0000003020 devstack@placement-api.service[89253]: DEBUG placement.requestlog [req-58f7cd94-0352-4b5c-8ea8-379874abce5d req-460e8840-aafd-462b-85af-5de221ef0c3f None None] Starting request: 10.4.3.148 "GET /placement/allocations/aa8623fd-c3bf-465f-af4e-96e67ffdccf3" {{(pid=89253) __call__ /opt/stack/placement/placement/requestlog.py:55}}
Jun 17 08:41:25.744820 np0000003020 devstack@placement-api.service[89253]: INFO placement.requestlog [req-58f7cd94-0352-4b5c-8ea8-379874abce5d req-460e8840-aafd-462b-85af-5de221ef0c3f service nova] 10.4.3.148 "GET /placement/allocations/aa8623fd-c3bf-465f-af4e-96e67ffdccf3" status: 200 len: 244 microversion: 1.28
Jun 17 08:41:25.745217 np0000003020 devstack@placement-api.service[89253]: [pid: 89253|app: 0|req: 78/160] 10.4.3.148 () {68 vars in 1499 bytes} [Wed Jun 17 08:41:25 2026] GET /placement/allocations/aa8623fd-c3bf-465f-af4e-96e67ffdccf3 => generated 244 bytes in 13 msecs (HTTP/1.1 200) 8 headers in 296 bytes (1 switches on core 0)
Jun 17 08:41:25.784463 np0000003020 devstack@placement-api.service[89254]: DEBUG placement.requestlog [req-58f7cd94-0352-4b5c-8ea8-379874abce5d req-8f5fe513-6add-410c-a68a-eea2e0719cd5 None None] Starting request: 10.4.3.148 "GET /placement/allocations/9d4d822e-fc0b-4965-9b66-c21dded4a85f" {{(pid=89254) __call__ /opt/stack/placement/placement/requestlog.py:55}}
Jun 17 08:41:25.796273 np0000003020 devstack@placement-api.service[89254]: INFO placement.requestlog [req-58f7cd94-0352-4b5c-8ea8-379874abce5d req-8f5fe513-6add-410c-a68a-eea2e0719cd5 service nova] 10.4.3.148 "GET /placement/allocations/9d4d822e-fc0b-4965-9b66-c21dded4a85f" status: 200 len: 258 microversion: 1.28
Jun 17 08:41:25.797041 np0000003020 devstack@placement-api.service[89254]: [pid: 89254|app: 0|req: 83/161] 10.4.3.148 () {68 vars in 1499 bytes} [Wed Jun 17 08:41:25 2026] GET /placement/allocations/9d4d822e-fc0b-4965-9b66-c21dded4a85f => generated 258 bytes in 12 msecs (HTTP/1.1 200) 8 headers in 296 bytes (1 switches on core 0)
Jun 17 08:41:25.839186 np0000003020 devstack@placement-api.service[89253]: DEBUG placement.requestlog [req-58f7cd94-0352-4b5c-8ea8-379874abce5d req-42a9879a-f68b-4922-ac4c-c12752263c77 None None] Starting request: 10.4.3.148 "GET /placement/allocations/cff6d041-6abe-4e88-8d39-27f76d4d4ebf" {{(pid=89253) __call__ /opt/stack/placement/placement/requestlog.py:55}}
Jun 17 08:41:25.849728 np0000003020 devstack@placement-api.service[89253]: INFO placement.requestlog [req-58f7cd94-0352-4b5c-8ea8-379874abce5d req-42a9879a-f68b-4922-ac4c-c12752263c77 service nova] 10.4.3.148 "GET /placement/allocations/cff6d041-6abe-4e88-8d39-27f76d4d4ebf" status: 200 len: 258 microversion: 1.28
Jun 17 08:41:25.850412 np0000003020 devstack@placement-api.service[89253]: [pid: 89253|app: 0|req: 79/162] 10.4.3.148 () {68 vars in 1499 bytes} [Wed Jun 17 08:41:25 2026] GET /placement/allocations/cff6d041-6abe-4e88-8d39-27f76d4d4ebf => generated 258 bytes in 11 msecs (HTTP/1.1 200) 8 headers in 296 bytes (1 switches on core 0)
Jun 17 08:41:25.892464 np0000003020 devstack@placement-api.service[89254]: DEBUG placement.requestlog [req-58f7cd94-0352-4b5c-8ea8-379874abce5d req-612c9ebf-a39a-469d-95a5-5b485ee8bb15 None None] Starting request: 10.4.3.148 "GET /placement/allocations/563ebc92-d1cb-4e8a-9a34-0305bf427a57" {{(pid=89254) __call__ /opt/stack/placement/placement/requestlog.py:55}}
Jun 17 08:41:25.901365 np0000003020 devstack@placement-api.service[89254]: INFO placement.requestlog [req-58f7cd94-0352-4b5c-8ea8-379874abce5d req-612c9ebf-a39a-469d-95a5-5b485ee8bb15 service nova] 10.4.3.148 "GET /placement/allocations/563ebc92-d1cb-4e8a-9a34-0305bf427a57" status: 200 len: 258 microversion: 1.28
Jun 17 08:41:25.901625 np0000003020 devstack@placement-api.service[89254]: [pid: 89254|app: 0|req: 84/163] 10.4.3.148 () {68 vars in 1499 bytes} [Wed Jun 17 08:41:25 2026] GET /placement/allocations/563ebc92-d1cb-4e8a-9a34-0305bf427a57 => generated 258 bytes in 9 msecs (HTTP/1.1 200) 8 headers in 296 bytes (1 switches on core 0)
Jun 17 08:41:25.937400 np0000003020 devstack@placement-api.service[89253]: DEBUG placement.requestlog [req-58f7cd94-0352-4b5c-8ea8-379874abce5d req-fc1fb6a5-cfb8-4298-b1fa-35ebb03a7684 None None] Starting request: 10.4.3.148 "GET /placement/allocations/7228d9a0-e4ca-406c-bc6e-6fcdee3205a2" {{(pid=89253) __call__ /opt/stack/placement/placement/requestlog.py:55}}
Jun 17 08:41:25.945117 np0000003020 devstack@placement-api.service[89253]: INFO placement.requestlog [req-58f7cd94-0352-4b5c-8ea8-379874abce5d req-fc1fb6a5-cfb8-4298-b1fa-35ebb03a7684 service nova] 10.4.3.148 "GET /placement/allocations/7228d9a0-e4ca-406c-bc6e-6fcdee3205a2" status: 200 len: 258 microversion: 1.28
Jun 17 08:41:25.945322 np0000003020 devstack@placement-api.service[89253]: [pid: 89253|app: 0|req: 80/164] 10.4.3.148 () {68 vars in 1499 bytes} [Wed Jun 17 08:41:25 2026] GET /placement/allocations/7228d9a0-e4ca-406c-bc6e-6fcdee3205a2 => generated 258 bytes in 10 msecs (HTTP/1.1 200) 8 headers in 296 bytes (1 switches on core 0)
Jun 17 08:41:26.001653 np0000003020 devstack@placement-api.service[89254]: DEBUG placement.requestlog [req-58f7cd94-0352-4b5c-8ea8-379874abce5d req-63e8f239-7c47-4ba6-816c-77434add094e None None] Starting request: 10.4.3.148 "GET /placement/allocations/eded215a-ab51-4452-b930-245b7225136b" {{(pid=89254) __call__ /opt/stack/placement/placement/requestlog.py:55}}
Jun 17 08:41:26.014899 np0000003020 devstack@placement-api.service[89254]: INFO placement.requestlog [req-58f7cd94-0352-4b5c-8ea8-379874abce5d req-63e8f239-7c47-4ba6-816c-77434add094e service nova] 10.4.3.148 "GET /placement/allocations/eded215a-ab51-4452-b930-245b7225136b" status: 200 len: 258 microversion: 1.28
Jun 17 08:41:26.015184 np0000003020 devstack@placement-api.service[89254]: [pid: 89254|app: 0|req: 85/165] 10.4.3.148 () {68 vars in 1499 bytes} [Wed Jun 17 08:41:26 2026] GET /placement/allocations/eded215a-ab51-4452-b930-245b7225136b => generated 258 bytes in 14 msecs (HTTP/1.1 200) 8 headers in 296 bytes (1 switches on core 0)
Jun 17 08:41:26.044212 np0000003020 devstack@placement-api.service[89253]: DEBUG placement.requestlog [req-58f7cd94-0352-4b5c-8ea8-379874abce5d req-d4317868-2a49-476c-b93d-2e8dae5eb46a None None] Starting request: 10.4.3.148 "GET /placement/allocations/11ef52e2-19b0-4cfa-be72-d5ec503adfae" {{(pid=89253) __call__ /opt/stack/placement/placement/requestlog.py:55}}
Jun 17 08:41:26.052636 np0000003020 devstack@placement-api.service[89253]: INFO placement.requestlog [req-58f7cd94-0352-4b5c-8ea8-379874abce5d req-d4317868-2a49-476c-b93d-2e8dae5eb46a service nova] 10.4.3.148 "GET /placement/allocations/11ef52e2-19b0-4cfa-be72-d5ec503adfae" status: 200 len: 258 microversion: 1.28
Jun 17 08:41:26.052836 np0000003020 devstack@placement-api.service[89253]: [pid: 89253|app: 0|req: 81/166] 10.4.3.148 () {68 vars in 1499 bytes} [Wed Jun 17 08:41:26 2026] GET /placement/allocations/11ef52e2-19b0-4cfa-be72-d5ec503adfae => generated 258 bytes in 9 msecs (HTTP/1.1 200) 8 headers in 296 bytes (1 switches on core 0)
Jun 17 08:41:26.082702 np0000003020 devstack@placement-api.service[89254]: DEBUG placement.requestlog [req-58f7cd94-0352-4b5c-8ea8-379874abce5d req-ed3cdaab-9731-4696-a520-2c69f9ed1160 None None] Starting request: 10.4.3.148 "GET /placement/allocations/f3f97d8a-1cac-4821-971f-1f816beb95bc" {{(pid=89254) __call__ /opt/stack/placement/placement/requestlog.py:55}}
Jun 17 08:41:26.095483 np0000003020 devstack@placement-api.service[89254]: INFO placement.requestlog [req-58f7cd94-0352-4b5c-8ea8-379874abce5d req-ed3cdaab-9731-4696-a520-2c69f9ed1160 service nova] 10.4.3.148 "GET /placement/allocations/f3f97d8a-1cac-4821-971f-1f816beb95bc" status: 200 len: 258 microversion: 1.28
Jun 17 08:41:26.097762 np0000003020 devstack@placement-api.service[89254]: [pid: 89254|app: 0|req: 86/167] 10.4.3.148 () {68 vars in 1499 bytes} [Wed Jun 17 08:41:26 2026] GET /placement/allocations/f3f97d8a-1cac-4821-971f-1f816beb95bc => generated 258 bytes in 13 msecs (HTTP/1.1 200) 8 headers in 296 bytes (1 switches on core 0)
Jun 17 08:41:26.127470 np0000003020 devstack@placement-api.service[89253]: DEBUG placement.requestlog [req-58f7cd94-0352-4b5c-8ea8-379874abce5d req-877051ee-c6d1-4a9b-9b20-2fa142445f0a None None] Starting request: 10.4.3.148 "GET /placement/allocations/a79e7441-a3d8-4771-94ee-a6d1e07743a2" {{(pid=89253) __call__ /opt/stack/placement/placement/requestlog.py:55}}
Jun 17 08:41:26.135382 np0000003020 devstack@placement-api.service[89253]: INFO placement.requestlog [req-58f7cd94-0352-4b5c-8ea8-379874abce5d req-877051ee-c6d1-4a9b-9b20-2fa142445f0a service nova] 10.4.3.148 "GET /placement/allocations/a79e7441-a3d8-4771-94ee-a6d1e07743a2" status: 200 len: 258 microversion: 1.28
Jun 17 08:41:26.135382 np0000003020 devstack@placement-api.service[89253]: [pid: 89253|app: 0|req: 82/168] 10.4.3.148 () {68 vars in 1499 bytes} [Wed Jun 17 08:41:26 2026] GET /placement/allocations/a79e7441-a3d8-4771-94ee-a6d1e07743a2 => generated 258 bytes in 8 msecs (HTTP/1.1 200) 8 headers in 296 bytes (1 switches on core 0)
Jun 17 08:41:26.174790 np0000003020 devstack@placement-api.service[89254]: DEBUG placement.requestlog [req-c97c2f44-2e72-4e48-9bf9-859ee45c09d7 req-4f0c9cbe-0c84-4463-b0c9-7b54cbaa83c2 None None] Starting request: 10.4.3.148 "GET /placement/allocations/82e4bb86-a0da-4610-bcea-307f03e816d5" {{(pid=89254) __call__ /opt/stack/placement/placement/requestlog.py:55}}
