Jul 02 15:31:14.828025 np0000004295 devstack@g-api.service[99412]: DEBUG glance_store.backend [-] Registering store file with schemes ('file', 'filesystem') {{(pid=99412) create_stores /opt/stack/data/venv/lib/python3.12/site-packages/glance_store/backend.py:261}}
Jul 02 15:31:14.828070 np0000004295 devstack@g-api.service[99411]: DEBUG glance_store.location [-] Registering scheme swift+http with {'store': , 'location_class': , 'store_entry': 'swift'} {{(pid=99411) register_scheme_map /opt/stack/data/venv/lib/python3.12/site-packages/glance_store/location.py:146}}
Jul 02 15:31:14.828119 np0000004295 devstack@g-api.service[99413]: DEBUG glance.sqlite_migration [-] SQLite caching database not located, skipping migration {{(pid=99413) get_db_path /opt/stack/glance/glance/sqlite_migration.py:68}}
Jul 02 15:31:14.828164 np0000004295 devstack@g-api.service[99411]: DEBUG glance_store.location [-] Registering scheme swift+https with {'store': , 'location_class': , 'store_entry': 'swift'} {{(pid=99411) register_scheme_map /opt/stack/data/venv/lib/python3.12/site-packages/glance_store/location.py:146}}
Jul 02 15:31:14.828206 np0000004295 devstack@g-api.service[99412]: DEBUG glance_store.driver [-] Late loading location class glance_store._drivers.filesystem.StoreLocation {{(pid=99412) get_store_location_class /opt/stack/data/venv/lib/python3.12/site-packages/glance_store/driver.py:134}}
Jul 02 15:31:14.828253 np0000004295 devstack@g-api.service[99411]: DEBUG glance_store.location [-] Registering scheme swift with {'store': , 'location_class': , 'store_entry': 'swift'} {{(pid=99411) register_scheme_map /opt/stack/data/venv/lib/python3.12/site-packages/glance_store/location.py:146}}
Jul 02 15:31:14.828294 np0000004295 devstack@g-api.service[99412]: DEBUG glance_store.location [-] Registering scheme file with {'store': , 'location_class': , 'store_entry': 'file'} {{(pid=99412) register_scheme_map /opt/stack/data/venv/lib/python3.12/site-packages/glance_store/location.py:146}}
Jul 02 15:31:14.828352 np0000004295 devstack@g-api.service[99411]: DEBUG glance_store.location [-] Registering scheme swift+http with {'store': , 'location_class': , 'store_entry': 'swift'} {{(pid=99411) register_scheme_map /opt/stack/data/venv/lib/python3.12/site-packages/glance_store/location.py:146}}
Jul 02 15:31:14.828401 np0000004295 devstack@g-api.service[99412]: DEBUG glance_store.location [-] Registering scheme filesystem with {'store': , 'location_class': , 'store_entry': 'file'} {{(pid=99412) register_scheme_map /opt/stack/data/venv/lib/python3.12/site-packages/glance_store/location.py:146}}
Jul 02 15:31:14.828452 np0000004295 devstack@g-api.service[99411]: DEBUG glance_store.location [-] Registering scheme swift+config with {'store': , 'location_class': , 'store_entry': 'swift'} {{(pid=99411) register_scheme_map /opt/stack/data/venv/lib/python3.12/site-packages/glance_store/location.py:146}}
Jul 02 15:31:14.828510 np0000004295 devstack@g-api.service[99413]: WARNING glance.common.wsgi_app [-] Import methods are enabled but staging directory /tmp/staging/ does not exist; Imports will fail!
Jul 02 15:31:14.828558 np0000004295 devstack@g-api.service[99412]: DEBUG glance_store.backend [-] Attempting to import store swift {{(pid=99412) _load_store /opt/stack/data/venv/lib/python3.12/site-packages/glance_store/backend.py:215}}
Jul 02 15:31:14.828613 np0000004295 devstack@g-api.service[99411]: DEBUG glance.sqlite_migration [-] SQLite caching database not located, skipping migration {{(pid=99411) get_db_path /opt/stack/glance/glance/sqlite_migration.py:68}}
Jul 02 15:31:14.828613 np0000004295 devstack@g-api.service[99411]: WARNING glance.common.wsgi_app [-] Import methods are enabled but staging directory /tmp/staging/ does not exist; Imports will fail!
Jul 02 15:31:14.828716 np0000004295 devstack@g-api.service[99412]: DEBUG glance_store.capabilities [-] Store glance_store._drivers.swift.store.SingleTenantStore doesn't support updating dynamic storage capabilities. Please overwrite 'update_capabilities' method of the store to implement updating logics if needed. {{(pid=99412) update_capabilities /opt/stack/data/venv/lib/python3.12/site-packages/glance_store/capabilities.py:91}}
Jul 02 15:31:14.828716 np0000004295 devstack@g-api.service[99412]: DEBUG glance_store.driver [-] Late loading location class glance_store._drivers.swift.store.StoreLocation {{(pid=99412) get_store_location_class /opt/stack/data/venv/lib/python3.12/site-packages/glance_store/driver.py:134}}
Jul 02 15:31:14.828716 np0000004295 devstack@g-api.service[99412]: DEBUG glance_store.location [-] Registering scheme swift+https with {'store': , 'location_class': , 'store_entry': 'swift'} {{(pid=99412) register_scheme_map /opt/stack/data/venv/lib/python3.12/site-packages/glance_store/location.py:146}}
Jul 02 15:31:14.828716 np0000004295 devstack@g-api.service[99412]: DEBUG glance_store.location [-] Registering scheme swift+https with {'store': , 'location_class': , 'store_entry': 'swift'} {{(pid=99412) register_scheme_map /opt/stack/data/venv/lib/python3.12/site-packages/glance_store/location.py:146}}
Jul 02 15:31:14.828716 np0000004295 devstack@g-api.service[99412]: DEBUG glance_store.location [-] Registering scheme swift with {'store': , 'location_class': , 'store_entry': 'swift'} {{(pid=99412) register_scheme_map /opt/stack/data/venv/lib/python3.12/site-packages/glance_store/location.py:146}}
Jul 02 15:31:14.828950 np0000004295 devstack@g-api.service[99412]: DEBUG glance_store.location [-] Registering scheme swift+https with {'store': , 'location_class': , 'store_entry': 'swift'} {{(pid=99412) register_scheme_map /opt/stack/data/venv/lib/python3.12/site-packages/glance_store/location.py:146}}
Jul 02 15:31:14.828950 np0000004295 devstack@g-api.service[99412]: DEBUG glance_store.location [-] Registering scheme swift with {'store': , 'location_class': , 'store_entry': 'swift'} {{(pid=99412) register_scheme_map /opt/stack/data/venv/lib/python3.12/site-packages/glance_store/location.py:146}}
Jul 02 15:31:14.828950 np0000004295 devstack@g-api.service[99412]: DEBUG glance_store.location [-] Registering scheme swift+http with {'store': , 'location_class': , 'store_entry': 'swift'} {{(pid=99412) register_scheme_map /opt/stack/data/venv/lib/python3.12/site-packages/glance_store/location.py:146}}
Jul 02 15:31:14.828950 np0000004295 devstack@g-api.service[99412]: DEBUG glance_store.location [-] Registering scheme swift+https with {'store': , 'location_class': , 'store_entry': 'swift'} {{(pid=99412) register_scheme_map /opt/stack/data/venv/lib/python3.12/site-packages/glance_store/location.py:146}}
Jul 02 15:31:14.828950 np0000004295 devstack@g-api.service[99412]: DEBUG glance_store.location [-] Registering scheme swift with {'store': , 'location_class': , 'store_entry': 'swift'} {{(pid=99412) register_scheme_map /opt/stack/data/venv/lib/python3.12/site-packages/glance_store/location.py:146}}
Jul 02 15:31:14.829146 np0000004295 devstack@g-api.service[99412]: DEBUG glance_store.location [-] Registering scheme swift+http with {'store': , 'location_class': , 'store_entry': 'swift'} {{(pid=99412) register_scheme_map /opt/stack/data/venv/lib/python3.12/site-packages/glance_store/location.py:146}}
Jul 02 15:31:14.829146 np0000004295 devstack@g-api.service[99412]: DEBUG glance_store.location [-] Registering scheme swift+config with {'store': , 'location_class': , 'store_entry': 'swift'} {{(pid=99412) register_scheme_map /opt/stack/data/venv/lib/python3.12/site-packages/glance_store/location.py:146}}
Jul 02 15:31:14.829227 np0000004295 devstack@g-api.service[99412]: DEBUG glance.sqlite_migration [-] SQLite caching database not located, skipping migration {{(pid=99412) get_db_path /opt/stack/glance/glance/sqlite_migration.py:68}}
Jul 02 15:31:14.829392 np0000004295 devstack@g-api.service[99412]: WARNING glance.common.wsgi_app [-] Import methods are enabled but staging directory /tmp/staging/ does not exist; Imports will fail!
Jul 02 15:31:14.955701 np0000004295 devstack@g-api.service[99411]: DEBUG glance.common.config [None req-bde725a1-71f4-421f-9c08-65c693bae9b9 None None] Loading glance-api-keystone+cachemanagement from /etc/glance/glance-api-paste.ini {{(pid=99411) load_paste_app /opt/stack/glance/glance/common/config.py:765}}
Jul 02 15:31:14.968744 np0000004295 devstack@g-api.service[99412]: DEBUG glance.common.config [None req-f7091c83-dec7-4513-9185-535e436e51aa None None] Loading glance-api-keystone+cachemanagement from /etc/glance/glance-api-paste.ini {{(pid=99412) load_paste_app /opt/stack/glance/glance/common/config.py:765}}
Jul 02 15:31:14.972774 np0000004295 devstack@g-api.service[99413]: DEBUG glance.common.config [None req-099b40cd-3864-401b-95ca-eb028d6c1cbb None None] Loading glance-api-keystone+cachemanagement from /etc/glance/glance-api-paste.ini {{(pid=99413) load_paste_app /opt/stack/glance/glance/common/config.py:765}}
Jul 02 15:31:15.584640 np0000004295 devstack@g-api.service[99412]: INFO glance.image_cache [None req-f7091c83-dec7-4513-9185-535e436e51aa None None] Image cache loaded driver 'centralized_db'.
Jul 02 15:31:15.587864 np0000004295 devstack@g-api.service[99411]: INFO glance.image_cache [None req-bde725a1-71f4-421f-9c08-65c693bae9b9 None None] Image cache loaded driver 'centralized_db'.
Jul 02 15:31:15.594608 np0000004295 devstack@g-api.service[99413]: INFO glance.image_cache [None req-099b40cd-3864-401b-95ca-eb028d6c1cbb None None] Image cache loaded driver 'centralized_db'.
Jul 02 15:31:15.627408 np0000004295 devstack@g-api.service[99412]: INFO dbcounter [None req-f7091c83-dec7-4513-9185-535e436e51aa None None] Registered counter for database glance
Jul 02 15:31:15.639668 np0000004295 devstack@g-api.service[99413]: INFO dbcounter [None req-099b40cd-3864-401b-95ca-eb028d6c1cbb None None] Registered counter for database glance
Jul 02 15:31:15.644597 np0000004295 devstack@g-api.service[99411]: INFO dbcounter [None req-bde725a1-71f4-421f-9c08-65c693bae9b9 None None] Registered counter for database glance
Jul 02 15:31:15.664759 np0000004295 devstack@g-api.service[99412]: DEBUG oslo_db.sqlalchemy.engines [None req-f7091c83-dec7-4513-9185-535e436e51aa None None] MySQL server mode set to STRICT_TRANS_TABLES,STRICT_ALL_TABLES,NO_ZERO_IN_DATE,NO_ZERO_DATE,ERROR_FOR_DIVISION_BY_ZERO,TRADITIONAL,NO_ENGINE_SUBSTITUTION {{(pid=99412) _check_effective_sql_mode /opt/stack/data/venv/lib/python3.12/site-packages/oslo_db/sqlalchemy/engines.py:325}}
Jul 02 15:31:15.677322 np0000004295 devstack@g-api.service[99413]: DEBUG oslo_db.sqlalchemy.engines [None req-099b40cd-3864-401b-95ca-eb028d6c1cbb None None] MySQL server mode set to STRICT_TRANS_TABLES,STRICT_ALL_TABLES,NO_ZERO_IN_DATE,NO_ZERO_DATE,ERROR_FOR_DIVISION_BY_ZERO,TRADITIONAL,NO_ENGINE_SUBSTITUTION {{(pid=99413) _check_effective_sql_mode /opt/stack/data/venv/lib/python3.12/site-packages/oslo_db/sqlalchemy/engines.py:325}}
Jul 02 15:31:15.685649 np0000004295 devstack@g-api.service[99411]: DEBUG oslo_db.sqlalchemy.engines [None req-bde725a1-71f4-421f-9c08-65c693bae9b9 None None] MySQL server mode set to STRICT_TRANS_TABLES,STRICT_ALL_TABLES,NO_ZERO_IN_DATE,NO_ZERO_DATE,ERROR_FOR_DIVISION_BY_ZERO,TRADITIONAL,NO_ENGINE_SUBSTITUTION {{(pid=99411) _check_effective_sql_mode /opt/stack/data/venv/lib/python3.12/site-packages/oslo_db/sqlalchemy/engines.py:325}}
Jul 02 15:31:15.685800 np0000004295 devstack@g-api.service[99412]: DEBUG dbcounter [-] [99412] Writer thread running {{(pid=99412) stat_writer /opt/stack/data/venv/lib/python3.12/site-packages/dbcounter.py:102}}
Jul 02 15:31:15.696376 np0000004295 devstack@g-api.service[99412]: INFO glance.image_cache [None req-f7091c83-dec7-4513-9185-535e436e51aa None None] Image cache loaded driver 'centralized_db'.
Jul 02 15:31:15.697902 np0000004295 devstack@g-api.service[99413]: DEBUG dbcounter [-] [99413] Writer thread running {{(pid=99413) stat_writer /opt/stack/data/venv/lib/python3.12/site-packages/dbcounter.py:102}}
Jul 02 15:31:15.700392 np0000004295 devstack@g-api.service[99413]: DEBUG glance.image_cache.drivers.centralized_db [None req-099b40cd-3864-401b-95ca-eb028d6c1cbb None None] Node reference is already recorded, ignoring it {{(pid=99413) configure /opt/stack/glance/glance/image_cache/drivers/centralized_db.py:71}}
Jul 02 15:31:15.703526 np0000004295 devstack@g-api.service[99412]: DEBUG glance.image_cache.drivers.centralized_db [None req-f7091c83-dec7-4513-9185-535e436e51aa None None] Node reference is already recorded, ignoring it {{(pid=99412) configure /opt/stack/glance/glance/image_cache/drivers/centralized_db.py:71}}
Jul 02 15:31:15.705895 np0000004295 devstack@g-api.service[99411]: DEBUG dbcounter [-] [99411] Writer thread running {{(pid=99411) stat_writer /opt/stack/data/venv/lib/python3.12/site-packages/dbcounter.py:102}}
Jul 02 15:31:15.707950 np0000004295 devstack@g-api.service[99411]: DEBUG glance.image_cache.drivers.centralized_db [None req-bde725a1-71f4-421f-9c08-65c693bae9b9 None None] Node reference is already recorded, ignoring it {{(pid=99411) configure /opt/stack/glance/glance/image_cache/drivers/centralized_db.py:71}}
Jul 02 15:31:15.799185 np0000004295 devstack@g-api.service[99413]: INFO glance.image_cache [None req-099b40cd-3864-401b-95ca-eb028d6c1cbb None None] Image cache loaded driver 'centralized_db'.
Jul 02 15:31:15.800225 np0000004295 devstack@g-api.service[99412]: DEBUG glance.api.v2.cached_images [None req-f7091c83-dec7-4513-9185-535e436e51aa None None] Started cache worker thread {{(pid=99412) __init__ /opt/stack/glance/glance/api/v2/cached_images.py:69}}
Jul 02 15:31:15.800408 np0000004295 devstack@g-api.service[99411]: INFO glance.image_cache [None req-bde725a1-71f4-421f-9c08-65c693bae9b9 None None] Image cache loaded driver 'centralized_db'.
Jul 02 15:31:15.800924 np0000004295 devstack@g-api.service[99412]: INFO glance.image_cache [None req-f7091c83-dec7-4513-9185-535e436e51aa None None] Image cache loaded driver 'centralized_db'.
Jul 02 15:31:15.807317 np0000004295 devstack@g-api.service[99411]: DEBUG glance.image_cache.drivers.centralized_db [None req-bde725a1-71f4-421f-9c08-65c693bae9b9 None None] Node reference is already recorded, ignoring it {{(pid=99411) configure /opt/stack/glance/glance/image_cache/drivers/centralized_db.py:71}}
Jul 02 15:31:15.807418 np0000004295 devstack@g-api.service[99412]: DEBUG glance.image_cache.drivers.centralized_db [None req-f7091c83-dec7-4513-9185-535e436e51aa None None] Node reference is already recorded, ignoring it {{(pid=99412) configure /opt/stack/glance/glance/image_cache/drivers/centralized_db.py:71}}
Jul 02 15:31:15.807702 np0000004295 devstack@g-api.service[99413]: DEBUG glance.image_cache.drivers.centralized_db [None req-099b40cd-3864-401b-95ca-eb028d6c1cbb None None] Node reference is already recorded, ignoring it {{(pid=99413) configure /opt/stack/glance/glance/image_cache/drivers/centralized_db.py:71}}
Jul 02 15:31:15.811744 np0000004295 devstack@g-api.service[99411]: DEBUG glance.api.v2.cached_images [None req-bde725a1-71f4-421f-9c08-65c693bae9b9 None None] Started cache worker thread {{(pid=99411) __init__ /opt/stack/glance/glance/api/v2/cached_images.py:69}}
Jul 02 15:31:15.811800 np0000004295 devstack@g-api.service[99412]: INFO glance.api.middleware.cache_manage [None req-f7091c83-dec7-4513-9185-535e436e51aa None None] Initialized image cache management middleware
Jul 02 15:31:15.811937 np0000004295 devstack@g-api.service[99412]: INFO glance.image_cache [None req-f7091c83-dec7-4513-9185-535e436e51aa None None] Image cache loaded driver 'centralized_db'.
Jul 02 15:31:15.812385 np0000004295 devstack@g-api.service[99411]: INFO glance.image_cache [None req-bde725a1-71f4-421f-9c08-65c693bae9b9 None None] Image cache loaded driver 'centralized_db'.
Jul 02 15:31:15.814832 np0000004295 devstack@g-api.service[99413]: DEBUG glance.api.v2.cached_images [None req-099b40cd-3864-401b-95ca-eb028d6c1cbb None None] Started cache worker thread {{(pid=99413) __init__ /opt/stack/glance/glance/api/v2/cached_images.py:69}}
Jul 02 15:31:15.815752 np0000004295 devstack@g-api.service[99413]: INFO glance.image_cache [None req-099b40cd-3864-401b-95ca-eb028d6c1cbb None None] Image cache loaded driver 'centralized_db'.
Jul 02 15:31:15.818810 np0000004295 devstack@g-api.service[99412]: DEBUG glance.image_cache.drivers.centralized_db [None req-f7091c83-dec7-4513-9185-535e436e51aa None None] Node reference is already recorded, ignoring it {{(pid=99412) configure /opt/stack/glance/glance/image_cache/drivers/centralized_db.py:71}}
Jul 02 15:31:15.818872 np0000004295 devstack@g-api.service[99411]: DEBUG glance.image_cache.drivers.centralized_db [None req-bde725a1-71f4-421f-9c08-65c693bae9b9 None None] Node reference is already recorded, ignoring it {{(pid=99411) configure /opt/stack/glance/glance/image_cache/drivers/centralized_db.py:71}}
Jul 02 15:31:15.822200 np0000004295 devstack@g-api.service[99412]: INFO glance.api.middleware.cache [None req-f7091c83-dec7-4513-9185-535e436e51aa None None] Initialized image cache middleware
Jul 02 15:31:15.823037 np0000004295 devstack@g-api.service[99411]: INFO glance.api.middleware.cache_manage [None req-bde725a1-71f4-421f-9c08-65c693bae9b9 None None] Initialized image cache management middleware
Jul 02 15:31:15.823181 np0000004295 devstack@g-api.service[99411]: INFO glance.image_cache [None req-bde725a1-71f4-421f-9c08-65c693bae9b9 None None] Image cache loaded driver 'centralized_db'.
Jul 02 15:31:15.824770 np0000004295 devstack@g-api.service[99413]: DEBUG glance.image_cache.drivers.centralized_db [None req-099b40cd-3864-401b-95ca-eb028d6c1cbb None None] Node reference is already recorded, ignoring it {{(pid=99413) configure /opt/stack/glance/glance/image_cache/drivers/centralized_db.py:71}}
Jul 02 15:31:15.829785 np0000004295 devstack@g-api.service[99411]: DEBUG glance.image_cache.drivers.centralized_db [None req-bde725a1-71f4-421f-9c08-65c693bae9b9 None None] Node reference is already recorded, ignoring it {{(pid=99411) configure /opt/stack/glance/glance/image_cache/drivers/centralized_db.py:71}}
Jul 02 15:31:15.830598 np0000004295 devstack@g-api.service[99413]: INFO glance.api.middleware.cache_manage [None req-099b40cd-3864-401b-95ca-eb028d6c1cbb None None] Initialized image cache management middleware
Jul 02 15:31:15.830772 np0000004295 devstack@g-api.service[99413]: INFO glance.image_cache [None req-099b40cd-3864-401b-95ca-eb028d6c1cbb None None] Image cache loaded driver 'centralized_db'.
Jul 02 15:31:15.833196 np0000004295 devstack@g-api.service[99411]: INFO glance.api.middleware.cache [None req-bde725a1-71f4-421f-9c08-65c693bae9b9 None None] Initialized image cache middleware
Jul 02 15:31:15.833815 np0000004295 devstack@g-api.service[99412]: DEBUG glance.common.config [None req-f7091c83-dec7-4513-9185-535e436e51aa None None] ******************************************************************************** {{(pid=99412) log_opt_values /opt/stack/data/venv/lib/python3.12/site-packages/oslo_config/cfg.py:3226}}
Jul 02 15:31:15.833906 np0000004295 devstack@g-api.service[99412]: DEBUG glance.common.config [None req-f7091c83-dec7-4513-9185-535e436e51aa None None] Configuration options gathered from: {{(pid=99412) log_opt_values /opt/stack/data/venv/lib/python3.12/site-packages/oslo_config/cfg.py:3227}}
Jul 02 15:31:15.834313 np0000004295 devstack@g-api.service[99412]: DEBUG glance.common.config [None req-f7091c83-dec7-4513-9185-535e436e51aa None None] command line args: [] {{(pid=99412) log_opt_values /opt/stack/data/venv/lib/python3.12/site-packages/oslo_config/cfg.py:3228}}
Jul 02 15:31:15.834313 np0000004295 devstack@g-api.service[99412]: DEBUG glance.common.config [None req-f7091c83-dec7-4513-9185-535e436e51aa None None] config files: ['/etc/glance/glance-image-import.conf', '/etc/glance/glance-api.conf'] {{(pid=99412) log_opt_values /opt/stack/data/venv/lib/python3.12/site-packages/oslo_config/cfg.py:3229}}
Jul 02 15:31:15.834400 np0000004295 devstack@g-api.service[99412]: DEBUG glance.common.config [None req-f7091c83-dec7-4513-9185-535e436e51aa None None] ================================================================================ {{(pid=99412) log_opt_values /opt/stack/data/venv/lib/python3.12/site-packages/oslo_config/cfg.py:3234}}
Jul 02 15:31:15.834516 np0000004295 devstack@g-api.service[99412]: DEBUG glance.common.config [None req-f7091c83-dec7-4513-9185-535e436e51aa None None] allow_anonymous_access = False {{(pid=99412) log_opt_values /opt/stack/data/venv/lib/python3.12/site-packages/oslo_config/cfg.py:3242}}
Jul 02 15:31:15.834617 np0000004295 devstack@g-api.service[99412]: DEBUG glance.common.config [None req-f7091c83-dec7-4513-9185-535e436e51aa None None] api_limit_max = 1000 {{(pid=99412) log_opt_values /opt/stack/data/venv/lib/python3.12/site-packages/oslo_config/cfg.py:3242}}
Jul 02 15:31:15.834717 np0000004295 devstack@g-api.service[99412]: DEBUG glance.common.config [None req-f7091c83-dec7-4513-9185-535e436e51aa None None] backlog = 4096 {{(pid=99412) log_opt_values /opt/stack/data/venv/lib/python3.12/site-packages/oslo_config/cfg.py:3242}}
Jul 02 15:31:15.834843 np0000004295 devstack@g-api.service[99412]: DEBUG glance.common.config [None req-f7091c83-dec7-4513-9185-535e436e51aa None None] bind_host = 0.0.0.0 {{(pid=99412) log_opt_values /opt/stack/data/venv/lib/python3.12/site-packages/oslo_config/cfg.py:3242}}
Jul 02 15:31:15.834956 np0000004295 devstack@g-api.service[99412]: DEBUG glance.common.config [None req-f7091c83-dec7-4513-9185-535e436e51aa None None] bind_port = 19292 {{(pid=99412) log_opt_values /opt/stack/data/venv/lib/python3.12/site-packages/oslo_config/cfg.py:3242}}
Jul 02 15:31:15.835055 np0000004295 devstack@g-api.service[99412]: DEBUG glance.common.config [None req-f7091c83-dec7-4513-9185-535e436e51aa None None] client_socket_timeout = 900 {{(pid=99412) log_opt_values /opt/stack/data/venv/lib/python3.12/site-packages/oslo_config/cfg.py:3242}}
Jul 02 15:31:15.835151 np0000004295 devstack@g-api.service[99412]: DEBUG glance.common.config [None req-f7091c83-dec7-4513-9185-535e436e51aa None None] config_dir = [] {{(pid=99412) log_opt_values /opt/stack/data/venv/lib/python3.12/site-packages/oslo_config/cfg.py:3242}}
Jul 02 15:31:15.835222 np0000004295 devstack@g-api.service[99412]: DEBUG glance.common.config [None req-f7091c83-dec7-4513-9185-535e436e51aa None None] config_file = ['/etc/glance/glance-image-import.conf', '/etc/glance/glance-api.conf'] {{(pid=99412) log_opt_values /opt/stack/data/venv/lib/python3.12/site-packages/oslo_config/cfg.py:3242}}
Jul 02 15:31:15.835334 np0000004295 devstack@g-api.service[99412]: DEBUG glance.common.config [None req-f7091c83-dec7-4513-9185-535e436e51aa None None] config_source = [] {{(pid=99412) log_opt_values /opt/stack/data/venv/lib/python3.12/site-packages/oslo_config/cfg.py:3242}}
Jul 02 15:31:15.835469 np0000004295 devstack@g-api.service[99412]: DEBUG glance.common.config [None req-f7091c83-dec7-4513-9185-535e436e51aa None None] control_exchange = glance {{(pid=99412) log_opt_values /opt/stack/data/venv/lib/python3.12/site-packages/oslo_config/cfg.py:3242}}
Jul 02 15:31:15.835728 np0000004295 devstack@g-api.service[99412]: DEBUG glance.common.config [None req-f7091c83-dec7-4513-9185-535e436e51aa None None] debug = True {{(pid=99412) log_opt_values /opt/stack/data/venv/lib/python3.12/site-packages/oslo_config/cfg.py:3242}}
Jul 02 15:31:15.835791 np0000004295 devstack@g-api.service[99412]: DEBUG glance.common.config [None req-f7091c83-dec7-4513-9185-535e436e51aa None None] default_log_levels = ['amqp=WARN', 'boto=WARN', 'sqlalchemy=WARN', 'suds=INFO', 'oslo.messaging=INFO', 'oslo_messaging=INFO', 'iso8601=WARN', 'requests.packages.urllib3.connectionpool=WARN', 'urllib3.connectionpool=WARN', 'websocket=WARN', 'requests.packages.urllib3.util.retry=WARN', 'urllib3.util.retry=WARN', 'keystonemiddleware=WARN', 'routes.middleware=WARN', 'stevedore=WARN', 'taskflow=WARN', 'keystoneauth=WARN', 'oslo.cache=INFO', 'oslo_policy=INFO', 'dogpile.core.dogpile=INFO'] {{(pid=99412) log_opt_values /opt/stack/data/venv/lib/python3.12/site-packages/oslo_config/cfg.py:3242}}
Jul 02 15:31:15.835881 np0000004295 devstack@g-api.service[99412]: DEBUG glance.common.config [None req-f7091c83-dec7-4513-9185-535e436e51aa None None] default_publisher_id = image.localhost {{(pid=99412) log_opt_values /opt/stack/data/venv/lib/python3.12/site-packages/oslo_config/cfg.py:3242}}
Jul 02 15:31:15.835967 np0000004295 devstack@g-api.service[99412]: DEBUG glance.common.config [None req-f7091c83-dec7-4513-9185-535e436e51aa None None] delayed_delete = False {{(pid=99412) log_opt_values /opt/stack/data/venv/lib/python3.12/site-packages/oslo_config/cfg.py:3242}}
Jul 02 15:31:15.836073 np0000004295 devstack@g-api.service[99412]: DEBUG glance.common.config [None req-f7091c83-dec7-4513-9185-535e436e51aa None None] digest_algorithm = sha256 {{(pid=99412) log_opt_values /opt/stack/data/venv/lib/python3.12/site-packages/oslo_config/cfg.py:3242}}
Jul 02 15:31:15.836154 np0000004295 devstack@g-api.service[99412]: DEBUG glance.common.config [None req-f7091c83-dec7-4513-9185-535e436e51aa None None] disabled_notifications = [] {{(pid=99412) log_opt_values /opt/stack/data/venv/lib/python3.12/site-packages/oslo_config/cfg.py:3242}}
Jul 02 15:31:15.836232 np0000004295 devstack@g-api.service[99412]: DEBUG glance.common.config [None req-f7091c83-dec7-4513-9185-535e436e51aa None None] do_secure_hash = True {{(pid=99412) log_opt_values /opt/stack/data/venv/lib/python3.12/site-packages/oslo_config/cfg.py:3242}}
Jul 02 15:31:15.836325 np0000004295 devstack@g-api.service[99412]: DEBUG glance.common.config [None req-f7091c83-dec7-4513-9185-535e436e51aa None None] enabled_backends = None {{(pid=99412) log_opt_values /opt/stack/data/venv/lib/python3.12/site-packages/oslo_config/cfg.py:3242}}
Jul 02 15:31:15.836421 np0000004295 devstack@g-api.service[99412]: DEBUG glance.common.config [None req-f7091c83-dec7-4513-9185-535e436e51aa None None] enabled_import_methods = ['glance-direct', 'web-download', 'copy-image'] {{(pid=99412) log_opt_values /opt/stack/data/venv/lib/python3.12/site-packages/oslo_config/cfg.py:3242}}
Jul 02 15:31:15.836527 np0000004295 devstack@g-api.service[99412]: DEBUG glance.common.config [None req-f7091c83-dec7-4513-9185-535e436e51aa None None] fatal_deprecations = False {{(pid=99412) log_opt_values /opt/stack/data/venv/lib/python3.12/site-packages/oslo_config/cfg.py:3242}}
Jul 02 15:31:15.836624 np0000004295 devstack@g-api.service[99412]: DEBUG glance.common.config [None req-f7091c83-dec7-4513-9185-535e436e51aa None None] hashing_algorithm = sha512 {{(pid=99412) log_opt_values /opt/stack/data/venv/lib/python3.12/site-packages/oslo_config/cfg.py:3242}}
Jul 02 15:31:15.836728 np0000004295 devstack@g-api.service[99412]: DEBUG glance.common.config [None req-f7091c83-dec7-4513-9185-535e436e51aa None None] http_keepalive = True {{(pid=99412) log_opt_values /opt/stack/data/venv/lib/python3.12/site-packages/oslo_config/cfg.py:3242}}
Jul 02 15:31:15.836785 np0000004295 devstack@g-api.service[99412]: DEBUG glance.common.config [None req-f7091c83-dec7-4513-9185-535e436e51aa None None] http_retries = 3 {{(pid=99412) log_opt_values /opt/stack/data/venv/lib/python3.12/site-packages/oslo_config/cfg.py:3242}}
Jul 02 15:31:15.836884 np0000004295 devstack@g-api.service[99412]: DEBUG glance.common.config [None req-f7091c83-dec7-4513-9185-535e436e51aa None None] image_cache_dir = /opt/stack/data/glance/cache/ {{(pid=99412) log_opt_values /opt/stack/data/venv/lib/python3.12/site-packages/oslo_config/cfg.py:3242}}
Jul 02 15:31:15.836990 np0000004295 devstack@g-api.service[99412]: DEBUG glance.common.config [None req-f7091c83-dec7-4513-9185-535e436e51aa None None] image_cache_driver = centralized_db {{(pid=99412) log_opt_values /opt/stack/data/venv/lib/python3.12/site-packages/oslo_config/cfg.py:3242}}
Jul 02 15:31:15.837078 np0000004295 devstack@g-api.service[99412]: DEBUG glance.common.config [None req-f7091c83-dec7-4513-9185-535e436e51aa None None] image_cache_max_size = 10737418240 {{(pid=99412) log_opt_values /opt/stack/data/venv/lib/python3.12/site-packages/oslo_config/cfg.py:3242}}
Jul 02 15:31:15.837170 np0000004295 devstack@g-api.service[99412]: DEBUG glance.common.config [None req-f7091c83-dec7-4513-9185-535e436e51aa None None] image_cache_sqlite_db = cache.db {{(pid=99412) log_opt_values /opt/stack/data/venv/lib/python3.12/site-packages/oslo_config/cfg.py:3242}}
Jul 02 15:31:15.837256 np0000004295 devstack@g-api.service[99412]: DEBUG glance.common.config [None req-f7091c83-dec7-4513-9185-535e436e51aa None None] image_cache_stall_time = 86400 {{(pid=99412) log_opt_values /opt/stack/data/venv/lib/python3.12/site-packages/oslo_config/cfg.py:3242}}
Jul 02 15:31:15.837343 np0000004295 devstack@g-api.service[99412]: DEBUG glance.common.config [None req-f7091c83-dec7-4513-9185-535e436e51aa None None] image_location_quota = 10 {{(pid=99412) log_opt_values /opt/stack/data/venv/lib/python3.12/site-packages/oslo_config/cfg.py:3242}}
Jul 02 15:31:15.837429 np0000004295 devstack@g-api.service[99412]: DEBUG glance.common.config [None req-f7091c83-dec7-4513-9185-535e436e51aa None None] image_member_quota = 128 {{(pid=99412) log_opt_values /opt/stack/data/venv/lib/python3.12/site-packages/oslo_config/cfg.py:3242}}
Jul 02 15:31:15.837535 np0000004295 devstack@g-api.service[99412]: DEBUG glance.common.config [None req-f7091c83-dec7-4513-9185-535e436e51aa None None] image_property_quota = 128 {{(pid=99412) log_opt_values /opt/stack/data/venv/lib/python3.12/site-packages/oslo_config/cfg.py:3242}}
Jul 02 15:31:15.837627 np0000004295 devstack@g-api.service[99412]: DEBUG glance.common.config [None req-f7091c83-dec7-4513-9185-535e436e51aa None None] image_size_cap = 1099511627776 {{(pid=99412) log_opt_values /opt/stack/data/venv/lib/python3.12/site-packages/oslo_config/cfg.py:3242}}
Jul 02 15:31:15.837671 np0000004295 devstack@g-api.service[99413]: DEBUG glance.image_cache.drivers.centralized_db [None req-099b40cd-3864-401b-95ca-eb028d6c1cbb None None] Node reference is already recorded, ignoring it {{(pid=99413) configure /opt/stack/glance/glance/image_cache/drivers/centralized_db.py:71}}
Jul 02 15:31:15.837719 np0000004295 devstack@g-api.service[99412]: DEBUG glance.common.config [None req-f7091c83-dec7-4513-9185-535e436e51aa None None] image_tag_quota = 128 {{(pid=99412) log_opt_values /opt/stack/data/venv/lib/python3.12/site-packages/oslo_config/cfg.py:3242}}
Jul 02 15:31:15.837800 np0000004295 devstack@g-api.service[99412]: DEBUG glance.common.config [None req-f7091c83-dec7-4513-9185-535e436e51aa None None] instance_format = [instance: %(uuid)s] {{(pid=99412) log_opt_values /opt/stack/data/venv/lib/python3.12/site-packages/oslo_config/cfg.py:3242}}
Jul 02 15:31:15.837895 np0000004295 devstack@g-api.service[99412]: DEBUG glance.common.config [None req-f7091c83-dec7-4513-9185-535e436e51aa None None] instance_uuid_format = [instance: %(uuid)s] {{(pid=99412) log_opt_values /opt/stack/data/venv/lib/python3.12/site-packages/oslo_config/cfg.py:3242}}
Jul 02 15:31:15.837985 np0000004295 devstack@g-api.service[99412]: DEBUG glance.common.config [None req-f7091c83-dec7-4513-9185-535e436e51aa None None] limit_param_default = 25 {{(pid=99412) log_opt_values /opt/stack/data/venv/lib/python3.12/site-packages/oslo_config/cfg.py:3242}}
Jul 02 15:31:15.838079 np0000004295 devstack@g-api.service[99412]: DEBUG glance.common.config [None req-f7091c83-dec7-4513-9185-535e436e51aa None None] log_color = False {{(pid=99412) log_opt_values /opt/stack/data/venv/lib/python3.12/site-packages/oslo_config/cfg.py:3242}}
Jul 02 15:31:15.838169 np0000004295 devstack@g-api.service[99412]: DEBUG glance.common.config [None req-f7091c83-dec7-4513-9185-535e436e51aa None None] log_config_append = None {{(pid=99412) log_opt_values /opt/stack/data/venv/lib/python3.12/site-packages/oslo_config/cfg.py:3242}}
Jul 02 15:31:15.838260 np0000004295 devstack@g-api.service[99412]: DEBUG glance.common.config [None req-f7091c83-dec7-4513-9185-535e436e51aa None None] log_date_format = %Y-%m-%d %H:%M:%S {{(pid=99412) log_opt_values /opt/stack/data/venv/lib/python3.12/site-packages/oslo_config/cfg.py:3242}}
Jul 02 15:31:15.838348 np0000004295 devstack@g-api.service[99412]: DEBUG glance.common.config [None req-f7091c83-dec7-4513-9185-535e436e51aa None None] log_dir = None {{(pid=99412) log_opt_values /opt/stack/data/venv/lib/python3.12/site-packages/oslo_config/cfg.py:3242}}
Jul 02 15:31:15.838435 np0000004295 devstack@g-api.service[99412]: DEBUG glance.common.config [None req-f7091c83-dec7-4513-9185-535e436e51aa None None] log_file = None {{(pid=99412) log_opt_values /opt/stack/data/venv/lib/python3.12/site-packages/oslo_config/cfg.py:3242}}
Jul 02 15:31:15.838537 np0000004295 devstack@g-api.service[99412]: DEBUG glance.common.config [None req-f7091c83-dec7-4513-9185-535e436e51aa None None] log_rotate_interval = 1 {{(pid=99412) log_opt_values /opt/stack/data/venv/lib/python3.12/site-packages/oslo_config/cfg.py:3242}}
Jul 02 15:31:15.838633 np0000004295 devstack@g-api.service[99412]: DEBUG glance.common.config [None req-f7091c83-dec7-4513-9185-535e436e51aa None None] log_rotate_interval_type = days {{(pid=99412) log_opt_values /opt/stack/data/venv/lib/python3.12/site-packages/oslo_config/cfg.py:3242}}
Jul 02 15:31:15.838724 np0000004295 devstack@g-api.service[99412]: DEBUG glance.common.config [None req-f7091c83-dec7-4513-9185-535e436e51aa None None] log_rotation_type = none {{(pid=99412) log_opt_values /opt/stack/data/venv/lib/python3.12/site-packages/oslo_config/cfg.py:3242}}
Jul 02 15:31:15.838802 np0000004295 devstack@g-api.service[99412]: DEBUG glance.common.config [None req-f7091c83-dec7-4513-9185-535e436e51aa None None] logging_context_format_string = %(color)s%(levelname)s %(name)s [%(global_request_id)s %(request_id)s %(project_name)s %(user_name)s%(color)s] %(instance)s%(color)s%(message)s {{(pid=99412) log_opt_values /opt/stack/data/venv/lib/python3.12/site-packages/oslo_config/cfg.py:3242}}
Jul 02 15:31:15.838872 np0000004295 devstack@g-api.service[99412]: DEBUG glance.common.config [None req-f7091c83-dec7-4513-9185-535e436e51aa None None] logging_debug_format_suffix = {{(pid=%(process)d) %(funcName)s %(pathname)s:%(lineno)d}} {{(pid=99412) log_opt_values /opt/stack/data/venv/lib/python3.12/site-packages/oslo_config/cfg.py:3242}}
Jul 02 15:31:15.838973 np0000004295 devstack@g-api.service[99412]: DEBUG glance.common.config [None req-f7091c83-dec7-4513-9185-535e436e51aa None None] logging_default_format_string = %(color)s%(levelname)s %(name)s [-%(color)s] %(instance)s%(color)s%(message)s {{(pid=99412) log_opt_values /opt/stack/data/venv/lib/python3.12/site-packages/oslo_config/cfg.py:3242}}
Jul 02 15:31:15.839071 np0000004295 devstack@g-api.service[99412]: DEBUG glance.common.config [None req-f7091c83-dec7-4513-9185-535e436e51aa None None] logging_exception_prefix = ERROR %(name)s %(instance)s {{(pid=99412) log_opt_values /opt/stack/data/venv/lib/python3.12/site-packages/oslo_config/cfg.py:3242}}
Jul 02 15:31:15.839163 np0000004295 devstack@g-api.service[99412]: DEBUG glance.common.config [None req-f7091c83-dec7-4513-9185-535e436e51aa None None] logging_user_identity_format = %(user)s %(project)s %(domain)s %(system_scope)s %(user_domain)s %(project_domain)s {{(pid=99412) log_opt_values /opt/stack/data/venv/lib/python3.12/site-packages/oslo_config/cfg.py:3242}}
Jul 02 15:31:15.839256 np0000004295 devstack@g-api.service[99412]: DEBUG glance.common.config [None req-f7091c83-dec7-4513-9185-535e436e51aa None None] max_header_line = 16384 {{(pid=99412) log_opt_values /opt/stack/data/venv/lib/python3.12/site-packages/oslo_config/cfg.py:3242}}
Jul 02 15:31:15.839343 np0000004295 devstack@g-api.service[99412]: DEBUG glance.common.config [None req-f7091c83-dec7-4513-9185-535e436e51aa None None] max_logfile_count = 30 {{(pid=99412) log_opt_values /opt/stack/data/venv/lib/python3.12/site-packages/oslo_config/cfg.py:3242}}
Jul 02 15:31:15.839427 np0000004295 devstack@g-api.service[99412]: DEBUG glance.common.config [None req-f7091c83-dec7-4513-9185-535e436e51aa None None] max_logfile_size_mb = 200 {{(pid=99412) log_opt_values /opt/stack/data/venv/lib/python3.12/site-packages/oslo_config/cfg.py:3242}}
Jul 02 15:31:15.839531 np0000004295 devstack@g-api.service[99412]: DEBUG glance.common.config [None req-f7091c83-dec7-4513-9185-535e436e51aa None None] max_request_id_length = 64 {{(pid=99412) log_opt_values /opt/stack/data/venv/lib/python3.12/site-packages/oslo_config/cfg.py:3242}}
Jul 02 15:31:15.839626 np0000004295 devstack@g-api.service[99412]: DEBUG glance.common.config [None req-f7091c83-dec7-4513-9185-535e436e51aa None None] metadata_encryption_key = **** {{(pid=99412) log_opt_values /opt/stack/data/venv/lib/python3.12/site-packages/oslo_config/cfg.py:3242}}
Jul 02 15:31:15.839716 np0000004295 devstack@g-api.service[99412]: DEBUG glance.common.config [None req-f7091c83-dec7-4513-9185-535e436e51aa None None] node_staging_uri = file:///tmp/staging/ {{(pid=99412) log_opt_values /opt/stack/data/venv/lib/python3.12/site-packages/oslo_config/cfg.py:3242}}
Jul 02 15:31:15.839801 np0000004295 devstack@g-api.service[99412]: DEBUG glance.common.config [None req-f7091c83-dec7-4513-9185-535e436e51aa None None] property_protection_file = None {{(pid=99412) log_opt_values /opt/stack/data/venv/lib/python3.12/site-packages/oslo_config/cfg.py:3242}}
Jul 02 15:31:15.839899 np0000004295 devstack@g-api.service[99412]: DEBUG glance.common.config [None req-f7091c83-dec7-4513-9185-535e436e51aa None None] property_protection_rule_format = roles {{(pid=99412) log_opt_values /opt/stack/data/venv/lib/python3.12/site-packages/oslo_config/cfg.py:3242}}
Jul 02 15:31:15.839994 np0000004295 devstack@g-api.service[99412]: DEBUG glance.common.config [None req-f7091c83-dec7-4513-9185-535e436e51aa None None] public_endpoint = https://10.4.3.63/image {{(pid=99412) log_opt_values /opt/stack/data/venv/lib/python3.12/site-packages/oslo_config/cfg.py:3242}}
Jul 02 15:31:15.840080 np0000004295 devstack@g-api.service[99412]: DEBUG glance.common.config [None req-f7091c83-dec7-4513-9185-535e436e51aa None None] publish_errors = False {{(pid=99412) log_opt_values /opt/stack/data/venv/lib/python3.12/site-packages/oslo_config/cfg.py:3242}}
Jul 02 15:31:15.840162 np0000004295 devstack@g-api.service[99412]: DEBUG glance.common.config [None req-f7091c83-dec7-4513-9185-535e436e51aa None None] pydev_worker_debug_host = None {{(pid=99412) log_opt_values /opt/stack/data/venv/lib/python3.12/site-packages/oslo_config/cfg.py:3242}}
Jul 02 15:31:15.840249 np0000004295 devstack@g-api.service[99412]: DEBUG glance.common.config [None req-f7091c83-dec7-4513-9185-535e436e51aa None None] pydev_worker_debug_port = 5678 {{(pid=99412) log_opt_values /opt/stack/data/venv/lib/python3.12/site-packages/oslo_config/cfg.py:3242}}
Jul 02 15:31:15.840335 np0000004295 devstack@g-api.service[99412]: DEBUG glance.common.config [None req-f7091c83-dec7-4513-9185-535e436e51aa None None] rate_limit_burst = 0 {{(pid=99412) log_opt_values /opt/stack/data/venv/lib/python3.12/site-packages/oslo_config/cfg.py:3242}}
Jul 02 15:31:15.840425 np0000004295 devstack@g-api.service[99412]: DEBUG glance.common.config [None req-f7091c83-dec7-4513-9185-535e436e51aa None None] rate_limit_except_level = CRITICAL {{(pid=99412) log_opt_values /opt/stack/data/venv/lib/python3.12/site-packages/oslo_config/cfg.py:3242}}
Jul 02 15:31:15.840543 np0000004295 devstack@g-api.service[99412]: DEBUG glance.common.config [None req-f7091c83-dec7-4513-9185-535e436e51aa None None] rate_limit_interval = 0 {{(pid=99412) log_opt_values /opt/stack/data/venv/lib/python3.12/site-packages/oslo_config/cfg.py:3242}}
Jul 02 15:31:15.840616 np0000004295 devstack@g-api.service[99412]: DEBUG glance.common.config [None req-f7091c83-dec7-4513-9185-535e436e51aa None None] scrub_pool_size = 1 {{(pid=99412) log_opt_values /opt/stack/data/venv/lib/python3.12/site-packages/oslo_config/cfg.py:3242}}
Jul 02 15:31:15.841046 np0000004295 devstack@g-api.service[99412]: DEBUG glance.common.config [None req-f7091c83-dec7-4513-9185-535e436e51aa None None] scrub_time = 0 {{(pid=99412) log_opt_values /opt/stack/data/venv/lib/python3.12/site-packages/oslo_config/cfg.py:3242}}
Jul 02 15:31:15.841046 np0000004295 devstack@g-api.service[99412]: DEBUG glance.common.config [None req-f7091c83-dec7-4513-9185-535e436e51aa None None] shell_completion = None {{(pid=99412) log_opt_values /opt/stack/data/venv/lib/python3.12/site-packages/oslo_config/cfg.py:3242}}
Jul 02 15:31:15.841046 np0000004295 devstack@g-api.service[99412]: DEBUG glance.common.config [None req-f7091c83-dec7-4513-9185-535e436e51aa None None] show_image_direct_url = False {{(pid=99412) log_opt_values /opt/stack/data/venv/lib/python3.12/site-packages/oslo_config/cfg.py:3242}}
Jul 02 15:31:15.841154 np0000004295 devstack@g-api.service[99412]: WARNING oslo_config.cfg [None req-f7091c83-dec7-4513-9185-535e436e51aa None None] Deprecated: Option "show_multiple_locations" from group "DEFAULT" is deprecated for removal (Use of this option, deprecated since Newton, is a security risk and will be removed once we figure out a way to satisfy those use cases that currently require it. An earlier announcement that the same functionality can be achieved with greater granularity by using policies is incorrect. You cannot work around this option via policy configuration at the present time, though that is the direction we believe the fix will take. Please keep an eye on the Glance release notes to stay up to date on progress in addressing this issue.). Its value may be silently ignored in the future.
Jul 02 15:31:15.841231 np0000004295 devstack@g-api.service[99412]: DEBUG glance.common.config [None req-f7091c83-dec7-4513-9185-535e436e51aa None None] show_multiple_locations = False {{(pid=99412) log_opt_values /opt/stack/data/venv/lib/python3.12/site-packages/oslo_config/cfg.py:3242}}
Jul 02 15:31:15.841278 np0000004295 devstack@g-api.service[99412]: DEBUG glance.common.config [None req-f7091c83-dec7-4513-9185-535e436e51aa None None] syslog_log_facility = LOG_USER {{(pid=99412) log_opt_values /opt/stack/data/venv/lib/python3.12/site-packages/oslo_config/cfg.py:3242}}
Jul 02 15:31:15.841363 np0000004295 devstack@g-api.service[99412]: DEBUG glance.common.config [None req-f7091c83-dec7-4513-9185-535e436e51aa None None] tcp_keepidle = 600 {{(pid=99412) log_opt_values /opt/stack/data/venv/lib/python3.12/site-packages/oslo_config/cfg.py:3242}}
Jul 02 15:31:15.841446 np0000004295 devstack@g-api.service[99412]: DEBUG glance.common.config [None req-f7091c83-dec7-4513-9185-535e436e51aa None None] transport_url = **** {{(pid=99412) log_opt_values /opt/stack/data/venv/lib/python3.12/site-packages/oslo_config/cfg.py:3242}}
Jul 02 15:31:15.841489 np0000004295 devstack@g-api.service[99413]: INFO glance.api.middleware.cache [None req-099b40cd-3864-401b-95ca-eb028d6c1cbb None None] Initialized image cache middleware
Jul 02 15:31:15.841585 np0000004295 devstack@g-api.service[99412]: DEBUG glance.common.config [None req-f7091c83-dec7-4513-9185-535e436e51aa None None] use_journal = False {{(pid=99412) log_opt_values /opt/stack/data/venv/lib/python3.12/site-packages/oslo_config/cfg.py:3242}}
Jul 02 15:31:15.841626 np0000004295 devstack@g-api.service[99412]: DEBUG glance.common.config [None req-f7091c83-dec7-4513-9185-535e436e51aa None None] use_json = False {{(pid=99412) log_opt_values /opt/stack/data/venv/lib/python3.12/site-packages/oslo_config/cfg.py:3242}}
Jul 02 15:31:15.841723 np0000004295 devstack@g-api.service[99412]: DEBUG glance.common.config [None req-f7091c83-dec7-4513-9185-535e436e51aa None None] use_keystone_limits = True {{(pid=99412) log_opt_values /opt/stack/data/venv/lib/python3.12/site-packages/oslo_config/cfg.py:3242}}
Jul 02 15:31:15.841810 np0000004295 devstack@g-api.service[99412]: DEBUG glance.common.config [None req-f7091c83-dec7-4513-9185-535e436e51aa None None] use_stderr = False {{(pid=99412) log_opt_values /opt/stack/data/venv/lib/python3.12/site-packages/oslo_config/cfg.py:3242}}
Jul 02 15:31:15.841908 np0000004295 devstack@g-api.service[99412]: DEBUG glance.common.config [None req-f7091c83-dec7-4513-9185-535e436e51aa None None] use_syslog = False {{(pid=99412) log_opt_values /opt/stack/data/venv/lib/python3.12/site-packages/oslo_config/cfg.py:3242}}
Jul 02 15:31:15.842000 np0000004295 devstack@g-api.service[99412]: DEBUG glance.common.config [None req-f7091c83-dec7-4513-9185-535e436e51aa None None] user_storage_quota = 0 {{(pid=99412) log_opt_values /opt/stack/data/venv/lib/python3.12/site-packages/oslo_config/cfg.py:3242}}
Jul 02 15:31:15.842093 np0000004295 devstack@g-api.service[99412]: DEBUG glance.common.config [None req-f7091c83-dec7-4513-9185-535e436e51aa None None] worker_self_reference_url = http://127.0.0.1:60999 {{(pid=99412) log_opt_values /opt/stack/data/venv/lib/python3.12/site-packages/oslo_config/cfg.py:3242}}
Jul 02 15:31:15.842178 np0000004295 devstack@g-api.service[99412]: DEBUG glance.common.config [None req-f7091c83-dec7-4513-9185-535e436e51aa None None] workers = None {{(pid=99412) log_opt_values /opt/stack/data/venv/lib/python3.12/site-packages/oslo_config/cfg.py:3242}}
Jul 02 15:31:15.842290 np0000004295 devstack@g-api.service[99412]: DEBUG glance.common.config [None req-f7091c83-dec7-4513-9185-535e436e51aa None None] oslo_concurrency.disable_process_locking = False {{(pid=99412) log_opt_values /opt/stack/data/venv/lib/python3.12/site-packages/oslo_config/cfg.py:3253}}
Jul 02 15:31:15.842385 np0000004295 devstack@g-api.service[99412]: DEBUG glance.common.config [None req-f7091c83-dec7-4513-9185-535e436e51aa None None] oslo_concurrency.lock_path = /opt/stack/data/glance/locks {{(pid=99412) log_opt_values /opt/stack/data/venv/lib/python3.12/site-packages/oslo_config/cfg.py:3253}}
Jul 02 15:31:15.842526 np0000004295 devstack@g-api.service[99412]: DEBUG glance.common.config [None req-f7091c83-dec7-4513-9185-535e436e51aa None None] oslo_middleware.enable_proxy_headers_parsing = False {{(pid=99412) log_opt_values /opt/stack/data/venv/lib/python3.12/site-packages/oslo_config/cfg.py:3253}}
Jul 02 15:31:15.842632 np0000004295 devstack@g-api.service[99412]: DEBUG glance.common.config [None req-f7091c83-dec7-4513-9185-535e436e51aa None None] oslo_middleware.http_basic_auth_user_file = /etc/htpasswd {{(pid=99412) log_opt_values /opt/stack/data/venv/lib/python3.12/site-packages/oslo_config/cfg.py:3253}}
Jul 02 15:31:15.842727 np0000004295 devstack@g-api.service[99412]: DEBUG glance.common.config [None req-f7091c83-dec7-4513-9185-535e436e51aa None None] paste_deploy.config_file = None {{(pid=99412) log_opt_values /opt/stack/data/venv/lib/python3.12/site-packages/oslo_config/cfg.py:3253}}
Jul 02 15:31:15.842822 np0000004295 devstack@g-api.service[99412]: DEBUG glance.common.config [None req-f7091c83-dec7-4513-9185-535e436e51aa None None] paste_deploy.flavor = keystone+cachemanagement {{(pid=99412) log_opt_values /opt/stack/data/venv/lib/python3.12/site-packages/oslo_config/cfg.py:3253}}
Jul 02 15:31:15.842962 np0000004295 devstack@g-api.service[99412]: DEBUG glance.common.config [None req-f7091c83-dec7-4513-9185-535e436e51aa None None] image_format.container_formats = ['ami', 'ari', 'aki', 'bare', 'ovf', 'ova', 'docker', 'compressed'] {{(pid=99412) log_opt_values /opt/stack/data/venv/lib/python3.12/site-packages/oslo_config/cfg.py:3253}}
Jul 02 15:31:15.843091 np0000004295 devstack@g-api.service[99412]: DEBUG glance.common.config [None req-f7091c83-dec7-4513-9185-535e436e51aa None None] image_format.disk_formats = ['ami', 'ari', 'aki', 'vhd', 'vhdx', 'vmdk', 'raw', 'qcow2', 'vdi', 'iso', 'ploop'] {{(pid=99412) log_opt_values /opt/stack/data/venv/lib/python3.12/site-packages/oslo_config/cfg.py:3253}}
Jul 02 15:31:15.843182 np0000004295 devstack@g-api.service[99412]: DEBUG glance.common.config [None req-f7091c83-dec7-4513-9185-535e436e51aa None None] image_format.gpt_safety_checks_nonfatal = [] {{(pid=99412) log_opt_values /opt/stack/data/venv/lib/python3.12/site-packages/oslo_config/cfg.py:3253}}
Jul 02 15:31:15.843275 np0000004295 devstack@g-api.service[99412]: DEBUG glance.common.config [None req-f7091c83-dec7-4513-9185-535e436e51aa None None] image_format.require_image_format_match = True {{(pid=99412) log_opt_values /opt/stack/data/venv/lib/python3.12/site-packages/oslo_config/cfg.py:3253}}
Jul 02 15:31:15.843376 np0000004295 devstack@g-api.service[99412]: DEBUG glance.common.config [None req-f7091c83-dec7-4513-9185-535e436e51aa None None] image_format.vmdk_allowed_types = ['streamOptimized', 'monolithicSparse'] {{(pid=99412) log_opt_values /opt/stack/data/venv/lib/python3.12/site-packages/oslo_config/cfg.py:3253}}
Jul 02 15:31:15.843476 np0000004295 devstack@g-api.service[99412]: DEBUG glance.common.config [None req-f7091c83-dec7-4513-9185-535e436e51aa None None] task.task_executor = taskflow {{(pid=99412) log_opt_values /opt/stack/data/venv/lib/python3.12/site-packages/oslo_config/cfg.py:3253}}
Jul 02 15:31:15.843586 np0000004295 devstack@g-api.service[99412]: DEBUG glance.common.config [None req-f7091c83-dec7-4513-9185-535e436e51aa None None] task.task_time_to_live = 48 {{(pid=99412) log_opt_values /opt/stack/data/venv/lib/python3.12/site-packages/oslo_config/cfg.py:3253}}
Jul 02 15:31:15.843675 np0000004295 devstack@g-api.service[99412]: DEBUG glance.common.config [None req-f7091c83-dec7-4513-9185-535e436e51aa None None] task.work_dir = None {{(pid=99412) log_opt_values /opt/stack/data/venv/lib/python3.12/site-packages/oslo_config/cfg.py:3253}}
Jul 02 15:31:15.843771 np0000004295 devstack@g-api.service[99412]: DEBUG glance.common.config [None req-f7091c83-dec7-4513-9185-535e436e51aa None None] wsgi.python_interpreter = /opt/stack/data/venv/bin/python3 {{(pid=99412) log_opt_values /opt/stack/data/venv/lib/python3.12/site-packages/oslo_config/cfg.py:3253}}
