Jul 02 15:40:40.941976 np0000004295 devstack@placement-api.service[89693]: [pid: 89693|app: 0|req: 335/993] 10.4.3.63 () {68 vars in 1492 bytes} [Thu Jul 2 15:40:40 2026] GET /placement/allocations/3241725e-54e5-4f51-ab1a-566ad86a6170 => generated 258 bytes in 16 msecs (HTTP/1.1 200) 8 headers in 296 bytes (1 switches on core 0)
Jul 02 15:40:40.984681 np0000004295 devstack@placement-api.service[89692]: DEBUG placement.requestlog [req-e5255f2c-6066-4aa0-b880-54663e11527a req-126f1e99-9709-4711-ab45-782d47e58f20 None None] Starting request: 10.4.3.63 "GET /placement/allocations/b017b5ea-2cba-4131-a4a2-4e0d870bd5d6" {{(pid=89692) __call__ /opt/stack/placement/placement/requestlog.py:55}}
Jul 02 15:40:40.993954 np0000004295 devstack@placement-api.service[89692]: INFO placement.requestlog [req-e5255f2c-6066-4aa0-b880-54663e11527a req-126f1e99-9709-4711-ab45-782d47e58f20 service nova] 10.4.3.63 "GET /placement/allocations/b017b5ea-2cba-4131-a4a2-4e0d870bd5d6" status: 200 len: 258 microversion: 1.28
Jul 02 15:40:40.994216 np0000004295 devstack@placement-api.service[89692]: [pid: 89692|app: 0|req: 328/994] 10.4.3.63 () {68 vars in 1492 bytes} [Thu Jul 2 15:40:40 2026] GET /placement/allocations/b017b5ea-2cba-4131-a4a2-4e0d870bd5d6 => generated 258 bytes in 10 msecs (HTTP/1.1 200) 8 headers in 296 bytes (1 switches on core 0)
Jul 02 15:40:41.040381 np0000004295 devstack@placement-api.service[89691]: DEBUG placement.requestlog [req-e5255f2c-6066-4aa0-b880-54663e11527a req-07a7d1a6-868e-4dbe-a8ae-a69740ef0ba6 None None] Starting request: 10.4.3.63 "GET /placement/allocations/6b66e196-dd3e-4b6f-aa3d-010c36dc4037" {{(pid=89691) __call__ /opt/stack/placement/placement/requestlog.py:55}}
Jul 02 15:40:41.051180 np0000004295 devstack@placement-api.service[89691]: INFO placement.requestlog [req-e5255f2c-6066-4aa0-b880-54663e11527a req-07a7d1a6-868e-4dbe-a8ae-a69740ef0ba6 service nova] 10.4.3.63 "GET /placement/allocations/6b66e196-dd3e-4b6f-aa3d-010c36dc4037" status: 200 len: 258 microversion: 1.28
Jul 02 15:40:41.051632 np0000004295 devstack@placement-api.service[89691]: [pid: 89691|app: 0|req: 332/995] 10.4.3.63 () {68 vars in 1492 bytes} [Thu Jul 2 15:40:41 2026] GET /placement/allocations/6b66e196-dd3e-4b6f-aa3d-010c36dc4037 => generated 258 bytes in 11 msecs (HTTP/1.1 200) 8 headers in 296 bytes (1 switches on core 0)
Jul 02 15:40:41.082575 np0000004295 devstack@placement-api.service[89693]: DEBUG placement.requestlog [req-e5255f2c-6066-4aa0-b880-54663e11527a req-5bdf63ce-4bd8-4b2f-8803-48e429e662b3 None None] Starting request: 10.4.3.63 "GET /placement/allocations/fa62f527-e169-494d-bebf-b6b279090fc4" {{(pid=89693) __call__ /opt/stack/placement/placement/requestlog.py:55}}
Jul 02 15:40:41.093000 np0000004295 devstack@placement-api.service[89693]: INFO placement.requestlog [req-e5255f2c-6066-4aa0-b880-54663e11527a req-5bdf63ce-4bd8-4b2f-8803-48e429e662b3 service nova] 10.4.3.63 "GET /placement/allocations/fa62f527-e169-494d-bebf-b6b279090fc4" status: 200 len: 258 microversion: 1.28
Jul 02 15:40:41.093234 np0000004295 devstack@placement-api.service[89693]: [pid: 89693|app: 0|req: 336/996] 10.4.3.63 () {68 vars in 1492 bytes} [Thu Jul 2 15:40:41 2026] GET /placement/allocations/fa62f527-e169-494d-bebf-b6b279090fc4 => generated 258 bytes in 11 msecs (HTTP/1.1 200) 8 headers in 296 bytes (1 switches on core 0)
Jul 02 15:40:42.162561 np0000004295 devstack@placement-api.service[89692]: DEBUG placement.requestlog [req-e5255f2c-6066-4aa0-b880-54663e11527a req-dcb58996-ceec-4b4a-bf15-e08231becdf1 None None] Starting request: 10.4.3.63 "DELETE /placement/allocations/0ae3eccd-c9e7-4f4c-a3ed-824f6918bee6" {{(pid=89692) __call__ /opt/stack/placement/placement/requestlog.py:55}}
Jul 02 15:40:42.189191 np0000004295 devstack@placement-api.service[89692]: DEBUG placement.handlers.allocation [req-e5255f2c-6066-4aa0-b880-54663e11527a req-dcb58996-ceec-4b4a-bf15-e08231becdf1 service nova] Successfully deleted allocations [, , ] {{(pid=89692) delete_allocations /opt/stack/placement/placement/handlers/allocation.py:627}}
Jul 02 15:40:42.189848 np0000004295 devstack@placement-api.service[89692]: INFO placement.requestlog [req-e5255f2c-6066-4aa0-b880-54663e11527a req-dcb58996-ceec-4b4a-bf15-e08231becdf1 service nova] 10.4.3.63 "DELETE /placement/allocations/0ae3eccd-c9e7-4f4c-a3ed-824f6918bee6" status: 204 len: 0 microversion: 1.0
Jul 02 15:40:42.190230 np0000004295 devstack@placement-api.service[89692]: [pid: 89692|app: 0|req: 329/997] 10.4.3.63 () {68 vars in 1470 bytes} [Thu Jul 2 15:40:42 2026] DELETE /placement/allocations/0ae3eccd-c9e7-4f4c-a3ed-824f6918bee6 => generated 0 bytes in 28 msecs (HTTP/1.1 204) 5 headers in 198 bytes (1 switches on core 0)
Jul 02 15:40:43.195402 np0000004295 devstack@placement-api.service[89691]: DEBUG placement.requestlog [req-54928c7d-242a-456e-8f16-3cb2ee5ce23f req-483cb2b7-180f-416a-9ee2-8d0d0a601592 None None] Starting request: 10.4.3.63 "GET /placement/resource_providers/5811fe8d-77f9-4d6a-9b04-0059620675b8/allocations" {{(pid=89691) __call__ /opt/stack/placement/placement/requestlog.py:55}}
Jul 02 15:40:43.218589 np0000004295 devstack@placement-api.service[89691]: INFO placement.requestlog [req-54928c7d-242a-456e-8f16-3cb2ee5ce23f req-483cb2b7-180f-416a-9ee2-8d0d0a601592 service nova] 10.4.3.63 "GET /placement/resource_providers/5811fe8d-77f9-4d6a-9b04-0059620675b8/allocations" status: 200 len: 653 microversion: 1.0
Jul 02 15:40:43.220360 np0000004295 devstack@placement-api.service[89691]: [pid: 89691|app: 0|req: 333/998] 10.4.3.63 () {66 vars in 1505 bytes} [Thu Jul 2 15:40:43 2026] GET /placement/resource_providers/5811fe8d-77f9-4d6a-9b04-0059620675b8/allocations => generated 653 bytes in 25 msecs (HTTP/1.1 200) 6 headers in 224 bytes (2 switches on core 0)
Jul 02 15:40:43.297173 np0000004295 devstack@placement-api.service[89693]: DEBUG placement.requestlog [req-54928c7d-242a-456e-8f16-3cb2ee5ce23f req-49f73e8e-3bbd-490c-bd0c-800751a4577d None None] Starting request: 10.4.3.63 "GET /placement/allocations/133cd093-87c6-4ed3-bf39-a8f63b6e738d" {{(pid=89693) __call__ /opt/stack/placement/placement/requestlog.py:55}}
Jul 02 15:40:43.311113 np0000004295 devstack@placement-api.service[89693]: INFO placement.requestlog [req-54928c7d-242a-456e-8f16-3cb2ee5ce23f req-49f73e8e-3bbd-490c-bd0c-800751a4577d service nova] 10.4.3.63 "GET /placement/allocations/133cd093-87c6-4ed3-bf39-a8f63b6e738d" status: 200 len: 258 microversion: 1.28
Jul 02 15:40:43.311701 np0000004295 devstack@placement-api.service[89693]: [pid: 89693|app: 0|req: 337/999] 10.4.3.63 () {68 vars in 1492 bytes} [Thu Jul 2 15:40:43 2026] GET /placement/allocations/133cd093-87c6-4ed3-bf39-a8f63b6e738d => generated 258 bytes in 14 msecs (HTTP/1.1 200) 8 headers in 296 bytes (1 switches on core 0)
Jul 02 15:40:43.370376 np0000004295 devstack@placement-api.service[89692]: DEBUG placement.requestlog [req-54928c7d-242a-456e-8f16-3cb2ee5ce23f req-a3610e63-ae9d-49a4-a3c0-99911693a676 None None] Starting request: 10.4.3.63 "GET /placement/allocations/30600948-aefa-49c4-854f-aa6e4bb73231" {{(pid=89692) __call__ /opt/stack/placement/placement/requestlog.py:55}}
Jul 02 15:40:43.396198 np0000004295 devstack@placement-api.service[89692]: INFO placement.requestlog [req-54928c7d-242a-456e-8f16-3cb2ee5ce23f req-a3610e63-ae9d-49a4-a3c0-99911693a676 service nova] 10.4.3.63 "GET /placement/allocations/30600948-aefa-49c4-854f-aa6e4bb73231" status: 200 len: 258 microversion: 1.28
Jul 02 15:40:43.396843 np0000004295 devstack@placement-api.service[89692]: [pid: 89692|app: 0|req: 330/1000] 10.4.3.63 () {68 vars in 1492 bytes} [Thu Jul 2 15:40:43 2026] GET /placement/allocations/30600948-aefa-49c4-854f-aa6e4bb73231 => generated 258 bytes in 26 msecs (HTTP/1.1 200) 8 headers in 296 bytes (1 switches on core 0)
Jul 02 15:40:43.403395 np0000004295 devstack@placement-api.service[89691]: DEBUG placement.requestlog [req-39df5b16-b4de-4a2e-bb04-2af99815a45e req-ed33d22d-9102-452a-b01e-9f95cdcbe3e2 None None] Starting request: 10.4.3.63 "GET /placement/allocation_candidates?limit=1000&resources=DISK_GB%3A1%2CMEMORY_MB%3A192%2CVCPU%3A1&root_required=%21COMPUTE_STATUS_DISABLED" {{(pid=89691) __call__ /opt/stack/placement/placement/requestlog.py:55}}
Jul 02 15:40:43.440144 np0000004295 devstack@placement-api.service[89691]: DEBUG placement.objects.research_context [req-39df5b16-b4de-4a2e-bb04-2af99815a45e req-ed33d22d-9102-452a-b01e-9f95cdcbe3e2 service nova] getting providers with 1 DISK_GB {{(pid=89691) __init__ /opt/stack/placement/placement/objects/research_context.py:137}}
Jul 02 15:40:43.443330 np0000004295 devstack@placement-api.service[89693]: DEBUG placement.requestlog [req-54928c7d-242a-456e-8f16-3cb2ee5ce23f req-e5455473-34a2-4c73-853c-a1e30b795dee None None] Starting request: 10.4.3.63 "GET /placement/allocations/3241725e-54e5-4f51-ab1a-566ad86a6170" {{(pid=89693) __call__ /opt/stack/placement/placement/requestlog.py:55}}
Jul 02 15:40:43.445778 np0000004295 devstack@placement-api.service[89691]: DEBUG placement.objects.research_context [req-39df5b16-b4de-4a2e-bb04-2af99815a45e req-ed33d22d-9102-452a-b01e-9f95cdcbe3e2 service nova] getting providers with 192 MEMORY_MB {{(pid=89691) __init__ /opt/stack/placement/placement/objects/research_context.py:137}}
Jul 02 15:40:43.450797 np0000004295 devstack@placement-api.service[89691]: DEBUG placement.objects.research_context [req-39df5b16-b4de-4a2e-bb04-2af99815a45e req-ed33d22d-9102-452a-b01e-9f95cdcbe3e2 service nova] getting providers with 1 VCPU {{(pid=89691) __init__ /opt/stack/placement/placement/objects/research_context.py:137}}
Jul 02 15:40:43.454939 np0000004295 devstack@placement-api.service[89691]: DEBUG placement.objects.research_context [req-39df5b16-b4de-4a2e-bb04-2af99815a45e req-ed33d22d-9102-452a-b01e-9f95cdcbe3e2 service nova] found 1 providers with available 1 DISK_GB {{(pid=89691) get_provider_ids_matching /opt/stack/placement/placement/objects/research_context.py:563}}
Jul 02 15:40:43.455053 np0000004295 devstack@placement-api.service[89691]: DEBUG placement.objects.research_context [req-39df5b16-b4de-4a2e-bb04-2af99815a45e req-ed33d22d-9102-452a-b01e-9f95cdcbe3e2 service nova] found 1 providers with available 192 MEMORY_MB {{(pid=89691) get_provider_ids_matching /opt/stack/placement/placement/objects/research_context.py:563}}
Jul 02 15:40:43.455606 np0000004295 devstack@placement-api.service[89691]: DEBUG placement.objects.research_context [req-39df5b16-b4de-4a2e-bb04-2af99815a45e req-ed33d22d-9102-452a-b01e-9f95cdcbe3e2 service nova] found 1 providers after filtering by previous result {{(pid=89691) get_provider_ids_matching /opt/stack/placement/placement/objects/research_context.py:594}}
Jul 02 15:40:43.455606 np0000004295 devstack@placement-api.service[89691]: DEBUG placement.objects.research_context [req-39df5b16-b4de-4a2e-bb04-2af99815a45e req-ed33d22d-9102-452a-b01e-9f95cdcbe3e2 service nova] found 1 providers with available 1 VCPU {{(pid=89691) get_provider_ids_matching /opt/stack/placement/placement/objects/research_context.py:563}}
Jul 02 15:40:43.455606 np0000004295 devstack@placement-api.service[89691]: DEBUG placement.objects.research_context [req-39df5b16-b4de-4a2e-bb04-2af99815a45e req-ed33d22d-9102-452a-b01e-9f95cdcbe3e2 service nova] found 1 providers after filtering by previous result {{(pid=89691) get_provider_ids_matching /opt/stack/placement/placement/objects/research_context.py:594}}
Jul 02 15:40:43.462883 np0000004295 devstack@placement-api.service[89693]: INFO placement.requestlog [req-54928c7d-242a-456e-8f16-3cb2ee5ce23f req-e5455473-34a2-4c73-853c-a1e30b795dee service nova] 10.4.3.63 "GET /placement/allocations/3241725e-54e5-4f51-ab1a-566ad86a6170" status: 200 len: 258 microversion: 1.28
Jul 02 15:40:43.465003 np0000004295 devstack@placement-api.service[89693]: [pid: 89693|app: 0|req: 338/1001] 10.4.3.63 () {68 vars in 1492 bytes} [Thu Jul 2 15:40:43 2026] GET /placement/allocations/3241725e-54e5-4f51-ab1a-566ad86a6170 => generated 258 bytes in 20 msecs (HTTP/1.1 200) 8 headers in 296 bytes (1 switches on core 0)
Jul 02 15:40:43.465183 np0000004295 devstack@placement-api.service[89691]: DEBUG placement.objects.allocation_candidate [req-39df5b16-b4de-4a2e-bb04-2af99815a45e req-ed33d22d-9102-452a-b01e-9f95cdcbe3e2 service nova] RequestGroup(use_same_provider=False, resources={DISK_GB:1, MEMORY_MB:192, VCPU:1}, traits=(), aggregates=[]) (suffix '') returned 1 matches {{(pid=89691) _get_by_requests /opt/stack/placement/placement/objects/allocation_candidate.py:158}}
Jul 02 15:40:43.465351 np0000004295 devstack@placement-api.service[89691]: DEBUG placement.objects.allocation_candidate [req-39df5b16-b4de-4a2e-bb04-2af99815a45e req-ed33d22d-9102-452a-b01e-9f95cdcbe3e2 service nova] Merging candidates yields 1 allocation requests and 1 provider summaries {{(pid=89691) _merge_candidates /opt/stack/placement/placement/objects/allocation_candidate.py:908}}
Jul 02 15:40:43.466583 np0000004295 devstack@placement-api.service[89691]: INFO placement.requestlog [req-39df5b16-b4de-4a2e-bb04-2af99815a45e req-ed33d22d-9102-452a-b01e-9f95cdcbe3e2 service nova] 10.4.3.63 "GET /placement/allocation_candidates?limit=1000&resources=DISK_GB%3A1%2CMEMORY_MB%3A192%2CVCPU%3A1&root_required=%21COMPUTE_STATUS_DISABLED" status: 200 len: 2493 microversion: 1.36
Jul 02 15:40:43.466949 np0000004295 devstack@placement-api.service[89691]: [pid: 89691|app: 0|req: 334/1002] 10.4.3.63 () {68 vars in 1618 bytes} [Thu Jul 2 15:40:43 2026] GET /placement/allocation_candidates?limit=1000&resources=DISK_GB%3A1%2CMEMORY_MB%3A192%2CVCPU%3A1&root_required=%21COMPUTE_STATUS_DISABLED => generated 2493 bytes in 64 msecs (HTTP/1.1 200) 8 headers in 297 bytes (1 switches on core 0)
Jul 02 15:40:43.520924 np0000004295 devstack@placement-api.service[89692]: DEBUG placement.requestlog [req-54928c7d-242a-456e-8f16-3cb2ee5ce23f req-ca1b39eb-e8a5-4af3-9123-16cbaca7ed58 None None] Starting request: 10.4.3.63 "GET /placement/allocations/b017b5ea-2cba-4131-a4a2-4e0d870bd5d6" {{(pid=89692) __call__ /opt/stack/placement/placement/requestlog.py:55}}
Jul 02 15:40:43.533469 np0000004295 devstack@placement-api.service[89693]: DEBUG placement.requestlog [req-39df5b16-b4de-4a2e-bb04-2af99815a45e req-2f75c13d-e0f6-4d2e-828e-e9fec3c46c8f None None] Starting request: 10.4.3.63 "GET /placement/allocations/56615fda-6bc4-4926-90bb-e48fa7155efd" {{(pid=89693) __call__ /opt/stack/placement/placement/requestlog.py:55}}
Jul 02 15:40:43.534225 np0000004295 devstack@placement-api.service[89692]: INFO placement.requestlog [req-54928c7d-242a-456e-8f16-3cb2ee5ce23f req-ca1b39eb-e8a5-4af3-9123-16cbaca7ed58 service nova] 10.4.3.63 "GET /placement/allocations/b017b5ea-2cba-4131-a4a2-4e0d870bd5d6" status: 200 len: 258 microversion: 1.28
Jul 02 15:40:43.534947 np0000004295 devstack@placement-api.service[89692]: [pid: 89692|app: 0|req: 331/1003] 10.4.3.63 () {68 vars in 1492 bytes} [Thu Jul 2 15:40:43 2026] GET /placement/allocations/b017b5ea-2cba-4131-a4a2-4e0d870bd5d6 => generated 258 bytes in 14 msecs (HTTP/1.1 200) 8 headers in 296 bytes (1 switches on core 0)
Jul 02 15:40:43.543874 np0000004295 devstack@placement-api.service[89693]: INFO placement.requestlog [req-39df5b16-b4de-4a2e-bb04-2af99815a45e req-2f75c13d-e0f6-4d2e-828e-e9fec3c46c8f service nova] 10.4.3.63 "GET /placement/allocations/56615fda-6bc4-4926-90bb-e48fa7155efd" status: 200 len: 19 microversion: 1.28
Jul 02 15:40:43.544141 np0000004295 devstack@placement-api.service[89693]: [pid: 89693|app: 0|req: 339/1004] 10.4.3.63 () {68 vars in 1494 bytes} [Thu Jul 2 15:40:43 2026] GET /placement/allocations/56615fda-6bc4-4926-90bb-e48fa7155efd => generated 19 bytes in 11 msecs (HTTP/1.1 200) 8 headers in 295 bytes (1 switches on core 0)
Jul 02 15:40:43.595661 np0000004295 devstack@placement-api.service[89692]: DEBUG placement.requestlog [req-54928c7d-242a-456e-8f16-3cb2ee5ce23f req-849d65d2-bbae-4aa8-a8b3-f23c9abd5e4a None None] Starting request: 10.4.3.63 "GET /placement/allocations/6b66e196-dd3e-4b6f-aa3d-010c36dc4037" {{(pid=89692) __call__ /opt/stack/placement/placement/requestlog.py:55}}
Jul 02 15:40:43.595956 np0000004295 devstack@placement-api.service[89691]: DEBUG placement.requestlog [req-39df5b16-b4de-4a2e-bb04-2af99815a45e req-0a3651c9-36aa-496f-afbf-8b4e23dc6803 None None] Starting request: 10.4.3.63 "PUT /placement/allocations/56615fda-6bc4-4926-90bb-e48fa7155efd" {{(pid=89691) __call__ /opt/stack/placement/placement/requestlog.py:55}}
Jul 02 15:40:43.619659 np0000004295 devstack@placement-api.service[89692]: INFO placement.requestlog [req-54928c7d-242a-456e-8f16-3cb2ee5ce23f req-849d65d2-bbae-4aa8-a8b3-f23c9abd5e4a service nova] 10.4.3.63 "GET /placement/allocations/6b66e196-dd3e-4b6f-aa3d-010c36dc4037" status: 200 len: 258 microversion: 1.28
Jul 02 15:40:43.619659 np0000004295 devstack@placement-api.service[89692]: [pid: 89692|app: 0|req: 332/1005] 10.4.3.63 () {68 vars in 1492 bytes} [Thu Jul 2 15:40:43 2026] GET /placement/allocations/6b66e196-dd3e-4b6f-aa3d-010c36dc4037 => generated 258 bytes in 24 msecs (HTTP/1.1 200) 8 headers in 296 bytes (2 switches on core 0)
Jul 02 15:40:43.673173 np0000004295 devstack@placement-api.service[89693]: DEBUG placement.requestlog [req-54928c7d-242a-456e-8f16-3cb2ee5ce23f req-c492c6d0-95d6-49bb-b39a-66321ac12247 None None] Starting request: 10.4.3.63 "GET /placement/allocations/fa62f527-e169-494d-bebf-b6b279090fc4" {{(pid=89693) __call__ /opt/stack/placement/placement/requestlog.py:55}}
Jul 02 15:40:43.678659 np0000004295 devstack@placement-api.service[89691]: DEBUG placement.handlers.allocation [req-39df5b16-b4de-4a2e-bb04-2af99815a45e req-0a3651c9-36aa-496f-afbf-8b4e23dc6803 service nova] Successfully wrote allocations [, , ] {{(pid=89691) _update_consumers_and_create_allocations /opt/stack/placement/placement/handlers/allocation.py:462}}
Jul 02 15:40:43.682452 np0000004295 devstack@placement-api.service[89693]: INFO placement.requestlog [req-54928c7d-242a-456e-8f16-3cb2ee5ce23f req-c492c6d0-95d6-49bb-b39a-66321ac12247 service nova] 10.4.3.63 "GET /placement/allocations/fa62f527-e169-494d-bebf-b6b279090fc4" status: 200 len: 258 microversion: 1.28
Jul 02 15:40:43.682914 np0000004295 devstack@placement-api.service[89693]: [pid: 89693|app: 0|req: 340/1006] 10.4.3.63 () {68 vars in 1492 bytes} [Thu Jul 2 15:40:43 2026] GET /placement/allocations/fa62f527-e169-494d-bebf-b6b279090fc4 => generated 258 bytes in 10 msecs (HTTP/1.1 200) 8 headers in 296 bytes (1 switches on core 0)
Jul 02 15:40:43.686403 np0000004295 devstack@placement-api.service[89691]: INFO placement.requestlog [req-39df5b16-b4de-4a2e-bb04-2af99815a45e req-0a3651c9-36aa-496f-afbf-8b4e23dc6803 service nova] 10.4.3.63 "PUT /placement/allocations/56615fda-6bc4-4926-90bb-e48fa7155efd" status: 204 len: 0 microversion: 1.36
Jul 02 15:40:43.686749 np0000004295 devstack@placement-api.service[89691]: [pid: 89691|app: 0|req: 335/1007] 10.4.3.63 () {72 vars in 1547 bytes} [Thu Jul 2 15:40:43 2026] PUT /placement/allocations/56615fda-6bc4-4926-90bb-e48fa7155efd => generated 0 bytes in 92 msecs (HTTP/1.1 204) 5 headers in 199 bytes (1 switches on core 0)
Jul 02 15:40:45.055284 np0000004295 devstack@placement-api.service[89692]: DEBUG placement.requestlog [req-39df5b16-b4de-4a2e-bb04-2af99815a45e req-cd938e19-a667-438e-8a03-b40d6915b579 None None] Starting request: 10.4.3.63 "GET /placement/allocations/56615fda-6bc4-4926-90bb-e48fa7155efd" {{(pid=89692) __call__ /opt/stack/placement/placement/requestlog.py:55}}
Jul 02 15:40:45.075214 np0000004295 devstack@placement-api.service[89692]: INFO placement.requestlog [req-39df5b16-b4de-4a2e-bb04-2af99815a45e req-cd938e19-a667-438e-8a03-b40d6915b579 service nova] 10.4.3.63 "GET /placement/allocations/56615fda-6bc4-4926-90bb-e48fa7155efd" status: 200 len: 258 microversion: 1.28
Jul 02 15:40:45.075214 np0000004295 devstack@placement-api.service[89692]: [pid: 89692|app: 0|req: 333/1008] 10.4.3.63 () {68 vars in 1492 bytes} [Thu Jul 2 15:40:45 2026] GET /placement/allocations/56615fda-6bc4-4926-90bb-e48fa7155efd => generated 258 bytes in 20 msecs (HTTP/1.1 200) 8 headers in 296 bytes (1 switches on core 0)
Jul 02 15:40:46.154901 np0000004295 devstack@placement-api.service[89693]: DEBUG placement.requestlog [req-39df5b16-b4de-4a2e-bb04-2af99815a45e req-1142ce44-1fde-4802-a90f-87e133eac0d8 None None] Starting request: 10.4.3.63 "GET /placement/resource_providers/5811fe8d-77f9-4d6a-9b04-0059620675b8/allocations" {{(pid=89693) __call__ /opt/stack/placement/placement/requestlog.py:55}}
Jul 02 15:40:46.179327 np0000004295 devstack@placement-api.service[89693]: INFO placement.requestlog [req-39df5b16-b4de-4a2e-bb04-2af99815a45e req-1142ce44-1fde-4802-a90f-87e133eac0d8 service nova] 10.4.3.63 "GET /placement/resource_providers/5811fe8d-77f9-4d6a-9b04-0059620675b8/allocations" status: 200 len: 753 microversion: 1.0
Jul 02 15:40:46.179327 np0000004295 devstack@placement-api.service[89693]: [pid: 89693|app: 0|req: 341/1009] 10.4.3.63 () {66 vars in 1505 bytes} [Thu Jul 2 15:40:46 2026] GET /placement/resource_providers/5811fe8d-77f9-4d6a-9b04-0059620675b8/allocations => generated 753 bytes in 25 msecs (HTTP/1.1 200) 6 headers in 224 bytes (1 switches on core 0)
Jul 02 15:40:46.242034 np0000004295 devstack@placement-api.service[89691]: DEBUG placement.requestlog [req-39df5b16-b4de-4a2e-bb04-2af99815a45e req-18f36d81-71a5-4969-9044-26d36a57a953 None None] Starting request: 10.4.3.63 "GET /placement/allocations/133cd093-87c6-4ed3-bf39-a8f63b6e738d" {{(pid=89691) __call__ /opt/stack/placement/placement/requestlog.py:55}}
Jul 02 15:40:46.264685 np0000004295 devstack@placement-api.service[89691]: INFO placement.requestlog [req-39df5b16-b4de-4a2e-bb04-2af99815a45e req-18f36d81-71a5-4969-9044-26d36a57a953 service nova] 10.4.3.63 "GET /placement/allocations/133cd093-87c6-4ed3-bf39-a8f63b6e738d" status: 200 len: 258 microversion: 1.28
Jul 02 15:40:46.265479 np0000004295 devstack@placement-api.service[89691]: [pid: 89691|app: 0|req: 336/1010] 10.4.3.63 () {68 vars in 1492 bytes} [Thu Jul 2 15:40:46 2026] GET /placement/allocations/133cd093-87c6-4ed3-bf39-a8f63b6e738d => generated 258 bytes in 23 msecs (HTTP/1.1 200) 8 headers in 296 bytes (1 switches on core 0)
Jul 02 15:40:46.335618 np0000004295 devstack@placement-api.service[89692]: DEBUG placement.requestlog [req-39df5b16-b4de-4a2e-bb04-2af99815a45e req-92124159-a012-47a4-b427-840e545a84ec None None] Starting request: 10.4.3.63 "GET /placement/allocations/30600948-aefa-49c4-854f-aa6e4bb73231" {{(pid=89692) __call__ /opt/stack/placement/placement/requestlog.py:55}}
Jul 02 15:40:46.358020 np0000004295 devstack@placement-api.service[89692]: INFO placement.requestlog [req-39df5b16-b4de-4a2e-bb04-2af99815a45e req-92124159-a012-47a4-b427-840e545a84ec service nova] 10.4.3.63 "GET /placement/allocations/30600948-aefa-49c4-854f-aa6e4bb73231" status: 200 len: 258 microversion: 1.28
Jul 02 15:40:46.358423 np0000004295 devstack@placement-api.service[89692]: [pid: 89692|app: 0|req: 334/1011] 10.4.3.63 () {68 vars in 1492 bytes} [Thu Jul 2 15:40:46 2026] GET /placement/allocations/30600948-aefa-49c4-854f-aa6e4bb73231 => generated 258 bytes in 23 msecs (HTTP/1.1 200) 8 headers in 296 bytes (1 switches on core 0)
Jul 02 15:40:46.413404 np0000004295 devstack@placement-api.service[89693]: DEBUG placement.requestlog [req-39df5b16-b4de-4a2e-bb04-2af99815a45e req-fae24bcb-1a23-4e6a-b144-3743229e7149 None None] Starting request: 10.4.3.63 "GET /placement/allocations/3241725e-54e5-4f51-ab1a-566ad86a6170" {{(pid=89693) __call__ /opt/stack/placement/placement/requestlog.py:55}}
Jul 02 15:40:46.431141 np0000004295 devstack@placement-api.service[89693]: INFO placement.requestlog [req-39df5b16-b4de-4a2e-bb04-2af99815a45e req-fae24bcb-1a23-4e6a-b144-3743229e7149 service nova] 10.4.3.63 "GET /placement/allocations/3241725e-54e5-4f51-ab1a-566ad86a6170" status: 200 len: 258 microversion: 1.28
Jul 02 15:40:46.431348 np0000004295 devstack@placement-api.service[89693]: [pid: 89693|app: 0|req: 342/1012] 10.4.3.63 () {68 vars in 1492 bytes} [Thu Jul 2 15:40:46 2026] GET /placement/allocations/3241725e-54e5-4f51-ab1a-566ad86a6170 => generated 258 bytes in 18 msecs (HTTP/1.1 200) 8 headers in 296 bytes (1 switches on core 0)
Jul 02 15:40:46.485019 np0000004295 devstack@placement-api.service[89691]: DEBUG placement.requestlog [req-39df5b16-b4de-4a2e-bb04-2af99815a45e req-64af1a7e-58ce-4e31-a54f-83d6a14226b9 None None] Starting request: 10.4.3.63 "GET /placement/allocations/b017b5ea-2cba-4131-a4a2-4e0d870bd5d6" {{(pid=89691) __call__ /opt/stack/placement/placement/requestlog.py:55}}
Jul 02 15:40:46.507386 np0000004295 devstack@placement-api.service[89691]: INFO placement.requestlog [req-39df5b16-b4de-4a2e-bb04-2af99815a45e req-64af1a7e-58ce-4e31-a54f-83d6a14226b9 service nova] 10.4.3.63 "GET /placement/allocations/b017b5ea-2cba-4131-a4a2-4e0d870bd5d6" status: 200 len: 258 microversion: 1.28
Jul 02 15:40:46.507386 np0000004295 devstack@placement-api.service[89691]: [pid: 89691|app: 0|req: 337/1013] 10.4.3.63 () {68 vars in 1492 bytes} [Thu Jul 2 15:40:46 2026] GET /placement/allocations/b017b5ea-2cba-4131-a4a2-4e0d870bd5d6 => generated 258 bytes in 23 msecs (HTTP/1.1 200) 8 headers in 296 bytes (1 switches on core 0)
Jul 02 15:40:46.557281 np0000004295 devstack@placement-api.service[89692]: DEBUG placement.requestlog [req-39df5b16-b4de-4a2e-bb04-2af99815a45e req-17dcbc0c-1e1a-47d1-b200-7f177d7ba6b0 None None] Starting request: 10.4.3.63 "GET /placement/allocations/6b66e196-dd3e-4b6f-aa3d-010c36dc4037" {{(pid=89692) __call__ /opt/stack/placement/placement/requestlog.py:55}}
Jul 02 15:40:46.572594 np0000004295 devstack@placement-api.service[89692]: INFO placement.requestlog [req-39df5b16-b4de-4a2e-bb04-2af99815a45e req-17dcbc0c-1e1a-47d1-b200-7f177d7ba6b0 service nova] 10.4.3.63 "GET /placement/allocations/6b66e196-dd3e-4b6f-aa3d-010c36dc4037" status: 200 len: 258 microversion: 1.28
Jul 02 15:40:46.572885 np0000004295 devstack@placement-api.service[89692]: [pid: 89692|app: 0|req: 335/1014] 10.4.3.63 () {68 vars in 1492 bytes} [Thu Jul 2 15:40:46 2026] GET /placement/allocations/6b66e196-dd3e-4b6f-aa3d-010c36dc4037 => generated 258 bytes in 16 msecs (HTTP/1.1 200) 8 headers in 296 bytes (1 switches on core 0)
Jul 02 15:40:46.629218 np0000004295 devstack@placement-api.service[89693]: DEBUG placement.requestlog [req-39df5b16-b4de-4a2e-bb04-2af99815a45e req-3ad8e608-e2f8-4eb7-830c-bcffd8776ed6 None None] Starting request: 10.4.3.63 "GET /placement/allocations/56615fda-6bc4-4926-90bb-e48fa7155efd" {{(pid=89693) __call__ /opt/stack/placement/placement/requestlog.py:55}}
Jul 02 15:40:46.648383 np0000004295 devstack@placement-api.service[89693]: INFO placement.requestlog [req-39df5b16-b4de-4a2e-bb04-2af99815a45e req-3ad8e608-e2f8-4eb7-830c-bcffd8776ed6 service nova] 10.4.3.63 "GET /placement/allocations/56615fda-6bc4-4926-90bb-e48fa7155efd" status: 200 len: 258 microversion: 1.28
Jul 02 15:40:46.648805 np0000004295 devstack@placement-api.service[89693]: [pid: 89693|app: 0|req: 343/1015] 10.4.3.63 () {68 vars in 1492 bytes} [Thu Jul 2 15:40:46 2026] GET /placement/allocations/56615fda-6bc4-4926-90bb-e48fa7155efd => generated 258 bytes in 20 msecs (HTTP/1.1 200) 8 headers in 296 bytes (1 switches on core 0)
Jul 02 15:40:46.709920 np0000004295 devstack@placement-api.service[89691]: DEBUG placement.requestlog [req-39df5b16-b4de-4a2e-bb04-2af99815a45e req-7989c80f-5a83-41d9-b6ec-5799e8144c68 None None] Starting request: 10.4.3.63 "GET /placement/allocations/fa62f527-e169-494d-bebf-b6b279090fc4" {{(pid=89691) __call__ /opt/stack/placement/placement/requestlog.py:55}}
Jul 02 15:40:46.725227 np0000004295 devstack@placement-api.service[89691]: INFO placement.requestlog [req-39df5b16-b4de-4a2e-bb04-2af99815a45e req-7989c80f-5a83-41d9-b6ec-5799e8144c68 service nova] 10.4.3.63 "GET /placement/allocations/fa62f527-e169-494d-bebf-b6b279090fc4" status: 200 len: 258 microversion: 1.28
Jul 02 15:40:46.725789 np0000004295 devstack@placement-api.service[89691]: [pid: 89691|app: 0|req: 338/1016] 10.4.3.63 () {68 vars in 1492 bytes} [Thu Jul 2 15:40:46 2026] GET /placement/allocations/fa62f527-e169-494d-bebf-b6b279090fc4 => generated 258 bytes in 16 msecs (HTTP/1.1 200) 8 headers in 296 bytes (1 switches on core 0)
Jul 02 15:40:51.211441 np0000004295 devstack@placement-api.service[89692]: DEBUG placement.requestlog [None req-8cbe1c75-6692-447c-8538-28d4aaa25272 None None] Starting request: 10.4.3.63 "GET /placement/resource_providers/fff35221-c598-40de-873f-1e01368f58dd/aggregates" {{(pid=89692) __call__ /opt/stack/placement/placement/requestlog.py:55}}
Jul 02 15:40:51.229056 np0000004295 devstack@placement-api.service[89692]: INFO placement.requestlog [None req-8cbe1c75-6692-447c-8538-28d4aaa25272 service placement] 10.4.3.63 "GET /placement/resource_providers/fff35221-c598-40de-873f-1e01368f58dd/aggregates" status: 404 len: 235 microversion: 1.1
Jul 02 15:40:51.230845 np0000004295 devstack@placement-api.service[89692]: [pid: 89692|app: 0|req: 336/1017] 10.4.3.63 () {66 vars in 1467 bytes} [Thu Jul 2 15:40:51 2026] GET /placement/resource_providers/fff35221-c598-40de-873f-1e01368f58dd/aggregates => generated 235 bytes in 19 msecs (HTTP/1.1 404) 5 headers in 202 bytes (1 switches on core 0)
Jul 02 15:40:51.366485 np0000004295 devstack@placement-api.service[89693]: DEBUG placement.requestlog [None req-e1514294-08b6-48e8-85b1-d40d3481d8d2 None None] Starting request: 10.4.3.63 "DELETE /placement/resource_providers/fff35221-c598-40de-873f-1e01368f58dd" {{(pid=89693) __call__ /opt/stack/placement/placement/requestlog.py:55}}
Jul 02 15:40:51.383388 np0000004295 devstack@placement-api.service[89693]: DEBUG placement.wsgi_wrapper [None req-e1514294-08b6-48e8-85b1-d40d3481d8d2 service placement] Placement API returning an error response: No resource provider with uuid fff35221-c598-40de-873f-1e01368f58dd found for delete {{(pid=89693) call_func /opt/stack/placement/placement/wsgi_wrapper.py:31}}
Jul 02 15:40:51.383991 np0000004295 devstack@placement-api.service[89693]: INFO placement.requestlog [None req-e1514294-08b6-48e8-85b1-d40d3481d8d2 service placement] 10.4.3.63 "DELETE /placement/resource_providers/fff35221-c598-40de-873f-1e01368f58dd" status: 404 len: 246 microversion: 1.1
Jul 02 15:40:51.384276 np0000004295 devstack@placement-api.service[89693]: [pid: 89693|app: 0|req: 344/1018] 10.4.3.63 () {68 vars in 1456 bytes} [Thu Jul 2 15:40:51 2026] DELETE /placement/resource_providers/fff35221-c598-40de-873f-1e01368f58dd => generated 246 bytes in 18 msecs (HTTP/1.1 404) 6 headers in 231 bytes (1 switches on core 0)
Jul 02 15:40:53.202481 np0000004295 devstack@placement-api.service[89691]: DEBUG placement.requestlog [req-caa727e7-2efa-4208-9d22-6d1408c806da req-52e38d0b-55b3-4d2c-90f7-22c6b33b7625 None None] Starting request: 10.4.3.63 "GET /placement/allocation_candidates?limit=1000&resources=DISK_GB%3A1%2CMEMORY_MB%3A192%2CVCPU%3A1&root_required=%21COMPUTE_STATUS_DISABLED" {{(pid=89691) __call__ /opt/stack/placement/placement/requestlog.py:55}}
Jul 02 15:40:53.243227 np0000004295 devstack@placement-api.service[89691]: DEBUG placement.objects.research_context [req-caa727e7-2efa-4208-9d22-6d1408c806da req-52e38d0b-55b3-4d2c-90f7-22c6b33b7625 service nova] getting providers with 1 DISK_GB {{(pid=89691) __init__ /opt/stack/placement/placement/objects/research_context.py:137}}
Jul 02 15:40:53.249197 np0000004295 devstack@placement-api.service[89691]: DEBUG placement.objects.research_context [req-caa727e7-2efa-4208-9d22-6d1408c806da req-52e38d0b-55b3-4d2c-90f7-22c6b33b7625 service nova] getting providers with 192 MEMORY_MB {{(pid=89691) __init__ /opt/stack/placement/placement/objects/research_context.py:137}}
Jul 02 15:40:53.255113 np0000004295 devstack@placement-api.service[89691]: DEBUG placement.objects.research_context [req-caa727e7-2efa-4208-9d22-6d1408c806da req-52e38d0b-55b3-4d2c-90f7-22c6b33b7625 service nova] getting providers with 1 VCPU {{(pid=89691) __init__ /opt/stack/placement/placement/objects/research_context.py:137}}
Jul 02 15:40:53.260136 np0000004295 devstack@placement-api.service[89691]: DEBUG placement.objects.research_context [req-caa727e7-2efa-4208-9d22-6d1408c806da req-52e38d0b-55b3-4d2c-90f7-22c6b33b7625 service nova] found 1 providers with available 1 DISK_GB {{(pid=89691) get_provider_ids_matching /opt/stack/placement/placement/objects/research_context.py:563}}
Jul 02 15:40:53.260136 np0000004295 devstack@placement-api.service[89691]: DEBUG placement.objects.research_context [req-caa727e7-2efa-4208-9d22-6d1408c806da req-52e38d0b-55b3-4d2c-90f7-22c6b33b7625 service nova] found 1 providers with available 192 MEMORY_MB {{(pid=89691) get_provider_ids_matching /opt/stack/placement/placement/objects/research_context.py:563}}
Jul 02 15:40:53.262169 np0000004295 devstack@placement-api.service[89691]: DEBUG placement.objects.research_context [req-caa727e7-2efa-4208-9d22-6d1408c806da req-52e38d0b-55b3-4d2c-90f7-22c6b33b7625 service nova] found 1 providers after filtering by previous result {{(pid=89691) get_provider_ids_matching /opt/stack/placement/placement/objects/research_context.py:594}}
Jul 02 15:40:53.262359 np0000004295 devstack@placement-api.service[89691]: DEBUG placement.objects.research_context [req-caa727e7-2efa-4208-9d22-6d1408c806da req-52e38d0b-55b3-4d2c-90f7-22c6b33b7625 service nova] found 1 providers with available 1 VCPU {{(pid=89691) get_provider_ids_matching /opt/stack/placement/placement/objects/research_context.py:563}}
Jul 02 15:40:53.262606 np0000004295 devstack@placement-api.service[89691]: DEBUG placement.objects.research_context [req-caa727e7-2efa-4208-9d22-6d1408c806da req-52e38d0b-55b3-4d2c-90f7-22c6b33b7625 service nova] found 1 providers after filtering by previous result {{(pid=89691) get_provider_ids_matching /opt/stack/placement/placement/objects/research_context.py:594}}
Jul 02 15:40:53.278431 np0000004295 devstack@placement-api.service[89691]: DEBUG placement.objects.allocation_candidate [req-caa727e7-2efa-4208-9d22-6d1408c806da req-52e38d0b-55b3-4d2c-90f7-22c6b33b7625 service nova] RequestGroup(use_same_provider=False, resources={DISK_GB:1, MEMORY_MB:192, VCPU:1}, traits=(), aggregates=[]) (suffix '') returned 1 matches {{(pid=89691) _get_by_requests /opt/stack/placement/placement/objects/allocation_candidate.py:158}}
Jul 02 15:40:53.281237 np0000004295 devstack@placement-api.service[89691]: DEBUG placement.objects.allocation_candidate [req-caa727e7-2efa-4208-9d22-6d1408c806da req-52e38d0b-55b3-4d2c-90f7-22c6b33b7625 service nova] Merging candidates yields 1 allocation requests and 1 provider summaries {{(pid=89691) _merge_candidates /opt/stack/placement/placement/objects/allocation_candidate.py:908}}
Jul 02 15:40:53.282785 np0000004295 devstack@placement-api.service[89691]: INFO placement.requestlog [req-caa727e7-2efa-4208-9d22-6d1408c806da req-52e38d0b-55b3-4d2c-90f7-22c6b33b7625 service nova] 10.4.3.63 "GET /placement/allocation_candidates?limit=1000&resources=DISK_GB%3A1%2CMEMORY_MB%3A192%2CVCPU%3A1&root_required=%21COMPUTE_STATUS_DISABLED" status: 200 len: 2493 microversion: 1.36
Jul 02 15:40:53.283864 np0000004295 devstack@placement-api.service[89691]: [pid: 89691|app: 0|req: 339/1019] 10.4.3.63 () {68 vars in 1618 bytes} [Thu Jul 2 15:40:53 2026] GET /placement/allocation_candidates?limit=1000&resources=DISK_GB%3A1%2CMEMORY_MB%3A192%2CVCPU%3A1&root_required=%21COMPUTE_STATUS_DISABLED => generated 2493 bytes in 82 msecs (HTTP/1.1 200) 8 headers in 297 bytes (2 switches on core 0)
Jul 02 15:40:53.402259 np0000004295 devstack@placement-api.service[89692]: DEBUG placement.requestlog [req-caa727e7-2efa-4208-9d22-6d1408c806da req-a4e99d50-76c6-4286-aaf7-5ca3ba6b5943 None None] Starting request: 10.4.3.63 "GET /placement/allocations/090a10f3-4554-4f16-b0cd-bdca2bcf6e5e" {{(pid=89692) __call__ /opt/stack/placement/placement/requestlog.py:55}}
Jul 02 15:40:53.436691 np0000004295 devstack@placement-api.service[89692]: INFO placement.requestlog [req-caa727e7-2efa-4208-9d22-6d1408c806da req-a4e99d50-76c6-4286-aaf7-5ca3ba6b5943 service nova] 10.4.3.63 "GET /placement/allocations/090a10f3-4554-4f16-b0cd-bdca2bcf6e5e" status: 200 len: 19 microversion: 1.28
Jul 02 15:40:53.436997 np0000004295 devstack@placement-api.service[89692]: [pid: 89692|app: 0|req: 337/1020] 10.4.3.63 () {68 vars in 1494 bytes} [Thu Jul 2 15:40:53 2026] GET /placement/allocations/090a10f3-4554-4f16-b0cd-bdca2bcf6e5e => generated 19 bytes in 35 msecs (HTTP/1.1 200) 8 headers in 295 bytes (1 switches on core 0)
Jul 02 15:40:53.506977 np0000004295 devstack@placement-api.service[89693]: DEBUG placement.requestlog [req-caa727e7-2efa-4208-9d22-6d1408c806da req-7f2b99eb-fb75-4419-b230-63b0c67a995a None None] Starting request: 10.4.3.63 "PUT /placement/allocations/090a10f3-4554-4f16-b0cd-bdca2bcf6e5e" {{(pid=89693) __call__ /opt/stack/placement/placement/requestlog.py:55}}
Jul 02 15:40:53.659241 np0000004295 devstack@placement-api.service[89693]: DEBUG placement.handlers.allocation [req-caa727e7-2efa-4208-9d22-6d1408c806da req-7f2b99eb-fb75-4419-b230-63b0c67a995a service nova] Successfully wrote allocations [, , ] {{(pid=89693) _update_consumers_and_create_allocations /opt/stack/placement/placement/handlers/allocation.py:462}}
Jul 02 15:40:53.668841 np0000004295 devstack@placement-api.service[89693]: INFO placement.requestlog [req-caa727e7-2efa-4208-9d22-6d1408c806da req-7f2b99eb-fb75-4419-b230-63b0c67a995a service nova] 10.4.3.63 "PUT /placement/allocations/090a10f3-4554-4f16-b0cd-bdca2bcf6e5e" status: 204 len: 0 microversion: 1.36
Jul 02 15:40:53.669793 np0000004295 devstack@placement-api.service[89693]: [pid: 89693|app: 0|req: 345/1021] 10.4.3.63 () {72 vars in 1547 bytes} [Thu Jul 2 15:40:53 2026] PUT /placement/allocations/090a10f3-4554-4f16-b0cd-bdca2bcf6e5e => generated 0 bytes in 164 msecs (HTTP/1.1 204) 5 headers in 199 bytes (1 switches on core 0)
Jul 02 15:40:55.519060 np0000004295 devstack@placement-api.service[89691]: DEBUG placement.requestlog [req-caa727e7-2efa-4208-9d22-6d1408c806da req-df673ab0-4be6-46a5-95fc-fc881ddd8d26 None None] Starting request: 10.4.3.63 "GET /placement/allocations/090a10f3-4554-4f16-b0cd-bdca2bcf6e5e" {{(pid=89691) __call__ /opt/stack/placement/placement/requestlog.py:55}}
Jul 02 15:40:55.539865 np0000004295 devstack@placement-api.service[89691]: INFO placement.requestlog [req-caa727e7-2efa-4208-9d22-6d1408c806da req-df673ab0-4be6-46a5-95fc-fc881ddd8d26 service nova] 10.4.3.63 "GET /placement/allocations/090a10f3-4554-4f16-b0cd-bdca2bcf6e5e" status: 200 len: 258 microversion: 1.28
Jul 02 15:40:55.540167 np0000004295 devstack@placement-api.service[89691]: [pid: 89691|app: 0|req: 340/1022] 10.4.3.63 () {68 vars in 1492 bytes} [Thu Jul 2 15:40:55 2026] GET /placement/allocations/090a10f3-4554-4f16-b0cd-bdca2bcf6e5e => generated 258 bytes in 26 msecs (HTTP/1.1 200) 8 headers in 296 bytes (1 switches on core 0)
Jul 02 15:40:55.666636 np0000004295 devstack@placement-api.service[89692]: DEBUG placement.requestlog [None req-a78ecbff-0426-4f7a-9012-8f25321f2081 None None] Starting request: 10.4.3.63 "GET /placement/resource_providers/8305382d-f39b-41a9-a30e-0d21dd2a94c9/aggregates" {{(pid=89692) __call__ /opt/stack/placement/placement/requestlog.py:55}}
Jul 02 15:40:55.688202 np0000004295 devstack@placement-api.service[89692]: INFO placement.requestlog [None req-a78ecbff-0426-4f7a-9012-8f25321f2081 service placement] 10.4.3.63 "GET /placement/resource_providers/8305382d-f39b-41a9-a30e-0d21dd2a94c9/aggregates" status: 404 len: 235 microversion: 1.1
Jul 02 15:40:55.690319 np0000004295 devstack@placement-api.service[89692]: [pid: 89692|app: 0|req: 338/1023] 10.4.3.63 () {66 vars in 1467 bytes} [Thu Jul 2 15:40:55 2026] GET /placement/resource_providers/8305382d-f39b-41a9-a30e-0d21dd2a94c9/aggregates => generated 235 bytes in 24 msecs (HTTP/1.1 404) 5 headers in 202 bytes (1 switches on core 0)
Jul 02 15:40:55.736426 np0000004295 devstack@placement-api.service[89693]: DEBUG placement.requestlog [None req-f601b148-28d6-433a-ad63-a6f912597f46 None None] Starting request: 10.4.3.63 "DELETE /placement/resource_providers/8305382d-f39b-41a9-a30e-0d21dd2a94c9" {{(pid=89693) __call__ /opt/stack/placement/placement/requestlog.py:55}}
Jul 02 15:40:55.758276 np0000004295 devstack@placement-api.service[89693]: DEBUG placement.wsgi_wrapper [None req-f601b148-28d6-433a-ad63-a6f912597f46 service placement] Placement API returning an error response: No resource provider with uuid 8305382d-f39b-41a9-a30e-0d21dd2a94c9 found for delete {{(pid=89693) call_func /opt/stack/placement/placement/wsgi_wrapper.py:31}}
Jul 02 15:40:55.758928 np0000004295 devstack@placement-api.service[89693]: INFO placement.requestlog [None req-f601b148-28d6-433a-ad63-a6f912597f46 service placement] 10.4.3.63 "DELETE /placement/resource_providers/8305382d-f39b-41a9-a30e-0d21dd2a94c9" status: 404 len: 246 microversion: 1.1
Jul 02 15:40:55.759182 np0000004295 devstack@placement-api.service[89693]: [pid: 89693|app: 0|req: 346/1024] 10.4.3.63 () {68 vars in 1456 bytes} [Thu Jul 2 15:40:55 2026] DELETE /placement/resource_providers/8305382d-f39b-41a9-a30e-0d21dd2a94c9 => generated 246 bytes in 23 msecs (HTTP/1.1 404) 6 headers in 231 bytes (1 switches on core 0)
Jul 02 15:40:56.641201 np0000004295 devstack@placement-api.service[89691]: DEBUG placement.requestlog [req-caa727e7-2efa-4208-9d22-6d1408c806da req-b06160bb-8c72-4117-9ca2-fd4261dfaac0 None None] Starting request: 10.4.3.63 "GET /placement/resource_providers/5811fe8d-77f9-4d6a-9b04-0059620675b8/allocations" {{(pid=89691) __call__ /opt/stack/placement/placement/requestlog.py:55}}
Jul 02 15:40:56.687774 np0000004295 devstack@placement-api.service[89691]: INFO placement.requestlog [req-caa727e7-2efa-4208-9d22-6d1408c806da req-b06160bb-8c72-4117-9ca2-fd4261dfaac0 service nova] 10.4.3.63 "GET /placement/resource_providers/5811fe8d-77f9-4d6a-9b04-0059620675b8/allocations" status: 200 len: 853 microversion: 1.0
Jul 02 15:40:56.688490 np0000004295 devstack@placement-api.service[89691]: [pid: 89691|app: 0|req: 341/1025] 10.4.3.63 () {66 vars in 1505 bytes} [Thu Jul 2 15:40:56 2026] GET /placement/resource_providers/5811fe8d-77f9-4d6a-9b04-0059620675b8/allocations => generated 853 bytes in 46 msecs (HTTP/1.1 200) 6 headers in 224 bytes (1 switches on core 0)
Jul 02 15:40:56.781283 np0000004295 devstack@placement-api.service[89692]: DEBUG placement.requestlog [req-caa727e7-2efa-4208-9d22-6d1408c806da req-dcbab309-4656-4452-8cba-a07e8e836c2c None None] Starting request: 10.4.3.63 "GET /placement/allocations/133cd093-87c6-4ed3-bf39-a8f63b6e738d" {{(pid=89692) __call__ /opt/stack/placement/placement/requestlog.py:55}}
Jul 02 15:40:56.819639 np0000004295 devstack@placement-api.service[89692]: INFO placement.requestlog [req-caa727e7-2efa-4208-9d22-6d1408c806da req-dcbab309-4656-4452-8cba-a07e8e836c2c service nova] 10.4.3.63 "GET /placement/allocations/133cd093-87c6-4ed3-bf39-a8f63b6e738d" status: 200 len: 258 microversion: 1.28
Jul 02 15:40:56.819639 np0000004295 devstack@placement-api.service[89692]: [pid: 89692|app: 0|req: 339/1026] 10.4.3.63 () {68 vars in 1492 bytes} [Thu Jul 2 15:40:56 2026] GET /placement/allocations/133cd093-87c6-4ed3-bf39-a8f63b6e738d => generated 258 bytes in 38 msecs (HTTP/1.1 200) 8 headers in 296 bytes (1 switches on core 0)
Jul 02 15:40:56.890636 np0000004295 devstack@placement-api.service[89693]: DEBUG placement.requestlog [req-caa727e7-2efa-4208-9d22-6d1408c806da req-56eeffb5-bdc6-4c63-95d9-3e295a0bb26b None None] Starting request: 10.4.3.63 "GET /placement/allocations/56615fda-6bc4-4926-90bb-e48fa7155efd" {{(pid=89693) __call__ /opt/stack/placement/placement/requestlog.py:55}}
Jul 02 15:40:56.906080 np0000004295 devstack@placement-api.service[89693]: INFO placement.requestlog [req-caa727e7-2efa-4208-9d22-6d1408c806da req-56eeffb5-bdc6-4c63-95d9-3e295a0bb26b service nova] 10.4.3.63 "GET /placement/allocations/56615fda-6bc4-4926-90bb-e48fa7155efd" status: 200 len: 258 microversion: 1.28
Jul 02 15:40:56.907190 np0000004295 devstack@placement-api.service[89693]: [pid: 89693|app: 0|req: 347/1027] 10.4.3.63 () {68 vars in 1492 bytes} [Thu Jul 2 15:40:56 2026] GET /placement/allocations/56615fda-6bc4-4926-90bb-e48fa7155efd => generated 258 bytes in 16 msecs (HTTP/1.1 200) 8 headers in 296 bytes (1 switches on core 0)
Jul 02 15:40:56.964635 np0000004295 devstack@placement-api.service[89691]: DEBUG placement.requestlog [req-caa727e7-2efa-4208-9d22-6d1408c806da req-feb73fec-b5e1-4795-a52c-dd2d05742824 None None] Starting request: 10.4.3.63 "GET /placement/allocations/30600948-aefa-49c4-854f-aa6e4bb73231" {{(pid=89691) __call__ /opt/stack/placement/placement/requestlog.py:55}}
Jul 02 15:40:56.984940 np0000004295 devstack@placement-api.service[89691]: INFO placement.requestlog [req-caa727e7-2efa-4208-9d22-6d1408c806da req-feb73fec-b5e1-4795-a52c-dd2d05742824 service nova] 10.4.3.63 "GET /placement/allocations/30600948-aefa-49c4-854f-aa6e4bb73231" status: 200 len: 258 microversion: 1.28
Jul 02 15:40:56.985238 np0000004295 devstack@placement-api.service[89691]: [pid: 89691|app: 0|req: 342/1028] 10.4.3.63 () {68 vars in 1492 bytes} [Thu Jul 2 15:40:56 2026] GET /placement/allocations/30600948-aefa-49c4-854f-aa6e4bb73231 => generated 258 bytes in 21 msecs (HTTP/1.1 200) 8 headers in 296 bytes (1 switches on core 0)
Jul 02 15:40:57.020483 np0000004295 devstack@placement-api.service[89692]: DEBUG placement.requestlog [req-caa727e7-2efa-4208-9d22-6d1408c806da req-d884aa4b-ef01-4931-a96c-6e1a1774c5ee None None] Starting request: 10.4.3.63 "GET /placement/allocations/3241725e-54e5-4f51-ab1a-566ad86a6170" {{(pid=89692) __call__ /opt/stack/placement/placement/requestlog.py:55}}
Jul 02 15:40:57.030572 np0000004295 devstack@placement-api.service[89692]: INFO placement.requestlog [req-caa727e7-2efa-4208-9d22-6d1408c806da req-d884aa4b-ef01-4931-a96c-6e1a1774c5ee service nova] 10.4.3.63 "GET /placement/allocations/3241725e-54e5-4f51-ab1a-566ad86a6170" status: 200 len: 258 microversion: 1.28
Jul 02 15:40:57.030752 np0000004295 devstack@placement-api.service[89692]: [pid: 89692|app: 0|req: 340/1029] 10.4.3.63 () {68 vars in 1492 bytes} [Thu Jul 2 15:40:57 2026] GET /placement/allocations/3241725e-54e5-4f51-ab1a-566ad86a6170 => generated 258 bytes in 11 msecs (HTTP/1.1 200) 8 headers in 296 bytes (1 switches on core 0)
Jul 02 15:40:57.099564 np0000004295 devstack@placement-api.service[89693]: DEBUG placement.requestlog [req-caa727e7-2efa-4208-9d22-6d1408c806da req-aafb5bfb-9376-44ba-9d5a-b4e61a3a4d68 None None] Starting request: 10.4.3.63 "GET /placement/allocations/b017b5ea-2cba-4131-a4a2-4e0d870bd5d6" {{(pid=89693) __call__ /opt/stack/placement/placement/requestlog.py:55}}
Jul 02 15:40:57.125439 np0000004295 devstack@placement-api.service[89693]: INFO placement.requestlog [req-caa727e7-2efa-4208-9d22-6d1408c806da req-aafb5bfb-9376-44ba-9d5a-b4e61a3a4d68 service nova] 10.4.3.63 "GET /placement/allocations/b017b5ea-2cba-4131-a4a2-4e0d870bd5d6" status: 200 len: 258 microversion: 1.28
Jul 02 15:40:57.125808 np0000004295 devstack@placement-api.service[89693]: [pid: 89693|app: 0|req: 348/1030] 10.4.3.63 () {68 vars in 1492 bytes} [Thu Jul 2 15:40:57 2026] GET /placement/allocations/b017b5ea-2cba-4131-a4a2-4e0d870bd5d6 => generated 258 bytes in 28 msecs (HTTP/1.1 200) 8 headers in 296 bytes (1 switches on core 0)
Jul 02 15:40:57.188703 np0000004295 devstack@placement-api.service[89691]: DEBUG placement.requestlog [req-caa727e7-2efa-4208-9d22-6d1408c806da req-bc2596b7-5aac-441e-b96b-3445e648009a None None] Starting request: 10.4.3.63 "GET /placement/allocations/090a10f3-4554-4f16-b0cd-bdca2bcf6e5e" {{(pid=89691) __call__ /opt/stack/placement/placement/requestlog.py:55}}
Jul 02 15:40:57.225354 np0000004295 devstack@placement-api.service[89691]: INFO placement.requestlog [req-caa727e7-2efa-4208-9d22-6d1408c806da req-bc2596b7-5aac-441e-b96b-3445e648009a service nova] 10.4.3.63 "GET /placement/allocations/090a10f3-4554-4f16-b0cd-bdca2bcf6e5e" status: 200 len: 258 microversion: 1.28
Jul 02 15:40:57.225549 np0000004295 devstack@placement-api.service[89691]: [pid: 89691|app: 0|req: 343/1031] 10.4.3.63 () {68 vars in 1492 bytes} [Thu Jul 2 15:40:57 2026] GET /placement/allocations/090a10f3-4554-4f16-b0cd-bdca2bcf6e5e => generated 258 bytes in 39 msecs (HTTP/1.1 200) 8 headers in 296 bytes (1 switches on core 0)
Jul 02 15:40:57.308282 np0000004295 devstack@placement-api.service[89692]: DEBUG placement.requestlog [req-caa727e7-2efa-4208-9d22-6d1408c806da req-aab83a4b-c095-4fdb-b329-f7abf8df9255 None None] Starting request: 10.4.3.63 "GET /placement/allocations/6b66e196-dd3e-4b6f-aa3d-010c36dc4037" {{(pid=89692) __call__ /opt/stack/placement/placement/requestlog.py:55}}
Jul 02 15:40:57.328160 np0000004295 devstack@placement-api.service[89692]: INFO placement.requestlog [req-caa727e7-2efa-4208-9d22-6d1408c806da req-aab83a4b-c095-4fdb-b329-f7abf8df9255 service nova] 10.4.3.63 "GET /placement/allocations/6b66e196-dd3e-4b6f-aa3d-010c36dc4037" status: 200 len: 258 microversion: 1.28
Jul 02 15:40:57.329938 np0000004295 devstack@placement-api.service[89692]: [pid: 89692|app: 0|req: 341/1032] 10.4.3.63 () {68 vars in 1492 bytes} [Thu Jul 2 15:40:57 2026] GET /placement/allocations/6b66e196-dd3e-4b6f-aa3d-010c36dc4037 => generated 258 bytes in 22 msecs (HTTP/1.1 200) 8 headers in 296 bytes (1 switches on core 0)
Jul 02 15:40:57.407485 np0000004295 devstack@placement-api.service[89693]: DEBUG placement.requestlog [req-caa727e7-2efa-4208-9d22-6d1408c806da req-755b8222-459f-467d-83a4-011462753aad None None] Starting request: 10.4.3.63 "GET /placement/allocations/fa62f527-e169-494d-bebf-b6b279090fc4" {{(pid=89693) __call__ /opt/stack/placement/placement/requestlog.py:55}}
