Jun 30 23:54:35.439864 np0000004052 nova-conductor[98816]: DEBUG cotyledon.oslo_config_glue [-] profiler.es_scroll_size = 10000 {{(pid=98816) log_opt_values /opt/stack/data/venv/lib/python3.12/site-packages/oslo_config/cfg.py:3253}}
Jun 30 23:54:35.439864 np0000004052 nova-conductor[98816]: DEBUG cotyledon.oslo_config_glue [-] profiler.es_scroll_time = 2m {{(pid=98816) log_opt_values /opt/stack/data/venv/lib/python3.12/site-packages/oslo_config/cfg.py:3253}}
Jun 30 23:54:35.439864 np0000004052 nova-conductor[98816]: DEBUG cotyledon.oslo_config_glue [-] profiler.filter_error_trace = False {{(pid=98816) log_opt_values /opt/stack/data/venv/lib/python3.12/site-packages/oslo_config/cfg.py:3253}}
Jun 30 23:54:35.439864 np0000004052 nova-conductor[98816]: DEBUG cotyledon.oslo_config_glue [-] profiler.hmac_keys = **** {{(pid=98816) log_opt_values /opt/stack/data/venv/lib/python3.12/site-packages/oslo_config/cfg.py:3253}}
Jun 30 23:54:35.439864 np0000004052 nova-conductor[98816]: DEBUG cotyledon.oslo_config_glue [-] profiler.sentinel_service_name = mymaster {{(pid=98816) log_opt_values /opt/stack/data/venv/lib/python3.12/site-packages/oslo_config/cfg.py:3253}}
Jun 30 23:54:35.440033 np0000004052 nova-conductor[98816]: DEBUG cotyledon.oslo_config_glue [-] profiler.socket_timeout = 0.1 {{(pid=98816) log_opt_values /opt/stack/data/venv/lib/python3.12/site-packages/oslo_config/cfg.py:3253}}
Jun 30 23:54:35.440033 np0000004052 nova-conductor[98816]: DEBUG cotyledon.oslo_config_glue [-] profiler.trace_requests = False {{(pid=98816) log_opt_values /opt/stack/data/venv/lib/python3.12/site-packages/oslo_config/cfg.py:3253}}
Jun 30 23:54:35.440033 np0000004052 nova-conductor[98816]: DEBUG cotyledon.oslo_config_glue [-] profiler.trace_sqlalchemy = False {{(pid=98816) log_opt_values /opt/stack/data/venv/lib/python3.12/site-packages/oslo_config/cfg.py:3253}}
Jun 30 23:54:35.440033 np0000004052 nova-conductor[98816]: DEBUG cotyledon.oslo_config_glue [-] profiler_jaeger.process_tags = {} {{(pid=98816) log_opt_values /opt/stack/data/venv/lib/python3.12/site-packages/oslo_config/cfg.py:3253}}
Jun 30 23:54:35.440033 np0000004052 nova-conductor[98816]: DEBUG cotyledon.oslo_config_glue [-] profiler_jaeger.service_name_prefix = None {{(pid=98816) log_opt_values /opt/stack/data/venv/lib/python3.12/site-packages/oslo_config/cfg.py:3253}}
Jun 30 23:54:35.440033 np0000004052 nova-conductor[98816]: DEBUG cotyledon.oslo_config_glue [-] profiler_otlp.service_name_prefix = None {{(pid=98816) log_opt_values /opt/stack/data/venv/lib/python3.12/site-packages/oslo_config/cfg.py:3253}}
Jun 30 23:54:35.440033 np0000004052 nova-conductor[98816]: DEBUG cotyledon.oslo_config_glue [-] oslo_messaging_rabbit.amqp_auto_delete = False {{(pid=98816) log_opt_values /opt/stack/data/venv/lib/python3.12/site-packages/oslo_config/cfg.py:3253}}
Jun 30 23:54:35.440033 np0000004052 nova-conductor[98816]: DEBUG cotyledon.oslo_config_glue [-] oslo_messaging_rabbit.amqp_durable_queues = False {{(pid=98816) log_opt_values /opt/stack/data/venv/lib/python3.12/site-packages/oslo_config/cfg.py:3253}}
Jun 30 23:54:35.440033 np0000004052 nova-conductor[98816]: DEBUG cotyledon.oslo_config_glue [-] oslo_messaging_rabbit.conn_pool_min_size = 2 {{(pid=98816) log_opt_values /opt/stack/data/venv/lib/python3.12/site-packages/oslo_config/cfg.py:3253}}
Jun 30 23:54:35.440212 np0000004052 nova-conductor[98816]: DEBUG cotyledon.oslo_config_glue [-] oslo_messaging_rabbit.conn_pool_ttl = 1200 {{(pid=98816) log_opt_values /opt/stack/data/venv/lib/python3.12/site-packages/oslo_config/cfg.py:3253}}
Jun 30 23:54:35.440212 np0000004052 nova-conductor[98816]: DEBUG cotyledon.oslo_config_glue [-] oslo_messaging_rabbit.direct_mandatory_flag = True {{(pid=98816) log_opt_values /opt/stack/data/venv/lib/python3.12/site-packages/oslo_config/cfg.py:3253}}
Jun 30 23:54:35.440212 np0000004052 nova-conductor[98816]: DEBUG cotyledon.oslo_config_glue [-] oslo_messaging_rabbit.enable_cancel_on_failover = False {{(pid=98816) log_opt_values /opt/stack/data/venv/lib/python3.12/site-packages/oslo_config/cfg.py:3253}}
Jun 30 23:54:35.440212 np0000004052 nova-conductor[98816]: DEBUG cotyledon.oslo_config_glue [-] oslo_messaging_rabbit.heartbeat_rate = 3 {{(pid=98816) log_opt_values /opt/stack/data/venv/lib/python3.12/site-packages/oslo_config/cfg.py:3253}}
Jun 30 23:54:35.440212 np0000004052 nova-conductor[98816]: DEBUG cotyledon.oslo_config_glue [-] oslo_messaging_rabbit.heartbeat_timeout_threshold = 60 {{(pid=98816) log_opt_values /opt/stack/data/venv/lib/python3.12/site-packages/oslo_config/cfg.py:3253}}
Jun 30 23:54:35.440212 np0000004052 nova-conductor[98816]: DEBUG cotyledon.oslo_config_glue [-] oslo_messaging_rabbit.hostname = np0000004052 {{(pid=98816) log_opt_values /opt/stack/data/venv/lib/python3.12/site-packages/oslo_config/cfg.py:3253}}
Jun 30 23:54:35.440212 np0000004052 nova-conductor[98816]: DEBUG cotyledon.oslo_config_glue [-] oslo_messaging_rabbit.kombu_compression = None {{(pid=98816) log_opt_values /opt/stack/data/venv/lib/python3.12/site-packages/oslo_config/cfg.py:3253}}
Jun 30 23:54:35.440212 np0000004052 nova-conductor[98816]: DEBUG cotyledon.oslo_config_glue [-] oslo_messaging_rabbit.kombu_failover_strategy = round-robin {{(pid=98816) log_opt_values /opt/stack/data/venv/lib/python3.12/site-packages/oslo_config/cfg.py:3253}}
Jun 30 23:54:35.440212 np0000004052 nova-conductor[98816]: DEBUG cotyledon.oslo_config_glue [-] oslo_messaging_rabbit.kombu_missing_consumer_retry_timeout = 60 {{(pid=98816) log_opt_values /opt/stack/data/venv/lib/python3.12/site-packages/oslo_config/cfg.py:3253}}
Jun 30 23:54:35.440376 np0000004052 nova-conductor[98816]: DEBUG cotyledon.oslo_config_glue [-] oslo_messaging_rabbit.kombu_reconnect_delay = 1.0 {{(pid=98816) log_opt_values /opt/stack/data/venv/lib/python3.12/site-packages/oslo_config/cfg.py:3253}}
Jun 30 23:54:35.440376 np0000004052 nova-conductor[98816]: DEBUG cotyledon.oslo_config_glue [-] oslo_messaging_rabbit.kombu_reconnect_splay = 0.0 {{(pid=98816) log_opt_values /opt/stack/data/venv/lib/python3.12/site-packages/oslo_config/cfg.py:3253}}
Jun 30 23:54:35.440376 np0000004052 nova-conductor[98816]: DEBUG cotyledon.oslo_config_glue [-] oslo_messaging_rabbit.processname = nova-conductor {{(pid=98816) log_opt_values /opt/stack/data/venv/lib/python3.12/site-packages/oslo_config/cfg.py:3253}}
Jun 30 23:54:35.440376 np0000004052 nova-conductor[98816]: DEBUG cotyledon.oslo_config_glue [-] oslo_messaging_rabbit.rabbit_ha_queues = False {{(pid=98816) log_opt_values /opt/stack/data/venv/lib/python3.12/site-packages/oslo_config/cfg.py:3253}}
Jun 30 23:54:35.440376 np0000004052 nova-conductor[98816]: DEBUG cotyledon.oslo_config_glue [-] oslo_messaging_rabbit.rabbit_interval_max = 30 {{(pid=98816) log_opt_values /opt/stack/data/venv/lib/python3.12/site-packages/oslo_config/cfg.py:3253}}
Jun 30 23:54:35.440376 np0000004052 nova-conductor[98816]: DEBUG cotyledon.oslo_config_glue [-] oslo_messaging_rabbit.rabbit_login_method = AMQPLAIN {{(pid=98816) log_opt_values /opt/stack/data/venv/lib/python3.12/site-packages/oslo_config/cfg.py:3253}}
Jun 30 23:54:35.440376 np0000004052 nova-conductor[98816]: DEBUG cotyledon.oslo_config_glue [-] oslo_messaging_rabbit.rabbit_qos_prefetch_count = 0 {{(pid=98816) log_opt_values /opt/stack/data/venv/lib/python3.12/site-packages/oslo_config/cfg.py:3253}}
Jun 30 23:54:35.440376 np0000004052 nova-conductor[98816]: DEBUG cotyledon.oslo_config_glue [-] oslo_messaging_rabbit.rabbit_quorum_delivery_limit = 0 {{(pid=98816) log_opt_values /opt/stack/data/venv/lib/python3.12/site-packages/oslo_config/cfg.py:3253}}
Jun 30 23:54:35.440376 np0000004052 nova-conductor[98816]: DEBUG cotyledon.oslo_config_glue [-] oslo_messaging_rabbit.rabbit_quorum_max_memory_bytes = 0 {{(pid=98816) log_opt_values /opt/stack/data/venv/lib/python3.12/site-packages/oslo_config/cfg.py:3253}}
Jun 30 23:54:35.440581 np0000004052 nova-conductor[98816]: DEBUG cotyledon.oslo_config_glue [-] oslo_messaging_rabbit.rabbit_quorum_max_memory_length = 0 {{(pid=98816) log_opt_values /opt/stack/data/venv/lib/python3.12/site-packages/oslo_config/cfg.py:3253}}
Jun 30 23:54:35.440581 np0000004052 nova-conductor[98816]: DEBUG cotyledon.oslo_config_glue [-] oslo_messaging_rabbit.rabbit_quorum_queue = False {{(pid=98816) log_opt_values /opt/stack/data/venv/lib/python3.12/site-packages/oslo_config/cfg.py:3253}}
Jun 30 23:54:35.440581 np0000004052 nova-conductor[98816]: DEBUG cotyledon.oslo_config_glue [-] oslo_messaging_rabbit.rabbit_retry_backoff = 2 {{(pid=98816) log_opt_values /opt/stack/data/venv/lib/python3.12/site-packages/oslo_config/cfg.py:3253}}
Jun 30 23:54:35.440581 np0000004052 nova-conductor[98816]: DEBUG cotyledon.oslo_config_glue [-] oslo_messaging_rabbit.rabbit_retry_interval = 1 {{(pid=98816) log_opt_values /opt/stack/data/venv/lib/python3.12/site-packages/oslo_config/cfg.py:3253}}
Jun 30 23:54:35.440581 np0000004052 nova-conductor[98816]: DEBUG cotyledon.oslo_config_glue [-] oslo_messaging_rabbit.rabbit_stream_fanout = False {{(pid=98816) log_opt_values /opt/stack/data/venv/lib/python3.12/site-packages/oslo_config/cfg.py:3253}}
Jun 30 23:54:35.440581 np0000004052 nova-conductor[98816]: DEBUG cotyledon.oslo_config_glue [-] oslo_messaging_rabbit.rabbit_transient_queues_ttl = 1800 {{(pid=98816) log_opt_values /opt/stack/data/venv/lib/python3.12/site-packages/oslo_config/cfg.py:3253}}
Jun 30 23:54:35.440581 np0000004052 nova-conductor[98816]: DEBUG cotyledon.oslo_config_glue [-] oslo_messaging_rabbit.rabbit_transient_quorum_queue = False {{(pid=98816) log_opt_values /opt/stack/data/venv/lib/python3.12/site-packages/oslo_config/cfg.py:3253}}
Jun 30 23:54:35.440581 np0000004052 nova-conductor[98816]: DEBUG cotyledon.oslo_config_glue [-] oslo_messaging_rabbit.rpc_conn_pool_size = 30 {{(pid=98816) log_opt_values /opt/stack/data/venv/lib/python3.12/site-packages/oslo_config/cfg.py:3253}}
Jun 30 23:54:35.440581 np0000004052 nova-conductor[98816]: DEBUG cotyledon.oslo_config_glue [-] oslo_messaging_rabbit.ssl = False {{(pid=98816) log_opt_values /opt/stack/data/venv/lib/python3.12/site-packages/oslo_config/cfg.py:3253}}
Jun 30 23:54:35.440753 np0000004052 nova-conductor[98816]: DEBUG cotyledon.oslo_config_glue [-] oslo_messaging_rabbit.ssl_ca_file = {{(pid=98816) log_opt_values /opt/stack/data/venv/lib/python3.12/site-packages/oslo_config/cfg.py:3253}}
Jun 30 23:54:35.440753 np0000004052 nova-conductor[98816]: DEBUG cotyledon.oslo_config_glue [-] oslo_messaging_rabbit.ssl_cert_file = {{(pid=98816) log_opt_values /opt/stack/data/venv/lib/python3.12/site-packages/oslo_config/cfg.py:3253}}
Jun 30 23:54:35.440753 np0000004052 nova-conductor[98816]: DEBUG cotyledon.oslo_config_glue [-] oslo_messaging_rabbit.ssl_enforce_fips_mode = False {{(pid=98816) log_opt_values /opt/stack/data/venv/lib/python3.12/site-packages/oslo_config/cfg.py:3253}}
Jun 30 23:54:35.440753 np0000004052 nova-conductor[98816]: DEBUG cotyledon.oslo_config_glue [-] oslo_messaging_rabbit.ssl_enforce_hostname_verification = True {{(pid=98816) log_opt_values /opt/stack/data/venv/lib/python3.12/site-packages/oslo_config/cfg.py:3253}}
Jun 30 23:54:35.440753 np0000004052 nova-conductor[98816]: DEBUG cotyledon.oslo_config_glue [-] oslo_messaging_rabbit.ssl_key_file = {{(pid=98816) log_opt_values /opt/stack/data/venv/lib/python3.12/site-packages/oslo_config/cfg.py:3253}}
Jun 30 23:54:35.440753 np0000004052 nova-conductor[98816]: DEBUG cotyledon.oslo_config_glue [-] oslo_messaging_rabbit.ssl_version = {{(pid=98816) log_opt_values /opt/stack/data/venv/lib/python3.12/site-packages/oslo_config/cfg.py:3253}}
Jun 30 23:54:35.440753 np0000004052 nova-conductor[98816]: DEBUG cotyledon.oslo_config_glue [-] oslo_messaging_rabbit.use_queue_manager = False {{(pid=98816) log_opt_values /opt/stack/data/venv/lib/python3.12/site-packages/oslo_config/cfg.py:3253}}
Jun 30 23:54:35.440753 np0000004052 nova-conductor[98816]: DEBUG cotyledon.oslo_config_glue [-] oslo_messaging_notifications.driver = ['messagingv2'] {{(pid=98816) log_opt_values /opt/stack/data/venv/lib/python3.12/site-packages/oslo_config/cfg.py:3253}}
Jun 30 23:54:35.440753 np0000004052 nova-conductor[98816]: DEBUG cotyledon.oslo_config_glue [-] oslo_messaging_notifications.retry = -1 {{(pid=98816) log_opt_values /opt/stack/data/venv/lib/python3.12/site-packages/oslo_config/cfg.py:3253}}
Jun 30 23:54:35.440928 np0000004052 nova-conductor[98816]: DEBUG cotyledon.oslo_config_glue [-] oslo_messaging_notifications.topics = ['notifications'] {{(pid=98816) log_opt_values /opt/stack/data/venv/lib/python3.12/site-packages/oslo_config/cfg.py:3253}}
Jun 30 23:54:35.440928 np0000004052 nova-conductor[98816]: DEBUG cotyledon.oslo_config_glue [-] oslo_messaging_notifications.transport_url = **** {{(pid=98816) log_opt_values /opt/stack/data/venv/lib/python3.12/site-packages/oslo_config/cfg.py:3253}}
Jun 30 23:54:35.440928 np0000004052 nova-conductor[98816]: DEBUG cotyledon.oslo_config_glue [-] oslo_limit.auth_section = None {{(pid=98816) log_opt_values /opt/stack/data/venv/lib/python3.12/site-packages/oslo_config/cfg.py:3253}}
Jun 30 23:54:35.440928 np0000004052 nova-conductor[98816]: DEBUG cotyledon.oslo_config_glue [-] oslo_limit.auth_type = None {{(pid=98816) log_opt_values /opt/stack/data/venv/lib/python3.12/site-packages/oslo_config/cfg.py:3253}}
Jun 30 23:54:35.440928 np0000004052 nova-conductor[98816]: DEBUG cotyledon.oslo_config_glue [-] oslo_limit.cafile = None {{(pid=98816) log_opt_values /opt/stack/data/venv/lib/python3.12/site-packages/oslo_config/cfg.py:3253}}
Jun 30 23:54:35.440928 np0000004052 nova-conductor[98816]: DEBUG cotyledon.oslo_config_glue [-] oslo_limit.certfile = None {{(pid=98816) log_opt_values /opt/stack/data/venv/lib/python3.12/site-packages/oslo_config/cfg.py:3253}}
Jun 30 23:54:35.440928 np0000004052 nova-conductor[98816]: DEBUG cotyledon.oslo_config_glue [-] oslo_limit.collect_timing = False {{(pid=98816) log_opt_values /opt/stack/data/venv/lib/python3.12/site-packages/oslo_config/cfg.py:3253}}
Jun 30 23:54:35.440928 np0000004052 nova-conductor[98816]: DEBUG cotyledon.oslo_config_glue [-] oslo_limit.connect_retries = None {{(pid=98816) log_opt_values /opt/stack/data/venv/lib/python3.12/site-packages/oslo_config/cfg.py:3253}}
Jun 30 23:54:35.440928 np0000004052 nova-conductor[98816]: DEBUG cotyledon.oslo_config_glue [-] oslo_limit.connect_retry_delay = None {{(pid=98816) log_opt_values /opt/stack/data/venv/lib/python3.12/site-packages/oslo_config/cfg.py:3253}}
Jun 30 23:54:35.441091 np0000004052 nova-conductor[98816]: DEBUG cotyledon.oslo_config_glue [-] oslo_limit.endpoint_id = None {{(pid=98816) log_opt_values /opt/stack/data/venv/lib/python3.12/site-packages/oslo_config/cfg.py:3253}}
Jun 30 23:54:35.441091 np0000004052 nova-conductor[98816]: DEBUG cotyledon.oslo_config_glue [-] oslo_limit.endpoint_interface = public {{(pid=98816) log_opt_values /opt/stack/data/venv/lib/python3.12/site-packages/oslo_config/cfg.py:3253}}
Jun 30 23:54:35.441091 np0000004052 nova-conductor[98816]: DEBUG cotyledon.oslo_config_glue [-] oslo_limit.endpoint_override = None {{(pid=98816) log_opt_values /opt/stack/data/venv/lib/python3.12/site-packages/oslo_config/cfg.py:3253}}
Jun 30 23:54:35.441091 np0000004052 nova-conductor[98816]: DEBUG cotyledon.oslo_config_glue [-] oslo_limit.endpoint_region_name = None {{(pid=98816) log_opt_values /opt/stack/data/venv/lib/python3.12/site-packages/oslo_config/cfg.py:3253}}
Jun 30 23:54:35.441091 np0000004052 nova-conductor[98816]: DEBUG cotyledon.oslo_config_glue [-] oslo_limit.endpoint_service_name = None {{(pid=98816) log_opt_values /opt/stack/data/venv/lib/python3.12/site-packages/oslo_config/cfg.py:3253}}
Jun 30 23:54:35.441091 np0000004052 nova-conductor[98816]: DEBUG cotyledon.oslo_config_glue [-] oslo_limit.endpoint_service_type = None {{(pid=98816) log_opt_values /opt/stack/data/venv/lib/python3.12/site-packages/oslo_config/cfg.py:3253}}
Jun 30 23:54:35.441091 np0000004052 nova-conductor[98816]: DEBUG cotyledon.oslo_config_glue [-] oslo_limit.insecure = False {{(pid=98816) log_opt_values /opt/stack/data/venv/lib/python3.12/site-packages/oslo_config/cfg.py:3253}}
Jun 30 23:54:35.441091 np0000004052 nova-conductor[98816]: DEBUG cotyledon.oslo_config_glue [-] oslo_limit.keyfile = None {{(pid=98816) log_opt_values /opt/stack/data/venv/lib/python3.12/site-packages/oslo_config/cfg.py:3253}}
Jun 30 23:54:35.441091 np0000004052 nova-conductor[98816]: DEBUG cotyledon.oslo_config_glue [-] oslo_limit.max_version = None {{(pid=98816) log_opt_values /opt/stack/data/venv/lib/python3.12/site-packages/oslo_config/cfg.py:3253}}
Jun 30 23:54:35.441266 np0000004052 nova-conductor[98816]: DEBUG cotyledon.oslo_config_glue [-] oslo_limit.min_version = None {{(pid=98816) log_opt_values /opt/stack/data/venv/lib/python3.12/site-packages/oslo_config/cfg.py:3253}}
Jun 30 23:54:35.441266 np0000004052 nova-conductor[98816]: DEBUG cotyledon.oslo_config_glue [-] oslo_limit.region_name = None {{(pid=98816) log_opt_values /opt/stack/data/venv/lib/python3.12/site-packages/oslo_config/cfg.py:3253}}
Jun 30 23:54:35.441266 np0000004052 nova-conductor[98816]: DEBUG cotyledon.oslo_config_glue [-] oslo_limit.retriable_status_codes = None {{(pid=98816) log_opt_values /opt/stack/data/venv/lib/python3.12/site-packages/oslo_config/cfg.py:3253}}
Jun 30 23:54:35.441266 np0000004052 nova-conductor[98816]: DEBUG cotyledon.oslo_config_glue [-] oslo_limit.service_name = None {{(pid=98816) log_opt_values /opt/stack/data/venv/lib/python3.12/site-packages/oslo_config/cfg.py:3253}}
Jun 30 23:54:35.441266 np0000004052 nova-conductor[98816]: DEBUG cotyledon.oslo_config_glue [-] oslo_limit.service_type = None {{(pid=98816) log_opt_values /opt/stack/data/venv/lib/python3.12/site-packages/oslo_config/cfg.py:3253}}
Jun 30 23:54:35.441266 np0000004052 nova-conductor[98816]: DEBUG cotyledon.oslo_config_glue [-] oslo_limit.split_loggers = False {{(pid=98816) log_opt_values /opt/stack/data/venv/lib/python3.12/site-packages/oslo_config/cfg.py:3253}}
Jun 30 23:54:35.441266 np0000004052 nova-conductor[98816]: DEBUG cotyledon.oslo_config_glue [-] oslo_limit.status_code_retries = None {{(pid=98816) log_opt_values /opt/stack/data/venv/lib/python3.12/site-packages/oslo_config/cfg.py:3253}}
Jun 30 23:54:35.441266 np0000004052 nova-conductor[98816]: DEBUG cotyledon.oslo_config_glue [-] oslo_limit.status_code_retry_delay = None {{(pid=98816) log_opt_values /opt/stack/data/venv/lib/python3.12/site-packages/oslo_config/cfg.py:3253}}
Jun 30 23:54:35.441266 np0000004052 nova-conductor[98816]: DEBUG cotyledon.oslo_config_glue [-] oslo_limit.timeout = None {{(pid=98816) log_opt_values /opt/stack/data/venv/lib/python3.12/site-packages/oslo_config/cfg.py:3253}}
Jun 30 23:54:35.441458 np0000004052 nova-conductor[98816]: DEBUG cotyledon.oslo_config_glue [-] oslo_limit.valid_interfaces = None {{(pid=98816) log_opt_values /opt/stack/data/venv/lib/python3.12/site-packages/oslo_config/cfg.py:3253}}
Jun 30 23:54:35.441458 np0000004052 nova-conductor[98816]: DEBUG cotyledon.oslo_config_glue [-] oslo_limit.version = None {{(pid=98816) log_opt_values /opt/stack/data/venv/lib/python3.12/site-packages/oslo_config/cfg.py:3253}}
Jun 30 23:54:35.441458 np0000004052 nova-conductor[98816]: DEBUG cotyledon.oslo_config_glue [-] oslo_reports.file_event_handler = None {{(pid=98816) log_opt_values /opt/stack/data/venv/lib/python3.12/site-packages/oslo_config/cfg.py:3253}}
Jun 30 23:54:35.441458 np0000004052 nova-conductor[98816]: DEBUG cotyledon.oslo_config_glue [-] oslo_reports.file_event_handler_interval = 1 {{(pid=98816) log_opt_values /opt/stack/data/venv/lib/python3.12/site-packages/oslo_config/cfg.py:3253}}
Jun 30 23:54:35.441458 np0000004052 nova-conductor[98816]: DEBUG cotyledon.oslo_config_glue [-] oslo_reports.log_dir = None {{(pid=98816) log_opt_values /opt/stack/data/venv/lib/python3.12/site-packages/oslo_config/cfg.py:3253}}
Jun 30 23:54:35.441458 np0000004052 nova-conductor[98816]: DEBUG cotyledon.oslo_config_glue [-] ******************************************************************************** {{(pid=98816) log_opt_values /opt/stack/data/venv/lib/python3.12/site-packages/oslo_config/cfg.py:3260}}
Jun 30 23:54:35.441458 np0000004052 nova-conductor[98816]: DEBUG cotyledon._service_worker [-] Run service ServiceWrapper(2) [98816] {{(pid=98816) wait_forever /opt/stack/data/venv/lib/python3.12/site-packages/cotyledon/_service_worker.py:218}}
Jun 30 23:54:35.441458 np0000004052 nova-conductor[98816]: INFO nova.service [-] Starting conductor node (version 33.1.0)
Jun 30 23:54:35.441458 np0000004052 nova-conductor[98816]: INFO dbcounter [None req-c86d959f-6128-45c5-bc33-86a3889b992f None None] Registered counter for database nova_cell0
Jun 30 23:54:35.441955 np0000004052 nova-conductor[98798]: DEBUG oslo_db.sqlalchemy.engines [None req-834dd701-0351-4753-b570-740674860dc5 None None] MySQL server mode set to STRICT_TRANS_TABLES,STRICT_ALL_TABLES,NO_ZERO_IN_DATE,NO_ZERO_DATE,ERROR_FOR_DIVISION_BY_ZERO,TRADITIONAL,NO_ENGINE_SUBSTITUTION {{(pid=98798) _check_effective_sql_mode /opt/stack/data/venv/lib/python3.12/site-packages/oslo_db/sqlalchemy/engines.py:325}}
Jun 30 23:54:35.442005 np0000004052 nova-conductor[98803]: DEBUG oslo_db.sqlalchemy.engines [None req-45f6d753-a59f-4384-af80-de5edad3f81b None None] MySQL server mode set to STRICT_TRANS_TABLES,STRICT_ALL_TABLES,NO_ZERO_IN_DATE,NO_ZERO_DATE,ERROR_FOR_DIVISION_BY_ZERO,TRADITIONAL,NO_ENGINE_SUBSTITUTION {{(pid=98803) _check_effective_sql_mode /opt/stack/data/venv/lib/python3.12/site-packages/oslo_db/sqlalchemy/engines.py:325}}
Jun 30 23:54:35.442057 np0000004052 nova-conductor[98798]: DEBUG dbcounter [-] [98798] Writer thread running {{(pid=98798) stat_writer /opt/stack/data/venv/lib/python3.12/site-packages/dbcounter.py:102}}
Jun 30 23:54:35.442085 np0000004052 nova-conductor[98803]: DEBUG dbcounter [-] [98803] Writer thread running {{(pid=98803) stat_writer /opt/stack/data/venv/lib/python3.12/site-packages/dbcounter.py:102}}
Jun 30 23:54:35.452145 np0000004052 nova-conductor[98798]: DEBUG nova.service [None req-834dd701-0351-4753-b570-740674860dc5 None None] Creating RPC server for service: nova-conductor on topic: conductor {{(pid=98798) start /opt/stack/nova/nova/service.py:196}}
Jun 30 23:54:35.455516 np0000004052 nova-conductor[98826]: DEBUG oslo_db.sqlalchemy.engines [None req-380f7a4d-e27c-49a7-abda-10466c42ab25 None None] MySQL server mode set to STRICT_TRANS_TABLES,STRICT_ALL_TABLES,NO_ZERO_IN_DATE,NO_ZERO_DATE,ERROR_FOR_DIVISION_BY_ZERO,TRADITIONAL,NO_ENGINE_SUBSTITUTION {{(pid=98826) _check_effective_sql_mode /opt/stack/data/venv/lib/python3.12/site-packages/oslo_db/sqlalchemy/engines.py:325}}
Jun 30 23:54:35.456294 np0000004052 nova-conductor[98803]: DEBUG nova.service [None req-45f6d753-a59f-4384-af80-de5edad3f81b None None] Creating RPC server for service: nova-conductor on topic: conductor {{(pid=98803) start /opt/stack/nova/nova/service.py:196}}
Jun 30 23:54:35.465895 np0000004052 nova-conductor[98826]: DEBUG dbcounter [-] [98826] Writer thread running {{(pid=98826) stat_writer /opt/stack/data/venv/lib/python3.12/site-packages/dbcounter.py:102}}
Jun 30 23:54:35.468400 np0000004052 nova-conductor[98826]: DEBUG nova.service [None req-380f7a4d-e27c-49a7-abda-10466c42ab25 None None] Creating RPC server for service: nova-conductor on topic: conductor {{(pid=98826) start /opt/stack/nova/nova/service.py:196}}
Jun 30 23:54:35.473713 np0000004052 nova-conductor[98816]: DEBUG oslo_db.sqlalchemy.engines [None req-c86d959f-6128-45c5-bc33-86a3889b992f None None] MySQL server mode set to STRICT_TRANS_TABLES,STRICT_ALL_TABLES,NO_ZERO_IN_DATE,NO_ZERO_DATE,ERROR_FOR_DIVISION_BY_ZERO,TRADITIONAL,NO_ENGINE_SUBSTITUTION {{(pid=98816) _check_effective_sql_mode /opt/stack/data/venv/lib/python3.12/site-packages/oslo_db/sqlalchemy/engines.py:325}}
Jun 30 23:54:35.483701 np0000004052 nova-conductor[98803]: DEBUG nova.service [None req-45f6d753-a59f-4384-af80-de5edad3f81b None None] Join ServiceGroup membership for this service conductor {{(pid=98803) start /opt/stack/nova/nova/service.py:222}}
Jun 30 23:54:35.483927 np0000004052 nova-conductor[98803]: DEBUG nova.servicegroup.drivers.db [None req-45f6d753-a59f-4384-af80-de5edad3f81b None None] DB_Driver: join new ServiceGroup member np0000004052 to the conductor group, service = {{(pid=98803) join /opt/stack/nova/nova/servicegroup/drivers/db.py:44}}
Jun 30 23:54:35.487135 np0000004052 nova-conductor[98826]: DEBUG nova.service [None req-380f7a4d-e27c-49a7-abda-10466c42ab25 None None] Join ServiceGroup membership for this service conductor {{(pid=98826) start /opt/stack/nova/nova/service.py:222}}
Jun 30 23:54:35.487312 np0000004052 nova-conductor[98798]: DEBUG nova.service [None req-834dd701-0351-4753-b570-740674860dc5 None None] Join ServiceGroup membership for this service conductor {{(pid=98798) start /opt/stack/nova/nova/service.py:222}}
Jun 30 23:54:35.487364 np0000004052 nova-conductor[98826]: DEBUG nova.servicegroup.drivers.db [None req-380f7a4d-e27c-49a7-abda-10466c42ab25 None None] DB_Driver: join new ServiceGroup member np0000004052 to the conductor group, service = {{(pid=98826) join /opt/stack/nova/nova/servicegroup/drivers/db.py:44}}
Jun 30 23:54:35.487712 np0000004052 nova-conductor[98798]: DEBUG nova.servicegroup.drivers.db [None req-834dd701-0351-4753-b570-740674860dc5 None None] DB_Driver: join new ServiceGroup member np0000004052 to the conductor group, service = {{(pid=98798) join /opt/stack/nova/nova/servicegroup/drivers/db.py:44}}
Jun 30 23:54:35.491211 np0000004052 nova-conductor[98816]: DEBUG dbcounter [-] [98816] Writer thread running {{(pid=98816) stat_writer /opt/stack/data/venv/lib/python3.12/site-packages/dbcounter.py:102}}
Jun 30 23:54:35.494599 np0000004052 nova-conductor[98816]: DEBUG nova.service [None req-c86d959f-6128-45c5-bc33-86a3889b992f None None] Creating RPC server for service: nova-conductor on topic: conductor {{(pid=98816) start /opt/stack/nova/nova/service.py:196}}
Jun 30 23:54:35.517563 np0000004052 nova-conductor[98816]: DEBUG nova.service [None req-c86d959f-6128-45c5-bc33-86a3889b992f None None] Join ServiceGroup membership for this service conductor {{(pid=98816) start /opt/stack/nova/nova/service.py:222}}
Jun 30 23:54:35.519567 np0000004052 nova-conductor[98816]: DEBUG nova.servicegroup.drivers.db [None req-c86d959f-6128-45c5-bc33-86a3889b992f None None] DB_Driver: join new ServiceGroup member np0000004052 to the conductor group, service = {{(pid=98816) join /opt/stack/nova/nova/servicegroup/drivers/db.py:44}}
Jun 30 23:54:38.489439 np0000004052 nova-conductor[98826]: DEBUG oslo.service.backend._threading.loopingcall [None req-5f5a6fda-0afd-4ab5-96df-d57a545b90c6 None None] Dynamic interval looping call 'nova.service.Service.periodic_tasks' sleeping for 60.00 seconds {{(pid=98826) _run_loop /opt/stack/data/venv/lib/python3.12/site-packages/oslo_service/backend/_threading/loopingcall.py:125}}
Jun 30 23:54:40.500196 np0000004052 nova-conductor[98803]: DEBUG oslo.service.backend._threading.loopingcall [-] Fixed interval looping call 'nova.servicegroup.drivers.db.DbDriver._report_state' sleeping for 119.99 seconds {{(pid=98803) _run_loop /opt/stack/data/venv/lib/python3.12/site-packages/oslo_service/backend/_threading/loopingcall.py:125}}
Jun 30 23:54:40.500575 np0000004052 nova-conductor[98798]: DEBUG oslo.service.backend._threading.loopingcall [-] Fixed interval looping call 'nova.servicegroup.drivers.db.DbDriver._report_state' sleeping for 119.99 seconds {{(pid=98798) _run_loop /opt/stack/data/venv/lib/python3.12/site-packages/oslo_service/backend/_threading/loopingcall.py:125}}
Jun 30 23:54:40.501065 np0000004052 nova-conductor[98826]: DEBUG oslo.service.backend._threading.loopingcall [-] Fixed interval looping call 'nova.servicegroup.drivers.db.DbDriver._report_state' sleeping for 119.99 seconds {{(pid=98826) _run_loop /opt/stack/data/venv/lib/python3.12/site-packages/oslo_service/backend/_threading/loopingcall.py:125}}
Jun 30 23:54:40.531551 np0000004052 nova-conductor[98816]: DEBUG oslo.service.backend._threading.loopingcall [-] Fixed interval looping call 'nova.servicegroup.drivers.db.DbDriver._report_state' sleeping for 119.99 seconds {{(pid=98816) _run_loop /opt/stack/data/venv/lib/python3.12/site-packages/oslo_service/backend/_threading/loopingcall.py:125}}
Jun 30 23:54:44.060636 np0000004052 nova-conductor[97325]: DEBUG dbcounter [-] [97325] Writing DB stats nova_api:SELECT=1 {{(pid=97325) stat_writer /opt/stack/data/venv/lib/python3.12/site-packages/dbcounter.py:115}}
Jun 30 23:54:44.179566 np0000004052 nova-conductor[97325]: DEBUG dbcounter [-] [97325] Writing DB stats nova_cell1:SELECT=1 {{(pid=97325) stat_writer /opt/stack/data/venv/lib/python3.12/site-packages/dbcounter.py:115}}
Jun 30 23:54:44.188240 np0000004052 nova-conductor[97325]: DEBUG dbcounter [-] [97325] Writing DB stats nova_cell0:SELECT=1 {{(pid=97325) stat_writer /opt/stack/data/venv/lib/python3.12/site-packages/dbcounter.py:115}}
Jun 30 23:54:50.495790 np0000004052 nova-conductor[98803]: DEBUG dbcounter [-] [98803] Writing DB stats nova_cell0:SELECT=5,nova_cell0:INSERT=1,nova_cell0:UPDATE=1 {{(pid=98803) stat_writer /opt/stack/data/venv/lib/python3.12/site-packages/dbcounter.py:115}}
Jun 30 23:54:50.497740 np0000004052 nova-conductor[98798]: DEBUG dbcounter [-] [98798] Writing DB stats nova_cell0:SELECT=4,nova_cell0:INSERT=1,nova_cell0:UPDATE=1 {{(pid=98798) stat_writer /opt/stack/data/venv/lib/python3.12/site-packages/dbcounter.py:115}}
Jun 30 23:54:50.498273 np0000004052 nova-conductor[98826]: DEBUG dbcounter [-] [98826] Writing DB stats nova_cell0:SELECT=3,nova_cell0:UPDATE=1 {{(pid=98826) stat_writer /opt/stack/data/venv/lib/python3.12/site-packages/dbcounter.py:115}}
Jun 30 23:54:50.528607 np0000004052 nova-conductor[98816]: DEBUG dbcounter [-] [98816] Writing DB stats nova_cell0:SELECT=3 {{(pid=98816) stat_writer /opt/stack/data/venv/lib/python3.12/site-packages/dbcounter.py:115}}
Jun 30 23:54:52.521747 np0000004052 nova-conductor[98816]: DEBUG oslo.service.backend._threading.loopingcall [None req-e837fd33-b07e-4e8b-b010-7c808283726c None None] Dynamic interval looping call 'nova.service.Service.periodic_tasks' sleeping for 60.00 seconds {{(pid=98816) _run_loop /opt/stack/data/venv/lib/python3.12/site-packages/oslo_service/backend/_threading/loopingcall.py:125}}
Jun 30 23:55:05.486752 np0000004052 nova-conductor[98803]: DEBUG oslo.service.backend._threading.loopingcall [None req-bfc9ac66-a6a5-4a8e-9f54-7e2bb504b258 None None] Dynamic interval looping call 'nova.service.Service.periodic_tasks' sleeping for 60.00 seconds {{(pid=98803) _run_loop /opt/stack/data/venv/lib/python3.12/site-packages/oslo_service/backend/_threading/loopingcall.py:125}}
Jun 30 23:55:24.489368 np0000004052 nova-conductor[98798]: DEBUG oslo.service.backend._threading.loopingcall [None req-b77b24cc-0ccf-447d-a01c-a3fbb50736c2 None None] Dynamic interval looping call 'nova.service.Service.periodic_tasks' sleeping for 60.00 seconds {{(pid=98798) _run_loop /opt/stack/data/venv/lib/python3.12/site-packages/oslo_service/backend/_threading/loopingcall.py:125}}
Jun 30 23:55:38.489869 np0000004052 nova-conductor[98826]: DEBUG oslo.service.backend._threading.loopingcall [None req-5f5a6fda-0afd-4ab5-96df-d57a545b90c6 None None] Dynamic interval looping call 'nova.service.Service.periodic_tasks' sleeping for 60.00 seconds {{(pid=98826) _run_loop /opt/stack/data/venv/lib/python3.12/site-packages/oslo_service/backend/_threading/loopingcall.py:125}}
Jun 30 23:55:52.522296 np0000004052 nova-conductor[98816]: DEBUG oslo.service.backend._threading.loopingcall [None req-e837fd33-b07e-4e8b-b010-7c808283726c None None] Dynamic interval looping call 'nova.service.Service.periodic_tasks' sleeping for 60.00 seconds {{(pid=98816) _run_loop /opt/stack/data/venv/lib/python3.12/site-packages/oslo_service/backend/_threading/loopingcall.py:125}}
Jun 30 23:56:05.487185 np0000004052 nova-conductor[98803]: DEBUG oslo.service.backend._threading.loopingcall [None req-bfc9ac66-a6a5-4a8e-9f54-7e2bb504b258 None None] Dynamic interval looping call 'nova.service.Service.periodic_tasks' sleeping for 60.00 seconds {{(pid=98803) _run_loop /opt/stack/data/venv/lib/python3.12/site-packages/oslo_service/backend/_threading/loopingcall.py:125}}
Jun 30 23:56:24.489950 np0000004052 nova-conductor[98798]: DEBUG oslo.service.backend._threading.loopingcall [None req-b77b24cc-0ccf-447d-a01c-a3fbb50736c2 None None] Dynamic interval looping call 'nova.service.Service.periodic_tasks' sleeping for 60.00 seconds {{(pid=98798) _run_loop /opt/stack/data/venv/lib/python3.12/site-packages/oslo_service/backend/_threading/loopingcall.py:125}}
Jun 30 23:56:38.490479 np0000004052 nova-conductor[98826]: DEBUG oslo.service.backend._threading.loopingcall [None req-5f5a6fda-0afd-4ab5-96df-d57a545b90c6 None None] Dynamic interval looping call 'nova.service.Service.periodic_tasks' sleeping for 60.00 seconds {{(pid=98826) _run_loop /opt/stack/data/venv/lib/python3.12/site-packages/oslo_service/backend/_threading/loopingcall.py:125}}
Jun 30 23:56:40.505875 np0000004052 nova-conductor[98826]: DEBUG oslo.service.backend._threading.loopingcall [-] Fixed interval looping call 'nova.servicegroup.drivers.db.DbDriver._report_state' sleeping for 119.99 seconds {{(pid=98826) _run_loop /opt/stack/data/venv/lib/python3.12/site-packages/oslo_service/backend/_threading/loopingcall.py:125}}
Jun 30 23:56:40.507959 np0000004052 nova-conductor[98798]: DEBUG oslo.service.backend._threading.loopingcall [-] Fixed interval looping call 'nova.servicegroup.drivers.db.DbDriver._report_state' sleeping for 119.98 seconds {{(pid=98798) _run_loop /opt/stack/data/venv/lib/python3.12/site-packages/oslo_service/backend/_threading/loopingcall.py:125}}
Jun 30 23:56:40.511790 np0000004052 nova-conductor[98803]: DEBUG oslo.service.backend._threading.loopingcall [-] Fixed interval looping call 'nova.servicegroup.drivers.db.DbDriver._report_state' sleeping for 119.98 seconds {{(pid=98803) _run_loop /opt/stack/data/venv/lib/python3.12/site-packages/oslo_service/backend/_threading/loopingcall.py:125}}
Jun 30 23:56:40.530633 np0000004052 nova-conductor[98816]: DEBUG oslo.service.backend._threading.loopingcall [-] Fixed interval looping call 'nova.servicegroup.drivers.db.DbDriver._report_state' sleeping for 119.99 seconds {{(pid=98816) _run_loop /opt/stack/data/venv/lib/python3.12/site-packages/oslo_service/backend/_threading/loopingcall.py:125}}
Jun 30 23:56:50.470280 np0000004052 nova-conductor[98803]: DEBUG oslo_db.sqlalchemy.engines [None req-6ab1dc24-8246-4844-8429-316c3a3671e1 tempest-DeleteServersTestJSON-919292889 tempest-DeleteServersTestJSON-919292889-project-member] Parent process 97325 forked (98803) with an open database connection, which is being discarded and recreated. {{(pid=98803) checkout /opt/stack/data/venv/lib/python3.12/site-packages/oslo_db/sqlalchemy/engines.py:402}}
Jun 30 23:56:50.495070 np0000004052 nova-conductor[98826]: DEBUG dbcounter [-] [98826] Writing DB stats nova_cell0:SELECT=1,nova_cell0:UPDATE=1 {{(pid=98826) stat_writer /opt/stack/data/venv/lib/python3.12/site-packages/dbcounter.py:115}}
Jun 30 23:56:50.495549 np0000004052 nova-conductor[98798]: DEBUG dbcounter [-] [98798] Writing DB stats nova_cell0:SELECT=1,nova_cell0:UPDATE=1 {{(pid=98798) stat_writer /opt/stack/data/venv/lib/python3.12/site-packages/dbcounter.py:115}}
Jun 30 23:56:50.504778 np0000004052 nova-conductor[98803]: DEBUG dbcounter [-] [98803] Writing DB stats nova_cell0:SELECT=1,nova_cell0:UPDATE=1 {{(pid=98803) stat_writer /opt/stack/data/venv/lib/python3.12/site-packages/dbcounter.py:115}}
Jun 30 23:56:50.522449 np0000004052 nova-conductor[98803]: DEBUG dbcounter [-] [98803] Writer thread running {{(pid=98803) stat_writer /opt/stack/data/venv/lib/python3.12/site-packages/dbcounter.py:102}}
Jun 30 23:56:50.525441 np0000004052 nova-conductor[98816]: DEBUG dbcounter [-] [98816] Writing DB stats nova_cell0:SELECT=1 {{(pid=98816) stat_writer /opt/stack/data/venv/lib/python3.12/site-packages/dbcounter.py:115}}
Jun 30 23:56:51.549055 np0000004052 nova-conductor[98803]: DEBUG nova.conductor.manager [None req-6ab1dc24-8246-4844-8429-316c3a3671e1 tempest-DeleteServersTestJSON-919292889 tempest-DeleteServersTestJSON-919292889-project-member] Took 1.02 seconds to select destinations for 1 instance(s). {{(pid=98803) _schedule_instances /opt/stack/nova/nova/conductor/manager.py:968}}
Jun 30 23:56:51.574271 np0000004052 nova-conductor[98803]: DEBUG oslo_concurrency.lockutils [None req-6ab1dc24-8246-4844-8429-316c3a3671e1 tempest-DeleteServersTestJSON-919292889 tempest-DeleteServersTestJSON-919292889-project-member] Acquiring lock "87808163-e9f3-4889-a059-3ae2884e4927" by "nova.context.set_target_cell..get_or_set_cached_cell_and_set_connections" {{(pid=98803) inner /opt/stack/data/venv/lib/python3.12/site-packages/oslo_concurrency/lockutils.py:511}}
Jun 30 23:56:51.574497 np0000004052 nova-conductor[98803]: DEBUG oslo_concurrency.lockutils [None req-6ab1dc24-8246-4844-8429-316c3a3671e1 tempest-DeleteServersTestJSON-919292889 tempest-DeleteServersTestJSON-919292889-project-member] Lock "87808163-e9f3-4889-a059-3ae2884e4927" acquired by "nova.context.set_target_cell..get_or_set_cached_cell_and_set_connections" :: waited 0.000s {{(pid=98803) inner /opt/stack/data/venv/lib/python3.12/site-packages/oslo_concurrency/lockutils.py:524}}
Jun 30 23:56:51.575714 np0000004052 nova-conductor[98803]: DEBUG oslo_concurrency.lockutils [None req-6ab1dc24-8246-4844-8429-316c3a3671e1 tempest-DeleteServersTestJSON-919292889 tempest-DeleteServersTestJSON-919292889-project-member] Lock "87808163-e9f3-4889-a059-3ae2884e4927" "released" by "nova.context.set_target_cell..get_or_set_cached_cell_and_set_connections" :: held 0.001s {{(pid=98803) inner /opt/stack/data/venv/lib/python3.12/site-packages/oslo_concurrency/lockutils.py:543}}
Jun 30 23:56:51.577282 np0000004052 nova-conductor[98803]: INFO dbcounter [None req-6ab1dc24-8246-4844-8429-316c3a3671e1 tempest-DeleteServersTestJSON-919292889 tempest-DeleteServersTestJSON-919292889-project-member] Registered counter for database nova_cell1
Jun 30 23:56:51.622505 np0000004052 nova-conductor[98803]: DEBUG oslo_db.sqlalchemy.engines [None req-6ab1dc24-8246-4844-8429-316c3a3671e1 tempest-DeleteServersTestJSON-919292889 tempest-DeleteServersTestJSON-919292889-project-member] MySQL server mode set to STRICT_TRANS_TABLES,STRICT_ALL_TABLES,NO_ZERO_IN_DATE,NO_ZERO_DATE,ERROR_FOR_DIVISION_BY_ZERO,TRADITIONAL,NO_ENGINE_SUBSTITUTION {{(pid=98803) _check_effective_sql_mode /opt/stack/data/venv/lib/python3.12/site-packages/oslo_db/sqlalchemy/engines.py:325}}
Jun 30 23:56:51.629373 np0000004052 nova-conductor[98803]: DEBUG dbcounter [-] [98803] Writer thread running {{(pid=98803) stat_writer /opt/stack/data/venv/lib/python3.12/site-packages/dbcounter.py:102}}
Jun 30 23:56:51.689646 np0000004052 nova-conductor[98803]: INFO nova.utils [None req-6ab1dc24-8246-4844-8429-316c3a3671e1 tempest-DeleteServersTestJSON-919292889 tempest-DeleteServersTestJSON-919292889-project-member] The cell worker thread pool ForkProcess-2.cell_worker is initialized
Jun 30 23:56:51.689990 np0000004052 nova-conductor[98803]: DEBUG oslo_concurrency.lockutils [None req-6ab1dc24-8246-4844-8429-316c3a3671e1 tempest-DeleteServersTestJSON-919292889 tempest-DeleteServersTestJSON-919292889-project-member] Acquiring lock "00000000-0000-0000-0000-000000000000" by "nova.context.set_target_cell..get_or_set_cached_cell_and_set_connections" {{(pid=98803) inner /opt/stack/data/venv/lib/python3.12/site-packages/oslo_concurrency/lockutils.py:511}}
Jun 30 23:56:51.690728 np0000004052 nova-conductor[98803]: DEBUG oslo_concurrency.lockutils [None req-6ab1dc24-8246-4844-8429-316c3a3671e1 tempest-DeleteServersTestJSON-919292889 tempest-DeleteServersTestJSON-919292889-project-member] Lock "00000000-0000-0000-0000-000000000000" acquired by "nova.context.set_target_cell..get_or_set_cached_cell_and_set_connections" :: waited 0.000s {{(pid=98803) inner /opt/stack/data/venv/lib/python3.12/site-packages/oslo_concurrency/lockutils.py:524}}
Jun 30 23:56:51.690728 np0000004052 nova-conductor[98803]: DEBUG oslo_concurrency.lockutils [None req-6ab1dc24-8246-4844-8429-316c3a3671e1 tempest-DeleteServersTestJSON-919292889 tempest-DeleteServersTestJSON-919292889-project-member] Lock "00000000-0000-0000-0000-000000000000" "released" by "nova.context.set_target_cell..get_or_set_cached_cell_and_set_connections" :: held 0.000s {{(pid=98803) inner /opt/stack/data/venv/lib/python3.12/site-packages/oslo_concurrency/lockutils.py:543}}
Jun 30 23:56:51.691064 np0000004052 nova-conductor[98803]: DEBUG oslo_concurrency.lockutils [None req-6ab1dc24-8246-4844-8429-316c3a3671e1 tempest-DeleteServersTestJSON-919292889 tempest-DeleteServersTestJSON-919292889-project-member] Acquiring lock "87808163-e9f3-4889-a059-3ae2884e4927" by "nova.context.set_target_cell..get_or_set_cached_cell_and_set_connections" {{(pid=98803) inner /opt/stack/data/venv/lib/python3.12/site-packages/oslo_concurrency/lockutils.py:511}}
Jun 30 23:56:51.691203 np0000004052 nova-conductor[98803]: DEBUG oslo_concurrency.lockutils [None req-6ab1dc24-8246-4844-8429-316c3a3671e1 tempest-DeleteServersTestJSON-919292889 tempest-DeleteServersTestJSON-919292889-project-member] Lock "87808163-e9f3-4889-a059-3ae2884e4927" acquired by "nova.context.set_target_cell..get_or_set_cached_cell_and_set_connections" :: waited 0.000s {{(pid=98803) inner /opt/stack/data/venv/lib/python3.12/site-packages/oslo_concurrency/lockutils.py:524}}
Jun 30 23:56:51.691337 np0000004052 nova-conductor[98803]: DEBUG oslo_concurrency.lockutils [None req-6ab1dc24-8246-4844-8429-316c3a3671e1 tempest-DeleteServersTestJSON-919292889 tempest-DeleteServersTestJSON-919292889-project-member] Lock "87808163-e9f3-4889-a059-3ae2884e4927" "released" by "nova.context.set_target_cell..get_or_set_cached_cell_and_set_connections" :: held 0.000s {{(pid=98803) inner /opt/stack/data/venv/lib/python3.12/site-packages/oslo_concurrency/lockutils.py:543}}
Jun 30 23:56:51.692736 np0000004052 nova-conductor[98803]: INFO dbcounter [None req-6ab1dc24-8246-4844-8429-316c3a3671e1 tempest-DeleteServersTestJSON-919292889 tempest-DeleteServersTestJSON-919292889-project-member] Registered counter for database nova_cell0
Jun 30 23:56:51.755976 np0000004052 nova-conductor[98803]: DEBUG oslo_db.sqlalchemy.engines [None req-6ab1dc24-8246-4844-8429-316c3a3671e1 tempest-DeleteServersTestJSON-919292889 tempest-DeleteServersTestJSON-919292889-project-member] MySQL server mode set to STRICT_TRANS_TABLES,STRICT_ALL_TABLES,NO_ZERO_IN_DATE,NO_ZERO_DATE,ERROR_FOR_DIVISION_BY_ZERO,TRADITIONAL,NO_ENGINE_SUBSTITUTION {{(pid=98803) _check_effective_sql_mode /opt/stack/data/venv/lib/python3.12/site-packages/oslo_db/sqlalchemy/engines.py:325}}
Jun 30 23:56:51.761278 np0000004052 nova-conductor[98803]: DEBUG dbcounter [-] [98803] Writer thread running {{(pid=98803) stat_writer /opt/stack/data/venv/lib/python3.12/site-packages/dbcounter.py:102}}
Jun 30 23:56:51.771648 np0000004052 nova-conductor[98803]: DEBUG nova.quota [None req-6ab1dc24-8246-4844-8429-316c3a3671e1 tempest-DeleteServersTestJSON-919292889 tempest-DeleteServersTestJSON-919292889-project-member] Getting quotas for project 513af398bced410ab5edc69e730feebe. Resources: {'ram', 'instances', 'cores'} {{(pid=98803) _get_quotas /opt/stack/nova/nova/quota.py:389}}
Jun 30 23:56:51.775512 np0000004052 nova-conductor[98803]: DEBUG nova.quota [None req-6ab1dc24-8246-4844-8429-316c3a3671e1 tempest-DeleteServersTestJSON-919292889 tempest-DeleteServersTestJSON-919292889-project-member] Getting quotas for user 718be5e1048243328a28106a0fe83c2b and project 513af398bced410ab5edc69e730feebe. Resources: {'ram', 'instances', 'cores'} {{(pid=98803) _get_quotas /opt/stack/nova/nova/quota.py:379}}
Jun 30 23:56:51.780969 np0000004052 nova-conductor[98803]: DEBUG nova.conductor.manager [None req-6ab1dc24-8246-4844-8429-316c3a3671e1 tempest-DeleteServersTestJSON-919292889 tempest-DeleteServersTestJSON-919292889-project-member] [instance: 904ae64d-635f-4b03-9bb0-4a9201d2faca] Selected host: np0000004052; Selected node: np0000004052; Alternates: [] {{(pid=98803) schedule_and_build_instances /opt/stack/nova/nova/conductor/manager.py:1784}}
Jun 30 23:56:51.781393 np0000004052 nova-conductor[98803]: DEBUG oslo_concurrency.lockutils [None req-6ab1dc24-8246-4844-8429-316c3a3671e1 tempest-DeleteServersTestJSON-919292889 tempest-DeleteServersTestJSON-919292889-project-member] Acquiring lock "87808163-e9f3-4889-a059-3ae2884e4927" by "nova.context.set_target_cell..get_or_set_cached_cell_and_set_connections" {{(pid=98803) inner /opt/stack/data/venv/lib/python3.12/site-packages/oslo_concurrency/lockutils.py:511}}
Jun 30 23:56:51.781563 np0000004052 nova-conductor[98803]: DEBUG oslo_concurrency.lockutils [None req-6ab1dc24-8246-4844-8429-316c3a3671e1 tempest-DeleteServersTestJSON-919292889 tempest-DeleteServersTestJSON-919292889-project-member] Lock "87808163-e9f3-4889-a059-3ae2884e4927" acquired by "nova.context.set_target_cell..get_or_set_cached_cell_and_set_connections" :: waited 0.000s {{(pid=98803) inner /opt/stack/data/venv/lib/python3.12/site-packages/oslo_concurrency/lockutils.py:524}}
Jun 30 23:56:51.781700 np0000004052 nova-conductor[98803]: DEBUG oslo_concurrency.lockutils [None req-6ab1dc24-8246-4844-8429-316c3a3671e1 tempest-DeleteServersTestJSON-919292889 tempest-DeleteServersTestJSON-919292889-project-member] Lock "87808163-e9f3-4889-a059-3ae2884e4927" "released" by "nova.context.set_target_cell..get_or_set_cached_cell_and_set_connections" :: held 0.000s {{(pid=98803) inner /opt/stack/data/venv/lib/python3.12/site-packages/oslo_concurrency/lockutils.py:543}}
Jun 30 23:56:51.792117 np0000004052 nova-conductor[98803]: DEBUG nova.conductor.manager [None req-6ab1dc24-8246-4844-8429-316c3a3671e1 tempest-DeleteServersTestJSON-919292889 tempest-DeleteServersTestJSON-919292889-project-member] [instance: 904ae64d-635f-4b03-9bb0-4a9201d2faca] block_device_mapping [BlockDeviceMapping(attachment_id=,boot_index=0,connection_info=None,created_at=,delete_on_termination=True,deleted=,deleted_at=,destination_type='local',device_name=None,device_type='disk',disk_bus=None,encrypted=False,encryption_format=None,encryption_options=None,encryption_secret_uuid=None,guest_format=None,id=,image_id='372efea8-5812-4ae7-8268-8909f53f9c13',instance=,instance_uuid=,no_device=False,snapshot_id=None,source_type='image',tag=None,updated_at=,uuid=,volume_id=None,volume_size=None,volume_type=None)] {{(pid=98803) _create_block_device_mapping /opt/stack/nova/nova/conductor/manager.py:1529}}
Jun 30 23:56:51.793507 np0000004052 nova-conductor[98803]: DEBUG oslo_concurrency.lockutils [None req-6ab1dc24-8246-4844-8429-316c3a3671e1 tempest-DeleteServersTestJSON-919292889 tempest-DeleteServersTestJSON-919292889-project-member] Acquiring lock "87808163-e9f3-4889-a059-3ae2884e4927" by "nova.context.set_target_cell..get_or_set_cached_cell_and_set_connections" {{(pid=98803) inner /opt/stack/data/venv/lib/python3.12/site-packages/oslo_concurrency/lockutils.py:511}}
Jun 30 23:56:51.793625 np0000004052 nova-conductor[98803]: DEBUG oslo_concurrency.lockutils [None req-6ab1dc24-8246-4844-8429-316c3a3671e1 tempest-DeleteServersTestJSON-919292889 tempest-DeleteServersTestJSON-919292889-project-member] Lock "87808163-e9f3-4889-a059-3ae2884e4927" acquired by "nova.context.set_target_cell..get_or_set_cached_cell_and_set_connections" :: waited 0.000s {{(pid=98803) inner /opt/stack/data/venv/lib/python3.12/site-packages/oslo_concurrency/lockutils.py:524}}
Jun 30 23:56:51.793775 np0000004052 nova-conductor[98803]: DEBUG oslo_concurrency.lockutils [None req-6ab1dc24-8246-4844-8429-316c3a3671e1 tempest-DeleteServersTestJSON-919292889 tempest-DeleteServersTestJSON-919292889-project-member] Lock "87808163-e9f3-4889-a059-3ae2884e4927" "released" by "nova.context.set_target_cell..get_or_set_cached_cell_and_set_connections" :: held 0.000s {{(pid=98803) inner /opt/stack/data/venv/lib/python3.12/site-packages/oslo_concurrency/lockutils.py:543}}
Jun 30 23:56:51.822858 np0000004052 nova-conductor[98803]: DEBUG oslo_concurrency.lockutils [None req-6ab1dc24-8246-4844-8429-316c3a3671e1 tempest-DeleteServersTestJSON-919292889 tempest-DeleteServersTestJSON-919292889-project-member] Acquiring lock "87808163-e9f3-4889-a059-3ae2884e4927" by "nova.context.set_target_cell..get_or_set_cached_cell_and_set_connections" {{(pid=98803) inner /opt/stack/data/venv/lib/python3.12/site-packages/oslo_concurrency/lockutils.py:511}}
Jun 30 23:56:51.823043 np0000004052 nova-conductor[98803]: DEBUG oslo_concurrency.lockutils [None req-6ab1dc24-8246-4844-8429-316c3a3671e1 tempest-DeleteServersTestJSON-919292889 tempest-DeleteServersTestJSON-919292889-project-member] Lock "87808163-e9f3-4889-a059-3ae2884e4927" acquired by "nova.context.set_target_cell..get_or_set_cached_cell_and_set_connections" :: waited 0.000s {{(pid=98803) inner /opt/stack/data/venv/lib/python3.12/site-packages/oslo_concurrency/lockutils.py:524}}
Jun 30 23:56:51.823224 np0000004052 nova-conductor[98803]: DEBUG oslo_concurrency.lockutils [None req-6ab1dc24-8246-4844-8429-316c3a3671e1 tempest-DeleteServersTestJSON-919292889 tempest-DeleteServersTestJSON-919292889-project-member] Lock "87808163-e9f3-4889-a059-3ae2884e4927" "released" by "nova.context.set_target_cell..get_or_set_cached_cell_and_set_connections" :: held 0.000s {{(pid=98803) inner /opt/stack/data/venv/lib/python3.12/site-packages/oslo_concurrency/lockutils.py:543}}
Jun 30 23:56:51.823553 np0000004052 nova-conductor[98803]: DEBUG oslo_concurrency.lockutils [None req-6ab1dc24-8246-4844-8429-316c3a3671e1 tempest-DeleteServersTestJSON-919292889 tempest-DeleteServersTestJSON-919292889-project-member] Acquiring lock "compute-rpcapi-router" {{(pid=98803) lock /opt/stack/data/venv/lib/python3.12/site-packages/oslo_concurrency/lockutils.py:395}}
