Jun 30 23:54:04.437664 np0000004052 devstack@neutron-api.service[90521]: DEBUG neutron_lib.callbacks.manager [None req-e7510e0f-9345-4a9c-91ad-2bd1478f0d69 None None] Subscribe: > security_group_rule after_create 55550000, False {{(pid=90521) subscribe /opt/stack/data/venv/lib/python3.12/site-packages/neutron_lib/callbacks/manager.py:52}}
Jun 30 23:54:04.437807 np0000004052 devstack@neutron-api.service[90521]: DEBUG neutron_lib.callbacks.manager [None req-e7510e0f-9345-4a9c-91ad-2bd1478f0d69 None None] Subscribe: > security_group_rule after_update 55550000, False {{(pid=90521) subscribe /opt/stack/data/venv/lib/python3.12/site-packages/neutron_lib/callbacks/manager.py:52}}
Jun 30 23:54:04.437951 np0000004052 devstack@neutron-api.service[90521]: DEBUG neutron_lib.callbacks.manager [None req-e7510e0f-9345-4a9c-91ad-2bd1478f0d69 None None] Subscribe: > security_group_rule after_delete 55550000, False {{(pid=90521) subscribe /opt/stack/data/venv/lib/python3.12/site-packages/neutron_lib/callbacks/manager.py:52}}
Jun 30 23:54:04.438096 np0000004052 devstack@neutron-api.service[90521]: DEBUG neutron_lib.callbacks.manager [None req-e7510e0f-9345-4a9c-91ad-2bd1478f0d69 None None] Subscribe: > address_group after_create 55550000, False {{(pid=90521) subscribe /opt/stack/data/venv/lib/python3.12/site-packages/neutron_lib/callbacks/manager.py:52}}
Jun 30 23:54:04.438231 np0000004052 devstack@neutron-api.service[90521]: DEBUG neutron_lib.callbacks.manager [None req-e7510e0f-9345-4a9c-91ad-2bd1478f0d69 None None] Subscribe: > address_group after_update 55550000, False {{(pid=90521) subscribe /opt/stack/data/venv/lib/python3.12/site-packages/neutron_lib/callbacks/manager.py:52}}
Jun 30 23:54:04.438401 np0000004052 devstack@neutron-api.service[90521]: DEBUG neutron_lib.callbacks.manager [None req-e7510e0f-9345-4a9c-91ad-2bd1478f0d69 None None] Subscribe: > address_group after_delete 55550000, False {{(pid=90521) subscribe /opt/stack/data/venv/lib/python3.12/site-packages/neutron_lib/callbacks/manager.py:52}}
Jun 30 23:54:04.438544 np0000004052 devstack@neutron-api.service[90521]: DEBUG neutron.plugins.ml2.ovo_rpc [None req-e7510e0f-9345-4a9c-91ad-2bd1478f0d69 None None] ML2 OVO RPC backend initialized. {{(pid=90521) __init__ /opt/stack/neutron/neutron/plugins/ml2/ovo_rpc.py:117}}
Jun 30 23:54:04.439685 np0000004052 devstack@neutron-api.service[90521]: INFO neutron.quota [None req-e7510e0f-9345-4a9c-91ad-2bd1478f0d69 None None] Loaded quota_driver: .
Jun 30 23:54:04.439840 np0000004052 devstack@neutron-api.service[90521]: INFO neutron.plugins.ml2.plugin [None req-e7510e0f-9345-4a9c-91ad-2bd1478f0d69 None None] Modular L2 Plugin initialization complete
Jun 30 23:54:04.440048 np0000004052 devstack@neutron-api.service[90521]: DEBUG neutron.manager [None req-e7510e0f-9345-4a9c-91ad-2bd1478f0d69 None None] Loading services supported by the core plugin {{(pid=90521) _load_services_from_core_plugin /opt/stack/neutron/neutron/manager.py:167}}
Jun 30 23:54:04.440187 np0000004052 devstack@neutron-api.service[90521]: INFO neutron.plugins.ml2.managers [None req-e7510e0f-9345-4a9c-91ad-2bd1478f0d69 None None] Got port-security extension from driver 'port_security'
Jun 30 23:54:04.440246 np0000004052 devstack@neutron-api.service[90523]: DEBUG neutron_lib.callbacks.manager [None req-9e51ff89-2376-4fd5-b6c5-3285a3519a10 None None] Subscribe: > router before_delete 55550000, False {{(pid=90523) subscribe /opt/stack/data/venv/lib/python3.12/site-packages/neutron_lib/callbacks/manager.py:52}}
Jun 30 23:54:04.440403 np0000004052 devstack@neutron-api.service[90523]: DEBUG neutron_lib.callbacks.manager [None req-9e51ff89-2376-4fd5-b6c5-3285a3519a10 None None] Subscribe: port before_update 55550000, False {{(pid=90523) subscribe /opt/stack/data/venv/lib/python3.12/site-packages/neutron_lib/callbacks/manager.py:52}}
Jun 30 23:54:04.440522 np0000004052 devstack@neutron-api.service[90523]: DEBUG neutron_lib.callbacks.manager [None req-9e51ff89-2376-4fd5-b6c5-3285a3519a10 None None] Subscribe: port after_update 55550000, False {{(pid=90523) subscribe /opt/stack/data/venv/lib/python3.12/site-packages/neutron_lib/callbacks/manager.py:52}}
Jun 30 23:54:04.440608 np0000004052 devstack@neutron-api.service[90523]: DEBUG neutron_lib.callbacks.manager [None req-9e51ff89-2376-4fd5-b6c5-3285a3519a10 None None] Subscribe: > port precommit_delete 55550000, False {{(pid=90523) subscribe /opt/stack/data/venv/lib/python3.12/site-packages/neutron_lib/callbacks/manager.py:52}}
Jun 30 23:54:04.440634 np0000004052 devstack@neutron-api.service[90521]: DEBUG neutron.manager [None req-e7510e0f-9345-4a9c-91ad-2bd1478f0d69 None None] Loading service plugins: ['ovn-router', 'auto_allocate', 'tag', 'timestamp', 'network_ip_availability', 'flavors', 'revisions'] {{(pid=90521) _load_service_plugins /opt/stack/neutron/neutron/manager.py:192}}
Jun 30 23:54:04.440750 np0000004052 devstack@neutron-api.service[90523]: DEBUG neutron_lib.callbacks.manager [None req-9e51ff89-2376-4fd5-b6c5-3285a3519a10 None None] Subscribe: port before_update 55550000, False {{(pid=90523) subscribe /opt/stack/data/venv/lib/python3.12/site-packages/neutron_lib/callbacks/manager.py:52}}
Jun 30 23:54:04.440775 np0000004052 devstack@neutron-api.service[90521]: INFO neutron.manager [None req-e7510e0f-9345-4a9c-91ad-2bd1478f0d69 None None] Loading Plugin: ovn-router
Jun 30 23:54:04.440798 np0000004052 devstack@neutron-api.service[90523]: DEBUG neutron_lib.callbacks.manager [None req-9e51ff89-2376-4fd5-b6c5-3285a3519a10 None None] Subscribe: port before_delete 55550000, False {{(pid=90523) subscribe /opt/stack/data/venv/lib/python3.12/site-packages/neutron_lib/callbacks/manager.py:52}}
Jun 30 23:54:04.440860 np0000004052 devstack@neutron-api.service[90523]: DEBUG neutron_lib.callbacks.manager [None req-9e51ff89-2376-4fd5-b6c5-3285a3519a10 None None] Subscribe: > router precommit_create 55550000, False {{(pid=90523) subscribe /opt/stack/data/venv/lib/python3.12/site-packages/neutron_lib/callbacks/manager.py:52}}
Jun 30 23:54:04.440967 np0000004052 devstack@neutron-api.service[90523]: DEBUG neutron_lib.callbacks.manager [None req-9e51ff89-2376-4fd5-b6c5-3285a3519a10 None None] Subscribe: > router precommit_create 55550000, False {{(pid=90523) subscribe /opt/stack/data/venv/lib/python3.12/site-packages/neutron_lib/callbacks/manager.py:52}}
Jun 30 23:54:04.441043 np0000004052 devstack@neutron-api.service[90523]: DEBUG neutron_lib.callbacks.manager [None req-9e51ff89-2376-4fd5-b6c5-3285a3519a10 None None] Subscribe: > router precommit_update 55550000, False {{(pid=90523) subscribe /opt/stack/data/venv/lib/python3.12/site-packages/neutron_lib/callbacks/manager.py:52}}
Jun 30 23:54:04.441149 np0000004052 devstack@neutron-api.service[90523]: DEBUG neutron_lib.callbacks.manager [None req-9e51ff89-2376-4fd5-b6c5-3285a3519a10 None None] Subscribe: subnet after_update 55550000, False {{(pid=90523) subscribe /opt/stack/data/venv/lib/python3.12/site-packages/neutron_lib/callbacks/manager.py:52}}
Jun 30 23:54:04.441291 np0000004052 devstack@neutron-api.service[90523]: DEBUG neutron.quota.resource_registry [None req-9e51ff89-2376-4fd5-b6c5-3285a3519a10 None None] Tracking information for resource: router configured {{(pid=90523) set_tracked_resource /opt/stack/neutron/neutron/quota/resource_registry.py:203}}
Jun 30 23:54:04.441388 np0000004052 devstack@neutron-api.service[90523]: DEBUG neutron.quota.resource_registry [None req-9e51ff89-2376-4fd5-b6c5-3285a3519a10 None None] Tracking information for resource: floatingip configured {{(pid=90523) set_tracked_resource /opt/stack/neutron/neutron/quota/resource_registry.py:203}}
Jun 30 23:54:04.441495 np0000004052 devstack@neutron-api.service[90523]: INFO neutron.services.ovn_l3.plugin [None req-9e51ff89-2376-4fd5-b6c5-3285a3519a10 None None] Starting OVNL3RouterPlugin
Jun 30 23:54:04.441706 np0000004052 devstack@neutron-api.service[90523]: DEBUG neutron_lib.callbacks.manager [None req-9e51ff89-2376-4fd5-b6c5-3285a3519a10 None None] Subscribe: > port_forwarding_plugin after_init 55550000, False {{(pid=90523) subscribe /opt/stack/data/venv/lib/python3.12/site-packages/neutron_lib/callbacks/manager.py:52}}
Jun 30 23:54:04.441893 np0000004052 devstack@neutron-api.service[90523]: DEBUG neutron_lib.callbacks.manager [None req-9e51ff89-2376-4fd5-b6c5-3285a3519a10 None None] Subscribe: > router before_create 55550100, False {{(pid=90523) subscribe /opt/stack/data/venv/lib/python3.12/site-packages/neutron_lib/callbacks/manager.py:52}}
Jun 30 23:54:04.441985 np0000004052 devstack@neutron-api.service[90523]: DEBUG neutron_lib.callbacks.manager [None req-9e51ff89-2376-4fd5-b6c5-3285a3519a10 None None] Subscribe: > router precommit_delete 55550100, False {{(pid=90523) subscribe /opt/stack/data/venv/lib/python3.12/site-packages/neutron_lib/callbacks/manager.py:52}}
Jun 30 23:54:04.442078 np0000004052 devstack@neutron-api.service[90523]: DEBUG neutron_lib.callbacks.manager [None req-9e51ff89-2376-4fd5-b6c5-3285a3519a10 None None] Subscribe: > router precommit_create 55550100, False {{(pid=90523) subscribe /opt/stack/data/venv/lib/python3.12/site-packages/neutron_lib/callbacks/manager.py:52}}
Jun 30 23:54:04.442184 np0000004052 devstack@neutron-api.service[90523]: DEBUG neutron_lib.callbacks.manager [None req-9e51ff89-2376-4fd5-b6c5-3285a3519a10 None None] Subscribe: > router precommit_update 55550100, False {{(pid=90523) subscribe /opt/stack/data/venv/lib/python3.12/site-packages/neutron_lib/callbacks/manager.py:52}}
Jun 30 23:54:04.445197 np0000004052 devstack@neutron-api.service[90523]: DEBUG neutron.services.provider_configuration [None req-9e51ff89-2376-4fd5-b6c5-3285a3519a10 None None] Service providers = [] {{(pid=90523) parse_service_provider_opt /opt/stack/neutron/neutron/services/provider_configuration.py:170}}
Jun 30 23:54:04.445277 np0000004052 devstack@neutron-api.service[90523]: DEBUG neutron.db.servicetype_db [None req-9e51ff89-2376-4fd5-b6c5-3285a3519a10 None None] Adding provider configuration for service L3_ROUTER_NAT {{(pid=90523) add_provider_configuration /opt/stack/neutron/neutron/db/servicetype_db.py:45}}
Jun 30 23:54:04.446590 np0000004052 devstack@neutron-api.service[90523]: DEBUG neutron_lib.callbacks.manager [None req-9e51ff89-2376-4fd5-b6c5-3285a3519a10 None None] Subscribe: > router precommit_create 55549900, False {{(pid=90523) subscribe /opt/stack/data/venv/lib/python3.12/site-packages/neutron_lib/callbacks/manager.py:52}}
Jun 30 23:54:04.446750 np0000004052 devstack@neutron-api.service[90523]: DEBUG neutron_lib.callbacks.manager [None req-9e51ff89-2376-4fd5-b6c5-3285a3519a10 None None] Subscribe: > router_interface after_create 55550000, False {{(pid=90523) subscribe /opt/stack/data/venv/lib/python3.12/site-packages/neutron_lib/callbacks/manager.py:52}}
Jun 30 23:54:04.447036 np0000004052 devstack@neutron-api.service[90523]: DEBUG neutron_lib.callbacks.manager [None req-9e51ff89-2376-4fd5-b6c5-3285a3519a10 None None] Subscribe: > floatingip after_create 55550000, False {{(pid=90523) subscribe /opt/stack/data/venv/lib/python3.12/site-packages/neutron_lib/callbacks/manager.py:52}}
Jun 30 23:54:04.447036 np0000004052 devstack@neutron-api.service[90523]: DEBUG neutron_lib.callbacks.manager [None req-9e51ff89-2376-4fd5-b6c5-3285a3519a10 None None] Subscribe: > floatingip precommit_create 55550000, False {{(pid=90523) subscribe /opt/stack/data/venv/lib/python3.12/site-packages/neutron_lib/callbacks/manager.py:52}}
Jun 30 23:54:04.447036 np0000004052 devstack@neutron-api.service[90523]: DEBUG neutron_lib.callbacks.manager [None req-9e51ff89-2376-4fd5-b6c5-3285a3519a10 None None] Subscribe: > floatingip precommit_update 55550000, False {{(pid=90523) subscribe /opt/stack/data/venv/lib/python3.12/site-packages/neutron_lib/callbacks/manager.py:52}}
Jun 30 23:54:04.447252 np0000004052 devstack@neutron-api.service[90523]: DEBUG neutron_lib.callbacks.manager [None req-9e51ff89-2376-4fd5-b6c5-3285a3519a10 None None] Subscribe: > floatingip after_delete 55550000, False {{(pid=90523) subscribe /opt/stack/data/venv/lib/python3.12/site-packages/neutron_lib/callbacks/manager.py:52}}
Jun 30 23:54:04.447252 np0000004052 devstack@neutron-api.service[90523]: DEBUG neutron_lib.callbacks.manager [None req-9e51ff89-2376-4fd5-b6c5-3285a3519a10 None None] Subscribe: > floatingip after_status_update 55550000, False {{(pid=90523) subscribe /opt/stack/data/venv/lib/python3.12/site-packages/neutron_lib/callbacks/manager.py:52}}
Jun 30 23:54:04.447252 np0000004052 devstack@neutron-api.service[90523]: DEBUG neutron_lib.callbacks.manager [None req-9e51ff89-2376-4fd5-b6c5-3285a3519a10 None None] Subscribe: > floatingip after_update 55550000, False {{(pid=90523) subscribe /opt/stack/data/venv/lib/python3.12/site-packages/neutron_lib/callbacks/manager.py:52}}
Jun 30 23:54:04.447522 np0000004052 devstack@neutron-api.service[90523]: DEBUG neutron_lib.callbacks.manager [None req-9e51ff89-2376-4fd5-b6c5-3285a3519a10 None None] Subscribe: > port_forwarding after_create 55550000, False {{(pid=90523) subscribe /opt/stack/data/venv/lib/python3.12/site-packages/neutron_lib/callbacks/manager.py:52}}
Jun 30 23:54:04.447522 np0000004052 devstack@neutron-api.service[90523]: DEBUG neutron_lib.callbacks.manager [None req-9e51ff89-2376-4fd5-b6c5-3285a3519a10 None None] Subscribe: > router_interface after_delete 55550000, False {{(pid=90523) subscribe /opt/stack/data/venv/lib/python3.12/site-packages/neutron_lib/callbacks/manager.py:52}}
Jun 30 23:54:04.447620 np0000004052 devstack@neutron-api.service[90523]: DEBUG neutron_lib.callbacks.manager [None req-9e51ff89-2376-4fd5-b6c5-3285a3519a10 None None] Subscribe: > router after_create 55550000, False {{(pid=90523) subscribe /opt/stack/data/venv/lib/python3.12/site-packages/neutron_lib/callbacks/manager.py:52}}
Jun 30 23:54:04.447717 np0000004052 devstack@neutron-api.service[90523]: DEBUG neutron_lib.callbacks.manager [None req-9e51ff89-2376-4fd5-b6c5-3285a3519a10 None None] Subscribe: > router precommit_create 55550000, False {{(pid=90523) subscribe /opt/stack/data/venv/lib/python3.12/site-packages/neutron_lib/callbacks/manager.py:52}}
Jun 30 23:54:04.447809 np0000004052 devstack@neutron-api.service[90523]: DEBUG neutron_lib.callbacks.manager [None req-9e51ff89-2376-4fd5-b6c5-3285a3519a10 None None] Subscribe: > router after_delete 55550000, False {{(pid=90523) subscribe /opt/stack/data/venv/lib/python3.12/site-packages/neutron_lib/callbacks/manager.py:52}}
Jun 30 23:54:04.447995 np0000004052 devstack@neutron-api.service[90523]: DEBUG neutron_lib.callbacks.manager [None req-9e51ff89-2376-4fd5-b6c5-3285a3519a10 None None] Subscribe: > router after_update 55550000, False {{(pid=90523) subscribe /opt/stack/data/venv/lib/python3.12/site-packages/neutron_lib/callbacks/manager.py:52}}
Jun 30 23:54:04.447995 np0000004052 devstack@neutron-api.service[90523]: DEBUG neutron.services.service_base [None req-9e51ff89-2376-4fd5-b6c5-3285a3519a10 None None] Loaded 'neutron.services.ovn_l3.service_providers.ovn.OvnDriver' provider for service L3_ROUTER_NAT {{(pid=90523) load_drivers /opt/stack/neutron/neutron/services/service_base.py:49}}
Jun 30 23:54:04.448105 np0000004052 devstack@neutron-api.service[90523]: DEBUG neutron_lib.callbacks.manager [None req-9e51ff89-2376-4fd5-b6c5-3285a3519a10 None None] Subscribe: > process after_init 55550001, True {{(pid=90523) subscribe /opt/stack/data/venv/lib/python3.12/site-packages/neutron_lib/callbacks/manager.py:52}}
Jun 30 23:54:04.448223 np0000004052 devstack@neutron-api.service[90523]: DEBUG neutron.manager [None req-9e51ff89-2376-4fd5-b6c5-3285a3519a10 None None] Successfully loaded L3_ROUTER_NAT plugin. Description: L3 Router Service Plugin for basic L3 forwarding using OVN {{(pid=90523) _create_and_add_service_plugin /opt/stack/neutron/neutron/manager.py:236}}
Jun 30 23:54:04.448298 np0000004052 devstack@neutron-api.service[90523]: INFO neutron.manager [None req-9e51ff89-2376-4fd5-b6c5-3285a3519a10 None None] Loading Plugin: auto_allocate
Jun 30 23:54:04.449241 np0000004052 devstack@neutron-api.service[90523]: DEBUG neutron_lib.callbacks.manager [None req-9e51ff89-2376-4fd5-b6c5-3285a3519a10 None None] Subscribe: network precommit_update 55550000, False {{(pid=90523) subscribe /opt/stack/data/venv/lib/python3.12/site-packages/neutron_lib/callbacks/manager.py:52}}
Jun 30 23:54:04.449354 np0000004052 devstack@neutron-api.service[90523]: DEBUG neutron_lib.callbacks.manager [None req-9e51ff89-2376-4fd5-b6c5-3285a3519a10 None None] Subscribe: network precommit_create 55550000, False {{(pid=90523) subscribe /opt/stack/data/venv/lib/python3.12/site-packages/neutron_lib/callbacks/manager.py:52}}
Jun 30 23:54:04.449598 np0000004052 devstack@neutron-api.service[90523]: DEBUG neutron.manager [None req-9e51ff89-2376-4fd5-b6c5-3285a3519a10 None None] Successfully loaded auto-allocated-topology plugin. Description: Auto Allocated Topology - aka get me a network. {{(pid=90523) _create_and_add_service_plugin /opt/stack/neutron/neutron/manager.py:236}}
Jun 30 23:54:04.449748 np0000004052 devstack@neutron-api.service[90523]: INFO neutron.manager [None req-9e51ff89-2376-4fd5-b6c5-3285a3519a10 None None] Loading Plugin: tag
Jun 30 23:54:04.452508 np0000004052 devstack@neutron-api.service[90523]: DEBUG neutron.manager [None req-9e51ff89-2376-4fd5-b6c5-3285a3519a10 None None] Successfully loaded TAG plugin. Description: Tag support {{(pid=90523) _create_and_add_service_plugin /opt/stack/neutron/neutron/manager.py:236}}
Jun 30 23:54:04.452583 np0000004052 devstack@neutron-api.service[90523]: INFO neutron.manager [None req-9e51ff89-2376-4fd5-b6c5-3285a3519a10 None None] Loading Plugin: timestamp
Jun 30 23:54:04.453905 np0000004052 devstack@neutron-api.service[90523]: DEBUG neutron.manager [None req-9e51ff89-2376-4fd5-b6c5-3285a3519a10 None None] Successfully loaded timestamp plugin. Description: Adds timestamps to Neutron resources with standard attributes {{(pid=90523) _create_and_add_service_plugin /opt/stack/neutron/neutron/manager.py:236}}
Jun 30 23:54:04.453967 np0000004052 devstack@neutron-api.service[90523]: INFO neutron.manager [None req-9e51ff89-2376-4fd5-b6c5-3285a3519a10 None None] Loading Plugin: network_ip_availability
Jun 30 23:54:04.454940 np0000004052 devstack@neutron-api.service[90521]: DEBUG neutron_lib.callbacks.manager [None req-e7510e0f-9345-4a9c-91ad-2bd1478f0d69 None None] Subscribe: > router before_delete 55550000, False {{(pid=90521) subscribe /opt/stack/data/venv/lib/python3.12/site-packages/neutron_lib/callbacks/manager.py:52}}
Jun 30 23:54:04.455112 np0000004052 devstack@neutron-api.service[90521]: DEBUG neutron_lib.callbacks.manager [None req-e7510e0f-9345-4a9c-91ad-2bd1478f0d69 None None] Subscribe: port before_update 55550000, False {{(pid=90521) subscribe /opt/stack/data/venv/lib/python3.12/site-packages/neutron_lib/callbacks/manager.py:52}}
Jun 30 23:54:04.455264 np0000004052 devstack@neutron-api.service[90521]: DEBUG neutron_lib.callbacks.manager [None req-e7510e0f-9345-4a9c-91ad-2bd1478f0d69 None None] Subscribe: port after_update 55550000, False {{(pid=90521) subscribe /opt/stack/data/venv/lib/python3.12/site-packages/neutron_lib/callbacks/manager.py:52}}
Jun 30 23:54:04.455455 np0000004052 devstack@neutron-api.service[90521]: DEBUG neutron_lib.callbacks.manager [None req-e7510e0f-9345-4a9c-91ad-2bd1478f0d69 None None] Subscribe: > port precommit_delete 55550000, False {{(pid=90521) subscribe /opt/stack/data/venv/lib/python3.12/site-packages/neutron_lib/callbacks/manager.py:52}}
Jun 30 23:54:04.455603 np0000004052 devstack@neutron-api.service[90521]: DEBUG neutron_lib.callbacks.manager [None req-e7510e0f-9345-4a9c-91ad-2bd1478f0d69 None None] Subscribe: port before_update 55550000, False {{(pid=90521) subscribe /opt/stack/data/venv/lib/python3.12/site-packages/neutron_lib/callbacks/manager.py:52}}
Jun 30 23:54:04.455727 np0000004052 devstack@neutron-api.service[90521]: DEBUG neutron_lib.callbacks.manager [None req-e7510e0f-9345-4a9c-91ad-2bd1478f0d69 None None] Subscribe: port before_delete 55550000, False {{(pid=90521) subscribe /opt/stack/data/venv/lib/python3.12/site-packages/neutron_lib/callbacks/manager.py:52}}
Jun 30 23:54:04.455842 np0000004052 devstack@neutron-api.service[90523]: DEBUG neutron.manager [None req-9e51ff89-2376-4fd5-b6c5-3285a3519a10 None None] Successfully loaded network-ip-availability plugin. Description: Provides IP availability data for each network and subnet. {{(pid=90523) _create_and_add_service_plugin /opt/stack/neutron/neutron/manager.py:236}}
Jun 30 23:54:04.455953 np0000004052 devstack@neutron-api.service[90521]: DEBUG neutron_lib.callbacks.manager [None req-e7510e0f-9345-4a9c-91ad-2bd1478f0d69 None None] Subscribe: > router precommit_create 55550000, False {{(pid=90521) subscribe /opt/stack/data/venv/lib/python3.12/site-packages/neutron_lib/callbacks/manager.py:52}}
Jun 30 23:54:04.456159 np0000004052 devstack@neutron-api.service[90523]: INFO neutron.manager [None req-9e51ff89-2376-4fd5-b6c5-3285a3519a10 None None] Loading Plugin: flavors
Jun 30 23:54:04.456209 np0000004052 devstack@neutron-api.service[90521]: DEBUG neutron_lib.callbacks.manager [None req-e7510e0f-9345-4a9c-91ad-2bd1478f0d69 None None] Subscribe: > router precommit_create 55550000, False {{(pid=90521) subscribe /opt/stack/data/venv/lib/python3.12/site-packages/neutron_lib/callbacks/manager.py:52}}
Jun 30 23:54:04.456209 np0000004052 devstack@neutron-api.service[90521]: DEBUG neutron_lib.callbacks.manager [None req-e7510e0f-9345-4a9c-91ad-2bd1478f0d69 None None] Subscribe: > router precommit_update 55550000, False {{(pid=90521) subscribe /opt/stack/data/venv/lib/python3.12/site-packages/neutron_lib/callbacks/manager.py:52}}
Jun 30 23:54:04.456402 np0000004052 devstack@neutron-api.service[90521]: DEBUG neutron_lib.callbacks.manager [None req-e7510e0f-9345-4a9c-91ad-2bd1478f0d69 None None] Subscribe: subnet after_update 55550000, False {{(pid=90521) subscribe /opt/stack/data/venv/lib/python3.12/site-packages/neutron_lib/callbacks/manager.py:52}}
Jun 30 23:54:04.456585 np0000004052 devstack@neutron-api.service[90521]: DEBUG neutron.quota.resource_registry [None req-e7510e0f-9345-4a9c-91ad-2bd1478f0d69 None None] Tracking information for resource: router configured {{(pid=90521) set_tracked_resource /opt/stack/neutron/neutron/quota/resource_registry.py:203}}
Jun 30 23:54:04.456661 np0000004052 devstack@neutron-api.service[90521]: DEBUG neutron.quota.resource_registry [None req-e7510e0f-9345-4a9c-91ad-2bd1478f0d69 None None] Tracking information for resource: floatingip configured {{(pid=90521) set_tracked_resource /opt/stack/neutron/neutron/quota/resource_registry.py:203}}
Jun 30 23:54:04.456727 np0000004052 devstack@neutron-api.service[90523]: DEBUG neutron.manager [None req-9e51ff89-2376-4fd5-b6c5-3285a3519a10 None None] Successfully loaded FLAVORS plugin. Description: Neutron Flavors and Service Profiles manager plugin {{(pid=90523) _create_and_add_service_plugin /opt/stack/neutron/neutron/manager.py:236}}
Jun 30 23:54:04.456795 np0000004052 devstack@neutron-api.service[90521]: INFO neutron.services.ovn_l3.plugin [None req-e7510e0f-9345-4a9c-91ad-2bd1478f0d69 None None] Starting OVNL3RouterPlugin
Jun 30 23:54:04.456818 np0000004052 devstack@neutron-api.service[90523]: INFO neutron.manager [None req-9e51ff89-2376-4fd5-b6c5-3285a3519a10 None None] Loading Plugin: revisions
Jun 30 23:54:04.457131 np0000004052 devstack@neutron-api.service[90521]: DEBUG neutron_lib.callbacks.manager [None req-e7510e0f-9345-4a9c-91ad-2bd1478f0d69 None None] Subscribe: > port_forwarding_plugin after_init 55550000, False {{(pid=90521) subscribe /opt/stack/data/venv/lib/python3.12/site-packages/neutron_lib/callbacks/manager.py:52}}
Jun 30 23:54:04.457453 np0000004052 devstack@neutron-api.service[90521]: DEBUG neutron_lib.callbacks.manager [None req-e7510e0f-9345-4a9c-91ad-2bd1478f0d69 None None] Subscribe: > router before_create 55550100, False {{(pid=90521) subscribe /opt/stack/data/venv/lib/python3.12/site-packages/neutron_lib/callbacks/manager.py:52}}
Jun 30 23:54:04.457617 np0000004052 devstack@neutron-api.service[90521]: DEBUG neutron_lib.callbacks.manager [None req-e7510e0f-9345-4a9c-91ad-2bd1478f0d69 None None] Subscribe: > router precommit_delete 55550100, False {{(pid=90521) subscribe /opt/stack/data/venv/lib/python3.12/site-packages/neutron_lib/callbacks/manager.py:52}}
Jun 30 23:54:04.457757 np0000004052 devstack@neutron-api.service[90521]: DEBUG neutron_lib.callbacks.manager [None req-e7510e0f-9345-4a9c-91ad-2bd1478f0d69 None None] Subscribe: > router precommit_create 55550100, False {{(pid=90521) subscribe /opt/stack/data/venv/lib/python3.12/site-packages/neutron_lib/callbacks/manager.py:52}}
Jun 30 23:54:04.457902 np0000004052 devstack@neutron-api.service[90521]: DEBUG neutron_lib.callbacks.manager [None req-e7510e0f-9345-4a9c-91ad-2bd1478f0d69 None None] Subscribe: > router precommit_update 55550100, False {{(pid=90521) subscribe /opt/stack/data/venv/lib/python3.12/site-packages/neutron_lib/callbacks/manager.py:52}}
Jun 30 23:54:04.457987 np0000004052 devstack@neutron-api.service[90523]: DEBUG neutron.manager [None req-9e51ff89-2376-4fd5-b6c5-3285a3519a10 None None] Successfully loaded revision_plugin plugin. Description: Adds revision numbers to resources. {{(pid=90523) _create_and_add_service_plugin /opt/stack/neutron/neutron/manager.py:236}}
Jun 30 23:54:04.458108 np0000004052 devstack@neutron-api.service[90523]: DEBUG oslo_concurrency.lockutils [None req-9e51ff89-2376-4fd5-b6c5-3285a3519a10 None None] Lock "manager" "released" by "neutron.manager.NeutronManager._create_instance" :: held 3.941s {{(pid=90523) inner /opt/stack/data/venv/lib/python3.12/site-packages/oslo_concurrency/lockutils.py:543}}
Jun 30 23:54:04.458424 np0000004052 devstack@neutron-api.service[90523]: DEBUG neutron.api.extensions [None req-9e51ff89-2376-4fd5-b6c5-3285a3519a10 None None] get_extension_paths = OrderedDict({'/opt/stack/neutron/neutron/extensions': 1}) {{(pid=90523) get_extensions_path /opt/stack/neutron/neutron/api/extensions.py:640}}
Jun 30 23:54:04.458508 np0000004052 devstack@neutron-api.service[90523]: INFO neutron.api.extensions [None req-9e51ff89-2376-4fd5-b6c5-3285a3519a10 None None] Initializing extension manager.
Jun 30 23:54:04.458753 np0000004052 devstack@neutron-api.service[90523]: DEBUG neutron.api.extensions [None req-9e51ff89-2376-4fd5-b6c5-3285a3519a10 None None] Loading extension file: __init__.py {{(pid=90523) _load_all_extensions_from_path /opt/stack/neutron/neutron/api/extensions.py:449}}
Jun 30 23:54:04.458886 np0000004052 devstack@neutron-api.service[90523]: DEBUG neutron.api.extensions [None req-9e51ff89-2376-4fd5-b6c5-3285a3519a10 None None] Loading extension file: __pycache__ {{(pid=90523) _load_all_extensions_from_path /opt/stack/neutron/neutron/api/extensions.py:449}}
Jun 30 23:54:04.458970 np0000004052 devstack@neutron-api.service[90523]: DEBUG neutron.api.extensions [None req-9e51ff89-2376-4fd5-b6c5-3285a3519a10 None None] Loading extension file: aap_reject_multicast.py {{(pid=90523) _load_all_extensions_from_path /opt/stack/neutron/neutron/api/extensions.py:449}}
Jun 30 23:54:04.459314 np0000004052 devstack@neutron-api.service[90523]: DEBUG neutron.api.extensions [None req-9e51ff89-2376-4fd5-b6c5-3285a3519a10 None None] Ext name="Allowed address pairs reject multicast extension" alias="aap-reject-multicast" description="Reject multicast addresses in Allowed Address Pairs" updated="2026-04-01T00:00:00-00:00" {{(pid=90523) _check_extension /opt/stack/neutron/neutron/api/extensions.py:415}}
Jun 30 23:54:04.459611 np0000004052 devstack@neutron-api.service[90523]: INFO neutron.api.extensions [None req-9e51ff89-2376-4fd5-b6c5-3285a3519a10 None None] Extension aap-reject-multicast not supported by any of loaded plugins
Jun 30 23:54:04.459719 np0000004052 devstack@neutron-api.service[90523]: DEBUG neutron.api.extensions [None req-9e51ff89-2376-4fd5-b6c5-3285a3519a10 None None] Loading extension file: address_group.py {{(pid=90523) _load_all_extensions_from_path /opt/stack/neutron/neutron/api/extensions.py:449}}
Jun 30 23:54:04.460101 np0000004052 devstack@neutron-api.service[90523]: DEBUG neutron.api.extensions [None req-9e51ff89-2376-4fd5-b6c5-3285a3519a10 None None] Ext name="Address group" alias="address-group" description="Support address group" updated="2020-07-15T10:00:00-00:00" {{(pid=90523) _check_extension /opt/stack/neutron/neutron/api/extensions.py:415}}
Jun 30 23:54:04.460280 np0000004052 devstack@neutron-api.service[90523]: INFO neutron.api.extensions [None req-9e51ff89-2376-4fd5-b6c5-3285a3519a10 None None] Loaded extension: address-group
Jun 30 23:54:04.460401 np0000004052 devstack@neutron-api.service[90523]: DEBUG neutron.api.extensions [None req-9e51ff89-2376-4fd5-b6c5-3285a3519a10 None None] Loading extension file: address_scope.py {{(pid=90523) _load_all_extensions_from_path /opt/stack/neutron/neutron/api/extensions.py:449}}
Jun 30 23:54:04.460763 np0000004052 devstack@neutron-api.service[90523]: DEBUG neutron.api.extensions [None req-9e51ff89-2376-4fd5-b6c5-3285a3519a10 None None] Ext name="Address scope" alias="address-scope" description="Address scopes extension." updated="2015-07-26T10:00:00-00:00" {{(pid=90523) _check_extension /opt/stack/neutron/neutron/api/extensions.py:415}}
Jun 30 23:54:04.460950 np0000004052 devstack@neutron-api.service[90523]: INFO neutron.api.extensions [None req-9e51ff89-2376-4fd5-b6c5-3285a3519a10 None None] Loaded extension: address-scope
Jun 30 23:54:04.461109 np0000004052 devstack@neutron-api.service[90523]: DEBUG neutron.api.extensions [None req-9e51ff89-2376-4fd5-b6c5-3285a3519a10 None None] Loading extension file: admin_state_down_before_update.py {{(pid=90523) _load_all_extensions_from_path /opt/stack/neutron/neutron/api/extensions.py:449}}
Jun 30 23:54:04.461253 np0000004052 devstack@neutron-api.service[90523]: DEBUG neutron.api.extensions [None req-9e51ff89-2376-4fd5-b6c5-3285a3519a10 None None] Ext name="Enforce Router's Admin State Down Before Update Extension" alias="router-admin-state-down-before-update" description="Ensure that the admin state of a router is DOWN (admin_state_up=False) before updating the distributed attribute" updated="2019-07-02T15:56:00" {{(pid=90523) _check_extension /opt/stack/neutron/neutron/api/extensions.py:415}}
Jun 30 23:54:04.461509 np0000004052 devstack@neutron-api.service[90523]: INFO neutron.api.extensions [None req-9e51ff89-2376-4fd5-b6c5-3285a3519a10 None None] Extension router-admin-state-down-before-update not supported by any of loaded plugins
Jun 30 23:54:04.461605 np0000004052 devstack@neutron-api.service[90523]: DEBUG neutron.api.extensions [None req-9e51ff89-2376-4fd5-b6c5-3285a3519a10 None None] Loading extension file: agent.py {{(pid=90523) _load_all_extensions_from_path /opt/stack/neutron/neutron/api/extensions.py:449}}
Jun 30 23:54:04.462060 np0000004052 devstack@neutron-api.service[90523]: DEBUG neutron.api.extensions [None req-9e51ff89-2376-4fd5-b6c5-3285a3519a10 None None] Ext name="agent" alias="agent" description="The agent management extension." updated="2013-02-03T10:00:00-00:00" {{(pid=90523) _check_extension /opt/stack/neutron/neutron/api/extensions.py:415}}
Jun 30 23:54:04.462295 np0000004052 devstack@neutron-api.service[90523]: INFO neutron.api.extensions [None req-9e51ff89-2376-4fd5-b6c5-3285a3519a10 None None] Loaded extension: agent
Jun 30 23:54:04.462372 np0000004052 devstack@neutron-api.service[90523]: DEBUG neutron.api.extensions [None req-9e51ff89-2376-4fd5-b6c5-3285a3519a10 None None] Loading extension file: agent_resources_synced.py {{(pid=90523) _load_all_extensions_from_path /opt/stack/neutron/neutron/api/extensions.py:449}}
Jun 30 23:54:04.462650 np0000004052 devstack@neutron-api.service[90523]: DEBUG neutron.api.extensions [None req-9e51ff89-2376-4fd5-b6c5-3285a3519a10 None None] Ext name="Agent's Resource View Synced to Placement" alias="agent-resources-synced" description="Stores success/failure of last sync to Placement" updated="2018-12-19T00:00:00-00:00" {{(pid=90523) _check_extension /opt/stack/neutron/neutron/api/extensions.py:415}}
Jun 30 23:54:04.462791 np0000004052 devstack@neutron-api.service[90523]: INFO neutron.api.extensions [None req-9e51ff89-2376-4fd5-b6c5-3285a3519a10 None None] Extension agent-resources-synced not supported by any of loaded plugins
Jun 30 23:54:04.462892 np0000004052 devstack@neutron-api.service[90523]: DEBUG neutron.api.extensions [None req-9e51ff89-2376-4fd5-b6c5-3285a3519a10 None None] Loading extension file: agent_sort_key.py {{(pid=90523) _load_all_extensions_from_path /opt/stack/neutron/neutron/api/extensions.py:449}}
Jun 30 23:54:04.463064 np0000004052 devstack@neutron-api.service[90523]: DEBUG neutron.api.extensions [None req-9e51ff89-2376-4fd5-b6c5-3285a3519a10 None None] Ext name="Agents Sort Key" alias="agent_sort_key" description="Enabling the keyword sort_key for sorting in agents." updated="2013-02-03T10:00:00-00:00" {{(pid=90523) _check_extension /opt/stack/neutron/neutron/api/extensions.py:415}}
Jun 30 23:54:04.463144 np0000004052 devstack@neutron-api.service[90521]: DEBUG neutron.services.provider_configuration [None req-e7510e0f-9345-4a9c-91ad-2bd1478f0d69 None None] Service providers = [] {{(pid=90521) parse_service_provider_opt /opt/stack/neutron/neutron/services/provider_configuration.py:170}}
Jun 30 23:54:04.463248 np0000004052 devstack@neutron-api.service[90523]: INFO neutron.api.extensions [None req-9e51ff89-2376-4fd5-b6c5-3285a3519a10 None None] Extension agent_sort_key not supported by any of loaded plugins
Jun 30 23:54:04.463272 np0000004052 devstack@neutron-api.service[90521]: DEBUG neutron.db.servicetype_db [None req-e7510e0f-9345-4a9c-91ad-2bd1478f0d69 None None] Adding provider configuration for service L3_ROUTER_NAT {{(pid=90521) add_provider_configuration /opt/stack/neutron/neutron/db/servicetype_db.py:45}}
Jun 30 23:54:04.463423 np0000004052 devstack@neutron-api.service[90523]: DEBUG neutron.api.extensions [None req-9e51ff89-2376-4fd5-b6c5-3285a3519a10 None None] Loading extension file: allowedaddresspairs.py {{(pid=90523) _load_all_extensions_from_path /opt/stack/neutron/neutron/api/extensions.py:449}}
Jun 30 23:54:04.464185 np0000004052 devstack@neutron-api.service[90523]: DEBUG neutron.api.extensions [None req-9e51ff89-2376-4fd5-b6c5-3285a3519a10 None None] Ext name="Allowed Address Pairs" alias="allowed-address-pairs" description="Provides allowed address pairs" updated="2013-07-23T10:00:00-00:00" {{(pid=90523) _check_extension /opt/stack/neutron/neutron/api/extensions.py:415}}
Jun 30 23:54:04.464362 np0000004052 devstack@neutron-api.service[90523]: INFO neutron.api.extensions [None req-9e51ff89-2376-4fd5-b6c5-3285a3519a10 None None] Loaded extension: allowed-address-pairs
Jun 30 23:54:04.464504 np0000004052 devstack@neutron-api.service[90523]: DEBUG neutron.api.extensions [None req-9e51ff89-2376-4fd5-b6c5-3285a3519a10 None None] Loading extension file: auto_allocated_topology.py {{(pid=90523) _load_all_extensions_from_path /opt/stack/neutron/neutron/api/extensions.py:449}}
Jun 30 23:54:04.464734 np0000004052 devstack@neutron-api.service[90523]: DEBUG neutron.api.extensions [None req-9e51ff89-2376-4fd5-b6c5-3285a3519a10 None None] Ext name="Auto Allocated Topology Services" alias="auto-allocated-topology" description="Auto Allocated Topology Services." updated="2016-01-01T00:00:00-00:00" {{(pid=90523) _check_extension /opt/stack/neutron/neutron/api/extensions.py:415}}
Jun 30 23:54:04.464882 np0000004052 devstack@neutron-api.service[90523]: INFO neutron.api.extensions [None req-9e51ff89-2376-4fd5-b6c5-3285a3519a10 None None] Loaded extension: auto-allocated-topology
Jun 30 23:54:04.464971 np0000004052 devstack@neutron-api.service[90523]: DEBUG neutron.api.extensions [None req-9e51ff89-2376-4fd5-b6c5-3285a3519a10 None None] Loading extension file: availability_zone.py {{(pid=90523) _load_all_extensions_from_path /opt/stack/neutron/neutron/api/extensions.py:449}}
Jun 30 23:54:04.465347 np0000004052 devstack@neutron-api.service[90521]: DEBUG neutron_lib.callbacks.manager [None req-e7510e0f-9345-4a9c-91ad-2bd1478f0d69 None None] Subscribe: > router precommit_create 55549900, False {{(pid=90521) subscribe /opt/stack/data/venv/lib/python3.12/site-packages/neutron_lib/callbacks/manager.py:52}}
Jun 30 23:54:04.465433 np0000004052 devstack@neutron-api.service[90523]: DEBUG neutron.api.extensions [None req-9e51ff89-2376-4fd5-b6c5-3285a3519a10 None None] Ext name="Availability Zone" alias="availability_zone" description="The availability zone extension." updated="2015-01-01T10:00:00-00:00" {{(pid=90523) _check_extension /opt/stack/neutron/neutron/api/extensions.py:415}}
Jun 30 23:54:04.465485 np0000004052 devstack@neutron-api.service[90521]: DEBUG neutron_lib.callbacks.manager [None req-e7510e0f-9345-4a9c-91ad-2bd1478f0d69 None None] Subscribe: > router_interface after_create 55550000, False {{(pid=90521) subscribe /opt/stack/data/venv/lib/python3.12/site-packages/neutron_lib/callbacks/manager.py:52}}
Jun 30 23:54:04.465550 np0000004052 devstack@neutron-api.service[90523]: INFO neutron.api.extensions [None req-9e51ff89-2376-4fd5-b6c5-3285a3519a10 None None] Loaded extension: availability_zone
Jun 30 23:54:04.465550 np0000004052 devstack@neutron-api.service[90523]: DEBUG neutron.api.extensions [None req-9e51ff89-2376-4fd5-b6c5-3285a3519a10 None None] Loading extension file: availability_zone_filter.py {{(pid=90523) _load_all_extensions_from_path /opt/stack/neutron/neutron/api/extensions.py:449}}
Jun 30 23:54:04.465635 np0000004052 devstack@neutron-api.service[90521]: DEBUG neutron_lib.callbacks.manager [None req-e7510e0f-9345-4a9c-91ad-2bd1478f0d69 None None] Subscribe: > floatingip after_create 55550000, False {{(pid=90521) subscribe /opt/stack/data/venv/lib/python3.12/site-packages/neutron_lib/callbacks/manager.py:52}}
Jun 30 23:54:04.465635 np0000004052 devstack@neutron-api.service[90521]: DEBUG neutron_lib.callbacks.manager [None req-e7510e0f-9345-4a9c-91ad-2bd1478f0d69 None None] Subscribe: > floatingip precommit_create 55550000, False {{(pid=90521) subscribe /opt/stack/data/venv/lib/python3.12/site-packages/neutron_lib/callbacks/manager.py:52}}
Jun 30 23:54:04.465828 np0000004052 devstack@neutron-api.service[90521]: DEBUG neutron_lib.callbacks.manager [None req-e7510e0f-9345-4a9c-91ad-2bd1478f0d69 None None] Subscribe: > floatingip precommit_update 55550000, False {{(pid=90521) subscribe /opt/stack/data/venv/lib/python3.12/site-packages/neutron_lib/callbacks/manager.py:52}}
Jun 30 23:54:04.465977 np0000004052 devstack@neutron-api.service[90523]: DEBUG neutron.api.extensions [None req-9e51ff89-2376-4fd5-b6c5-3285a3519a10 None None] Ext name="Availability Zone Filter Extension" alias="availability_zone_filter" description="Add filter parameters to AvailabilityZone resource" updated="2018-06-22T10:00:00-00:00" {{(pid=90523) _check_extension /opt/stack/neutron/neutron/api/extensions.py:415}}
Jun 30 23:54:04.466025 np0000004052 devstack@neutron-api.service[90521]: DEBUG neutron_lib.callbacks.manager [None req-e7510e0f-9345-4a9c-91ad-2bd1478f0d69 None None] Subscribe: > floatingip after_delete 55550000, False {{(pid=90521) subscribe /opt/stack/data/venv/lib/python3.12/site-packages/neutron_lib/callbacks/manager.py:52}}
Jun 30 23:54:04.466092 np0000004052 devstack@neutron-api.service[90523]: INFO neutron.api.extensions [None req-9e51ff89-2376-4fd5-b6c5-3285a3519a10 None None] Extension availability_zone_filter not supported by any of loaded plugins
Jun 30 23:54:04.466138 np0000004052 devstack@neutron-api.service[90521]: DEBUG neutron_lib.callbacks.manager [None req-e7510e0f-9345-4a9c-91ad-2bd1478f0d69 None None] Subscribe: > floatingip after_status_update 55550000, False {{(pid=90521) subscribe /opt/stack/data/venv/lib/python3.12/site-packages/neutron_lib/callbacks/manager.py:52}}
Jun 30 23:54:04.466208 np0000004052 devstack@neutron-api.service[90523]: DEBUG neutron.api.extensions [None req-9e51ff89-2376-4fd5-b6c5-3285a3519a10 None None] Loading extension file: data_plane_status.py {{(pid=90523) _load_all_extensions_from_path /opt/stack/neutron/neutron/api/extensions.py:449}}
Jun 30 23:54:04.466254 np0000004052 devstack@neutron-api.service[90521]: DEBUG neutron_lib.callbacks.manager [None req-e7510e0f-9345-4a9c-91ad-2bd1478f0d69 None None] Subscribe: > floatingip after_update 55550000, False {{(pid=90521) subscribe /opt/stack/data/venv/lib/python3.12/site-packages/neutron_lib/callbacks/manager.py:52}}
Jun 30 23:54:04.466478 np0000004052 devstack@neutron-api.service[90521]: DEBUG neutron_lib.callbacks.manager [None req-e7510e0f-9345-4a9c-91ad-2bd1478f0d69 None None] Subscribe: > port_forwarding after_create 55550000, False {{(pid=90521) subscribe /opt/stack/data/venv/lib/python3.12/site-packages/neutron_lib/callbacks/manager.py:52}}
Jun 30 23:54:04.466530 np0000004052 devstack@neutron-api.service[90523]: DEBUG neutron.api.extensions [None req-9e51ff89-2376-4fd5-b6c5-3285a3519a10 None None] Ext name="Port data plane status extension" alias="data-plane-status" description="Expose status of underlying data plane" updated="2017-01-24T10:00:00-00:00" {{(pid=90523) _check_extension /opt/stack/neutron/neutron/api/extensions.py:415}}
Jun 30 23:54:04.466600 np0000004052 devstack@neutron-api.service[90521]: DEBUG neutron_lib.callbacks.manager [None req-e7510e0f-9345-4a9c-91ad-2bd1478f0d69 None None] Subscribe: > router_interface after_delete 55550000, False {{(pid=90521) subscribe /opt/stack/data/venv/lib/python3.12/site-packages/neutron_lib/callbacks/manager.py:52}}
Jun 30 23:54:04.466652 np0000004052 devstack@neutron-api.service[90523]: INFO neutron.api.extensions [None req-9e51ff89-2376-4fd5-b6c5-3285a3519a10 None None] Extension data-plane-status not supported by any of loaded plugins
Jun 30 23:54:04.466652 np0000004052 devstack@neutron-api.service[90523]: DEBUG neutron.api.extensions [None req-9e51ff89-2376-4fd5-b6c5-3285a3519a10 None None] Loading extension file: default_subnetpools.py {{(pid=90523) _load_all_extensions_from_path /opt/stack/neutron/neutron/api/extensions.py:449}}
Jun 30 23:54:04.466766 np0000004052 devstack@neutron-api.service[90521]: DEBUG neutron_lib.callbacks.manager [None req-e7510e0f-9345-4a9c-91ad-2bd1478f0d69 None None] Subscribe: > router after_create 55550000, False {{(pid=90521) subscribe /opt/stack/data/venv/lib/python3.12/site-packages/neutron_lib/callbacks/manager.py:52}}
Jun 30 23:54:04.466766 np0000004052 devstack@neutron-api.service[90521]: DEBUG neutron_lib.callbacks.manager [None req-e7510e0f-9345-4a9c-91ad-2bd1478f0d69 None None] Subscribe: > router precommit_create 55550000, False {{(pid=90521) subscribe /opt/stack/data/venv/lib/python3.12/site-packages/neutron_lib/callbacks/manager.py:52}}
Jun 30 23:54:04.466831 np0000004052 devstack@neutron-api.service[90523]: DEBUG neutron.api.extensions [None req-9e51ff89-2376-4fd5-b6c5-3285a3519a10 None None] Ext name="Default Subnetpools" alias="default-subnetpools" description="Provides ability to mark and use a subnetpool as the default." updated="2016-02-18T18:00:00-00:00" {{(pid=90523) _check_extension /opt/stack/neutron/neutron/api/extensions.py:415}}
Jun 30 23:54:04.466922 np0000004052 devstack@neutron-api.service[90521]: DEBUG neutron_lib.callbacks.manager [None req-e7510e0f-9345-4a9c-91ad-2bd1478f0d69 None None] Subscribe: > router after_delete 55550000, False {{(pid=90521) subscribe /opt/stack/data/venv/lib/python3.12/site-packages/neutron_lib/callbacks/manager.py:52}}
Jun 30 23:54:04.466969 np0000004052 devstack@neutron-api.service[90523]: INFO neutron.api.extensions [None req-9e51ff89-2376-4fd5-b6c5-3285a3519a10 None None] Loaded extension: default-subnetpools
Jun 30 23:54:04.467042 np0000004052 devstack@neutron-api.service[90523]: DEBUG neutron.api.extensions [None req-9e51ff89-2376-4fd5-b6c5-3285a3519a10 None None] Loading extension file: dhcpagentscheduler.py {{(pid=90523) _load_all_extensions_from_path /opt/stack/neutron/neutron/api/extensions.py:449}}
Jun 30 23:54:04.467103 np0000004052 devstack@neutron-api.service[90521]: DEBUG neutron_lib.callbacks.manager [None req-e7510e0f-9345-4a9c-91ad-2bd1478f0d69 None None] Subscribe: > router after_update 55550000, False {{(pid=90521) subscribe /opt/stack/data/venv/lib/python3.12/site-packages/neutron_lib/callbacks/manager.py:52}}
Jun 30 23:54:04.467215 np0000004052 devstack@neutron-api.service[90521]: DEBUG neutron.services.service_base [None req-e7510e0f-9345-4a9c-91ad-2bd1478f0d69 None None] Loaded 'neutron.services.ovn_l3.service_providers.ovn.OvnDriver' provider for service L3_ROUTER_NAT {{(pid=90521) load_drivers /opt/stack/neutron/neutron/services/service_base.py:49}}
Jun 30 23:54:04.467383 np0000004052 devstack@neutron-api.service[90521]: DEBUG neutron_lib.callbacks.manager [None req-e7510e0f-9345-4a9c-91ad-2bd1478f0d69 None None] Subscribe: > process after_init 55550001, True {{(pid=90521) subscribe /opt/stack/data/venv/lib/python3.12/site-packages/neutron_lib/callbacks/manager.py:52}}
Jun 30 23:54:04.467510 np0000004052 devstack@neutron-api.service[90523]: DEBUG neutron.api.extensions [None req-9e51ff89-2376-4fd5-b6c5-3285a3519a10 None None] Ext name="DHCP Agent Scheduler" alias="dhcp_agent_scheduler" description="Schedule networks among dhcp agents" updated="2013-02-07T10:00:00-00:00" {{(pid=90523) _check_extension /opt/stack/neutron/neutron/api/extensions.py:415}}
Jun 30 23:54:04.467612 np0000004052 devstack@neutron-api.service[90521]: DEBUG neutron.manager [None req-e7510e0f-9345-4a9c-91ad-2bd1478f0d69 None None] Successfully loaded L3_ROUTER_NAT plugin. Description: L3 Router Service Plugin for basic L3 forwarding using OVN {{(pid=90521) _create_and_add_service_plugin /opt/stack/neutron/neutron/manager.py:236}}
Jun 30 23:54:04.467701 np0000004052 devstack@neutron-api.service[90523]: INFO neutron.api.extensions [None req-9e51ff89-2376-4fd5-b6c5-3285a3519a10 None None] Loaded extension: dhcp_agent_scheduler
Jun 30 23:54:04.467701 np0000004052 devstack@neutron-api.service[90523]: DEBUG neutron.api.extensions [None req-9e51ff89-2376-4fd5-b6c5-3285a3519a10 None None] Loading extension file: dns.py {{(pid=90523) _load_all_extensions_from_path /opt/stack/neutron/neutron/api/extensions.py:449}}
Jun 30 23:54:04.467777 np0000004052 devstack@neutron-api.service[90521]: INFO neutron.manager [None req-e7510e0f-9345-4a9c-91ad-2bd1478f0d69 None None] Loading Plugin: auto_allocate
Jun 30 23:54:04.468012 np0000004052 devstack@neutron-api.service[90523]: DEBUG neutron.api.extensions [None req-9e51ff89-2376-4fd5-b6c5-3285a3519a10 None None] Ext name="DNS Integration" alias="dns-integration" description="Provides integration with DNS." updated="2015-08-15T18:00:00-00:00" {{(pid=90523) _check_extension /opt/stack/neutron/neutron/api/extensions.py:415}}
Jun 30 23:54:04.468134 np0000004052 devstack@neutron-api.service[90523]: INFO neutron.api.extensions [None req-9e51ff89-2376-4fd5-b6c5-3285a3519a10 None None] Loaded extension: dns-integration
Jun 30 23:54:04.468134 np0000004052 devstack@neutron-api.service[90523]: DEBUG neutron.api.extensions [None req-9e51ff89-2376-4fd5-b6c5-3285a3519a10 None None] Loading extension file: dns_domain_ports.py {{(pid=90523) _load_all_extensions_from_path /opt/stack/neutron/neutron/api/extensions.py:449}}
Jun 30 23:54:04.468550 np0000004052 devstack@neutron-api.service[90523]: DEBUG neutron.api.extensions [None req-9e51ff89-2376-4fd5-b6c5-3285a3519a10 None None] Ext name="dns_domain for ports" alias="dns-domain-ports" description="Allows the DNS domain to be specified for a network port." updated="2017-04-24T10:00:00-00:00" {{(pid=90523) _check_extension /opt/stack/neutron/neutron/api/extensions.py:415}}
Jun 30 23:54:04.468550 np0000004052 devstack@neutron-api.service[90523]: INFO neutron.api.extensions [None req-9e51ff89-2376-4fd5-b6c5-3285a3519a10 None None] Loaded extension: dns-domain-ports
Jun 30 23:54:04.468630 np0000004052 devstack@neutron-api.service[90523]: DEBUG neutron.api.extensions [None req-9e51ff89-2376-4fd5-b6c5-3285a3519a10 None None] Loading extension file: dns_integration_domain_keywords.py {{(pid=90523) _load_all_extensions_from_path /opt/stack/neutron/neutron/api/extensions.py:449}}
Jun 30 23:54:04.468825 np0000004052 devstack@neutron-api.service[90523]: DEBUG neutron.api.extensions [None req-9e51ff89-2376-4fd5-b6c5-3285a3519a10 None None] Ext name="DNS domain names with keywords allowed" alias="dns-integration-domain-keywords" description="Allows to use keywords like , , and as DNS domain name" updated="2020-06-15T18:00:00-00:00" {{(pid=90523) _check_extension /opt/stack/neutron/neutron/api/extensions.py:415}}
Jun 30 23:54:04.468969 np0000004052 devstack@neutron-api.service[90523]: INFO neutron.api.extensions [None req-9e51ff89-2376-4fd5-b6c5-3285a3519a10 None None] Loaded extension: dns-integration-domain-keywords
Jun 30 23:54:04.469067 np0000004052 devstack@neutron-api.service[90523]: DEBUG neutron.api.extensions [None req-9e51ff89-2376-4fd5-b6c5-3285a3519a10 None None] Loading extension file: dvr.py {{(pid=90523) _load_all_extensions_from_path /opt/stack/neutron/neutron/api/extensions.py:449}}
Jun 30 23:54:04.469129 np0000004052 devstack@neutron-api.service[90521]: DEBUG neutron_lib.callbacks.manager [None req-e7510e0f-9345-4a9c-91ad-2bd1478f0d69 None None] Subscribe: network precommit_update 55550000, False {{(pid=90521) subscribe /opt/stack/data/venv/lib/python3.12/site-packages/neutron_lib/callbacks/manager.py:52}}
Jun 30 23:54:04.469268 np0000004052 devstack@neutron-api.service[90521]: DEBUG neutron_lib.callbacks.manager [None req-e7510e0f-9345-4a9c-91ad-2bd1478f0d69 None None] Subscribe: network precommit_create 55550000, False {{(pid=90521) subscribe /opt/stack/data/venv/lib/python3.12/site-packages/neutron_lib/callbacks/manager.py:52}}
