Jul 20 09:14:25.084817 np0000005483 nova-scheduler[93411]: DEBUG cotyledon.oslo_config_glue [-] oslo_messaging_rabbit.rabbit_quorum_max_memory_bytes = 0 {{(pid=93411) log_opt_values /opt/stack/data/venv/lib/python3.12/site-packages/oslo_config/cfg.py:3253}}
Jul 20 09:14:25.084817 np0000005483 nova-scheduler[93411]: DEBUG cotyledon.oslo_config_glue [-] oslo_messaging_rabbit.rabbit_quorum_max_memory_length = 0 {{(pid=93411) log_opt_values /opt/stack/data/venv/lib/python3.12/site-packages/oslo_config/cfg.py:3253}}
Jul 20 09:14:25.084817 np0000005483 nova-scheduler[93411]: DEBUG cotyledon.oslo_config_glue [-] oslo_messaging_rabbit.rabbit_quorum_queue = False {{(pid=93411) log_opt_values /opt/stack/data/venv/lib/python3.12/site-packages/oslo_config/cfg.py:3253}}
Jul 20 09:14:25.084817 np0000005483 nova-scheduler[93411]: DEBUG cotyledon.oslo_config_glue [-] oslo_messaging_rabbit.rabbit_retry_backoff = 2 {{(pid=93411) log_opt_values /opt/stack/data/venv/lib/python3.12/site-packages/oslo_config/cfg.py:3253}}
Jul 20 09:14:25.084817 np0000005483 nova-scheduler[93411]: DEBUG cotyledon.oslo_config_glue [-] oslo_messaging_rabbit.rabbit_retry_interval = 1 {{(pid=93411) log_opt_values /opt/stack/data/venv/lib/python3.12/site-packages/oslo_config/cfg.py:3253}}
Jul 20 09:14:25.085126 np0000005483 nova-scheduler[93411]: DEBUG cotyledon.oslo_config_glue [-] oslo_messaging_rabbit.rabbit_stream_fanout = False {{(pid=93411) log_opt_values /opt/stack/data/venv/lib/python3.12/site-packages/oslo_config/cfg.py:3253}}
Jul 20 09:14:25.085126 np0000005483 nova-scheduler[93411]: DEBUG cotyledon.oslo_config_glue [-] oslo_messaging_rabbit.rabbit_transient_queues_ttl = 1800 {{(pid=93411) log_opt_values /opt/stack/data/venv/lib/python3.12/site-packages/oslo_config/cfg.py:3253}}
Jul 20 09:14:25.085126 np0000005483 nova-scheduler[93411]: DEBUG cotyledon.oslo_config_glue [-] oslo_messaging_rabbit.rabbit_transient_quorum_queue = False {{(pid=93411) log_opt_values /opt/stack/data/venv/lib/python3.12/site-packages/oslo_config/cfg.py:3253}}
Jul 20 09:14:25.085126 np0000005483 nova-scheduler[93411]: DEBUG cotyledon.oslo_config_glue [-] oslo_messaging_rabbit.rpc_conn_pool_size = 30 {{(pid=93411) log_opt_values /opt/stack/data/venv/lib/python3.12/site-packages/oslo_config/cfg.py:3253}}
Jul 20 09:14:25.085126 np0000005483 nova-scheduler[93411]: DEBUG cotyledon.oslo_config_glue [-] oslo_messaging_rabbit.ssl = False {{(pid=93411) log_opt_values /opt/stack/data/venv/lib/python3.12/site-packages/oslo_config/cfg.py:3253}}
Jul 20 09:14:25.085126 np0000005483 nova-scheduler[93411]: DEBUG cotyledon.oslo_config_glue [-] oslo_messaging_rabbit.ssl_ca_file = {{(pid=93411) log_opt_values /opt/stack/data/venv/lib/python3.12/site-packages/oslo_config/cfg.py:3253}}
Jul 20 09:14:25.085126 np0000005483 nova-scheduler[93411]: DEBUG cotyledon.oslo_config_glue [-] oslo_messaging_rabbit.ssl_cert_file = {{(pid=93411) log_opt_values /opt/stack/data/venv/lib/python3.12/site-packages/oslo_config/cfg.py:3253}}
Jul 20 09:14:25.085126 np0000005483 nova-scheduler[93411]: DEBUG cotyledon.oslo_config_glue [-] oslo_messaging_rabbit.ssl_enforce_fips_mode = False {{(pid=93411) log_opt_values /opt/stack/data/venv/lib/python3.12/site-packages/oslo_config/cfg.py:3253}}
Jul 20 09:14:25.085126 np0000005483 nova-scheduler[93411]: DEBUG cotyledon.oslo_config_glue [-] oslo_messaging_rabbit.ssl_enforce_hostname_verification = True {{(pid=93411) log_opt_values /opt/stack/data/venv/lib/python3.12/site-packages/oslo_config/cfg.py:3253}}
Jul 20 09:14:25.085390 np0000005483 nova-scheduler[93411]: DEBUG cotyledon.oslo_config_glue [-] oslo_messaging_rabbit.ssl_key_file = {{(pid=93411) log_opt_values /opt/stack/data/venv/lib/python3.12/site-packages/oslo_config/cfg.py:3253}}
Jul 20 09:14:25.085432 np0000005483 nova-scheduler[93418]: INFO nova.service [-] Starting scheduler node (version 33.1.0)
Jul 20 09:14:25.085470 np0000005483 nova-scheduler[93411]: DEBUG cotyledon.oslo_config_glue [-] oslo_messaging_rabbit.ssl_version = {{(pid=93411) log_opt_values /opt/stack/data/venv/lib/python3.12/site-packages/oslo_config/cfg.py:3253}}
Jul 20 09:14:25.085470 np0000005483 nova-scheduler[93411]: DEBUG cotyledon.oslo_config_glue [-] oslo_messaging_rabbit.use_queue_manager = False {{(pid=93411) log_opt_values /opt/stack/data/venv/lib/python3.12/site-packages/oslo_config/cfg.py:3253}}
Jul 20 09:14:25.085470 np0000005483 nova-scheduler[93411]: DEBUG cotyledon.oslo_config_glue [-] oslo_messaging_notifications.driver = ['messagingv2'] {{(pid=93411) log_opt_values /opt/stack/data/venv/lib/python3.12/site-packages/oslo_config/cfg.py:3253}}
Jul 20 09:14:25.085470 np0000005483 nova-scheduler[93411]: DEBUG cotyledon.oslo_config_glue [-] oslo_messaging_notifications.retry = -1 {{(pid=93411) log_opt_values /opt/stack/data/venv/lib/python3.12/site-packages/oslo_config/cfg.py:3253}}
Jul 20 09:14:25.085470 np0000005483 nova-scheduler[93411]: DEBUG cotyledon.oslo_config_glue [-] oslo_messaging_notifications.topics = ['notifications'] {{(pid=93411) log_opt_values /opt/stack/data/venv/lib/python3.12/site-packages/oslo_config/cfg.py:3253}}
Jul 20 09:14:25.085470 np0000005483 nova-scheduler[93411]: DEBUG cotyledon.oslo_config_glue [-] oslo_messaging_notifications.transport_url = **** {{(pid=93411) log_opt_values /opt/stack/data/venv/lib/python3.12/site-packages/oslo_config/cfg.py:3253}}
Jul 20 09:14:25.085470 np0000005483 nova-scheduler[93411]: DEBUG cotyledon.oslo_config_glue [-] oslo_limit.auth_section = None {{(pid=93411) log_opt_values /opt/stack/data/venv/lib/python3.12/site-packages/oslo_config/cfg.py:3253}}
Jul 20 09:14:25.085470 np0000005483 nova-scheduler[93411]: DEBUG cotyledon.oslo_config_glue [-] oslo_limit.auth_type = None {{(pid=93411) log_opt_values /opt/stack/data/venv/lib/python3.12/site-packages/oslo_config/cfg.py:3253}}
Jul 20 09:14:25.085470 np0000005483 nova-scheduler[93411]: DEBUG cotyledon.oslo_config_glue [-] oslo_limit.cafile = None {{(pid=93411) log_opt_values /opt/stack/data/venv/lib/python3.12/site-packages/oslo_config/cfg.py:3253}}
Jul 20 09:14:25.085723 np0000005483 nova-scheduler[93411]: DEBUG cotyledon.oslo_config_glue [-] oslo_limit.certfile = None {{(pid=93411) log_opt_values /opt/stack/data/venv/lib/python3.12/site-packages/oslo_config/cfg.py:3253}}
Jul 20 09:14:25.085723 np0000005483 nova-scheduler[93411]: DEBUG cotyledon.oslo_config_glue [-] oslo_limit.collect_timing = False {{(pid=93411) log_opt_values /opt/stack/data/venv/lib/python3.12/site-packages/oslo_config/cfg.py:3253}}
Jul 20 09:14:25.085723 np0000005483 nova-scheduler[93411]: DEBUG cotyledon.oslo_config_glue [-] oslo_limit.connect_retries = None {{(pid=93411) log_opt_values /opt/stack/data/venv/lib/python3.12/site-packages/oslo_config/cfg.py:3253}}
Jul 20 09:14:25.085723 np0000005483 nova-scheduler[93411]: DEBUG cotyledon.oslo_config_glue [-] oslo_limit.connect_retry_delay = None {{(pid=93411) log_opt_values /opt/stack/data/venv/lib/python3.12/site-packages/oslo_config/cfg.py:3253}}
Jul 20 09:14:25.085723 np0000005483 nova-scheduler[93411]: DEBUG cotyledon.oslo_config_glue [-] oslo_limit.endpoint_id = None {{(pid=93411) log_opt_values /opt/stack/data/venv/lib/python3.12/site-packages/oslo_config/cfg.py:3253}}
Jul 20 09:14:25.085723 np0000005483 nova-scheduler[93411]: DEBUG cotyledon.oslo_config_glue [-] oslo_limit.endpoint_interface = public {{(pid=93411) log_opt_values /opt/stack/data/venv/lib/python3.12/site-packages/oslo_config/cfg.py:3253}}
Jul 20 09:14:25.085723 np0000005483 nova-scheduler[93411]: DEBUG cotyledon.oslo_config_glue [-] oslo_limit.endpoint_override = None {{(pid=93411) log_opt_values /opt/stack/data/venv/lib/python3.12/site-packages/oslo_config/cfg.py:3253}}
Jul 20 09:14:25.085723 np0000005483 nova-scheduler[93411]: DEBUG cotyledon.oslo_config_glue [-] oslo_limit.endpoint_region_name = None {{(pid=93411) log_opt_values /opt/stack/data/venv/lib/python3.12/site-packages/oslo_config/cfg.py:3253}}
Jul 20 09:14:25.085723 np0000005483 nova-scheduler[93411]: DEBUG cotyledon.oslo_config_glue [-] oslo_limit.endpoint_service_name = None {{(pid=93411) log_opt_values /opt/stack/data/venv/lib/python3.12/site-packages/oslo_config/cfg.py:3253}}
Jul 20 09:14:25.086002 np0000005483 nova-scheduler[93411]: DEBUG cotyledon.oslo_config_glue [-] oslo_limit.endpoint_service_type = None {{(pid=93411) log_opt_values /opt/stack/data/venv/lib/python3.12/site-packages/oslo_config/cfg.py:3253}}
Jul 20 09:14:25.086002 np0000005483 nova-scheduler[93411]: DEBUG cotyledon.oslo_config_glue [-] oslo_limit.insecure = False {{(pid=93411) log_opt_values /opt/stack/data/venv/lib/python3.12/site-packages/oslo_config/cfg.py:3253}}
Jul 20 09:14:25.086002 np0000005483 nova-scheduler[93411]: DEBUG cotyledon.oslo_config_glue [-] oslo_limit.keyfile = None {{(pid=93411) log_opt_values /opt/stack/data/venv/lib/python3.12/site-packages/oslo_config/cfg.py:3253}}
Jul 20 09:14:25.086002 np0000005483 nova-scheduler[93411]: DEBUG cotyledon.oslo_config_glue [-] oslo_limit.max_version = None {{(pid=93411) log_opt_values /opt/stack/data/venv/lib/python3.12/site-packages/oslo_config/cfg.py:3253}}
Jul 20 09:14:25.086002 np0000005483 nova-scheduler[93411]: DEBUG cotyledon.oslo_config_glue [-] oslo_limit.min_version = None {{(pid=93411) log_opt_values /opt/stack/data/venv/lib/python3.12/site-packages/oslo_config/cfg.py:3253}}
Jul 20 09:14:25.086002 np0000005483 nova-scheduler[93411]: DEBUG cotyledon.oslo_config_glue [-] oslo_limit.region_name = None {{(pid=93411) log_opt_values /opt/stack/data/venv/lib/python3.12/site-packages/oslo_config/cfg.py:3253}}
Jul 20 09:14:25.086002 np0000005483 nova-scheduler[93411]: DEBUG cotyledon.oslo_config_glue [-] oslo_limit.retriable_status_codes = None {{(pid=93411) log_opt_values /opt/stack/data/venv/lib/python3.12/site-packages/oslo_config/cfg.py:3253}}
Jul 20 09:14:25.086002 np0000005483 nova-scheduler[93411]: DEBUG cotyledon.oslo_config_glue [-] oslo_limit.service_name = None {{(pid=93411) log_opt_values /opt/stack/data/venv/lib/python3.12/site-packages/oslo_config/cfg.py:3253}}
Jul 20 09:14:25.086002 np0000005483 nova-scheduler[93411]: DEBUG cotyledon.oslo_config_glue [-] oslo_limit.service_type = None {{(pid=93411) log_opt_values /opt/stack/data/venv/lib/python3.12/site-packages/oslo_config/cfg.py:3253}}
Jul 20 09:14:25.086286 np0000005483 nova-scheduler[93411]: DEBUG cotyledon.oslo_config_glue [-] oslo_limit.split_loggers = False {{(pid=93411) log_opt_values /opt/stack/data/venv/lib/python3.12/site-packages/oslo_config/cfg.py:3253}}
Jul 20 09:14:25.086286 np0000005483 nova-scheduler[93411]: DEBUG cotyledon.oslo_config_glue [-] oslo_limit.status_code_retries = None {{(pid=93411) log_opt_values /opt/stack/data/venv/lib/python3.12/site-packages/oslo_config/cfg.py:3253}}
Jul 20 09:14:25.086286 np0000005483 nova-scheduler[93411]: DEBUG cotyledon.oslo_config_glue [-] oslo_limit.status_code_retry_delay = None {{(pid=93411) log_opt_values /opt/stack/data/venv/lib/python3.12/site-packages/oslo_config/cfg.py:3253}}
Jul 20 09:14:25.086286 np0000005483 nova-scheduler[93411]: DEBUG cotyledon.oslo_config_glue [-] oslo_limit.timeout = None {{(pid=93411) log_opt_values /opt/stack/data/venv/lib/python3.12/site-packages/oslo_config/cfg.py:3253}}
Jul 20 09:14:25.086286 np0000005483 nova-scheduler[93411]: DEBUG cotyledon.oslo_config_glue [-] oslo_limit.valid_interfaces = None {{(pid=93411) log_opt_values /opt/stack/data/venv/lib/python3.12/site-packages/oslo_config/cfg.py:3253}}
Jul 20 09:14:25.086286 np0000005483 nova-scheduler[93411]: DEBUG cotyledon.oslo_config_glue [-] oslo_limit.version = None {{(pid=93411) log_opt_values /opt/stack/data/venv/lib/python3.12/site-packages/oslo_config/cfg.py:3253}}
Jul 20 09:14:25.086286 np0000005483 nova-scheduler[93411]: DEBUG cotyledon.oslo_config_glue [-] oslo_reports.file_event_handler = None {{(pid=93411) log_opt_values /opt/stack/data/venv/lib/python3.12/site-packages/oslo_config/cfg.py:3253}}
Jul 20 09:14:25.086286 np0000005483 nova-scheduler[93411]: DEBUG cotyledon.oslo_config_glue [-] oslo_reports.file_event_handler_interval = 1 {{(pid=93411) log_opt_values /opt/stack/data/venv/lib/python3.12/site-packages/oslo_config/cfg.py:3253}}
Jul 20 09:14:25.086286 np0000005483 nova-scheduler[93411]: DEBUG cotyledon.oslo_config_glue [-] oslo_reports.log_dir = None {{(pid=93411) log_opt_values /opt/stack/data/venv/lib/python3.12/site-packages/oslo_config/cfg.py:3253}}
Jul 20 09:14:25.086553 np0000005483 nova-scheduler[93411]: DEBUG cotyledon.oslo_config_glue [-] ******************************************************************************** {{(pid=93411) log_opt_values /opt/stack/data/venv/lib/python3.12/site-packages/oslo_config/cfg.py:3260}}
Jul 20 09:14:25.086553 np0000005483 nova-scheduler[93411]: DEBUG cotyledon._service_worker [-] Run service ServiceWrapper(1) [93411] {{(pid=93411) wait_forever /opt/stack/data/venv/lib/python3.12/site-packages/cotyledon/_service_worker.py:218}}
Jul 20 09:14:25.086553 np0000005483 nova-scheduler[93411]: INFO nova.service [-] Starting scheduler node (version 33.1.0)
Jul 20 09:14:25.086647 np0000005483 nova-scheduler[93418]: INFO dbcounter [None req-97f7c6e0-ef3e-499b-a71b-21f51e67dc1d None None] Registered counter for database nova_cell0
Jul 20 09:14:25.086684 np0000005483 nova-scheduler[93411]: INFO dbcounter [None req-e0fb38dc-6190-4daf-8812-692a4dec4289 None None] Registered counter for database nova_cell0
Jul 20 09:14:25.086718 np0000005483 nova-scheduler[93408]: DEBUG oslo_db.sqlalchemy.engines [None req-fb03c40b-2c28-404f-b745-d0b7228c23ba None None] MySQL server mode set to STRICT_TRANS_TABLES,STRICT_ALL_TABLES,NO_ZERO_IN_DATE,NO_ZERO_DATE,ERROR_FOR_DIVISION_BY_ZERO,TRADITIONAL,NO_ENGINE_SUBSTITUTION {{(pid=93408) _check_effective_sql_mode /opt/stack/data/venv/lib/python3.12/site-packages/oslo_db/sqlalchemy/engines.py:325}}
Jul 20 09:14:25.086718 np0000005483 nova-scheduler[93408]: DEBUG dbcounter [-] [93408] Writer thread running {{(pid=93408) stat_writer /opt/stack/data/venv/lib/python3.12/site-packages/dbcounter.py:102}}
Jul 20 09:14:25.091825 np0000005483 nova-scheduler[93418]: DEBUG oslo_db.sqlalchemy.engines [None req-97f7c6e0-ef3e-499b-a71b-21f51e67dc1d None None] MySQL server mode set to STRICT_TRANS_TABLES,STRICT_ALL_TABLES,NO_ZERO_IN_DATE,NO_ZERO_DATE,ERROR_FOR_DIVISION_BY_ZERO,TRADITIONAL,NO_ENGINE_SUBSTITUTION {{(pid=93418) _check_effective_sql_mode /opt/stack/data/venv/lib/python3.12/site-packages/oslo_db/sqlalchemy/engines.py:325}}
Jul 20 09:14:25.097962 np0000005483 nova-scheduler[93408]: DEBUG nova.service [None req-fb03c40b-2c28-404f-b745-d0b7228c23ba None None] Creating RPC server for service: nova-scheduler on topic: scheduler {{(pid=93408) start /opt/stack/nova/nova/service.py:196}}
Jul 20 09:14:25.103752 np0000005483 nova-scheduler[93418]: DEBUG dbcounter [-] [93418] Writer thread running {{(pid=93418) stat_writer /opt/stack/data/venv/lib/python3.12/site-packages/dbcounter.py:102}}
Jul 20 09:14:25.106124 np0000005483 nova-scheduler[93411]: DEBUG oslo_db.sqlalchemy.engines [None req-e0fb38dc-6190-4daf-8812-692a4dec4289 None None] MySQL server mode set to STRICT_TRANS_TABLES,STRICT_ALL_TABLES,NO_ZERO_IN_DATE,NO_ZERO_DATE,ERROR_FOR_DIVISION_BY_ZERO,TRADITIONAL,NO_ENGINE_SUBSTITUTION {{(pid=93411) _check_effective_sql_mode /opt/stack/data/venv/lib/python3.12/site-packages/oslo_db/sqlalchemy/engines.py:325}}
Jul 20 09:14:25.107801 np0000005483 nova-scheduler[93418]: DEBUG nova.service [None req-97f7c6e0-ef3e-499b-a71b-21f51e67dc1d None None] Creating RPC server for service: nova-scheduler on topic: scheduler {{(pid=93418) start /opt/stack/nova/nova/service.py:196}}
Jul 20 09:14:25.118711 np0000005483 nova-scheduler[93411]: DEBUG dbcounter [-] [93411] Writer thread running {{(pid=93411) stat_writer /opt/stack/data/venv/lib/python3.12/site-packages/dbcounter.py:102}}
Jul 20 09:14:25.122856 np0000005483 nova-scheduler[93411]: DEBUG nova.service [None req-e0fb38dc-6190-4daf-8812-692a4dec4289 None None] Creating RPC server for service: nova-scheduler on topic: scheduler {{(pid=93411) start /opt/stack/nova/nova/service.py:196}}
Jul 20 09:14:25.130465 np0000005483 nova-scheduler[93408]: DEBUG nova.service [None req-fb03c40b-2c28-404f-b745-d0b7228c23ba None None] Join ServiceGroup membership for this service scheduler {{(pid=93408) start /opt/stack/nova/nova/service.py:222}}
Jul 20 09:14:25.130620 np0000005483 nova-scheduler[93408]: DEBUG nova.servicegroup.drivers.db [None req-fb03c40b-2c28-404f-b745-d0b7228c23ba None None] DB_Driver: join new ServiceGroup member np0000005483 to the scheduler group, service = {{(pid=93408) join /opt/stack/nova/nova/servicegroup/drivers/db.py:44}}
Jul 20 09:14:25.131058 np0000005483 nova-scheduler[93418]: DEBUG nova.service [None req-97f7c6e0-ef3e-499b-a71b-21f51e67dc1d None None] Join ServiceGroup membership for this service scheduler {{(pid=93418) start /opt/stack/nova/nova/service.py:222}}
Jul 20 09:14:25.131493 np0000005483 nova-scheduler[93418]: DEBUG nova.servicegroup.drivers.db [None req-97f7c6e0-ef3e-499b-a71b-21f51e67dc1d None None] DB_Driver: join new ServiceGroup member np0000005483 to the scheduler group, service = {{(pid=93418) join /opt/stack/nova/nova/servicegroup/drivers/db.py:44}}
Jul 20 09:14:25.140151 np0000005483 nova-scheduler[93411]: DEBUG nova.service [None req-e0fb38dc-6190-4daf-8812-692a4dec4289 None None] Join ServiceGroup membership for this service scheduler {{(pid=93411) start /opt/stack/nova/nova/service.py:222}}
Jul 20 09:14:25.140428 np0000005483 nova-scheduler[93411]: DEBUG nova.servicegroup.drivers.db [None req-e0fb38dc-6190-4daf-8812-692a4dec4289 None None] DB_Driver: join new ServiceGroup member np0000005483 to the scheduler group, service = {{(pid=93411) join /opt/stack/nova/nova/servicegroup/drivers/db.py:44}}
Jul 20 09:14:30.145448 np0000005483 nova-scheduler[93408]: DEBUG oslo.service.backend._threading.loopingcall [-] Fixed interval looping call 'nova.servicegroup.drivers.db.DbDriver._report_state' sleeping for 119.99 seconds {{(pid=93408) _run_loop /opt/stack/data/venv/lib/python3.12/site-packages/oslo_service/backend/_threading/loopingcall.py:125}}
Jul 20 09:14:30.148397 np0000005483 nova-scheduler[93418]: DEBUG oslo.service.backend._threading.loopingcall [-] Fixed interval looping call 'nova.servicegroup.drivers.db.DbDriver._report_state' sleeping for 119.99 seconds {{(pid=93418) _run_loop /opt/stack/data/venv/lib/python3.12/site-packages/oslo_service/backend/_threading/loopingcall.py:125}}
Jul 20 09:14:30.151308 np0000005483 nova-scheduler[93411]: DEBUG oslo.service.backend._threading.loopingcall [-] Fixed interval looping call 'nova.servicegroup.drivers.db.DbDriver._report_state' sleeping for 119.99 seconds {{(pid=93411) _run_loop /opt/stack/data/venv/lib/python3.12/site-packages/oslo_service/backend/_threading/loopingcall.py:125}}
Jul 20 09:14:33.685130 np0000005483 nova-scheduler[92188]: DEBUG dbcounter [-] [92188] Writing DB stats nova_api:SELECT=3 {{(pid=92188) stat_writer /opt/stack/data/venv/lib/python3.12/site-packages/dbcounter.py:115}}
Jul 20 09:14:33.819726 np0000005483 nova-scheduler[92188]: DEBUG dbcounter [-] [92188] Writing DB stats nova_cell1:SELECT=1 {{(pid=92188) stat_writer /opt/stack/data/venv/lib/python3.12/site-packages/dbcounter.py:115}}
Jul 20 09:14:33.825646 np0000005483 nova-scheduler[92188]: DEBUG dbcounter [-] [92188] Writing DB stats nova_cell0:SELECT=1 {{(pid=92188) stat_writer /opt/stack/data/venv/lib/python3.12/site-packages/dbcounter.py:115}}
Jul 20 09:14:37.143153 np0000005483 nova-scheduler[93411]: DEBUG oslo.service.backend._threading.loopingcall [None req-01dd63c3-b816-481d-90ea-ebb3606892fe None None] Dynamic interval looping call 'nova.service.Service.periodic_tasks' sleeping for 60.00 seconds {{(pid=93411) _run_loop /opt/stack/data/venv/lib/python3.12/site-packages/oslo_service/backend/_threading/loopingcall.py:125}}
Jul 20 09:14:40.141180 np0000005483 nova-scheduler[93408]: DEBUG dbcounter [-] [93408] Writing DB stats nova_cell0:SELECT=4,nova_cell0:INSERT=1,nova_cell0:UPDATE=1 {{(pid=93408) stat_writer /opt/stack/data/venv/lib/python3.12/site-packages/dbcounter.py:115}}
Jul 20 09:14:40.146601 np0000005483 nova-scheduler[93418]: DEBUG dbcounter [-] [93418] Writing DB stats nova_cell0:SELECT=3,nova_cell0:UPDATE=1 {{(pid=93418) stat_writer /opt/stack/data/venv/lib/python3.12/site-packages/dbcounter.py:115}}
Jul 20 09:14:40.148289 np0000005483 nova-scheduler[93411]: DEBUG dbcounter [-] [93411] Writing DB stats nova_cell0:SELECT=3 {{(pid=93411) stat_writer /opt/stack/data/venv/lib/python3.12/site-packages/dbcounter.py:115}}
Jul 20 09:14:46.133788 np0000005483 nova-scheduler[93418]: DEBUG oslo.service.backend._threading.loopingcall [None req-5cddda12-132a-4ae5-b1f4-a2ad9b149caf None None] Dynamic interval looping call 'nova.service.Service.periodic_tasks' sleeping for 60.00 seconds {{(pid=93418) _run_loop /opt/stack/data/venv/lib/python3.12/site-packages/oslo_service/backend/_threading/loopingcall.py:125}}
Jul 20 09:15:02.132523 np0000005483 nova-scheduler[93408]: DEBUG oslo.service.backend._threading.loopingcall [None req-468bb5f8-4a22-4219-ba2c-c8a7b34c6926 None None] Dynamic interval looping call 'nova.service.Service.periodic_tasks' sleeping for 60.00 seconds {{(pid=93408) _run_loop /opt/stack/data/venv/lib/python3.12/site-packages/oslo_service/backend/_threading/loopingcall.py:125}}
Jul 20 09:15:37.143703 np0000005483 nova-scheduler[93411]: DEBUG oslo.service.backend._threading.loopingcall [None req-01dd63c3-b816-481d-90ea-ebb3606892fe None None] Dynamic interval looping call 'nova.service.Service.periodic_tasks' sleeping for 60.00 seconds {{(pid=93411) _run_loop /opt/stack/data/venv/lib/python3.12/site-packages/oslo_service/backend/_threading/loopingcall.py:125}}
Jul 20 09:15:46.134258 np0000005483 nova-scheduler[93418]: DEBUG oslo.service.backend._threading.loopingcall [None req-5cddda12-132a-4ae5-b1f4-a2ad9b149caf None None] Dynamic interval looping call 'nova.service.Service.periodic_tasks' sleeping for 60.00 seconds {{(pid=93418) _run_loop /opt/stack/data/venv/lib/python3.12/site-packages/oslo_service/backend/_threading/loopingcall.py:125}}
Jul 20 09:16:02.132981 np0000005483 nova-scheduler[93408]: DEBUG oslo.service.backend._threading.loopingcall [None req-468bb5f8-4a22-4219-ba2c-c8a7b34c6926 None None] Dynamic interval looping call 'nova.service.Service.periodic_tasks' sleeping for 60.00 seconds {{(pid=93408) _run_loop /opt/stack/data/venv/lib/python3.12/site-packages/oslo_service/backend/_threading/loopingcall.py:125}}
Jul 20 09:16:30.142301 np0000005483 nova-scheduler[93418]: DEBUG oslo.service.backend._threading.loopingcall [-] Fixed interval looping call 'nova.servicegroup.drivers.db.DbDriver._report_state' sleeping for 120.00 seconds {{(pid=93418) _run_loop /opt/stack/data/venv/lib/python3.12/site-packages/oslo_service/backend/_threading/loopingcall.py:125}}
Jul 20 09:16:30.142901 np0000005483 nova-scheduler[93408]: DEBUG oslo.service.backend._threading.loopingcall [-] Fixed interval looping call 'nova.servicegroup.drivers.db.DbDriver._report_state' sleeping for 119.99 seconds {{(pid=93408) _run_loop /opt/stack/data/venv/lib/python3.12/site-packages/oslo_service/backend/_threading/loopingcall.py:125}}
Jul 20 09:16:30.146442 np0000005483 nova-scheduler[93411]: DEBUG oslo.service.backend._threading.loopingcall [-] Fixed interval looping call 'nova.servicegroup.drivers.db.DbDriver._report_state' sleeping for 120.00 seconds {{(pid=93411) _run_loop /opt/stack/data/venv/lib/python3.12/site-packages/oslo_service/backend/_threading/loopingcall.py:125}}
Jul 20 09:16:37.144578 np0000005483 nova-scheduler[93411]: DEBUG oslo.service.backend._threading.loopingcall [None req-01dd63c3-b816-481d-90ea-ebb3606892fe None None] Dynamic interval looping call 'nova.service.Service.periodic_tasks' sleeping for 60.00 seconds {{(pid=93411) _run_loop /opt/stack/data/venv/lib/python3.12/site-packages/oslo_service/backend/_threading/loopingcall.py:125}}
Jul 20 09:16:40.139060 np0000005483 nova-scheduler[93408]: DEBUG dbcounter [-] [93408] Writing DB stats nova_cell0:SELECT=1,nova_cell0:UPDATE=1 {{(pid=93408) stat_writer /opt/stack/data/venv/lib/python3.12/site-packages/dbcounter.py:115}}
Jul 20 09:16:40.141327 np0000005483 nova-scheduler[93418]: DEBUG dbcounter [-] [93418] Writing DB stats nova_cell0:SELECT=1,nova_cell0:UPDATE=1 {{(pid=93418) stat_writer /opt/stack/data/venv/lib/python3.12/site-packages/dbcounter.py:115}}
Jul 20 09:16:40.143553 np0000005483 nova-scheduler[93411]: DEBUG dbcounter [-] [93411] Writing DB stats nova_cell0:SELECT=1 {{(pid=93411) stat_writer /opt/stack/data/venv/lib/python3.12/site-packages/dbcounter.py:115}}
Jul 20 09:16:45.986071 np0000005483 nova-scheduler[93408]: DEBUG nova.scheduler.manager [None req-558e2690-2656-490a-8948-a0540f9e69d3 tempest-ServerBootFromVolumeStableRescueTest-780124904 tempest-ServerBootFromVolumeStableRescueTest-780124904-project-member] Starting to schedule for instances: ['002eecfb-0cda-4a80-8aab-b7b5b36e802c'] {{(pid=93408) select_destinations /opt/stack/nova/nova/scheduler/manager.py:209}}
Jul 20 09:16:45.986649 np0000005483 nova-scheduler[93408]: DEBUG nova.scheduler.request_filter [None req-558e2690-2656-490a-8948-a0540f9e69d3 tempest-ServerBootFromVolumeStableRescueTest-780124904 tempest-ServerBootFromVolumeStableRescueTest-780124904-project-member] compute_status_filter request filter added forbidden trait COMPUTE_STATUS_DISABLED {{(pid=93408) compute_status_filter /opt/stack/nova/nova/scheduler/request_filter.py:253}}
Jul 20 09:16:45.986649 np0000005483 nova-scheduler[93408]: DEBUG nova.scheduler.request_filter [None req-558e2690-2656-490a-8948-a0540f9e69d3 tempest-ServerBootFromVolumeStableRescueTest-780124904 tempest-ServerBootFromVolumeStableRescueTest-780124904-project-member] Request filter 'compute_status_filter' took 0.0 seconds {{(pid=93408) wrapper /opt/stack/nova/nova/scheduler/request_filter.py:46}}
Jul 20 09:16:45.986772 np0000005483 nova-scheduler[93408]: DEBUG nova.scheduler.request_filter [None req-558e2690-2656-490a-8948-a0540f9e69d3 tempest-ServerBootFromVolumeStableRescueTest-780124904 tempest-ServerBootFromVolumeStableRescueTest-780124904-project-member] Request filter 'accelerators_filter' took 0.0 seconds {{(pid=93408) wrapper /opt/stack/nova/nova/scheduler/request_filter.py:46}}
Jul 20 09:16:45.986928 np0000005483 nova-scheduler[93408]: DEBUG nova.scheduler.request_filter [None req-558e2690-2656-490a-8948-a0540f9e69d3 tempest-ServerBootFromVolumeStableRescueTest-780124904 tempest-ServerBootFromVolumeStableRescueTest-780124904-project-member] Request filter 'packed_virtqueue_filter' took 0.0 seconds {{(pid=93408) wrapper /opt/stack/nova/nova/scheduler/request_filter.py:46}}
Jul 20 09:16:45.987275 np0000005483 nova-scheduler[93408]: DEBUG nova.scheduler.request_filter [None req-558e2690-2656-490a-8948-a0540f9e69d3 tempest-ServerBootFromVolumeStableRescueTest-780124904 tempest-ServerBootFromVolumeStableRescueTest-780124904-project-member] Request filter 'remote_managed_ports_filter' took 0.0 seconds {{(pid=93408) wrapper /opt/stack/nova/nova/scheduler/request_filter.py:46}}
Jul 20 09:16:45.987482 np0000005483 nova-scheduler[93408]: DEBUG nova.scheduler.request_filter [None req-558e2690-2656-490a-8948-a0540f9e69d3 tempest-ServerBootFromVolumeStableRescueTest-780124904 tempest-ServerBootFromVolumeStableRescueTest-780124904-project-member] ephemeral_encryption_filter skipped {{(pid=93408) ephemeral_encryption_filter /opt/stack/nova/nova/scheduler/request_filter.py:426}}
Jul 20 09:16:45.987687 np0000005483 nova-scheduler[93408]: DEBUG nova.scheduler.request_filter [None req-558e2690-2656-490a-8948-a0540f9e69d3 tempest-ServerBootFromVolumeStableRescueTest-780124904 tempest-ServerBootFromVolumeStableRescueTest-780124904-project-member] virtio_sound_filter skipped {{(pid=93408) virtio_sound_filter /opt/stack/nova/nova/scheduler/request_filter.py:460}}
Jul 20 09:16:45.987841 np0000005483 nova-scheduler[93408]: DEBUG nova.scheduler.request_filter [None req-558e2690-2656-490a-8948-a0540f9e69d3 tempest-ServerBootFromVolumeStableRescueTest-780124904 tempest-ServerBootFromVolumeStableRescueTest-780124904-project-member] tpm_secret_security_filter skipped {{(pid=93408) tpm_secret_security_filter /opt/stack/nova/nova/scheduler/request_filter.py:477}}
Jul 20 09:16:46.134935 np0000005483 nova-scheduler[93418]: DEBUG oslo.service.backend._threading.loopingcall [None req-5cddda12-132a-4ae5-b1f4-a2ad9b149caf None None] Dynamic interval looping call 'nova.service.Service.periodic_tasks' sleeping for 60.00 seconds {{(pid=93418) _run_loop /opt/stack/data/venv/lib/python3.12/site-packages/oslo_service/backend/_threading/loopingcall.py:125}}
Jul 20 09:16:46.647579 np0000005483 nova-scheduler[93408]: INFO nova.utils [None req-558e2690-2656-490a-8948-a0540f9e69d3 tempest-ServerBootFromVolumeStableRescueTest-780124904 tempest-ServerBootFromVolumeStableRescueTest-780124904-project-member] The cell worker thread pool ForkProcess-1.cell_worker is initialized
Jul 20 09:16:46.647579 np0000005483 nova-scheduler[93408]: DEBUG oslo_concurrency.lockutils [None req-558e2690-2656-490a-8948-a0540f9e69d3 tempest-ServerBootFromVolumeStableRescueTest-780124904 tempest-ServerBootFromVolumeStableRescueTest-780124904-project-member] Acquiring lock "5ed6962b-4be0-4ca3-944b-bee83b68714d" by "nova.context.set_target_cell..get_or_set_cached_cell_and_set_connections" {{(pid=93408) inner /opt/stack/data/venv/lib/python3.12/site-packages/oslo_concurrency/lockutils.py:512}}
Jul 20 09:16:46.647796 np0000005483 nova-scheduler[93408]: DEBUG oslo_concurrency.lockutils [None req-558e2690-2656-490a-8948-a0540f9e69d3 tempest-ServerBootFromVolumeStableRescueTest-780124904 tempest-ServerBootFromVolumeStableRescueTest-780124904-project-member] Lock "5ed6962b-4be0-4ca3-944b-bee83b68714d" acquired by "nova.context.set_target_cell..get_or_set_cached_cell_and_set_connections" :: waited 0.000s {{(pid=93408) inner /opt/stack/data/venv/lib/python3.12/site-packages/oslo_concurrency/lockutils.py:525}}
Jul 20 09:16:46.649147 np0000005483 nova-scheduler[93408]: DEBUG oslo_concurrency.lockutils [None req-558e2690-2656-490a-8948-a0540f9e69d3 tempest-ServerBootFromVolumeStableRescueTest-780124904 tempest-ServerBootFromVolumeStableRescueTest-780124904-project-member] Lock "5ed6962b-4be0-4ca3-944b-bee83b68714d" "released" by "nova.context.set_target_cell..get_or_set_cached_cell_and_set_connections" :: held 0.001s {{(pid=93408) inner /opt/stack/data/venv/lib/python3.12/site-packages/oslo_concurrency/lockutils.py:544}}
Jul 20 09:16:46.651845 np0000005483 nova-scheduler[93408]: INFO dbcounter [None req-558e2690-2656-490a-8948-a0540f9e69d3 tempest-ServerBootFromVolumeStableRescueTest-780124904 tempest-ServerBootFromVolumeStableRescueTest-780124904-project-member] Registered counter for database nova_cell1
Jul 20 09:16:46.689687 np0000005483 nova-scheduler[93408]: DEBUG oslo_db.sqlalchemy.engines [None req-558e2690-2656-490a-8948-a0540f9e69d3 tempest-ServerBootFromVolumeStableRescueTest-780124904 tempest-ServerBootFromVolumeStableRescueTest-780124904-project-member] MySQL server mode set to STRICT_TRANS_TABLES,STRICT_ALL_TABLES,NO_ZERO_IN_DATE,NO_ZERO_DATE,ERROR_FOR_DIVISION_BY_ZERO,TRADITIONAL,NO_ENGINE_SUBSTITUTION {{(pid=93408) _check_effective_sql_mode /opt/stack/data/venv/lib/python3.12/site-packages/oslo_db/sqlalchemy/engines.py:325}}
Jul 20 09:16:46.696277 np0000005483 nova-scheduler[93408]: DEBUG dbcounter [-] [93408] Writer thread running {{(pid=93408) stat_writer /opt/stack/data/venv/lib/python3.12/site-packages/dbcounter.py:102}}
Jul 20 09:16:46.713749 np0000005483 nova-scheduler[93408]: DEBUG oslo_db.sqlalchemy.engines [None req-558e2690-2656-490a-8948-a0540f9e69d3 tempest-ServerBootFromVolumeStableRescueTest-780124904 tempest-ServerBootFromVolumeStableRescueTest-780124904-project-member] Parent process 92188 forked (93408) with an open database connection, which is being discarded and recreated. {{(pid=93408) checkout /opt/stack/data/venv/lib/python3.12/site-packages/oslo_db/sqlalchemy/engines.py:402}}
Jul 20 09:16:46.755626 np0000005483 nova-scheduler[93408]: DEBUG dbcounter [-] [93408] Writer thread running {{(pid=93408) stat_writer /opt/stack/data/venv/lib/python3.12/site-packages/dbcounter.py:102}}
Jul 20 09:16:46.758612 np0000005483 nova-scheduler[93408]: DEBUG oslo_concurrency.lockutils [None req-558e2690-2656-490a-8948-a0540f9e69d3 tempest-ServerBootFromVolumeStableRescueTest-780124904 tempest-ServerBootFromVolumeStableRescueTest-780124904-project-member] Acquiring lock "5ed6962b-4be0-4ca3-944b-bee83b68714d" by "nova.context.set_target_cell..get_or_set_cached_cell_and_set_connections" {{(pid=93408) inner /opt/stack/data/venv/lib/python3.12/site-packages/oslo_concurrency/lockutils.py:512}}
Jul 20 09:16:46.758958 np0000005483 nova-scheduler[93408]: DEBUG oslo_concurrency.lockutils [None req-558e2690-2656-490a-8948-a0540f9e69d3 tempest-ServerBootFromVolumeStableRescueTest-780124904 tempest-ServerBootFromVolumeStableRescueTest-780124904-project-member] Lock "5ed6962b-4be0-4ca3-944b-bee83b68714d" acquired by "nova.context.set_target_cell..get_or_set_cached_cell_and_set_connections" :: waited 0.000s {{(pid=93408) inner /opt/stack/data/venv/lib/python3.12/site-packages/oslo_concurrency/lockutils.py:525}}
Jul 20 09:16:46.759163 np0000005483 nova-scheduler[93408]: DEBUG oslo_concurrency.lockutils [None req-558e2690-2656-490a-8948-a0540f9e69d3 tempest-ServerBootFromVolumeStableRescueTest-780124904 tempest-ServerBootFromVolumeStableRescueTest-780124904-project-member] Lock "5ed6962b-4be0-4ca3-944b-bee83b68714d" "released" by "nova.context.set_target_cell..get_or_set_cached_cell_and_set_connections" :: held 0.000s {{(pid=93408) inner /opt/stack/data/venv/lib/python3.12/site-packages/oslo_concurrency/lockutils.py:544}}
Jul 20 09:16:46.763158 np0000005483 nova-scheduler[93408]: DEBUG oslo_concurrency.lockutils [None req-558e2690-2656-490a-8948-a0540f9e69d3 tempest-ServerBootFromVolumeStableRescueTest-780124904 tempest-ServerBootFromVolumeStableRescueTest-780124904-project-member] Acquiring lock "np0000005483-np0000005483" by "nova.scheduler.host_manager.HostState.update.._locked_update" {{(pid=93408) inner /opt/stack/data/venv/lib/python3.12/site-packages/oslo_concurrency/lockutils.py:512}}
Jul 20 09:16:46.763396 np0000005483 nova-scheduler[93408]: DEBUG oslo_concurrency.lockutils [None req-558e2690-2656-490a-8948-a0540f9e69d3 tempest-ServerBootFromVolumeStableRescueTest-780124904 tempest-ServerBootFromVolumeStableRescueTest-780124904-project-member] Lock "np0000005483-np0000005483" acquired by "nova.scheduler.host_manager.HostState.update.._locked_update" :: waited 0.000s {{(pid=93408) inner /opt/stack/data/venv/lib/python3.12/site-packages/oslo_concurrency/lockutils.py:525}}
Jul 20 09:16:46.764975 np0000005483 nova-scheduler[93408]: DEBUG nova.scheduler.host_manager [None req-558e2690-2656-490a-8948-a0540f9e69d3 tempest-ServerBootFromVolumeStableRescueTest-780124904 tempest-ServerBootFromVolumeStableRescueTest-780124904-project-member] Update host state from compute node: ComputeNode(cpu_allocation_ratio=4.0,cpu_info='{"arch": "x86_64", "model": "EPYC-Milan", "vendor": "AMD", "topology": {"cells": 1, "sockets": 16, "cores": 1, "threads": 1}, "maxphysaddr": {"mode": "emulate", "bits": 40}, "features": ["movbe", "cmov", "3dnowprefetch", "pse", "sep", "pclmuldq", "f16c", "topoext", "fsgsbase", "fxsr_opt", "ibpb", "rdpid", "xsaveerptr", "sse4a", "mds-no", "skip-l1dfl-vmentry", "amd-stibp", "vme", "no-nested-data-bp", "rdtscp", "de", "vgif", "pae", "tsc_adjust", "xsaves", "pschange-mc-no", "rdseed", "arat", "mce", "clwb", "x2apic", "mmxext", "invpcid", "lfence-always-serializing", "amd-ssbd", "popcnt", "sse4.1", "pge", "wbnoinvd", "cr8legacy", "clflush", "lahf_lm", "pause-filter", "aes", "adx", "sse", "xsaveopt", "tsc-scale", "apic", "fma", "smep", "bmi1", "rdctl-no", "pdpe1gb", "ssbd", "amd-psfd", "fxsr", "osvw", "erms", "rdrand", "sse4.2", "pcid", "syscall", "v-vmsave-vmload", "lbrv", "svme-addr-chk", "fsrm", "xsave", "gds-no", "pat", "perfctr_core", "vmcb-clean", "npt", "tsc", "pni", "virt-ssbd", "cx16", "sse2", "clzero", "arch-capabilities", "stibp-always-on", "nx", "tsc-deadline", "pse36", "umip", "avx2", "ssse3", "xgetbv1", "null-sel-clr-base", "misalignsse", "fpu", "lm", "hypervisor", "cx8", "sha-ni", "bmi2", "smap", "vpclmulqdq", "cmp_legacy", "flushbyasid", "svm", "mmx", "nrip-save", "ibrs", "pfthreshold", "mtrr", "spec-ctrl", "pku", "stibp", "abm", "mca", "avx", "vaes", "msr", "clflushopt", "xsavec"]}',created_at=2026-07-20T09:14:46Z,current_workload=0,deleted=False,deleted_at=None,disk_allocation_ratio=1.0,disk_available_least=73,free_disk_gb=95,free_ram_mb=62765,host='np0000005483',host_ip=10.4.3.218,hypervisor_hostname='np0000005483',hypervisor_type='QEMU',hypervisor_version=8002002,id=1,local_gb=95,local_gb_used=0,mapped=1,memory_mb=63277,memory_mb_used=512,metrics='[]',numa_topology='{"nova_object.name": "NUMATopology", "nova_object.namespace": "nova", "nova_object.version": "1.2", "nova_object.data": {"cells": [{"nova_object.name": "NUMACell", "nova_object.namespace": "nova", "nova_object.version": "1.5", "nova_object.data": {"id": 0, "cpuset": [0, 1, 2, 3, 4, 5, 6, 7, 8, 9, 10, 11, 12, 13, 14, 15], "pcpuset": [0, 1, 2, 3, 4, 5, 6, 7, 8, 9, 10, 11, 12, 13, 14, 15], "memory": 63277, "cpu_usage": 0, "memory_usage": 0, "pinned_cpus": [], "siblings": [[6], [12], [2], [15], [5], [11], [8], [14], [4], [1], [7], [10], [0], [13], [3], [9]], "mempages": [{"nova_object.name": "NUMAPagesTopology", "nova_object.namespace": "nova", "nova_object.version": "1.1", "nova_object.data": {"size_kb": 4, "total": 16177927, "used": 0, "reserved": 0}, "nova_object.changes": ["size_kb", "used", "total", "reserved"]}, {"nova_object.name": "NUMAPagesTopology", "nova_object.namespace": "nova", "nova_object.version": "1.1", "nova_object.data": {"size_kb": 2048, "total": 41, "used": 0, "reserved": 0}, "nova_object.changes": ["size_kb", "used", "total", "reserved"]}, {"nova_object.name": "NUMAPagesTopology", "nova_object.namespace": "nova", "nova_object.version": "1.1", "nova_object.data": {"size_kb": 1048576, "total": 0, "used": 0, "reserved": 0}, "nova_object.changes": ["size_kb", "used", "total", "reserved"]}], "network_metadata": {"nova_object.name": "NetworkMetadata", "nova_object.namespace": "nova", "nova_object.version": "1.0", "nova_object.data": {"physnets": [], "tunneled": false}, "nova_object.changes": ["physnets", "tunneled"]}, "socket": null}, "nova_object.changes": ["cpuset", "id", "network_metadata", "socket", "memory", "cpu_usage", "siblings", "pcpuset", "memory_usage", "mempages", "pinned_cpus"]}]}, "nova_object.changes": ["cells"]}',pci_device_pools=PciDevicePoolList,ram_allocation_ratio=1.0,running_vms=0,service_id=2,stats={failed_builds='0',uptime=' 09:16:35 up 13 min, 2 users, load average: 3.04, 1.88, 0.95
Jul 20 09:16:46.764975 np0000005483 nova-scheduler[93408]: '},supported_hv_specs=[HVSpec,HVSpec,HVSpec,HVSpec,HVSpec,HVSpec,HVSpec,HVSpec,HVSpec,HVSpec,HVSpec,HVSpec,HVSpec,HVSpec,HVSpec,HVSpec,HVSpec,HVSpec,HVSpec,HVSpec,HVSpec,HVSpec,HVSpec,HVSpec,HVSpec],updated_at=2026-07-20T09:16:35Z,uuid=8b26fc19-50b4-4f99-a489-17340e60a501,vcpus=16,vcpus_used=0) {{(pid=93408) _locked_update /opt/stack/nova/nova/scheduler/host_manager.py:168}}
Jul 20 09:16:46.766492 np0000005483 nova-scheduler[93408]: DEBUG nova.scheduler.host_manager [None req-558e2690-2656-490a-8948-a0540f9e69d3 tempest-ServerBootFromVolumeStableRescueTest-780124904 tempest-ServerBootFromVolumeStableRescueTest-780124904-project-member] Update host state with aggregates: [] {{(pid=93408) _locked_update /opt/stack/nova/nova/scheduler/host_manager.py:171}}
Jul 20 09:16:46.766675 np0000005483 nova-scheduler[93408]: DEBUG nova.scheduler.host_manager [None req-558e2690-2656-490a-8948-a0540f9e69d3 tempest-ServerBootFromVolumeStableRescueTest-780124904 tempest-ServerBootFromVolumeStableRescueTest-780124904-project-member] Update host state with service dict: {'id': 2, 'uuid': '2cef9b3b-7411-4560-8d94-31049b40ca2d', 'host': 'np0000005483', 'binary': 'nova-compute', 'topic': 'compute', 'report_count': 1, 'disabled': False, 'disabled_reason': None, 'last_seen_up': datetime.datetime(2026, 7, 20, 9, 14, 53, tzinfo=datetime.timezone.utc), 'forced_down': False, 'version': 72, 'created_at': datetime.datetime(2026, 7, 20, 9, 14, 46, tzinfo=datetime.timezone.utc), 'updated_at': datetime.datetime(2026, 7, 20, 9, 14, 53, tzinfo=datetime.timezone.utc), 'deleted_at': None, 'deleted': False} {{(pid=93408) _locked_update /opt/stack/nova/nova/scheduler/host_manager.py:174}}
Jul 20 09:16:46.766850 np0000005483 nova-scheduler[93408]: DEBUG nova.scheduler.host_manager [None req-558e2690-2656-490a-8948-a0540f9e69d3 tempest-ServerBootFromVolumeStableRescueTest-780124904 tempest-ServerBootFromVolumeStableRescueTest-780124904-project-member] Update host state with instances: [] {{(pid=93408) _locked_update /opt/stack/nova/nova/scheduler/host_manager.py:177}}
Jul 20 09:16:46.767012 np0000005483 nova-scheduler[93408]: DEBUG oslo_concurrency.lockutils [None req-558e2690-2656-490a-8948-a0540f9e69d3 tempest-ServerBootFromVolumeStableRescueTest-780124904 tempest-ServerBootFromVolumeStableRescueTest-780124904-project-member] Lock "np0000005483-np0000005483" "released" by "nova.scheduler.host_manager.HostState.update.._locked_update" :: held 0.004s {{(pid=93408) inner /opt/stack/data/venv/lib/python3.12/site-packages/oslo_concurrency/lockutils.py:544}}
Jul 20 09:16:46.767605 np0000005483 nova-scheduler[93408]: DEBUG nova.filters [None req-558e2690-2656-490a-8948-a0540f9e69d3 tempest-ServerBootFromVolumeStableRescueTest-780124904 tempest-ServerBootFromVolumeStableRescueTest-780124904-project-member] Starting with 1 host(s) {{(pid=93408) get_filtered_objects /opt/stack/nova/nova/filters.py:70}}
Jul 20 09:16:46.768059 np0000005483 nova-scheduler[93408]: DEBUG nova.filters [None req-558e2690-2656-490a-8948-a0540f9e69d3 tempest-ServerBootFromVolumeStableRescueTest-780124904 tempest-ServerBootFromVolumeStableRescueTest-780124904-project-member] Filter ComputeFilter returned 1 host(s) {{(pid=93408) get_filtered_objects /opt/stack/nova/nova/filters.py:102}}
Jul 20 09:16:46.768095 np0000005483 nova-scheduler[93408]: DEBUG nova.filters [None req-558e2690-2656-490a-8948-a0540f9e69d3 tempest-ServerBootFromVolumeStableRescueTest-780124904 tempest-ServerBootFromVolumeStableRescueTest-780124904-project-member] Filter ComputeCapabilitiesFilter returned 1 host(s) {{(pid=93408) get_filtered_objects /opt/stack/nova/nova/filters.py:102}}
Jul 20 09:16:46.768402 np0000005483 nova-scheduler[93408]: DEBUG nova.filters [None req-558e2690-2656-490a-8948-a0540f9e69d3 tempest-ServerBootFromVolumeStableRescueTest-780124904 tempest-ServerBootFromVolumeStableRescueTest-780124904-project-member] Filter ImagePropertiesFilter returned 1 host(s) {{(pid=93408) get_filtered_objects /opt/stack/nova/nova/filters.py:102}}
Jul 20 09:16:46.768579 np0000005483 nova-scheduler[93408]: DEBUG nova.filters [None req-558e2690-2656-490a-8948-a0540f9e69d3 tempest-ServerBootFromVolumeStableRescueTest-780124904 tempest-ServerBootFromVolumeStableRescueTest-780124904-project-member] Filter ServerGroupAntiAffinityFilter returned 1 host(s) {{(pid=93408) get_filtered_objects /opt/stack/nova/nova/filters.py:102}}
Jul 20 09:16:46.768753 np0000005483 nova-scheduler[93408]: DEBUG nova.filters [None req-558e2690-2656-490a-8948-a0540f9e69d3 tempest-ServerBootFromVolumeStableRescueTest-780124904 tempest-ServerBootFromVolumeStableRescueTest-780124904-project-member] Filter ServerGroupAffinityFilter returned 1 host(s) {{(pid=93408) get_filtered_objects /opt/stack/nova/nova/filters.py:102}}
Jul 20 09:16:46.768939 np0000005483 nova-scheduler[93408]: DEBUG nova.filters [None req-558e2690-2656-490a-8948-a0540f9e69d3 tempest-ServerBootFromVolumeStableRescueTest-780124904 tempest-ServerBootFromVolumeStableRescueTest-780124904-project-member] Filter SameHostFilter returned 1 host(s) {{(pid=93408) get_filtered_objects /opt/stack/nova/nova/filters.py:102}}
Jul 20 09:16:46.769209 np0000005483 nova-scheduler[93408]: DEBUG nova.filters [None req-558e2690-2656-490a-8948-a0540f9e69d3 tempest-ServerBootFromVolumeStableRescueTest-780124904 tempest-ServerBootFromVolumeStableRescueTest-780124904-project-member] Filter DifferentHostFilter returned 1 host(s) {{(pid=93408) get_filtered_objects /opt/stack/nova/nova/filters.py:102}}
Jul 20 09:16:46.769287 np0000005483 nova-scheduler[93408]: DEBUG nova.scheduler.manager [None req-558e2690-2656-490a-8948-a0540f9e69d3 tempest-ServerBootFromVolumeStableRescueTest-780124904 tempest-ServerBootFromVolumeStableRescueTest-780124904-project-member] Filtered [(np0000005483, np0000005483) ram: 62765MB disk: 74752MB io_ops: 0 instances: 0, allocation_candidates: 1] {{(pid=93408) _get_sorted_hosts /opt/stack/nova/nova/scheduler/manager.py:742}}
Jul 20 09:16:46.769565 np0000005483 nova-scheduler[93408]: DEBUG nova.scheduler.manager [None req-558e2690-2656-490a-8948-a0540f9e69d3 tempest-ServerBootFromVolumeStableRescueTest-780124904 tempest-ServerBootFromVolumeStableRescueTest-780124904-project-member] Weighed [WeighedHost [host: (np0000005483, np0000005483) ram: 62765MB disk: 74752MB io_ops: 0 instances: 0, allocation_candidates: 1, weight: 0.0]] {{(pid=93408) _get_sorted_hosts /opt/stack/nova/nova/scheduler/manager.py:764}}
Jul 20 09:16:46.769807 np0000005483 nova-scheduler[93408]: DEBUG nova.scheduler.utils [None req-558e2690-2656-490a-8948-a0540f9e69d3 tempest-ServerBootFromVolumeStableRescueTest-780124904 tempest-ServerBootFromVolumeStableRescueTest-780124904-project-member] Attempting to claim resources in the placement API for instance 002eecfb-0cda-4a80-8aab-b7b5b36e802c {{(pid=93408) claim_resources /opt/stack/nova/nova/scheduler/utils.py:1345}}
Jul 20 09:16:46.791628 np0000005483 nova-scheduler[93418]: DEBUG nova.scheduler.manager [None req-5084bc20-07f7-41da-acae-88bb26905589 tempest-DeleteServersTestJSON-617504620 tempest-DeleteServersTestJSON-617504620-project-member] Starting to schedule for instances: ['d7764ae2-62ac-400f-96c8-73eb299d08e5'] {{(pid=93418) select_destinations /opt/stack/nova/nova/scheduler/manager.py:209}}
Jul 20 09:16:46.791628 np0000005483 nova-scheduler[93418]: DEBUG nova.scheduler.request_filter [None req-5084bc20-07f7-41da-acae-88bb26905589 tempest-DeleteServersTestJSON-617504620 tempest-DeleteServersTestJSON-617504620-project-member] compute_status_filter request filter added forbidden trait COMPUTE_STATUS_DISABLED {{(pid=93418) compute_status_filter /opt/stack/nova/nova/scheduler/request_filter.py:253}}
Jul 20 09:16:46.791628 np0000005483 nova-scheduler[93418]: DEBUG nova.scheduler.request_filter [None req-5084bc20-07f7-41da-acae-88bb26905589 tempest-DeleteServersTestJSON-617504620 tempest-DeleteServersTestJSON-617504620-project-member] Request filter 'compute_status_filter' took 0.0 seconds {{(pid=93418) wrapper /opt/stack/nova/nova/scheduler/request_filter.py:46}}
Jul 20 09:16:46.791628 np0000005483 nova-scheduler[93418]: DEBUG nova.scheduler.request_filter [None req-5084bc20-07f7-41da-acae-88bb26905589 tempest-DeleteServersTestJSON-617504620 tempest-DeleteServersTestJSON-617504620-project-member] Request filter 'accelerators_filter' took 0.0 seconds {{(pid=93418) wrapper /opt/stack/nova/nova/scheduler/request_filter.py:46}}
Jul 20 09:16:46.791628 np0000005483 nova-scheduler[93418]: DEBUG nova.scheduler.request_filter [None req-5084bc20-07f7-41da-acae-88bb26905589 tempest-DeleteServersTestJSON-617504620 tempest-DeleteServersTestJSON-617504620-project-member] Request filter 'packed_virtqueue_filter' took 0.0 seconds {{(pid=93418) wrapper /opt/stack/nova/nova/scheduler/request_filter.py:46}}
Jul 20 09:16:46.791628 np0000005483 nova-scheduler[93418]: DEBUG nova.scheduler.request_filter [None req-5084bc20-07f7-41da-acae-88bb26905589 tempest-DeleteServersTestJSON-617504620 tempest-DeleteServersTestJSON-617504620-project-member] Request filter 'remote_managed_ports_filter' took 0.0 seconds {{(pid=93418) wrapper /opt/stack/nova/nova/scheduler/request_filter.py:46}}
Jul 20 09:16:46.791628 np0000005483 nova-scheduler[93418]: DEBUG nova.scheduler.request_filter [None req-5084bc20-07f7-41da-acae-88bb26905589 tempest-DeleteServersTestJSON-617504620 tempest-DeleteServersTestJSON-617504620-project-member] ephemeral_encryption_filter skipped {{(pid=93418) ephemeral_encryption_filter /opt/stack/nova/nova/scheduler/request_filter.py:426}}
Jul 20 09:16:46.792351 np0000005483 nova-scheduler[93418]: DEBUG nova.scheduler.request_filter [None req-5084bc20-07f7-41da-acae-88bb26905589 tempest-DeleteServersTestJSON-617504620 tempest-DeleteServersTestJSON-617504620-project-member] virtio_sound_filter skipped {{(pid=93418) virtio_sound_filter /opt/stack/nova/nova/scheduler/request_filter.py:460}}
Jul 20 09:16:46.792351 np0000005483 nova-scheduler[93418]: DEBUG nova.scheduler.request_filter [None req-5084bc20-07f7-41da-acae-88bb26905589 tempest-DeleteServersTestJSON-617504620 tempest-DeleteServersTestJSON-617504620-project-member] tpm_secret_security_filter skipped {{(pid=93418) tpm_secret_security_filter /opt/stack/nova/nova/scheduler/request_filter.py:477}}
Jul 20 09:16:46.922621 np0000005483 nova-scheduler[93418]: INFO nova.utils [None req-5084bc20-07f7-41da-acae-88bb26905589 tempest-DeleteServersTestJSON-617504620 tempest-DeleteServersTestJSON-617504620-project-member] The cell worker thread pool ForkProcess-3.cell_worker is initialized
