Jul 20 09:14:30.596086 np0000005483 nova-conductor[95751]: DEBUG cotyledon.oslo_config_glue [-] oslo_messaging_rabbit.rabbit_qos_prefetch_count = 0 {{(pid=95751) log_opt_values /opt/stack/data/venv/lib/python3.12/site-packages/oslo_config/cfg.py:3253}}
Jul 20 09:14:30.596086 np0000005483 nova-conductor[95751]: DEBUG cotyledon.oslo_config_glue [-] oslo_messaging_rabbit.rabbit_quorum_delivery_limit = 0 {{(pid=95751) log_opt_values /opt/stack/data/venv/lib/python3.12/site-packages/oslo_config/cfg.py:3253}}
Jul 20 09:14:30.596086 np0000005483 nova-conductor[95751]: DEBUG cotyledon.oslo_config_glue [-] oslo_messaging_rabbit.rabbit_quorum_max_memory_bytes = 0 {{(pid=95751) log_opt_values /opt/stack/data/venv/lib/python3.12/site-packages/oslo_config/cfg.py:3253}}
Jul 20 09:14:30.596086 np0000005483 nova-conductor[95751]: DEBUG cotyledon.oslo_config_glue [-] oslo_messaging_rabbit.rabbit_quorum_max_memory_length = 0 {{(pid=95751) log_opt_values /opt/stack/data/venv/lib/python3.12/site-packages/oslo_config/cfg.py:3253}}
Jul 20 09:14:30.596086 np0000005483 nova-conductor[95751]: DEBUG cotyledon.oslo_config_glue [-] oslo_messaging_rabbit.rabbit_quorum_queue = False {{(pid=95751) log_opt_values /opt/stack/data/venv/lib/python3.12/site-packages/oslo_config/cfg.py:3253}}
Jul 20 09:14:30.596086 np0000005483 nova-conductor[95751]: DEBUG cotyledon.oslo_config_glue [-] oslo_messaging_rabbit.rabbit_retry_backoff = 2 {{(pid=95751) log_opt_values /opt/stack/data/venv/lib/python3.12/site-packages/oslo_config/cfg.py:3253}}
Jul 20 09:14:30.596086 np0000005483 nova-conductor[95751]: DEBUG cotyledon.oslo_config_glue [-] oslo_messaging_rabbit.rabbit_retry_interval = 1 {{(pid=95751) log_opt_values /opt/stack/data/venv/lib/python3.12/site-packages/oslo_config/cfg.py:3253}}
Jul 20 09:14:30.596086 np0000005483 nova-conductor[95751]: DEBUG cotyledon.oslo_config_glue [-] oslo_messaging_rabbit.rabbit_stream_fanout = False {{(pid=95751) log_opt_values /opt/stack/data/venv/lib/python3.12/site-packages/oslo_config/cfg.py:3253}}
Jul 20 09:14:30.596277 np0000005483 nova-conductor[95751]: DEBUG cotyledon.oslo_config_glue [-] oslo_messaging_rabbit.rabbit_transient_queues_ttl = 1800 {{(pid=95751) log_opt_values /opt/stack/data/venv/lib/python3.12/site-packages/oslo_config/cfg.py:3253}}
Jul 20 09:14:30.596277 np0000005483 nova-conductor[95751]: DEBUG cotyledon.oslo_config_glue [-] oslo_messaging_rabbit.rabbit_transient_quorum_queue = False {{(pid=95751) log_opt_values /opt/stack/data/venv/lib/python3.12/site-packages/oslo_config/cfg.py:3253}}
Jul 20 09:14:30.596277 np0000005483 nova-conductor[95751]: DEBUG cotyledon.oslo_config_glue [-] oslo_messaging_rabbit.rpc_conn_pool_size = 30 {{(pid=95751) log_opt_values /opt/stack/data/venv/lib/python3.12/site-packages/oslo_config/cfg.py:3253}}
Jul 20 09:14:30.596277 np0000005483 nova-conductor[95751]: DEBUG cotyledon.oslo_config_glue [-] oslo_messaging_rabbit.ssl = False {{(pid=95751) log_opt_values /opt/stack/data/venv/lib/python3.12/site-packages/oslo_config/cfg.py:3253}}
Jul 20 09:14:30.596277 np0000005483 nova-conductor[95751]: DEBUG cotyledon.oslo_config_glue [-] oslo_messaging_rabbit.ssl_ca_file = {{(pid=95751) log_opt_values /opt/stack/data/venv/lib/python3.12/site-packages/oslo_config/cfg.py:3253}}
Jul 20 09:14:30.596277 np0000005483 nova-conductor[95751]: DEBUG cotyledon.oslo_config_glue [-] oslo_messaging_rabbit.ssl_cert_file = {{(pid=95751) log_opt_values /opt/stack/data/venv/lib/python3.12/site-packages/oslo_config/cfg.py:3253}}
Jul 20 09:14:30.596277 np0000005483 nova-conductor[95751]: DEBUG cotyledon.oslo_config_glue [-] oslo_messaging_rabbit.ssl_enforce_fips_mode = False {{(pid=95751) log_opt_values /opt/stack/data/venv/lib/python3.12/site-packages/oslo_config/cfg.py:3253}}
Jul 20 09:14:30.596277 np0000005483 nova-conductor[95751]: DEBUG cotyledon.oslo_config_glue [-] oslo_messaging_rabbit.ssl_enforce_hostname_verification = True {{(pid=95751) log_opt_values /opt/stack/data/venv/lib/python3.12/site-packages/oslo_config/cfg.py:3253}}
Jul 20 09:14:30.596277 np0000005483 nova-conductor[95751]: DEBUG cotyledon.oslo_config_glue [-] oslo_messaging_rabbit.ssl_key_file = {{(pid=95751) log_opt_values /opt/stack/data/venv/lib/python3.12/site-packages/oslo_config/cfg.py:3253}}
Jul 20 09:14:30.596475 np0000005483 nova-conductor[95751]: DEBUG cotyledon.oslo_config_glue [-] oslo_messaging_rabbit.ssl_version = {{(pid=95751) log_opt_values /opt/stack/data/venv/lib/python3.12/site-packages/oslo_config/cfg.py:3253}}
Jul 20 09:14:30.596475 np0000005483 nova-conductor[95751]: DEBUG cotyledon.oslo_config_glue [-] oslo_messaging_rabbit.use_queue_manager = False {{(pid=95751) log_opt_values /opt/stack/data/venv/lib/python3.12/site-packages/oslo_config/cfg.py:3253}}
Jul 20 09:14:30.596475 np0000005483 nova-conductor[95751]: DEBUG cotyledon.oslo_config_glue [-] oslo_messaging_notifications.driver = ['messagingv2'] {{(pid=95751) log_opt_values /opt/stack/data/venv/lib/python3.12/site-packages/oslo_config/cfg.py:3253}}
Jul 20 09:14:30.596475 np0000005483 nova-conductor[95751]: DEBUG cotyledon.oslo_config_glue [-] oslo_messaging_notifications.retry = -1 {{(pid=95751) log_opt_values /opt/stack/data/venv/lib/python3.12/site-packages/oslo_config/cfg.py:3253}}
Jul 20 09:14:30.596475 np0000005483 nova-conductor[95751]: DEBUG cotyledon.oslo_config_glue [-] oslo_messaging_notifications.topics = ['notifications'] {{(pid=95751) log_opt_values /opt/stack/data/venv/lib/python3.12/site-packages/oslo_config/cfg.py:3253}}
Jul 20 09:14:30.596475 np0000005483 nova-conductor[95751]: DEBUG cotyledon.oslo_config_glue [-] oslo_messaging_notifications.transport_url = **** {{(pid=95751) log_opt_values /opt/stack/data/venv/lib/python3.12/site-packages/oslo_config/cfg.py:3253}}
Jul 20 09:14:30.596475 np0000005483 nova-conductor[95751]: DEBUG cotyledon.oslo_config_glue [-] oslo_limit.auth_section = None {{(pid=95751) log_opt_values /opt/stack/data/venv/lib/python3.12/site-packages/oslo_config/cfg.py:3253}}
Jul 20 09:14:30.596475 np0000005483 nova-conductor[95751]: DEBUG cotyledon.oslo_config_glue [-] oslo_limit.auth_type = None {{(pid=95751) log_opt_values /opt/stack/data/venv/lib/python3.12/site-packages/oslo_config/cfg.py:3253}}
Jul 20 09:14:30.596475 np0000005483 nova-conductor[95751]: DEBUG cotyledon.oslo_config_glue [-] oslo_limit.cafile = None {{(pid=95751) log_opt_values /opt/stack/data/venv/lib/python3.12/site-packages/oslo_config/cfg.py:3253}}
Jul 20 09:14:30.596709 np0000005483 nova-conductor[95751]: DEBUG cotyledon.oslo_config_glue [-] oslo_limit.certfile = None {{(pid=95751) log_opt_values /opt/stack/data/venv/lib/python3.12/site-packages/oslo_config/cfg.py:3253}}
Jul 20 09:14:30.596709 np0000005483 nova-conductor[95751]: DEBUG cotyledon.oslo_config_glue [-] oslo_limit.collect_timing = False {{(pid=95751) log_opt_values /opt/stack/data/venv/lib/python3.12/site-packages/oslo_config/cfg.py:3253}}
Jul 20 09:14:30.596709 np0000005483 nova-conductor[95751]: DEBUG cotyledon.oslo_config_glue [-] oslo_limit.connect_retries = None {{(pid=95751) log_opt_values /opt/stack/data/venv/lib/python3.12/site-packages/oslo_config/cfg.py:3253}}
Jul 20 09:14:30.596709 np0000005483 nova-conductor[95751]: DEBUG cotyledon.oslo_config_glue [-] oslo_limit.connect_retry_delay = None {{(pid=95751) log_opt_values /opt/stack/data/venv/lib/python3.12/site-packages/oslo_config/cfg.py:3253}}
Jul 20 09:14:30.596709 np0000005483 nova-conductor[95751]: DEBUG cotyledon.oslo_config_glue [-] oslo_limit.endpoint_id = None {{(pid=95751) log_opt_values /opt/stack/data/venv/lib/python3.12/site-packages/oslo_config/cfg.py:3253}}
Jul 20 09:14:30.596709 np0000005483 nova-conductor[95751]: DEBUG cotyledon.oslo_config_glue [-] oslo_limit.endpoint_interface = public {{(pid=95751) log_opt_values /opt/stack/data/venv/lib/python3.12/site-packages/oslo_config/cfg.py:3253}}
Jul 20 09:14:30.596709 np0000005483 nova-conductor[95751]: DEBUG cotyledon.oslo_config_glue [-] oslo_limit.endpoint_override = None {{(pid=95751) log_opt_values /opt/stack/data/venv/lib/python3.12/site-packages/oslo_config/cfg.py:3253}}
Jul 20 09:14:30.596709 np0000005483 nova-conductor[95751]: DEBUG cotyledon.oslo_config_glue [-] oslo_limit.endpoint_region_name = None {{(pid=95751) log_opt_values /opt/stack/data/venv/lib/python3.12/site-packages/oslo_config/cfg.py:3253}}
Jul 20 09:14:30.596709 np0000005483 nova-conductor[95751]: DEBUG cotyledon.oslo_config_glue [-] oslo_limit.endpoint_service_name = None {{(pid=95751) log_opt_values /opt/stack/data/venv/lib/python3.12/site-packages/oslo_config/cfg.py:3253}}
Jul 20 09:14:30.596917 np0000005483 nova-conductor[95751]: DEBUG cotyledon.oslo_config_glue [-] oslo_limit.endpoint_service_type = None {{(pid=95751) log_opt_values /opt/stack/data/venv/lib/python3.12/site-packages/oslo_config/cfg.py:3253}}
Jul 20 09:14:30.596917 np0000005483 nova-conductor[95751]: DEBUG cotyledon.oslo_config_glue [-] oslo_limit.insecure = False {{(pid=95751) log_opt_values /opt/stack/data/venv/lib/python3.12/site-packages/oslo_config/cfg.py:3253}}
Jul 20 09:14:30.596917 np0000005483 nova-conductor[95751]: DEBUG cotyledon.oslo_config_glue [-] oslo_limit.keyfile = None {{(pid=95751) log_opt_values /opt/stack/data/venv/lib/python3.12/site-packages/oslo_config/cfg.py:3253}}
Jul 20 09:14:30.596917 np0000005483 nova-conductor[95751]: DEBUG cotyledon.oslo_config_glue [-] oslo_limit.max_version = None {{(pid=95751) log_opt_values /opt/stack/data/venv/lib/python3.12/site-packages/oslo_config/cfg.py:3253}}
Jul 20 09:14:30.596917 np0000005483 nova-conductor[95751]: DEBUG cotyledon.oslo_config_glue [-] oslo_limit.min_version = None {{(pid=95751) log_opt_values /opt/stack/data/venv/lib/python3.12/site-packages/oslo_config/cfg.py:3253}}
Jul 20 09:14:30.596917 np0000005483 nova-conductor[95751]: DEBUG cotyledon.oslo_config_glue [-] oslo_limit.region_name = None {{(pid=95751) log_opt_values /opt/stack/data/venv/lib/python3.12/site-packages/oslo_config/cfg.py:3253}}
Jul 20 09:14:30.596917 np0000005483 nova-conductor[95751]: DEBUG cotyledon.oslo_config_glue [-] oslo_limit.retriable_status_codes = None {{(pid=95751) log_opt_values /opt/stack/data/venv/lib/python3.12/site-packages/oslo_config/cfg.py:3253}}
Jul 20 09:14:30.596917 np0000005483 nova-conductor[95751]: DEBUG cotyledon.oslo_config_glue [-] oslo_limit.service_name = None {{(pid=95751) log_opt_values /opt/stack/data/venv/lib/python3.12/site-packages/oslo_config/cfg.py:3253}}
Jul 20 09:14:30.596917 np0000005483 nova-conductor[95751]: DEBUG cotyledon.oslo_config_glue [-] oslo_limit.service_type = None {{(pid=95751) log_opt_values /opt/stack/data/venv/lib/python3.12/site-packages/oslo_config/cfg.py:3253}}
Jul 20 09:14:30.597203 np0000005483 nova-conductor[95751]: DEBUG cotyledon.oslo_config_glue [-] oslo_limit.split_loggers = False {{(pid=95751) log_opt_values /opt/stack/data/venv/lib/python3.12/site-packages/oslo_config/cfg.py:3253}}
Jul 20 09:14:30.597203 np0000005483 nova-conductor[95751]: DEBUG cotyledon.oslo_config_glue [-] oslo_limit.status_code_retries = None {{(pid=95751) log_opt_values /opt/stack/data/venv/lib/python3.12/site-packages/oslo_config/cfg.py:3253}}
Jul 20 09:14:30.597203 np0000005483 nova-conductor[95751]: DEBUG cotyledon.oslo_config_glue [-] oslo_limit.status_code_retry_delay = None {{(pid=95751) log_opt_values /opt/stack/data/venv/lib/python3.12/site-packages/oslo_config/cfg.py:3253}}
Jul 20 09:14:30.597203 np0000005483 nova-conductor[95751]: DEBUG cotyledon.oslo_config_glue [-] oslo_limit.timeout = None {{(pid=95751) log_opt_values /opt/stack/data/venv/lib/python3.12/site-packages/oslo_config/cfg.py:3253}}
Jul 20 09:14:30.597203 np0000005483 nova-conductor[95751]: DEBUG cotyledon.oslo_config_glue [-] oslo_limit.valid_interfaces = None {{(pid=95751) log_opt_values /opt/stack/data/venv/lib/python3.12/site-packages/oslo_config/cfg.py:3253}}
Jul 20 09:14:30.597203 np0000005483 nova-conductor[95751]: DEBUG cotyledon.oslo_config_glue [-] oslo_limit.version = None {{(pid=95751) log_opt_values /opt/stack/data/venv/lib/python3.12/site-packages/oslo_config/cfg.py:3253}}
Jul 20 09:14:30.597203 np0000005483 nova-conductor[95751]: DEBUG cotyledon.oslo_config_glue [-] oslo_reports.file_event_handler = None {{(pid=95751) log_opt_values /opt/stack/data/venv/lib/python3.12/site-packages/oslo_config/cfg.py:3253}}
Jul 20 09:14:30.597203 np0000005483 nova-conductor[95751]: DEBUG cotyledon.oslo_config_glue [-] oslo_reports.file_event_handler_interval = 1 {{(pid=95751) log_opt_values /opt/stack/data/venv/lib/python3.12/site-packages/oslo_config/cfg.py:3253}}
Jul 20 09:14:30.597203 np0000005483 nova-conductor[95751]: DEBUG cotyledon.oslo_config_glue [-] oslo_reports.log_dir = None {{(pid=95751) log_opt_values /opt/stack/data/venv/lib/python3.12/site-packages/oslo_config/cfg.py:3253}}
Jul 20 09:14:30.597398 np0000005483 nova-conductor[95751]: DEBUG cotyledon.oslo_config_glue [-] ******************************************************************************** {{(pid=95751) log_opt_values /opt/stack/data/venv/lib/python3.12/site-packages/oslo_config/cfg.py:3260}}
Jul 20 09:14:30.597398 np0000005483 nova-conductor[95751]: DEBUG cotyledon._service_worker [-] Run service ServiceWrapper(2) [95751] {{(pid=95751) wait_forever /opt/stack/data/venv/lib/python3.12/site-packages/cotyledon/_service_worker.py:218}}
Jul 20 09:14:30.597398 np0000005483 nova-conductor[95751]: INFO nova.service [-] Starting conductor node (version 33.1.0)
Jul 20 09:14:30.597398 np0000005483 nova-conductor[95751]: INFO dbcounter [None req-ed9a3ee2-d074-4066-8e67-baae669bea1e None None] Registered counter for database nova_cell0
Jul 20 09:14:30.597491 np0000005483 nova-conductor[95731]: DEBUG oslo_db.sqlalchemy.engines [None req-24126bf6-73ca-4a39-8c21-43499bc60616 None None] MySQL server mode set to STRICT_TRANS_TABLES,STRICT_ALL_TABLES,NO_ZERO_IN_DATE,NO_ZERO_DATE,ERROR_FOR_DIVISION_BY_ZERO,TRADITIONAL,NO_ENGINE_SUBSTITUTION {{(pid=95731) _check_effective_sql_mode /opt/stack/data/venv/lib/python3.12/site-packages/oslo_db/sqlalchemy/engines.py:325}}
Jul 20 09:14:30.597491 np0000005483 nova-conductor[95731]: DEBUG dbcounter [-] [95731] Writer thread running {{(pid=95731) stat_writer /opt/stack/data/venv/lib/python3.12/site-packages/dbcounter.py:102}}
Jul 20 09:14:30.597568 np0000005483 nova-conductor[95746]: DEBUG oslo_db.sqlalchemy.engines [None req-80f88314-d2e2-4160-bd5c-07517bc793e1 None None] MySQL server mode set to STRICT_TRANS_TABLES,STRICT_ALL_TABLES,NO_ZERO_IN_DATE,NO_ZERO_DATE,ERROR_FOR_DIVISION_BY_ZERO,TRADITIONAL,NO_ENGINE_SUBSTITUTION {{(pid=95746) _check_effective_sql_mode /opt/stack/data/venv/lib/python3.12/site-packages/oslo_db/sqlalchemy/engines.py:325}}
Jul 20 09:14:30.602415 np0000005483 nova-conductor[95731]: DEBUG nova.service [None req-24126bf6-73ca-4a39-8c21-43499bc60616 None None] Creating RPC server for service: nova-conductor on topic: conductor {{(pid=95731) start /opt/stack/nova/nova/service.py:196}}
Jul 20 09:14:30.604130 np0000005483 nova-conductor[95746]: DEBUG dbcounter [-] [95746] Writer thread running {{(pid=95746) stat_writer /opt/stack/data/venv/lib/python3.12/site-packages/dbcounter.py:102}}
Jul 20 09:14:30.604540 np0000005483 nova-conductor[95751]: DEBUG oslo_db.sqlalchemy.engines [None req-ed9a3ee2-d074-4066-8e67-baae669bea1e None None] MySQL server mode set to STRICT_TRANS_TABLES,STRICT_ALL_TABLES,NO_ZERO_IN_DATE,NO_ZERO_DATE,ERROR_FOR_DIVISION_BY_ZERO,TRADITIONAL,NO_ENGINE_SUBSTITUTION {{(pid=95751) _check_effective_sql_mode /opt/stack/data/venv/lib/python3.12/site-packages/oslo_db/sqlalchemy/engines.py:325}}
Jul 20 09:14:30.607473 np0000005483 nova-conductor[95746]: DEBUG nova.service [None req-80f88314-d2e2-4160-bd5c-07517bc793e1 None None] Creating RPC server for service: nova-conductor on topic: conductor {{(pid=95746) start /opt/stack/nova/nova/service.py:196}}
Jul 20 09:14:30.623758 np0000005483 nova-conductor[95751]: DEBUG dbcounter [-] [95751] Writer thread running {{(pid=95751) stat_writer /opt/stack/data/venv/lib/python3.12/site-packages/dbcounter.py:102}}
Jul 20 09:14:30.627714 np0000005483 nova-conductor[95746]: DEBUG nova.service [None req-80f88314-d2e2-4160-bd5c-07517bc793e1 None None] Join ServiceGroup membership for this service conductor {{(pid=95746) start /opt/stack/nova/nova/service.py:222}}
Jul 20 09:14:30.627714 np0000005483 nova-conductor[95746]: DEBUG nova.servicegroup.drivers.db [None req-80f88314-d2e2-4160-bd5c-07517bc793e1 None None] DB_Driver: join new ServiceGroup member np0000005483 to the conductor group, service = {{(pid=95746) join /opt/stack/nova/nova/servicegroup/drivers/db.py:44}}
Jul 20 09:14:30.628305 np0000005483 nova-conductor[95751]: DEBUG nova.service [None req-ed9a3ee2-d074-4066-8e67-baae669bea1e None None] Creating RPC server for service: nova-conductor on topic: conductor {{(pid=95751) start /opt/stack/nova/nova/service.py:196}}
Jul 20 09:14:30.628879 np0000005483 nova-conductor[95731]: DEBUG nova.service [None req-24126bf6-73ca-4a39-8c21-43499bc60616 None None] Join ServiceGroup membership for this service conductor {{(pid=95731) start /opt/stack/nova/nova/service.py:222}}
Jul 20 09:14:30.629676 np0000005483 nova-conductor[95731]: DEBUG nova.servicegroup.drivers.db [None req-24126bf6-73ca-4a39-8c21-43499bc60616 None None] DB_Driver: join new ServiceGroup member np0000005483 to the conductor group, service = {{(pid=95731) join /opt/stack/nova/nova/servicegroup/drivers/db.py:44}}
Jul 20 09:14:30.647148 np0000005483 nova-conductor[95751]: DEBUG nova.service [None req-ed9a3ee2-d074-4066-8e67-baae669bea1e None None] Join ServiceGroup membership for this service conductor {{(pid=95751) start /opt/stack/nova/nova/service.py:222}}
Jul 20 09:14:30.647148 np0000005483 nova-conductor[95751]: DEBUG nova.servicegroup.drivers.db [None req-ed9a3ee2-d074-4066-8e67-baae669bea1e None None] DB_Driver: join new ServiceGroup member np0000005483 to the conductor group, service = {{(pid=95751) join /opt/stack/nova/nova/servicegroup/drivers/db.py:44}}
Jul 20 09:14:32.630100 np0000005483 nova-conductor[95746]: DEBUG oslo.service.backend._threading.loopingcall [None req-dffbfa36-2851-4564-844b-704dd5020cc3 None None] Dynamic interval looping call 'nova.service.Service.periodic_tasks' sleeping for 60.00 seconds {{(pid=95746) _run_loop /opt/stack/data/venv/lib/python3.12/site-packages/oslo_service/backend/_threading/loopingcall.py:125}}
Jul 20 09:14:33.651579 np0000005483 nova-conductor[95751]: DEBUG oslo.service.backend._threading.loopingcall [None req-4b05b04a-bbb9-4be0-bd44-767beba708f7 None None] Dynamic interval looping call 'nova.service.Service.periodic_tasks' sleeping for 60.00 seconds {{(pid=95751) _run_loop /opt/stack/data/venv/lib/python3.12/site-packages/oslo_service/backend/_threading/loopingcall.py:125}}
Jul 20 09:14:35.643413 np0000005483 nova-conductor[95746]: DEBUG oslo.service.backend._threading.loopingcall [-] Fixed interval looping call 'nova.servicegroup.drivers.db.DbDriver._report_state' sleeping for 119.99 seconds {{(pid=95746) _run_loop /opt/stack/data/venv/lib/python3.12/site-packages/oslo_service/backend/_threading/loopingcall.py:125}}
Jul 20 09:14:35.644417 np0000005483 nova-conductor[95731]: DEBUG oslo.service.backend._threading.loopingcall [-] Fixed interval looping call 'nova.servicegroup.drivers.db.DbDriver._report_state' sleeping for 119.99 seconds {{(pid=95731) _run_loop /opt/stack/data/venv/lib/python3.12/site-packages/oslo_service/backend/_threading/loopingcall.py:125}}
Jul 20 09:14:35.658675 np0000005483 nova-conductor[95751]: DEBUG oslo.service.backend._threading.loopingcall [-] Fixed interval looping call 'nova.servicegroup.drivers.db.DbDriver._report_state' sleeping for 119.99 seconds {{(pid=95751) _run_loop /opt/stack/data/venv/lib/python3.12/site-packages/oslo_service/backend/_threading/loopingcall.py:125}}
Jul 20 09:14:39.236344 np0000005483 nova-conductor[94334]: DEBUG dbcounter [-] [94334] Writing DB stats nova_api:SELECT=1 {{(pid=94334) stat_writer /opt/stack/data/venv/lib/python3.12/site-packages/dbcounter.py:115}}
Jul 20 09:14:39.355587 np0000005483 nova-conductor[94334]: DEBUG dbcounter [-] [94334] Writing DB stats nova_cell1:SELECT=1 {{(pid=94334) stat_writer /opt/stack/data/venv/lib/python3.12/site-packages/dbcounter.py:115}}
Jul 20 09:14:39.364986 np0000005483 nova-conductor[94334]: DEBUG dbcounter [-] [94334] Writing DB stats nova_cell0:SELECT=1 {{(pid=94334) stat_writer /opt/stack/data/venv/lib/python3.12/site-packages/dbcounter.py:115}}
Jul 20 09:14:43.631477 np0000005483 nova-conductor[95731]: DEBUG oslo.service.backend._threading.loopingcall [None req-6b30de47-2905-4d7b-bd9e-4f94216eaa33 None None] Dynamic interval looping call 'nova.service.Service.periodic_tasks' sleeping for 60.00 seconds {{(pid=95731) _run_loop /opt/stack/data/venv/lib/python3.12/site-packages/oslo_service/backend/_threading/loopingcall.py:125}}
Jul 20 09:14:45.639436 np0000005483 nova-conductor[95746]: DEBUG dbcounter [-] [95746] Writing DB stats nova_cell0:SELECT=3,nova_cell0:UPDATE=1 {{(pid=95746) stat_writer /opt/stack/data/venv/lib/python3.12/site-packages/dbcounter.py:115}}
Jul 20 09:14:45.640086 np0000005483 nova-conductor[95731]: DEBUG dbcounter [-] [95731] Writing DB stats nova_cell0:SELECT=4,nova_cell0:INSERT=1,nova_cell0:UPDATE=1 {{(pid=95731) stat_writer /opt/stack/data/venv/lib/python3.12/site-packages/dbcounter.py:115}}
Jul 20 09:14:45.656258 np0000005483 nova-conductor[95751]: DEBUG dbcounter [-] [95751] Writing DB stats nova_cell0:SELECT=3 {{(pid=95751) stat_writer /opt/stack/data/venv/lib/python3.12/site-packages/dbcounter.py:115}}
Jul 20 09:15:32.630691 np0000005483 nova-conductor[95746]: DEBUG oslo.service.backend._threading.loopingcall [None req-dffbfa36-2851-4564-844b-704dd5020cc3 None None] Dynamic interval looping call 'nova.service.Service.periodic_tasks' sleeping for 60.00 seconds {{(pid=95746) _run_loop /opt/stack/data/venv/lib/python3.12/site-packages/oslo_service/backend/_threading/loopingcall.py:125}}
Jul 20 09:15:33.652166 np0000005483 nova-conductor[95751]: DEBUG oslo.service.backend._threading.loopingcall [None req-4b05b04a-bbb9-4be0-bd44-767beba708f7 None None] Dynamic interval looping call 'nova.service.Service.periodic_tasks' sleeping for 60.00 seconds {{(pid=95751) _run_loop /opt/stack/data/venv/lib/python3.12/site-packages/oslo_service/backend/_threading/loopingcall.py:125}}
Jul 20 09:15:43.632156 np0000005483 nova-conductor[95731]: DEBUG oslo.service.backend._threading.loopingcall [None req-6b30de47-2905-4d7b-bd9e-4f94216eaa33 None None] Dynamic interval looping call 'nova.service.Service.periodic_tasks' sleeping for 60.00 seconds {{(pid=95731) _run_loop /opt/stack/data/venv/lib/python3.12/site-packages/oslo_service/backend/_threading/loopingcall.py:125}}
Jul 20 09:16:32.631057 np0000005483 nova-conductor[95746]: DEBUG oslo.service.backend._threading.loopingcall [None req-dffbfa36-2851-4564-844b-704dd5020cc3 None None] Dynamic interval looping call 'nova.service.Service.periodic_tasks' sleeping for 60.00 seconds {{(pid=95746) _run_loop /opt/stack/data/venv/lib/python3.12/site-packages/oslo_service/backend/_threading/loopingcall.py:125}}
Jul 20 09:16:33.652699 np0000005483 nova-conductor[95751]: DEBUG oslo.service.backend._threading.loopingcall [None req-4b05b04a-bbb9-4be0-bd44-767beba708f7 None None] Dynamic interval looping call 'nova.service.Service.periodic_tasks' sleeping for 60.00 seconds {{(pid=95751) _run_loop /opt/stack/data/venv/lib/python3.12/site-packages/oslo_service/backend/_threading/loopingcall.py:125}}
Jul 20 09:16:35.640420 np0000005483 nova-conductor[95746]: DEBUG oslo.service.backend._threading.loopingcall [-] Fixed interval looping call 'nova.servicegroup.drivers.db.DbDriver._report_state' sleeping for 119.99 seconds {{(pid=95746) _run_loop /opt/stack/data/venv/lib/python3.12/site-packages/oslo_service/backend/_threading/loopingcall.py:125}}
Jul 20 09:16:35.642347 np0000005483 nova-conductor[95731]: DEBUG oslo.service.backend._threading.loopingcall [-] Fixed interval looping call 'nova.servicegroup.drivers.db.DbDriver._report_state' sleeping for 119.99 seconds {{(pid=95731) _run_loop /opt/stack/data/venv/lib/python3.12/site-packages/oslo_service/backend/_threading/loopingcall.py:125}}
Jul 20 09:16:35.653710 np0000005483 nova-conductor[95751]: DEBUG oslo.service.backend._threading.loopingcall [-] Fixed interval looping call 'nova.servicegroup.drivers.db.DbDriver._report_state' sleeping for 120.00 seconds {{(pid=95751) _run_loop /opt/stack/data/venv/lib/python3.12/site-packages/oslo_service/backend/_threading/loopingcall.py:125}}
Jul 20 09:16:43.633269 np0000005483 nova-conductor[95731]: DEBUG oslo.service.backend._threading.loopingcall [None req-6b30de47-2905-4d7b-bd9e-4f94216eaa33 None None] Dynamic interval looping call 'nova.service.Service.periodic_tasks' sleeping for 60.00 seconds {{(pid=95731) _run_loop /opt/stack/data/venv/lib/python3.12/site-packages/oslo_service/backend/_threading/loopingcall.py:125}}
Jul 20 09:16:45.636981 np0000005483 nova-conductor[95746]: DEBUG dbcounter [-] [95746] Writing DB stats nova_cell0:SELECT=1,nova_cell0:UPDATE=1 {{(pid=95746) stat_writer /opt/stack/data/venv/lib/python3.12/site-packages/dbcounter.py:115}}
Jul 20 09:16:45.639361 np0000005483 nova-conductor[95731]: DEBUG dbcounter [-] [95731] Writing DB stats nova_cell0:SELECT=1,nova_cell0:UPDATE=1 {{(pid=95731) stat_writer /opt/stack/data/venv/lib/python3.12/site-packages/dbcounter.py:115}}
Jul 20 09:16:45.651768 np0000005483 nova-conductor[95751]: DEBUG dbcounter [-] [95751] Writing DB stats nova_cell0:SELECT=1 {{(pid=95751) stat_writer /opt/stack/data/venv/lib/python3.12/site-packages/dbcounter.py:115}}
Jul 20 09:16:45.910996 np0000005483 nova-conductor[95746]: DEBUG oslo_db.sqlalchemy.engines [None req-558e2690-2656-490a-8948-a0540f9e69d3 tempest-ServerBootFromVolumeStableRescueTest-780124904 tempest-ServerBootFromVolumeStableRescueTest-780124904-project-member] Parent process 94334 forked (95746) with an open database connection, which is being discarded and recreated. {{(pid=95746) checkout /opt/stack/data/venv/lib/python3.12/site-packages/oslo_db/sqlalchemy/engines.py:402}}
Jul 20 09:16:45.952699 np0000005483 nova-conductor[95746]: DEBUG dbcounter [-] [95746] Writer thread running {{(pid=95746) stat_writer /opt/stack/data/venv/lib/python3.12/site-packages/dbcounter.py:102}}
Jul 20 09:16:46.751914 np0000005483 nova-conductor[95731]: DEBUG dbcounter [-] [95731] Writer thread running {{(pid=95731) stat_writer /opt/stack/data/venv/lib/python3.12/site-packages/dbcounter.py:102}}
Jul 20 09:16:46.993679 np0000005483 nova-conductor[95746]: DEBUG nova.conductor.manager [None req-558e2690-2656-490a-8948-a0540f9e69d3 tempest-ServerBootFromVolumeStableRescueTest-780124904 tempest-ServerBootFromVolumeStableRescueTest-780124904-project-member] Took 1.04 seconds to select destinations for 1 instance(s). {{(pid=95746) _schedule_instances /opt/stack/nova/nova/conductor/manager.py:968}}
Jul 20 09:16:47.034070 np0000005483 nova-conductor[95746]: DEBUG oslo_concurrency.lockutils [None req-558e2690-2656-490a-8948-a0540f9e69d3 tempest-ServerBootFromVolumeStableRescueTest-780124904 tempest-ServerBootFromVolumeStableRescueTest-780124904-project-member] Acquiring lock "5ed6962b-4be0-4ca3-944b-bee83b68714d" by "nova.context.set_target_cell..get_or_set_cached_cell_and_set_connections" {{(pid=95746) inner /opt/stack/data/venv/lib/python3.12/site-packages/oslo_concurrency/lockutils.py:512}}
Jul 20 09:16:47.034070 np0000005483 nova-conductor[95746]: DEBUG oslo_concurrency.lockutils [None req-558e2690-2656-490a-8948-a0540f9e69d3 tempest-ServerBootFromVolumeStableRescueTest-780124904 tempest-ServerBootFromVolumeStableRescueTest-780124904-project-member] Lock "5ed6962b-4be0-4ca3-944b-bee83b68714d" acquired by "nova.context.set_target_cell..get_or_set_cached_cell_and_set_connections" :: waited 0.000s {{(pid=95746) inner /opt/stack/data/venv/lib/python3.12/site-packages/oslo_concurrency/lockutils.py:525}}
Jul 20 09:16:47.036816 np0000005483 nova-conductor[95746]: DEBUG oslo_concurrency.lockutils [None req-558e2690-2656-490a-8948-a0540f9e69d3 tempest-ServerBootFromVolumeStableRescueTest-780124904 tempest-ServerBootFromVolumeStableRescueTest-780124904-project-member] Lock "5ed6962b-4be0-4ca3-944b-bee83b68714d" "released" by "nova.context.set_target_cell..get_or_set_cached_cell_and_set_connections" :: held 0.002s {{(pid=95746) inner /opt/stack/data/venv/lib/python3.12/site-packages/oslo_concurrency/lockutils.py:544}}
Jul 20 09:16:47.040516 np0000005483 nova-conductor[95746]: INFO dbcounter [None req-558e2690-2656-490a-8948-a0540f9e69d3 tempest-ServerBootFromVolumeStableRescueTest-780124904 tempest-ServerBootFromVolumeStableRescueTest-780124904-project-member] Registered counter for database nova_cell1
Jul 20 09:16:47.083196 np0000005483 nova-conductor[95746]: DEBUG oslo_db.sqlalchemy.engines [None req-558e2690-2656-490a-8948-a0540f9e69d3 tempest-ServerBootFromVolumeStableRescueTest-780124904 tempest-ServerBootFromVolumeStableRescueTest-780124904-project-member] MySQL server mode set to STRICT_TRANS_TABLES,STRICT_ALL_TABLES,NO_ZERO_IN_DATE,NO_ZERO_DATE,ERROR_FOR_DIVISION_BY_ZERO,TRADITIONAL,NO_ENGINE_SUBSTITUTION {{(pid=95746) _check_effective_sql_mode /opt/stack/data/venv/lib/python3.12/site-packages/oslo_db/sqlalchemy/engines.py:325}}
Jul 20 09:16:47.092191 np0000005483 nova-conductor[95746]: DEBUG dbcounter [-] [95746] Writer thread running {{(pid=95746) stat_writer /opt/stack/data/venv/lib/python3.12/site-packages/dbcounter.py:102}}
Jul 20 09:16:47.180668 np0000005483 nova-conductor[95746]: INFO nova.utils [None req-558e2690-2656-490a-8948-a0540f9e69d3 tempest-ServerBootFromVolumeStableRescueTest-780124904 tempest-ServerBootFromVolumeStableRescueTest-780124904-project-member] The cell worker thread pool ForkProcess-2.cell_worker is initialized
Jul 20 09:16:47.181001 np0000005483 nova-conductor[95746]: DEBUG oslo_concurrency.lockutils [None req-558e2690-2656-490a-8948-a0540f9e69d3 tempest-ServerBootFromVolumeStableRescueTest-780124904 tempest-ServerBootFromVolumeStableRescueTest-780124904-project-member] Acquiring lock "00000000-0000-0000-0000-000000000000" by "nova.context.set_target_cell..get_or_set_cached_cell_and_set_connections" {{(pid=95746) inner /opt/stack/data/venv/lib/python3.12/site-packages/oslo_concurrency/lockutils.py:512}}
Jul 20 09:16:47.181201 np0000005483 nova-conductor[95746]: DEBUG oslo_concurrency.lockutils [None req-558e2690-2656-490a-8948-a0540f9e69d3 tempest-ServerBootFromVolumeStableRescueTest-780124904 tempest-ServerBootFromVolumeStableRescueTest-780124904-project-member] Lock "00000000-0000-0000-0000-000000000000" acquired by "nova.context.set_target_cell..get_or_set_cached_cell_and_set_connections" :: waited 0.000s {{(pid=95746) inner /opt/stack/data/venv/lib/python3.12/site-packages/oslo_concurrency/lockutils.py:525}}
Jul 20 09:16:47.181689 np0000005483 nova-conductor[95746]: DEBUG oslo_concurrency.lockutils [None req-558e2690-2656-490a-8948-a0540f9e69d3 tempest-ServerBootFromVolumeStableRescueTest-780124904 tempest-ServerBootFromVolumeStableRescueTest-780124904-project-member] Lock "00000000-0000-0000-0000-000000000000" "released" by "nova.context.set_target_cell..get_or_set_cached_cell_and_set_connections" :: held 0.000s {{(pid=95746) inner /opt/stack/data/venv/lib/python3.12/site-packages/oslo_concurrency/lockutils.py:544}}
Jul 20 09:16:47.183762 np0000005483 nova-conductor[95746]: DEBUG oslo_concurrency.lockutils [None req-558e2690-2656-490a-8948-a0540f9e69d3 tempest-ServerBootFromVolumeStableRescueTest-780124904 tempest-ServerBootFromVolumeStableRescueTest-780124904-project-member] Acquiring lock "5ed6962b-4be0-4ca3-944b-bee83b68714d" by "nova.context.set_target_cell..get_or_set_cached_cell_and_set_connections" {{(pid=95746) inner /opt/stack/data/venv/lib/python3.12/site-packages/oslo_concurrency/lockutils.py:512}}
Jul 20 09:16:47.183901 np0000005483 nova-conductor[95746]: DEBUG oslo_concurrency.lockutils [None req-558e2690-2656-490a-8948-a0540f9e69d3 tempest-ServerBootFromVolumeStableRescueTest-780124904 tempest-ServerBootFromVolumeStableRescueTest-780124904-project-member] Lock "5ed6962b-4be0-4ca3-944b-bee83b68714d" acquired by "nova.context.set_target_cell..get_or_set_cached_cell_and_set_connections" :: waited 0.000s {{(pid=95746) inner /opt/stack/data/venv/lib/python3.12/site-packages/oslo_concurrency/lockutils.py:525}}
Jul 20 09:16:47.184034 np0000005483 nova-conductor[95746]: DEBUG oslo_concurrency.lockutils [None req-558e2690-2656-490a-8948-a0540f9e69d3 tempest-ServerBootFromVolumeStableRescueTest-780124904 tempest-ServerBootFromVolumeStableRescueTest-780124904-project-member] Lock "5ed6962b-4be0-4ca3-944b-bee83b68714d" "released" by "nova.context.set_target_cell..get_or_set_cached_cell_and_set_connections" :: held 0.000s {{(pid=95746) inner /opt/stack/data/venv/lib/python3.12/site-packages/oslo_concurrency/lockutils.py:544}}
Jul 20 09:16:47.186735 np0000005483 nova-conductor[95746]: INFO dbcounter [None req-558e2690-2656-490a-8948-a0540f9e69d3 tempest-ServerBootFromVolumeStableRescueTest-780124904 tempest-ServerBootFromVolumeStableRescueTest-780124904-project-member] Registered counter for database nova_cell0
Jul 20 09:16:47.233628 np0000005483 nova-conductor[95746]: DEBUG oslo_db.sqlalchemy.engines [None req-558e2690-2656-490a-8948-a0540f9e69d3 tempest-ServerBootFromVolumeStableRescueTest-780124904 tempest-ServerBootFromVolumeStableRescueTest-780124904-project-member] MySQL server mode set to STRICT_TRANS_TABLES,STRICT_ALL_TABLES,NO_ZERO_IN_DATE,NO_ZERO_DATE,ERROR_FOR_DIVISION_BY_ZERO,TRADITIONAL,NO_ENGINE_SUBSTITUTION {{(pid=95746) _check_effective_sql_mode /opt/stack/data/venv/lib/python3.12/site-packages/oslo_db/sqlalchemy/engines.py:325}}
Jul 20 09:16:47.245588 np0000005483 nova-conductor[95746]: DEBUG dbcounter [-] [95746] Writer thread running {{(pid=95746) stat_writer /opt/stack/data/venv/lib/python3.12/site-packages/dbcounter.py:102}}
Jul 20 09:16:47.258248 np0000005483 nova-conductor[95746]: DEBUG nova.quota [None req-558e2690-2656-490a-8948-a0540f9e69d3 tempest-ServerBootFromVolumeStableRescueTest-780124904 tempest-ServerBootFromVolumeStableRescueTest-780124904-project-member] Getting quotas for project 41ae2484e95d4fe1bd1e5e37831e5b06. Resources: {'instances', 'ram', 'cores'} {{(pid=95746) _get_quotas /opt/stack/nova/nova/quota.py:389}}
Jul 20 09:16:47.263581 np0000005483 nova-conductor[95746]: DEBUG nova.quota [None req-558e2690-2656-490a-8948-a0540f9e69d3 tempest-ServerBootFromVolumeStableRescueTest-780124904 tempest-ServerBootFromVolumeStableRescueTest-780124904-project-member] Getting quotas for user 3dd0684c3ed049caa4d899d883eb812c and project 41ae2484e95d4fe1bd1e5e37831e5b06. Resources: {'instances', 'ram', 'cores'} {{(pid=95746) _get_quotas /opt/stack/nova/nova/quota.py:379}}
Jul 20 09:16:47.273184 np0000005483 nova-conductor[95746]: DEBUG nova.conductor.manager [None req-558e2690-2656-490a-8948-a0540f9e69d3 tempest-ServerBootFromVolumeStableRescueTest-780124904 tempest-ServerBootFromVolumeStableRescueTest-780124904-project-member] [instance: 002eecfb-0cda-4a80-8aab-b7b5b36e802c] Selected host: np0000005483; Selected node: np0000005483; Alternates: [] {{(pid=95746) schedule_and_build_instances /opt/stack/nova/nova/conductor/manager.py:1784}}
Jul 20 09:16:47.274143 np0000005483 nova-conductor[95746]: DEBUG oslo_concurrency.lockutils [None req-558e2690-2656-490a-8948-a0540f9e69d3 tempest-ServerBootFromVolumeStableRescueTest-780124904 tempest-ServerBootFromVolumeStableRescueTest-780124904-project-member] Acquiring lock "5ed6962b-4be0-4ca3-944b-bee83b68714d" by "nova.context.set_target_cell..get_or_set_cached_cell_and_set_connections" {{(pid=95746) inner /opt/stack/data/venv/lib/python3.12/site-packages/oslo_concurrency/lockutils.py:512}}
Jul 20 09:16:47.274334 np0000005483 nova-conductor[95746]: DEBUG oslo_concurrency.lockutils [None req-558e2690-2656-490a-8948-a0540f9e69d3 tempest-ServerBootFromVolumeStableRescueTest-780124904 tempest-ServerBootFromVolumeStableRescueTest-780124904-project-member] Lock "5ed6962b-4be0-4ca3-944b-bee83b68714d" acquired by "nova.context.set_target_cell..get_or_set_cached_cell_and_set_connections" :: waited 0.000s {{(pid=95746) inner /opt/stack/data/venv/lib/python3.12/site-packages/oslo_concurrency/lockutils.py:525}}
Jul 20 09:16:47.274479 np0000005483 nova-conductor[95746]: DEBUG oslo_concurrency.lockutils [None req-558e2690-2656-490a-8948-a0540f9e69d3 tempest-ServerBootFromVolumeStableRescueTest-780124904 tempest-ServerBootFromVolumeStableRescueTest-780124904-project-member] Lock "5ed6962b-4be0-4ca3-944b-bee83b68714d" "released" by "nova.context.set_target_cell..get_or_set_cached_cell_and_set_connections" :: held 0.000s {{(pid=95746) inner /opt/stack/data/venv/lib/python3.12/site-packages/oslo_concurrency/lockutils.py:544}}
Jul 20 09:16:47.296421 np0000005483 nova-conductor[95746]: DEBUG nova.conductor.manager [None req-558e2690-2656-490a-8948-a0540f9e69d3 tempest-ServerBootFromVolumeStableRescueTest-780124904 tempest-ServerBootFromVolumeStableRescueTest-780124904-project-member] [instance: 002eecfb-0cda-4a80-8aab-b7b5b36e802c] block_device_mapping [BlockDeviceMapping(attachment_id=,boot_index=0,connection_info=None,created_at=,delete_on_termination=True,deleted=,deleted_at=,destination_type='local',device_name=None,device_type='disk',disk_bus=None,encrypted=False,encryption_format=None,encryption_options=None,encryption_secret_uuid=None,guest_format=None,id=,image_id='b0be89af-241e-45d8-915a-f066b2cc2d26',instance=,instance_uuid=,no_device=False,snapshot_id=None,source_type='image',tag=None,updated_at=,uuid=,volume_id=None,volume_size=None,volume_type=None)] {{(pid=95746) _create_block_device_mapping /opt/stack/nova/nova/conductor/manager.py:1529}}
Jul 20 09:16:47.297844 np0000005483 nova-conductor[95746]: DEBUG oslo_concurrency.lockutils [None req-558e2690-2656-490a-8948-a0540f9e69d3 tempest-ServerBootFromVolumeStableRescueTest-780124904 tempest-ServerBootFromVolumeStableRescueTest-780124904-project-member] Acquiring lock "5ed6962b-4be0-4ca3-944b-bee83b68714d" by "nova.context.set_target_cell..get_or_set_cached_cell_and_set_connections" {{(pid=95746) inner /opt/stack/data/venv/lib/python3.12/site-packages/oslo_concurrency/lockutils.py:512}}
Jul 20 09:16:47.298053 np0000005483 nova-conductor[95746]: DEBUG oslo_concurrency.lockutils [None req-558e2690-2656-490a-8948-a0540f9e69d3 tempest-ServerBootFromVolumeStableRescueTest-780124904 tempest-ServerBootFromVolumeStableRescueTest-780124904-project-member] Lock "5ed6962b-4be0-4ca3-944b-bee83b68714d" acquired by "nova.context.set_target_cell..get_or_set_cached_cell_and_set_connections" :: waited 0.000s {{(pid=95746) inner /opt/stack/data/venv/lib/python3.12/site-packages/oslo_concurrency/lockutils.py:525}}
Jul 20 09:16:47.298180 np0000005483 nova-conductor[95746]: DEBUG oslo_concurrency.lockutils [None req-558e2690-2656-490a-8948-a0540f9e69d3 tempest-ServerBootFromVolumeStableRescueTest-780124904 tempest-ServerBootFromVolumeStableRescueTest-780124904-project-member] Lock "5ed6962b-4be0-4ca3-944b-bee83b68714d" "released" by "nova.context.set_target_cell..get_or_set_cached_cell_and_set_connections" :: held 0.000s {{(pid=95746) inner /opt/stack/data/venv/lib/python3.12/site-packages/oslo_concurrency/lockutils.py:544}}
Jul 20 09:16:47.318367 np0000005483 nova-conductor[95731]: DEBUG nova.conductor.manager [None req-5084bc20-07f7-41da-acae-88bb26905589 tempest-DeleteServersTestJSON-617504620 tempest-DeleteServersTestJSON-617504620-project-member] Took 0.56 seconds to select destinations for 1 instance(s). {{(pid=95731) _schedule_instances /opt/stack/nova/nova/conductor/manager.py:968}}
Jul 20 09:16:47.337670 np0000005483 nova-conductor[95746]: DEBUG oslo_concurrency.lockutils [None req-558e2690-2656-490a-8948-a0540f9e69d3 tempest-ServerBootFromVolumeStableRescueTest-780124904 tempest-ServerBootFromVolumeStableRescueTest-780124904-project-member] Acquiring lock "5ed6962b-4be0-4ca3-944b-bee83b68714d" by "nova.context.set_target_cell..get_or_set_cached_cell_and_set_connections" {{(pid=95746) inner /opt/stack/data/venv/lib/python3.12/site-packages/oslo_concurrency/lockutils.py:512}}
Jul 20 09:16:47.337670 np0000005483 nova-conductor[95746]: DEBUG oslo_concurrency.lockutils [None req-558e2690-2656-490a-8948-a0540f9e69d3 tempest-ServerBootFromVolumeStableRescueTest-780124904 tempest-ServerBootFromVolumeStableRescueTest-780124904-project-member] Lock "5ed6962b-4be0-4ca3-944b-bee83b68714d" acquired by "nova.context.set_target_cell..get_or_set_cached_cell_and_set_connections" :: waited 0.001s {{(pid=95746) inner /opt/stack/data/venv/lib/python3.12/site-packages/oslo_concurrency/lockutils.py:525}}
Jul 20 09:16:47.337670 np0000005483 nova-conductor[95746]: DEBUG oslo_concurrency.lockutils [None req-558e2690-2656-490a-8948-a0540f9e69d3 tempest-ServerBootFromVolumeStableRescueTest-780124904 tempest-ServerBootFromVolumeStableRescueTest-780124904-project-member] Lock "5ed6962b-4be0-4ca3-944b-bee83b68714d" "released" by "nova.context.set_target_cell..get_or_set_cached_cell_and_set_connections" :: held 0.000s {{(pid=95746) inner /opt/stack/data/venv/lib/python3.12/site-packages/oslo_concurrency/lockutils.py:544}}
Jul 20 09:16:47.337670 np0000005483 nova-conductor[95746]: DEBUG oslo_concurrency.lockutils [None req-558e2690-2656-490a-8948-a0540f9e69d3 tempest-ServerBootFromVolumeStableRescueTest-780124904 tempest-ServerBootFromVolumeStableRescueTest-780124904-project-member] Acquiring lock "compute-rpcapi-router" {{(pid=95746) lock /opt/stack/data/venv/lib/python3.12/site-packages/oslo_concurrency/lockutils.py:396}}
Jul 20 09:16:47.337935 np0000005483 nova-conductor[95746]: DEBUG oslo_concurrency.lockutils [None req-558e2690-2656-490a-8948-a0540f9e69d3 tempest-ServerBootFromVolumeStableRescueTest-780124904 tempest-ServerBootFromVolumeStableRescueTest-780124904-project-member] Acquired lock "compute-rpcapi-router" {{(pid=95746) lock /opt/stack/data/venv/lib/python3.12/site-packages/oslo_concurrency/lockutils.py:399}}
Jul 20 09:16:47.337935 np0000005483 nova-conductor[95746]: DEBUG oslo_concurrency.lockutils [None req-48ad241f-afb8-4c0f-a0a4-54012c519e25 None None] Acquiring lock "00000000-0000-0000-0000-000000000000" by "nova.context.set_target_cell..get_or_set_cached_cell_and_set_connections" {{(pid=95746) inner /opt/stack/data/venv/lib/python3.12/site-packages/oslo_concurrency/lockutils.py:512}}
Jul 20 09:16:47.337935 np0000005483 nova-conductor[95746]: DEBUG oslo_concurrency.lockutils [None req-48ad241f-afb8-4c0f-a0a4-54012c519e25 None None] Lock "00000000-0000-0000-0000-000000000000" acquired by "nova.context.set_target_cell..get_or_set_cached_cell_and_set_connections" :: waited 0.000s {{(pid=95746) inner /opt/stack/data/venv/lib/python3.12/site-packages/oslo_concurrency/lockutils.py:525}}
Jul 20 09:16:47.337935 np0000005483 nova-conductor[95746]: DEBUG oslo_concurrency.lockutils [None req-48ad241f-afb8-4c0f-a0a4-54012c519e25 None None] Lock "00000000-0000-0000-0000-000000000000" "released" by "nova.context.set_target_cell..get_or_set_cached_cell_and_set_connections" :: held 0.000s {{(pid=95746) inner /opt/stack/data/venv/lib/python3.12/site-packages/oslo_concurrency/lockutils.py:544}}
Jul 20 09:16:47.337935 np0000005483 nova-conductor[95746]: DEBUG oslo_concurrency.lockutils [None req-48ad241f-afb8-4c0f-a0a4-54012c519e25 None None] Acquiring lock "5ed6962b-4be0-4ca3-944b-bee83b68714d" by "nova.context.set_target_cell..get_or_set_cached_cell_and_set_connections" {{(pid=95746) inner /opt/stack/data/venv/lib/python3.12/site-packages/oslo_concurrency/lockutils.py:512}}
Jul 20 09:16:47.338113 np0000005483 nova-conductor[95746]: DEBUG oslo_concurrency.lockutils [None req-48ad241f-afb8-4c0f-a0a4-54012c519e25 None None] Lock "5ed6962b-4be0-4ca3-944b-bee83b68714d" acquired by "nova.context.set_target_cell..get_or_set_cached_cell_and_set_connections" :: waited 0.000s {{(pid=95746) inner /opt/stack/data/venv/lib/python3.12/site-packages/oslo_concurrency/lockutils.py:525}}
Jul 20 09:16:47.338113 np0000005483 nova-conductor[95746]: DEBUG oslo_concurrency.lockutils [None req-48ad241f-afb8-4c0f-a0a4-54012c519e25 None None] Lock "5ed6962b-4be0-4ca3-944b-bee83b68714d" "released" by "nova.context.set_target_cell..get_or_set_cached_cell_and_set_connections" :: held 0.000s {{(pid=95746) inner /opt/stack/data/venv/lib/python3.12/site-packages/oslo_concurrency/lockutils.py:544}}
Jul 20 09:16:47.347804 np0000005483 nova-conductor[95746]: INFO nova.compute.rpcapi [None req-48ad241f-afb8-4c0f-a0a4-54012c519e25 None None] Automatically selected compute RPC version 6.5 from minimum service version 72
Jul 20 09:16:47.348193 np0000005483 nova-conductor[95746]: DEBUG oslo_concurrency.lockutils [None req-48ad241f-afb8-4c0f-a0a4-54012c519e25 None None] Releasing lock "compute-rpcapi-router" {{(pid=95746) lock /opt/stack/data/venv/lib/python3.12/site-packages/oslo_concurrency/lockutils.py:419}}
Jul 20 09:16:47.360396 np0000005483 nova-conductor[95731]: DEBUG oslo_concurrency.lockutils [None req-5084bc20-07f7-41da-acae-88bb26905589 tempest-DeleteServersTestJSON-617504620 tempest-DeleteServersTestJSON-617504620-project-member] Acquiring lock "5ed6962b-4be0-4ca3-944b-bee83b68714d" by "nova.context.set_target_cell..get_or_set_cached_cell_and_set_connections" {{(pid=95731) inner /opt/stack/data/venv/lib/python3.12/site-packages/oslo_concurrency/lockutils.py:512}}
Jul 20 09:16:47.360795 np0000005483 nova-conductor[95731]: DEBUG oslo_concurrency.lockutils [None req-5084bc20-07f7-41da-acae-88bb26905589 tempest-DeleteServersTestJSON-617504620 tempest-DeleteServersTestJSON-617504620-project-member] Lock "5ed6962b-4be0-4ca3-944b-bee83b68714d" acquired by "nova.context.set_target_cell..get_or_set_cached_cell_and_set_connections" :: waited 0.001s {{(pid=95731) inner /opt/stack/data/venv/lib/python3.12/site-packages/oslo_concurrency/lockutils.py:525}}
Jul 20 09:16:47.363256 np0000005483 nova-conductor[95731]: DEBUG oslo_concurrency.lockutils [None req-5084bc20-07f7-41da-acae-88bb26905589 tempest-DeleteServersTestJSON-617504620 tempest-DeleteServersTestJSON-617504620-project-member] Lock "5ed6962b-4be0-4ca3-944b-bee83b68714d" "released" by "nova.context.set_target_cell..get_or_set_cached_cell_and_set_connections" :: held 0.002s {{(pid=95731) inner /opt/stack/data/venv/lib/python3.12/site-packages/oslo_concurrency/lockutils.py:544}}
Jul 20 09:16:47.366101 np0000005483 nova-conductor[95731]: INFO dbcounter [None req-5084bc20-07f7-41da-acae-88bb26905589 tempest-DeleteServersTestJSON-617504620 tempest-DeleteServersTestJSON-617504620-project-member] Registered counter for database nova_cell1
Jul 20 09:16:47.416115 np0000005483 nova-conductor[95731]: DEBUG oslo_db.sqlalchemy.engines [None req-5084bc20-07f7-41da-acae-88bb26905589 tempest-DeleteServersTestJSON-617504620 tempest-DeleteServersTestJSON-617504620-project-member] MySQL server mode set to STRICT_TRANS_TABLES,STRICT_ALL_TABLES,NO_ZERO_IN_DATE,NO_ZERO_DATE,ERROR_FOR_DIVISION_BY_ZERO,TRADITIONAL,NO_ENGINE_SUBSTITUTION {{(pid=95731) _check_effective_sql_mode /opt/stack/data/venv/lib/python3.12/site-packages/oslo_db/sqlalchemy/engines.py:325}}
Jul 20 09:16:47.422273 np0000005483 nova-conductor[95731]: DEBUG dbcounter [-] [95731] Writer thread running {{(pid=95731) stat_writer /opt/stack/data/venv/lib/python3.12/site-packages/dbcounter.py:102}}
Jul 20 09:16:47.484536 np0000005483 nova-conductor[95731]: INFO nova.utils [None req-5084bc20-07f7-41da-acae-88bb26905589 tempest-DeleteServersTestJSON-617504620 tempest-DeleteServersTestJSON-617504620-project-member] The cell worker thread pool ForkProcess-1.cell_worker is initialized
Jul 20 09:16:47.484885 np0000005483 nova-conductor[95731]: DEBUG oslo_concurrency.lockutils [None req-5084bc20-07f7-41da-acae-88bb26905589 tempest-DeleteServersTestJSON-617504620 tempest-DeleteServersTestJSON-617504620-project-member] Acquiring lock "00000000-0000-0000-0000-000000000000" by "nova.context.set_target_cell..get_or_set_cached_cell_and_set_connections" {{(pid=95731) inner /opt/stack/data/venv/lib/python3.12/site-packages/oslo_concurrency/lockutils.py:512}}
Jul 20 09:16:47.485129 np0000005483 nova-conductor[95731]: DEBUG oslo_concurrency.lockutils [None req-5084bc20-07f7-41da-acae-88bb26905589 tempest-DeleteServersTestJSON-617504620 tempest-DeleteServersTestJSON-617504620-project-member] Lock "00000000-0000-0000-0000-000000000000" acquired by "nova.context.set_target_cell..get_or_set_cached_cell_and_set_connections" :: waited 0.000s {{(pid=95731) inner /opt/stack/data/venv/lib/python3.12/site-packages/oslo_concurrency/lockutils.py:525}}
Jul 20 09:16:47.485757 np0000005483 nova-conductor[95731]: DEBUG oslo_concurrency.lockutils [None req-5084bc20-07f7-41da-acae-88bb26905589 tempest-DeleteServersTestJSON-617504620 tempest-DeleteServersTestJSON-617504620-project-member] Lock "00000000-0000-0000-0000-000000000000" "released" by "nova.context.set_target_cell..get_or_set_cached_cell_and_set_connections" :: held 0.001s {{(pid=95731) inner /opt/stack/data/venv/lib/python3.12/site-packages/oslo_concurrency/lockutils.py:544}}
Jul 20 09:16:47.486546 np0000005483 nova-conductor[95731]: DEBUG oslo_concurrency.lockutils [None req-5084bc20-07f7-41da-acae-88bb26905589 tempest-DeleteServersTestJSON-617504620 tempest-DeleteServersTestJSON-617504620-project-member] Acquiring lock "5ed6962b-4be0-4ca3-944b-bee83b68714d" by "nova.context.set_target_cell..get_or_set_cached_cell_and_set_connections" {{(pid=95731) inner /opt/stack/data/venv/lib/python3.12/site-packages/oslo_concurrency/lockutils.py:512}}
