Jul 02 15:06:34.737539 np0000004292 devstack@neutron-api.service[90461]: DEBUG neutron.plugins.ml2.ovo_rpc [None req-0be986a2-db5c-43e3-be82-4dcb58260180 None None] ML2 OVO RPC backend initialized. {{(pid=90461) __init__ /opt/stack/neutron/neutron/plugins/ml2/ovo_rpc.py:117}}
Jul 02 15:06:34.738370 np0000004292 devstack@neutron-api.service[90461]: INFO neutron.quota [None req-0be986a2-db5c-43e3-be82-4dcb58260180 None None] Loaded quota_driver: .
Jul 02 15:06:34.738533 np0000004292 devstack@neutron-api.service[90461]: INFO neutron.plugins.ml2.plugin [None req-0be986a2-db5c-43e3-be82-4dcb58260180 None None] Modular L2 Plugin initialization complete
Jul 02 15:06:34.738643 np0000004292 devstack@neutron-api.service[90461]: DEBUG neutron.manager [None req-0be986a2-db5c-43e3-be82-4dcb58260180 None None] Loading services supported by the core plugin {{(pid=90461) _load_services_from_core_plugin /opt/stack/neutron/neutron/manager.py:167}}
Jul 02 15:06:34.738908 np0000004292 devstack@neutron-api.service[90461]: INFO neutron.plugins.ml2.managers [None req-0be986a2-db5c-43e3-be82-4dcb58260180 None None] Got port-security extension from driver 'port_security'
Jul 02 15:06:34.739215 np0000004292 devstack@neutron-api.service[90461]: DEBUG neutron.manager [None req-0be986a2-db5c-43e3-be82-4dcb58260180 None None] Loading service plugins: ['ovn-router', 'auto_allocate', 'tag', 'timestamp', 'network_ip_availability', 'flavors', 'revisions'] {{(pid=90461) _load_service_plugins /opt/stack/neutron/neutron/manager.py:192}}
Jul 02 15:06:34.739253 np0000004292 devstack@neutron-api.service[90461]: INFO neutron.manager [None req-0be986a2-db5c-43e3-be82-4dcb58260180 None None] Loading Plugin: ovn-router
Jul 02 15:06:34.740223 np0000004292 devstack@neutron-api.service[90462]: DEBUG neutron_lib.callbacks.manager [None req-aa25d211-e0df-4f27-b089-d62438014314 None None] Subscribe: > router before_delete 55550000, False {{(pid=90462) subscribe /opt/stack/data/venv/lib/python3.12/site-packages/neutron_lib/callbacks/manager.py:52}}
Jul 02 15:06:34.740425 np0000004292 devstack@neutron-api.service[90462]: DEBUG neutron_lib.callbacks.manager [None req-aa25d211-e0df-4f27-b089-d62438014314 None None] Subscribe: port before_update 55550000, False {{(pid=90462) subscribe /opt/stack/data/venv/lib/python3.12/site-packages/neutron_lib/callbacks/manager.py:52}}
Jul 02 15:06:34.740572 np0000004292 devstack@neutron-api.service[90462]: DEBUG neutron_lib.callbacks.manager [None req-aa25d211-e0df-4f27-b089-d62438014314 None None] Subscribe: port after_update 55550000, False {{(pid=90462) subscribe /opt/stack/data/venv/lib/python3.12/site-packages/neutron_lib/callbacks/manager.py:52}}
Jul 02 15:06:34.740794 np0000004292 devstack@neutron-api.service[90462]: DEBUG neutron_lib.callbacks.manager [None req-aa25d211-e0df-4f27-b089-d62438014314 None None] Subscribe: > port precommit_delete 55550000, False {{(pid=90462) subscribe /opt/stack/data/venv/lib/python3.12/site-packages/neutron_lib/callbacks/manager.py:52}}
Jul 02 15:06:34.740932 np0000004292 devstack@neutron-api.service[90462]: DEBUG neutron_lib.callbacks.manager [None req-aa25d211-e0df-4f27-b089-d62438014314 None None] Subscribe: port before_update 55550000, False {{(pid=90462) subscribe /opt/stack/data/venv/lib/python3.12/site-packages/neutron_lib/callbacks/manager.py:52}}
Jul 02 15:06:34.741069 np0000004292 devstack@neutron-api.service[90462]: DEBUG neutron_lib.callbacks.manager [None req-aa25d211-e0df-4f27-b089-d62438014314 None None] Subscribe: port before_delete 55550000, False {{(pid=90462) subscribe /opt/stack/data/venv/lib/python3.12/site-packages/neutron_lib/callbacks/manager.py:52}}
Jul 02 15:06:34.741191 np0000004292 devstack@neutron-api.service[90462]: DEBUG neutron_lib.callbacks.manager [None req-aa25d211-e0df-4f27-b089-d62438014314 None None] Subscribe: > router precommit_create 55550000, False {{(pid=90462) subscribe /opt/stack/data/venv/lib/python3.12/site-packages/neutron_lib/callbacks/manager.py:52}}
Jul 02 15:06:34.741297 np0000004292 devstack@neutron-api.service[90462]: DEBUG neutron_lib.callbacks.manager [None req-aa25d211-e0df-4f27-b089-d62438014314 None None] Subscribe: > router precommit_create 55550000, False {{(pid=90462) subscribe /opt/stack/data/venv/lib/python3.12/site-packages/neutron_lib/callbacks/manager.py:52}}
Jul 02 15:06:34.741422 np0000004292 devstack@neutron-api.service[90462]: DEBUG neutron_lib.callbacks.manager [None req-aa25d211-e0df-4f27-b089-d62438014314 None None] Subscribe: > router precommit_update 55550000, False {{(pid=90462) subscribe /opt/stack/data/venv/lib/python3.12/site-packages/neutron_lib/callbacks/manager.py:52}}
Jul 02 15:06:34.741544 np0000004292 devstack@neutron-api.service[90462]: DEBUG neutron_lib.callbacks.manager [None req-aa25d211-e0df-4f27-b089-d62438014314 None None] Subscribe: subnet after_update 55550000, False {{(pid=90462) subscribe /opt/stack/data/venv/lib/python3.12/site-packages/neutron_lib/callbacks/manager.py:52}}
Jul 02 15:06:34.741772 np0000004292 devstack@neutron-api.service[90462]: DEBUG neutron.quota.resource_registry [None req-aa25d211-e0df-4f27-b089-d62438014314 None None] Tracking information for resource: router configured {{(pid=90462) set_tracked_resource /opt/stack/neutron/neutron/quota/resource_registry.py:203}}
Jul 02 15:06:34.741886 np0000004292 devstack@neutron-api.service[90462]: DEBUG neutron.quota.resource_registry [None req-aa25d211-e0df-4f27-b089-d62438014314 None None] Tracking information for resource: floatingip configured {{(pid=90462) set_tracked_resource /opt/stack/neutron/neutron/quota/resource_registry.py:203}}
Jul 02 15:06:34.742019 np0000004292 devstack@neutron-api.service[90462]: INFO neutron.services.ovn_l3.plugin [None req-aa25d211-e0df-4f27-b089-d62438014314 None None] Starting OVNL3RouterPlugin
Jul 02 15:06:34.742281 np0000004292 devstack@neutron-api.service[90462]: DEBUG neutron_lib.callbacks.manager [None req-aa25d211-e0df-4f27-b089-d62438014314 None None] Subscribe: > port_forwarding_plugin after_init 55550000, False {{(pid=90462) subscribe /opt/stack/data/venv/lib/python3.12/site-packages/neutron_lib/callbacks/manager.py:52}}
Jul 02 15:06:34.742516 np0000004292 devstack@neutron-api.service[90462]: DEBUG neutron_lib.callbacks.manager [None req-aa25d211-e0df-4f27-b089-d62438014314 None None] Subscribe: > router before_create 55550100, False {{(pid=90462) subscribe /opt/stack/data/venv/lib/python3.12/site-packages/neutron_lib/callbacks/manager.py:52}}
Jul 02 15:06:34.742620 np0000004292 devstack@neutron-api.service[90462]: DEBUG neutron_lib.callbacks.manager [None req-aa25d211-e0df-4f27-b089-d62438014314 None None] Subscribe: > router precommit_delete 55550100, False {{(pid=90462) subscribe /opt/stack/data/venv/lib/python3.12/site-packages/neutron_lib/callbacks/manager.py:52}}
Jul 02 15:06:34.742737 np0000004292 devstack@neutron-api.service[90462]: DEBUG neutron_lib.callbacks.manager [None req-aa25d211-e0df-4f27-b089-d62438014314 None None] Subscribe: > router precommit_create 55550100, False {{(pid=90462) subscribe /opt/stack/data/venv/lib/python3.12/site-packages/neutron_lib/callbacks/manager.py:52}}
Jul 02 15:06:34.742828 np0000004292 devstack@neutron-api.service[90462]: DEBUG neutron_lib.callbacks.manager [None req-aa25d211-e0df-4f27-b089-d62438014314 None None] Subscribe: > router precommit_update 55550100, False {{(pid=90462) subscribe /opt/stack/data/venv/lib/python3.12/site-packages/neutron_lib/callbacks/manager.py:52}}
Jul 02 15:06:34.746253 np0000004292 devstack@neutron-api.service[90462]: DEBUG neutron.services.provider_configuration [None req-aa25d211-e0df-4f27-b089-d62438014314 None None] Service providers = [] {{(pid=90462) parse_service_provider_opt /opt/stack/neutron/neutron/services/provider_configuration.py:170}}
Jul 02 15:06:34.746438 np0000004292 devstack@neutron-api.service[90462]: DEBUG neutron.db.servicetype_db [None req-aa25d211-e0df-4f27-b089-d62438014314 None None] Adding provider configuration for service L3_ROUTER_NAT {{(pid=90462) add_provider_configuration /opt/stack/neutron/neutron/db/servicetype_db.py:45}}
Jul 02 15:06:34.748010 np0000004292 devstack@neutron-api.service[90462]: DEBUG neutron_lib.callbacks.manager [None req-aa25d211-e0df-4f27-b089-d62438014314 None None] Subscribe: > router precommit_create 55549900, False {{(pid=90462) subscribe /opt/stack/data/venv/lib/python3.12/site-packages/neutron_lib/callbacks/manager.py:52}}
Jul 02 15:06:34.748245 np0000004292 devstack@neutron-api.service[90462]: DEBUG neutron_lib.callbacks.manager [None req-aa25d211-e0df-4f27-b089-d62438014314 None None] Subscribe: > router_interface after_create 55550000, False {{(pid=90462) subscribe /opt/stack/data/venv/lib/python3.12/site-packages/neutron_lib/callbacks/manager.py:52}}
Jul 02 15:06:34.748245 np0000004292 devstack@neutron-api.service[90462]: DEBUG neutron_lib.callbacks.manager [None req-aa25d211-e0df-4f27-b089-d62438014314 None None] Subscribe: > floatingip after_create 55550000, False {{(pid=90462) subscribe /opt/stack/data/venv/lib/python3.12/site-packages/neutron_lib/callbacks/manager.py:52}}
Jul 02 15:06:34.748459 np0000004292 devstack@neutron-api.service[90462]: DEBUG neutron_lib.callbacks.manager [None req-aa25d211-e0df-4f27-b089-d62438014314 None None] Subscribe: > floatingip precommit_create 55550000, False {{(pid=90462) subscribe /opt/stack/data/venv/lib/python3.12/site-packages/neutron_lib/callbacks/manager.py:52}}
Jul 02 15:06:34.748459 np0000004292 devstack@neutron-api.service[90462]: DEBUG neutron_lib.callbacks.manager [None req-aa25d211-e0df-4f27-b089-d62438014314 None None] Subscribe: > floatingip precommit_update 55550000, False {{(pid=90462) subscribe /opt/stack/data/venv/lib/python3.12/site-packages/neutron_lib/callbacks/manager.py:52}}
Jul 02 15:06:34.748740 np0000004292 devstack@neutron-api.service[90462]: DEBUG neutron_lib.callbacks.manager [None req-aa25d211-e0df-4f27-b089-d62438014314 None None] Subscribe: > floatingip after_delete 55550000, False {{(pid=90462) subscribe /opt/stack/data/venv/lib/python3.12/site-packages/neutron_lib/callbacks/manager.py:52}}
Jul 02 15:06:34.748740 np0000004292 devstack@neutron-api.service[90462]: DEBUG neutron_lib.callbacks.manager [None req-aa25d211-e0df-4f27-b089-d62438014314 None None] Subscribe: > floatingip after_status_update 55550000, False {{(pid=90462) subscribe /opt/stack/data/venv/lib/python3.12/site-packages/neutron_lib/callbacks/manager.py:52}}
Jul 02 15:06:34.748740 np0000004292 devstack@neutron-api.service[90462]: DEBUG neutron_lib.callbacks.manager [None req-aa25d211-e0df-4f27-b089-d62438014314 None None] Subscribe: > floatingip after_update 55550000, False {{(pid=90462) subscribe /opt/stack/data/venv/lib/python3.12/site-packages/neutron_lib/callbacks/manager.py:52}}
Jul 02 15:06:34.749087 np0000004292 devstack@neutron-api.service[90462]: DEBUG neutron_lib.callbacks.manager [None req-aa25d211-e0df-4f27-b089-d62438014314 None None] Subscribe: > port_forwarding after_create 55550000, False {{(pid=90462) subscribe /opt/stack/data/venv/lib/python3.12/site-packages/neutron_lib/callbacks/manager.py:52}}
Jul 02 15:06:34.749087 np0000004292 devstack@neutron-api.service[90462]: DEBUG neutron_lib.callbacks.manager [None req-aa25d211-e0df-4f27-b089-d62438014314 None None] Subscribe: > router_interface after_delete 55550000, False {{(pid=90462) subscribe /opt/stack/data/venv/lib/python3.12/site-packages/neutron_lib/callbacks/manager.py:52}}
Jul 02 15:06:34.749087 np0000004292 devstack@neutron-api.service[90462]: DEBUG neutron_lib.callbacks.manager [None req-aa25d211-e0df-4f27-b089-d62438014314 None None] Subscribe: > router after_create 55550000, False {{(pid=90462) subscribe /opt/stack/data/venv/lib/python3.12/site-packages/neutron_lib/callbacks/manager.py:52}}
Jul 02 15:06:34.749489 np0000004292 devstack@neutron-api.service[90462]: DEBUG neutron_lib.callbacks.manager [None req-aa25d211-e0df-4f27-b089-d62438014314 None None] Subscribe: > router precommit_create 55550000, False {{(pid=90462) subscribe /opt/stack/data/venv/lib/python3.12/site-packages/neutron_lib/callbacks/manager.py:52}}
Jul 02 15:06:34.749489 np0000004292 devstack@neutron-api.service[90462]: DEBUG neutron_lib.callbacks.manager [None req-aa25d211-e0df-4f27-b089-d62438014314 None None] Subscribe: > router after_delete 55550000, False {{(pid=90462) subscribe /opt/stack/data/venv/lib/python3.12/site-packages/neutron_lib/callbacks/manager.py:52}}
Jul 02 15:06:34.749489 np0000004292 devstack@neutron-api.service[90462]: DEBUG neutron_lib.callbacks.manager [None req-aa25d211-e0df-4f27-b089-d62438014314 None None] Subscribe: > router after_update 55550000, False {{(pid=90462) subscribe /opt/stack/data/venv/lib/python3.12/site-packages/neutron_lib/callbacks/manager.py:52}}
Jul 02 15:06:34.749489 np0000004292 devstack@neutron-api.service[90462]: DEBUG neutron.services.service_base [None req-aa25d211-e0df-4f27-b089-d62438014314 None None] Loaded 'neutron.services.ovn_l3.service_providers.ovn.OvnDriver' provider for service L3_ROUTER_NAT {{(pid=90462) load_drivers /opt/stack/neutron/neutron/services/service_base.py:49}}
Jul 02 15:06:34.749794 np0000004292 devstack@neutron-api.service[90462]: DEBUG neutron_lib.callbacks.manager [None req-aa25d211-e0df-4f27-b089-d62438014314 None None] Subscribe: > process after_init 55550001, True {{(pid=90462) subscribe /opt/stack/data/venv/lib/python3.12/site-packages/neutron_lib/callbacks/manager.py:52}}
Jul 02 15:06:34.749794 np0000004292 devstack@neutron-api.service[90462]: DEBUG neutron.manager [None req-aa25d211-e0df-4f27-b089-d62438014314 None None] Successfully loaded L3_ROUTER_NAT plugin. Description: L3 Router Service Plugin for basic L3 forwarding using OVN {{(pid=90462) _create_and_add_service_plugin /opt/stack/neutron/neutron/manager.py:236}}
Jul 02 15:06:34.749794 np0000004292 devstack@neutron-api.service[90462]: INFO neutron.manager [None req-aa25d211-e0df-4f27-b089-d62438014314 None None] Loading Plugin: auto_allocate
Jul 02 15:06:34.750843 np0000004292 devstack@neutron-api.service[90461]: DEBUG neutron_lib.callbacks.manager [None req-0be986a2-db5c-43e3-be82-4dcb58260180 None None] Subscribe: > router before_delete 55550000, False {{(pid=90461) subscribe /opt/stack/data/venv/lib/python3.12/site-packages/neutron_lib/callbacks/manager.py:52}}
Jul 02 15:06:34.750951 np0000004292 devstack@neutron-api.service[90462]: DEBUG neutron_lib.callbacks.manager [None req-aa25d211-e0df-4f27-b089-d62438014314 None None] Subscribe: network precommit_update 55550000, False {{(pid=90462) subscribe /opt/stack/data/venv/lib/python3.12/site-packages/neutron_lib/callbacks/manager.py:52}}
Jul 02 15:06:34.750951 np0000004292 devstack@neutron-api.service[90462]: DEBUG neutron_lib.callbacks.manager [None req-aa25d211-e0df-4f27-b089-d62438014314 None None] Subscribe: network precommit_create 55550000, False {{(pid=90462) subscribe /opt/stack/data/venv/lib/python3.12/site-packages/neutron_lib/callbacks/manager.py:52}}
Jul 02 15:06:34.751079 np0000004292 devstack@neutron-api.service[90461]: DEBUG neutron_lib.callbacks.manager [None req-0be986a2-db5c-43e3-be82-4dcb58260180 None None] Subscribe: port before_update 55550000, False {{(pid=90461) subscribe /opt/stack/data/venv/lib/python3.12/site-packages/neutron_lib/callbacks/manager.py:52}}
Jul 02 15:06:34.751222 np0000004292 devstack@neutron-api.service[90461]: DEBUG neutron_lib.callbacks.manager [None req-0be986a2-db5c-43e3-be82-4dcb58260180 None None] Subscribe: port after_update 55550000, False {{(pid=90461) subscribe /opt/stack/data/venv/lib/python3.12/site-packages/neutron_lib/callbacks/manager.py:52}}
Jul 02 15:06:34.751378 np0000004292 devstack@neutron-api.service[90462]: DEBUG neutron.manager [None req-aa25d211-e0df-4f27-b089-d62438014314 None None] Successfully loaded auto-allocated-topology plugin. Description: Auto Allocated Topology - aka get me a network. {{(pid=90462) _create_and_add_service_plugin /opt/stack/neutron/neutron/manager.py:236}}
Jul 02 15:06:34.751575 np0000004292 devstack@neutron-api.service[90461]: DEBUG neutron_lib.callbacks.manager [None req-0be986a2-db5c-43e3-be82-4dcb58260180 None None] Subscribe: > port precommit_delete 55550000, False {{(pid=90461) subscribe /opt/stack/data/venv/lib/python3.12/site-packages/neutron_lib/callbacks/manager.py:52}}
Jul 02 15:06:34.751764 np0000004292 devstack@neutron-api.service[90462]: INFO neutron.manager [None req-aa25d211-e0df-4f27-b089-d62438014314 None None] Loading Plugin: tag
Jul 02 15:06:34.751917 np0000004292 devstack@neutron-api.service[90461]: DEBUG neutron_lib.callbacks.manager [None req-0be986a2-db5c-43e3-be82-4dcb58260180 None None] Subscribe: port before_update 55550000, False {{(pid=90461) subscribe /opt/stack/data/venv/lib/python3.12/site-packages/neutron_lib/callbacks/manager.py:52}}
Jul 02 15:06:34.751917 np0000004292 devstack@neutron-api.service[90461]: DEBUG neutron_lib.callbacks.manager [None req-0be986a2-db5c-43e3-be82-4dcb58260180 None None] Subscribe: port before_delete 55550000, False {{(pid=90461) subscribe /opt/stack/data/venv/lib/python3.12/site-packages/neutron_lib/callbacks/manager.py:52}}
Jul 02 15:06:34.751917 np0000004292 devstack@neutron-api.service[90461]: DEBUG neutron_lib.callbacks.manager [None req-0be986a2-db5c-43e3-be82-4dcb58260180 None None] Subscribe: > router precommit_create 55550000, False {{(pid=90461) subscribe /opt/stack/data/venv/lib/python3.12/site-packages/neutron_lib/callbacks/manager.py:52}}
Jul 02 15:06:34.751917 np0000004292 devstack@neutron-api.service[90461]: DEBUG neutron_lib.callbacks.manager [None req-0be986a2-db5c-43e3-be82-4dcb58260180 None None] Subscribe: > router precommit_create 55550000, False {{(pid=90461) subscribe /opt/stack/data/venv/lib/python3.12/site-packages/neutron_lib/callbacks/manager.py:52}}
Jul 02 15:06:34.752053 np0000004292 devstack@neutron-api.service[90461]: DEBUG neutron_lib.callbacks.manager [None req-0be986a2-db5c-43e3-be82-4dcb58260180 None None] Subscribe: > router precommit_update 55550000, False {{(pid=90461) subscribe /opt/stack/data/venv/lib/python3.12/site-packages/neutron_lib/callbacks/manager.py:52}}
Jul 02 15:06:34.752053 np0000004292 devstack@neutron-api.service[90461]: DEBUG neutron_lib.callbacks.manager [None req-0be986a2-db5c-43e3-be82-4dcb58260180 None None] Subscribe: subnet after_update 55550000, False {{(pid=90461) subscribe /opt/stack/data/venv/lib/python3.12/site-packages/neutron_lib/callbacks/manager.py:52}}
Jul 02 15:06:34.752053 np0000004292 devstack@neutron-api.service[90461]: DEBUG neutron.quota.resource_registry [None req-0be986a2-db5c-43e3-be82-4dcb58260180 None None] Tracking information for resource: router configured {{(pid=90461) set_tracked_resource /opt/stack/neutron/neutron/quota/resource_registry.py:203}}
Jul 02 15:06:34.752053 np0000004292 devstack@neutron-api.service[90461]: DEBUG neutron.quota.resource_registry [None req-0be986a2-db5c-43e3-be82-4dcb58260180 None None] Tracking information for resource: floatingip configured {{(pid=90461) set_tracked_resource /opt/stack/neutron/neutron/quota/resource_registry.py:203}}
Jul 02 15:06:34.752323 np0000004292 devstack@neutron-api.service[90461]: INFO neutron.services.ovn_l3.plugin [None req-0be986a2-db5c-43e3-be82-4dcb58260180 None None] Starting OVNL3RouterPlugin
Jul 02 15:06:34.752494 np0000004292 devstack@neutron-api.service[90461]: DEBUG neutron_lib.callbacks.manager [None req-0be986a2-db5c-43e3-be82-4dcb58260180 None None] Subscribe: > port_forwarding_plugin after_init 55550000, False {{(pid=90461) subscribe /opt/stack/data/venv/lib/python3.12/site-packages/neutron_lib/callbacks/manager.py:52}}
Jul 02 15:06:34.752814 np0000004292 devstack@neutron-api.service[90461]: DEBUG neutron_lib.callbacks.manager [None req-0be986a2-db5c-43e3-be82-4dcb58260180 None None] Subscribe: > router before_create 55550100, False {{(pid=90461) subscribe /opt/stack/data/venv/lib/python3.12/site-packages/neutron_lib/callbacks/manager.py:52}}
Jul 02 15:06:34.752814 np0000004292 devstack@neutron-api.service[90461]: DEBUG neutron_lib.callbacks.manager [None req-0be986a2-db5c-43e3-be82-4dcb58260180 None None] Subscribe: > router precommit_delete 55550100, False {{(pid=90461) subscribe /opt/stack/data/venv/lib/python3.12/site-packages/neutron_lib/callbacks/manager.py:52}}
Jul 02 15:06:34.752814 np0000004292 devstack@neutron-api.service[90461]: DEBUG neutron_lib.callbacks.manager [None req-0be986a2-db5c-43e3-be82-4dcb58260180 None None] Subscribe: > router precommit_create 55550100, False {{(pid=90461) subscribe /opt/stack/data/venv/lib/python3.12/site-packages/neutron_lib/callbacks/manager.py:52}}
Jul 02 15:06:34.753065 np0000004292 devstack@neutron-api.service[90461]: DEBUG neutron_lib.callbacks.manager [None req-0be986a2-db5c-43e3-be82-4dcb58260180 None None] Subscribe: > router precommit_update 55550100, False {{(pid=90461) subscribe /opt/stack/data/venv/lib/python3.12/site-packages/neutron_lib/callbacks/manager.py:52}}
Jul 02 15:06:34.754135 np0000004292 devstack@neutron-api.service[90462]: DEBUG neutron.manager [None req-aa25d211-e0df-4f27-b089-d62438014314 None None] Successfully loaded TAG plugin. Description: Tag support {{(pid=90462) _create_and_add_service_plugin /opt/stack/neutron/neutron/manager.py:236}}
Jul 02 15:06:34.754308 np0000004292 devstack@neutron-api.service[90462]: INFO neutron.manager [None req-aa25d211-e0df-4f27-b089-d62438014314 None None] Loading Plugin: timestamp
Jul 02 15:06:34.755482 np0000004292 devstack@neutron-api.service[90462]: DEBUG neutron.manager [None req-aa25d211-e0df-4f27-b089-d62438014314 None None] Successfully loaded timestamp plugin. Description: Adds timestamps to Neutron resources with standard attributes {{(pid=90462) _create_and_add_service_plugin /opt/stack/neutron/neutron/manager.py:236}}
Jul 02 15:06:34.755648 np0000004292 devstack@neutron-api.service[90462]: INFO neutron.manager [None req-aa25d211-e0df-4f27-b089-d62438014314 None None] Loading Plugin: network_ip_availability
Jul 02 15:06:34.755819 np0000004292 devstack@neutron-api.service[90461]: DEBUG neutron.services.provider_configuration [None req-0be986a2-db5c-43e3-be82-4dcb58260180 None None] Service providers = [] {{(pid=90461) parse_service_provider_opt /opt/stack/neutron/neutron/services/provider_configuration.py:170}}
Jul 02 15:06:34.755977 np0000004292 devstack@neutron-api.service[90461]: DEBUG neutron.db.servicetype_db [None req-0be986a2-db5c-43e3-be82-4dcb58260180 None None] Adding provider configuration for service L3_ROUTER_NAT {{(pid=90461) add_provider_configuration /opt/stack/neutron/neutron/db/servicetype_db.py:45}}
Jul 02 15:06:34.757214 np0000004292 devstack@neutron-api.service[90461]: DEBUG neutron_lib.callbacks.manager [None req-0be986a2-db5c-43e3-be82-4dcb58260180 None None] Subscribe: > router precommit_create 55549900, False {{(pid=90461) subscribe /opt/stack/data/venv/lib/python3.12/site-packages/neutron_lib/callbacks/manager.py:52}}
Jul 02 15:06:34.757343 np0000004292 devstack@neutron-api.service[90462]: DEBUG neutron.manager [None req-aa25d211-e0df-4f27-b089-d62438014314 None None] Successfully loaded network-ip-availability plugin. Description: Provides IP availability data for each network and subnet. {{(pid=90462) _create_and_add_service_plugin /opt/stack/neutron/neutron/manager.py:236}}
Jul 02 15:06:34.757515 np0000004292 devstack@neutron-api.service[90461]: DEBUG neutron_lib.callbacks.manager [None req-0be986a2-db5c-43e3-be82-4dcb58260180 None None] Subscribe: > router_interface after_create 55550000, False {{(pid=90461) subscribe /opt/stack/data/venv/lib/python3.12/site-packages/neutron_lib/callbacks/manager.py:52}}
Jul 02 15:06:34.757735 np0000004292 devstack@neutron-api.service[90462]: INFO neutron.manager [None req-aa25d211-e0df-4f27-b089-d62438014314 None None] Loading Plugin: flavors
Jul 02 15:06:34.757935 np0000004292 devstack@neutron-api.service[90461]: DEBUG neutron_lib.callbacks.manager [None req-0be986a2-db5c-43e3-be82-4dcb58260180 None None] Subscribe: > floatingip after_create 55550000, False {{(pid=90461) subscribe /opt/stack/data/venv/lib/python3.12/site-packages/neutron_lib/callbacks/manager.py:52}}
Jul 02 15:06:34.757935 np0000004292 devstack@neutron-api.service[90461]: DEBUG neutron_lib.callbacks.manager [None req-0be986a2-db5c-43e3-be82-4dcb58260180 None None] Subscribe: > floatingip precommit_create 55550000, False {{(pid=90461) subscribe /opt/stack/data/venv/lib/python3.12/site-packages/neutron_lib/callbacks/manager.py:52}}
Jul 02 15:06:34.757935 np0000004292 devstack@neutron-api.service[90461]: DEBUG neutron_lib.callbacks.manager [None req-0be986a2-db5c-43e3-be82-4dcb58260180 None None] Subscribe: > floatingip precommit_update 55550000, False {{(pid=90461) subscribe /opt/stack/data/venv/lib/python3.12/site-packages/neutron_lib/callbacks/manager.py:52}}
Jul 02 15:06:34.757935 np0000004292 devstack@neutron-api.service[90461]: DEBUG neutron_lib.callbacks.manager [None req-0be986a2-db5c-43e3-be82-4dcb58260180 None None] Subscribe: > floatingip after_delete 55550000, False {{(pid=90461) subscribe /opt/stack/data/venv/lib/python3.12/site-packages/neutron_lib/callbacks/manager.py:52}}
Jul 02 15:06:34.758334 np0000004292 devstack@neutron-api.service[90461]: DEBUG neutron_lib.callbacks.manager [None req-0be986a2-db5c-43e3-be82-4dcb58260180 None None] Subscribe: > floatingip after_status_update 55550000, False {{(pid=90461) subscribe /opt/stack/data/venv/lib/python3.12/site-packages/neutron_lib/callbacks/manager.py:52}}
Jul 02 15:06:34.758334 np0000004292 devstack@neutron-api.service[90461]: DEBUG neutron_lib.callbacks.manager [None req-0be986a2-db5c-43e3-be82-4dcb58260180 None None] Subscribe: > floatingip after_update 55550000, False {{(pid=90461) subscribe /opt/stack/data/venv/lib/python3.12/site-packages/neutron_lib/callbacks/manager.py:52}}
Jul 02 15:06:34.758334 np0000004292 devstack@neutron-api.service[90461]: DEBUG neutron_lib.callbacks.manager [None req-0be986a2-db5c-43e3-be82-4dcb58260180 None None] Subscribe: > port_forwarding after_create 55550000, False {{(pid=90461) subscribe /opt/stack/data/venv/lib/python3.12/site-packages/neutron_lib/callbacks/manager.py:52}}
Jul 02 15:06:34.758334 np0000004292 devstack@neutron-api.service[90461]: DEBUG neutron_lib.callbacks.manager [None req-0be986a2-db5c-43e3-be82-4dcb58260180 None None] Subscribe: > router_interface after_delete 55550000, False {{(pid=90461) subscribe /opt/stack/data/venv/lib/python3.12/site-packages/neutron_lib/callbacks/manager.py:52}}
Jul 02 15:06:34.758734 np0000004292 devstack@neutron-api.service[90462]: DEBUG neutron.manager [None req-aa25d211-e0df-4f27-b089-d62438014314 None None] Successfully loaded FLAVORS plugin. Description: Neutron Flavors and Service Profiles manager plugin {{(pid=90462) _create_and_add_service_plugin /opt/stack/neutron/neutron/manager.py:236}}
Jul 02 15:06:34.758734 np0000004292 devstack@neutron-api.service[90462]: INFO neutron.manager [None req-aa25d211-e0df-4f27-b089-d62438014314 None None] Loading Plugin: revisions
Jul 02 15:06:34.759083 np0000004292 devstack@neutron-api.service[90461]: DEBUG neutron_lib.callbacks.manager [None req-0be986a2-db5c-43e3-be82-4dcb58260180 None None] Subscribe: > router after_create 55550000, False {{(pid=90461) subscribe /opt/stack/data/venv/lib/python3.12/site-packages/neutron_lib/callbacks/manager.py:52}}
Jul 02 15:06:34.759083 np0000004292 devstack@neutron-api.service[90461]: DEBUG neutron_lib.callbacks.manager [None req-0be986a2-db5c-43e3-be82-4dcb58260180 None None] Subscribe: > router precommit_create 55550000, False {{(pid=90461) subscribe /opt/stack/data/venv/lib/python3.12/site-packages/neutron_lib/callbacks/manager.py:52}}
Jul 02 15:06:34.759083 np0000004292 devstack@neutron-api.service[90461]: DEBUG neutron_lib.callbacks.manager [None req-0be986a2-db5c-43e3-be82-4dcb58260180 None None] Subscribe: > router after_delete 55550000, False {{(pid=90461) subscribe /opt/stack/data/venv/lib/python3.12/site-packages/neutron_lib/callbacks/manager.py:52}}
Jul 02 15:06:34.759083 np0000004292 devstack@neutron-api.service[90461]: DEBUG neutron_lib.callbacks.manager [None req-0be986a2-db5c-43e3-be82-4dcb58260180 None None] Subscribe: > router after_update 55550000, False {{(pid=90461) subscribe /opt/stack/data/venv/lib/python3.12/site-packages/neutron_lib/callbacks/manager.py:52}}
Jul 02 15:06:34.759083 np0000004292 devstack@neutron-api.service[90461]: DEBUG neutron.services.service_base [None req-0be986a2-db5c-43e3-be82-4dcb58260180 None None] Loaded 'neutron.services.ovn_l3.service_providers.ovn.OvnDriver' provider for service L3_ROUTER_NAT {{(pid=90461) load_drivers /opt/stack/neutron/neutron/services/service_base.py:49}}
Jul 02 15:06:34.759486 np0000004292 devstack@neutron-api.service[90461]: DEBUG neutron_lib.callbacks.manager [None req-0be986a2-db5c-43e3-be82-4dcb58260180 None None] Subscribe: > process after_init 55550001, True {{(pid=90461) subscribe /opt/stack/data/venv/lib/python3.12/site-packages/neutron_lib/callbacks/manager.py:52}}
Jul 02 15:06:34.759486 np0000004292 devstack@neutron-api.service[90461]: DEBUG neutron.manager [None req-0be986a2-db5c-43e3-be82-4dcb58260180 None None] Successfully loaded L3_ROUTER_NAT plugin. Description: L3 Router Service Plugin for basic L3 forwarding using OVN {{(pid=90461) _create_and_add_service_plugin /opt/stack/neutron/neutron/manager.py:236}}
Jul 02 15:06:34.759755 np0000004292 devstack@neutron-api.service[90462]: DEBUG neutron.manager [None req-aa25d211-e0df-4f27-b089-d62438014314 None None] Successfully loaded revision_plugin plugin. Description: Adds revision numbers to resources. {{(pid=90462) _create_and_add_service_plugin /opt/stack/neutron/neutron/manager.py:236}}
Jul 02 15:06:34.759955 np0000004292 devstack@neutron-api.service[90461]: INFO neutron.manager [None req-0be986a2-db5c-43e3-be82-4dcb58260180 None None] Loading Plugin: auto_allocate
Jul 02 15:06:34.760115 np0000004292 devstack@neutron-api.service[90462]: DEBUG oslo_concurrency.lockutils [None req-aa25d211-e0df-4f27-b089-d62438014314 None None] Lock "manager" "released" by "neutron.manager.NeutronManager._create_instance" :: held 5.177s {{(pid=90462) inner /opt/stack/data/venv/lib/python3.12/site-packages/oslo_concurrency/lockutils.py:543}}
Jul 02 15:06:34.760115 np0000004292 devstack@neutron-api.service[90462]: DEBUG neutron.api.extensions [None req-aa25d211-e0df-4f27-b089-d62438014314 None None] get_extension_paths = OrderedDict({'/opt/stack/neutron/neutron/extensions': 1}) {{(pid=90462) get_extensions_path /opt/stack/neutron/neutron/api/extensions.py:640}}
Jul 02 15:06:34.760115 np0000004292 devstack@neutron-api.service[90462]: INFO neutron.api.extensions [None req-aa25d211-e0df-4f27-b089-d62438014314 None None] Initializing extension manager.
Jul 02 15:06:34.760115 np0000004292 devstack@neutron-api.service[90462]: DEBUG neutron.api.extensions [None req-aa25d211-e0df-4f27-b089-d62438014314 None None] Loading extension file: __init__.py {{(pid=90462) _load_all_extensions_from_path /opt/stack/neutron/neutron/api/extensions.py:449}}
Jul 02 15:06:34.760463 np0000004292 devstack@neutron-api.service[90462]: DEBUG neutron.api.extensions [None req-aa25d211-e0df-4f27-b089-d62438014314 None None] Loading extension file: __pycache__ {{(pid=90462) _load_all_extensions_from_path /opt/stack/neutron/neutron/api/extensions.py:449}}
Jul 02 15:06:34.760463 np0000004292 devstack@neutron-api.service[90462]: DEBUG neutron.api.extensions [None req-aa25d211-e0df-4f27-b089-d62438014314 None None] Loading extension file: aap_reject_multicast.py {{(pid=90462) _load_all_extensions_from_path /opt/stack/neutron/neutron/api/extensions.py:449}}
Jul 02 15:06:34.760776 np0000004292 devstack@neutron-api.service[90462]: DEBUG neutron.api.extensions [None req-aa25d211-e0df-4f27-b089-d62438014314 None None] Ext name="Allowed address pairs reject multicast extension" alias="aap-reject-multicast" description="Reject multicast addresses in Allowed Address Pairs" updated="2026-04-01T00:00:00-00:00" {{(pid=90462) _check_extension /opt/stack/neutron/neutron/api/extensions.py:415}}
Jul 02 15:06:34.761024 np0000004292 devstack@neutron-api.service[90461]: DEBUG neutron_lib.callbacks.manager [None req-0be986a2-db5c-43e3-be82-4dcb58260180 None None] Subscribe: network precommit_update 55550000, False {{(pid=90461) subscribe /opt/stack/data/venv/lib/python3.12/site-packages/neutron_lib/callbacks/manager.py:52}}
Jul 02 15:06:34.761024 np0000004292 devstack@neutron-api.service[90461]: DEBUG neutron_lib.callbacks.manager [None req-0be986a2-db5c-43e3-be82-4dcb58260180 None None] Subscribe: network precommit_create 55550000, False {{(pid=90461) subscribe /opt/stack/data/venv/lib/python3.12/site-packages/neutron_lib/callbacks/manager.py:52}}
Jul 02 15:06:34.761375 np0000004292 devstack@neutron-api.service[90462]: INFO neutron.api.extensions [None req-aa25d211-e0df-4f27-b089-d62438014314 None None] Extension aap-reject-multicast not supported by any of loaded plugins
Jul 02 15:06:34.761648 np0000004292 devstack@neutron-api.service[90461]: DEBUG neutron.manager [None req-0be986a2-db5c-43e3-be82-4dcb58260180 None None] Successfully loaded auto-allocated-topology plugin. Description: Auto Allocated Topology - aka get me a network. {{(pid=90461) _create_and_add_service_plugin /opt/stack/neutron/neutron/manager.py:236}}
Jul 02 15:06:34.761972 np0000004292 devstack@neutron-api.service[90462]: DEBUG neutron.api.extensions [None req-aa25d211-e0df-4f27-b089-d62438014314 None None] Loading extension file: address_group.py {{(pid=90462) _load_all_extensions_from_path /opt/stack/neutron/neutron/api/extensions.py:449}}
Jul 02 15:06:34.762154 np0000004292 devstack@neutron-api.service[90461]: INFO neutron.manager [None req-0be986a2-db5c-43e3-be82-4dcb58260180 None None] Loading Plugin: tag
Jul 02 15:06:34.762266 np0000004292 devstack@neutron-api.service[90462]: DEBUG neutron.api.extensions [None req-aa25d211-e0df-4f27-b089-d62438014314 None None] Ext name="Address group" alias="address-group" description="Support address group" updated="2020-07-15T10:00:00-00:00" {{(pid=90462) _check_extension /opt/stack/neutron/neutron/api/extensions.py:415}}
Jul 02 15:06:34.762266 np0000004292 devstack@neutron-api.service[90462]: INFO neutron.api.extensions [None req-aa25d211-e0df-4f27-b089-d62438014314 None None] Loaded extension: address-group
Jul 02 15:06:34.762266 np0000004292 devstack@neutron-api.service[90462]: DEBUG neutron.api.extensions [None req-aa25d211-e0df-4f27-b089-d62438014314 None None] Loading extension file: address_scope.py {{(pid=90462) _load_all_extensions_from_path /opt/stack/neutron/neutron/api/extensions.py:449}}
Jul 02 15:06:34.762266 np0000004292 devstack@neutron-api.service[90462]: DEBUG neutron.api.extensions [None req-aa25d211-e0df-4f27-b089-d62438014314 None None] Ext name="Address scope" alias="address-scope" description="Address scopes extension." updated="2015-07-26T10:00:00-00:00" {{(pid=90462) _check_extension /opt/stack/neutron/neutron/api/extensions.py:415}}
Jul 02 15:06:34.762266 np0000004292 devstack@neutron-api.service[90462]: INFO neutron.api.extensions [None req-aa25d211-e0df-4f27-b089-d62438014314 None None] Loaded extension: address-scope
Jul 02 15:06:34.762266 np0000004292 devstack@neutron-api.service[90462]: DEBUG neutron.api.extensions [None req-aa25d211-e0df-4f27-b089-d62438014314 None None] Loading extension file: admin_state_down_before_update.py {{(pid=90462) _load_all_extensions_from_path /opt/stack/neutron/neutron/api/extensions.py:449}}
Jul 02 15:06:34.762448 np0000004292 devstack@neutron-api.service[90462]: DEBUG neutron.api.extensions [None req-aa25d211-e0df-4f27-b089-d62438014314 None None] Ext name="Enforce Router's Admin State Down Before Update Extension" alias="router-admin-state-down-before-update" description="Ensure that the admin state of a router is DOWN (admin_state_up=False) before updating the distributed attribute" updated="2019-07-02T15:56:00" {{(pid=90462) _check_extension /opt/stack/neutron/neutron/api/extensions.py:415}}
Jul 02 15:06:34.762690 np0000004292 devstack@neutron-api.service[90462]: INFO neutron.api.extensions [None req-aa25d211-e0df-4f27-b089-d62438014314 None None] Extension router-admin-state-down-before-update not supported by any of loaded plugins
Jul 02 15:06:34.762823 np0000004292 devstack@neutron-api.service[90462]: DEBUG neutron.api.extensions [None req-aa25d211-e0df-4f27-b089-d62438014314 None None] Loading extension file: agent.py {{(pid=90462) _load_all_extensions_from_path /opt/stack/neutron/neutron/api/extensions.py:449}}
Jul 02 15:06:34.763401 np0000004292 devstack@neutron-api.service[90462]: DEBUG neutron.api.extensions [None req-aa25d211-e0df-4f27-b089-d62438014314 None None] Ext name="agent" alias="agent" description="The agent management extension." updated="2013-02-03T10:00:00-00:00" {{(pid=90462) _check_extension /opt/stack/neutron/neutron/api/extensions.py:415}}
Jul 02 15:06:34.763500 np0000004292 devstack@neutron-api.service[90462]: INFO neutron.api.extensions [None req-aa25d211-e0df-4f27-b089-d62438014314 None None] Loaded extension: agent
Jul 02 15:06:34.763538 np0000004292 devstack@neutron-api.service[90462]: DEBUG neutron.api.extensions [None req-aa25d211-e0df-4f27-b089-d62438014314 None None] Loading extension file: agent_resources_synced.py {{(pid=90462) _load_all_extensions_from_path /opt/stack/neutron/neutron/api/extensions.py:449}}
Jul 02 15:06:34.763987 np0000004292 devstack@neutron-api.service[90462]: DEBUG neutron.api.extensions [None req-aa25d211-e0df-4f27-b089-d62438014314 None None] Ext name="Agent's Resource View Synced to Placement" alias="agent-resources-synced" description="Stores success/failure of last sync to Placement" updated="2018-12-19T00:00:00-00:00" {{(pid=90462) _check_extension /opt/stack/neutron/neutron/api/extensions.py:415}}
Jul 02 15:06:34.763987 np0000004292 devstack@neutron-api.service[90462]: INFO neutron.api.extensions [None req-aa25d211-e0df-4f27-b089-d62438014314 None None] Extension agent-resources-synced not supported by any of loaded plugins
Jul 02 15:06:34.764300 np0000004292 devstack@neutron-api.service[90462]: DEBUG neutron.api.extensions [None req-aa25d211-e0df-4f27-b089-d62438014314 None None] Loading extension file: agent_sort_key.py {{(pid=90462) _load_all_extensions_from_path /opt/stack/neutron/neutron/api/extensions.py:449}}
Jul 02 15:06:34.764593 np0000004292 devstack@neutron-api.service[90462]: DEBUG neutron.api.extensions [None req-aa25d211-e0df-4f27-b089-d62438014314 None None] Ext name="Agents Sort Key" alias="agent_sort_key" description="Enabling the keyword sort_key for sorting in agents." updated="2013-02-03T10:00:00-00:00" {{(pid=90462) _check_extension /opt/stack/neutron/neutron/api/extensions.py:415}}
Jul 02 15:06:34.764759 np0000004292 devstack@neutron-api.service[90461]: DEBUG neutron.manager [None req-0be986a2-db5c-43e3-be82-4dcb58260180 None None] Successfully loaded TAG plugin. Description: Tag support {{(pid=90461) _create_and_add_service_plugin /opt/stack/neutron/neutron/manager.py:236}}
Jul 02 15:06:34.764894 np0000004292 devstack@neutron-api.service[90462]: INFO neutron.api.extensions [None req-aa25d211-e0df-4f27-b089-d62438014314 None None] Extension agent_sort_key not supported by any of loaded plugins
Jul 02 15:06:34.764980 np0000004292 devstack@neutron-api.service[90461]: INFO neutron.manager [None req-0be986a2-db5c-43e3-be82-4dcb58260180 None None] Loading Plugin: timestamp
Jul 02 15:06:34.765019 np0000004292 devstack@neutron-api.service[90462]: DEBUG neutron.api.extensions [None req-aa25d211-e0df-4f27-b089-d62438014314 None None] Loading extension file: allowedaddresspairs.py {{(pid=90462) _load_all_extensions_from_path /opt/stack/neutron/neutron/api/extensions.py:449}}
Jul 02 15:06:34.765485 np0000004292 devstack@neutron-api.service[90462]: DEBUG neutron.api.extensions [None req-aa25d211-e0df-4f27-b089-d62438014314 None None] Ext name="Allowed Address Pairs" alias="allowed-address-pairs" description="Provides allowed address pairs" updated="2013-07-23T10:00:00-00:00" {{(pid=90462) _check_extension /opt/stack/neutron/neutron/api/extensions.py:415}}
Jul 02 15:06:34.765756 np0000004292 devstack@neutron-api.service[90462]: INFO neutron.api.extensions [None req-aa25d211-e0df-4f27-b089-d62438014314 None None] Loaded extension: allowed-address-pairs
Jul 02 15:06:34.765968 np0000004292 devstack@neutron-api.service[90462]: DEBUG neutron.api.extensions [None req-aa25d211-e0df-4f27-b089-d62438014314 None None] Loading extension file: auto_allocated_topology.py {{(pid=90462) _load_all_extensions_from_path /opt/stack/neutron/neutron/api/extensions.py:449}}
Jul 02 15:06:34.766242 np0000004292 devstack@neutron-api.service[90462]: DEBUG neutron.api.extensions [None req-aa25d211-e0df-4f27-b089-d62438014314 None None] Ext name="Auto Allocated Topology Services" alias="auto-allocated-topology" description="Auto Allocated Topology Services." updated="2016-01-01T00:00:00-00:00" {{(pid=90462) _check_extension /opt/stack/neutron/neutron/api/extensions.py:415}}
Jul 02 15:06:34.766445 np0000004292 devstack@neutron-api.service[90461]: DEBUG neutron.manager [None req-0be986a2-db5c-43e3-be82-4dcb58260180 None None] Successfully loaded timestamp plugin. Description: Adds timestamps to Neutron resources with standard attributes {{(pid=90461) _create_and_add_service_plugin /opt/stack/neutron/neutron/manager.py:236}}
Jul 02 15:06:34.766578 np0000004292 devstack@neutron-api.service[90462]: INFO neutron.api.extensions [None req-aa25d211-e0df-4f27-b089-d62438014314 None None] Loaded extension: auto-allocated-topology
Jul 02 15:06:34.766806 np0000004292 devstack@neutron-api.service[90461]: INFO neutron.manager [None req-0be986a2-db5c-43e3-be82-4dcb58260180 None None] Loading Plugin: network_ip_availability
Jul 02 15:06:34.767004 np0000004292 devstack@neutron-api.service[90462]: DEBUG neutron.api.extensions [None req-aa25d211-e0df-4f27-b089-d62438014314 None None] Loading extension file: availability_zone.py {{(pid=90462) _load_all_extensions_from_path /opt/stack/neutron/neutron/api/extensions.py:449}}
Jul 02 15:06:34.767004 np0000004292 devstack@neutron-api.service[90462]: DEBUG neutron.api.extensions [None req-aa25d211-e0df-4f27-b089-d62438014314 None None] Ext name="Availability Zone" alias="availability_zone" description="The availability zone extension." updated="2015-01-01T10:00:00-00:00" {{(pid=90462) _check_extension /opt/stack/neutron/neutron/api/extensions.py:415}}
Jul 02 15:06:34.767326 np0000004292 devstack@neutron-api.service[90462]: INFO neutron.api.extensions [None req-aa25d211-e0df-4f27-b089-d62438014314 None None] Loaded extension: availability_zone
Jul 02 15:06:34.767326 np0000004292 devstack@neutron-api.service[90462]: DEBUG neutron.api.extensions [None req-aa25d211-e0df-4f27-b089-d62438014314 None None] Loading extension file: availability_zone_filter.py {{(pid=90462) _load_all_extensions_from_path /opt/stack/neutron/neutron/api/extensions.py:449}}
Jul 02 15:06:34.768009 np0000004292 devstack@neutron-api.service[90462]: DEBUG neutron.api.extensions [None req-aa25d211-e0df-4f27-b089-d62438014314 None None] Ext name="Availability Zone Filter Extension" alias="availability_zone_filter" description="Add filter parameters to AvailabilityZone resource" updated="2018-06-22T10:00:00-00:00" {{(pid=90462) _check_extension /opt/stack/neutron/neutron/api/extensions.py:415}}
Jul 02 15:06:34.768009 np0000004292 devstack@neutron-api.service[90462]: INFO neutron.api.extensions [None req-aa25d211-e0df-4f27-b089-d62438014314 None None] Extension availability_zone_filter not supported by any of loaded plugins
Jul 02 15:06:34.768434 np0000004292 devstack@neutron-api.service[90462]: DEBUG neutron.api.extensions [None req-aa25d211-e0df-4f27-b089-d62438014314 None None] Loading extension file: data_plane_status.py {{(pid=90462) _load_all_extensions_from_path /opt/stack/neutron/neutron/api/extensions.py:449}}
Jul 02 15:06:34.768434 np0000004292 devstack@neutron-api.service[90462]: DEBUG neutron.api.extensions [None req-aa25d211-e0df-4f27-b089-d62438014314 None None] Ext name="Port data plane status extension" alias="data-plane-status" description="Expose status of underlying data plane" updated="2017-01-24T10:00:00-00:00" {{(pid=90462) _check_extension /opt/stack/neutron/neutron/api/extensions.py:415}}
Jul 02 15:06:34.768733 np0000004292 devstack@neutron-api.service[90462]: INFO neutron.api.extensions [None req-aa25d211-e0df-4f27-b089-d62438014314 None None] Extension data-plane-status not supported by any of loaded plugins
Jul 02 15:06:34.768733 np0000004292 devstack@neutron-api.service[90462]: DEBUG neutron.api.extensions [None req-aa25d211-e0df-4f27-b089-d62438014314 None None] Loading extension file: default_subnetpools.py {{(pid=90462) _load_all_extensions_from_path /opt/stack/neutron/neutron/api/extensions.py:449}}
Jul 02 15:06:34.769000 np0000004292 devstack@neutron-api.service[90461]: DEBUG neutron.manager [None req-0be986a2-db5c-43e3-be82-4dcb58260180 None None] Successfully loaded network-ip-availability plugin. Description: Provides IP availability data for each network and subnet. {{(pid=90461) _create_and_add_service_plugin /opt/stack/neutron/neutron/manager.py:236}}
Jul 02 15:06:34.769344 np0000004292 devstack@neutron-api.service[90462]: DEBUG neutron.api.extensions [None req-aa25d211-e0df-4f27-b089-d62438014314 None None] Ext name="Default Subnetpools" alias="default-subnetpools" description="Provides ability to mark and use a subnetpool as the default." updated="2016-02-18T18:00:00-00:00" {{(pid=90462) _check_extension /opt/stack/neutron/neutron/api/extensions.py:415}}
Jul 02 15:06:34.769661 np0000004292 devstack@neutron-api.service[90461]: INFO neutron.manager [None req-0be986a2-db5c-43e3-be82-4dcb58260180 None None] Loading Plugin: flavors
Jul 02 15:06:34.769835 np0000004292 devstack@neutron-api.service[90462]: INFO neutron.api.extensions [None req-aa25d211-e0df-4f27-b089-d62438014314 None None] Loaded extension: default-subnetpools
Jul 02 15:06:34.769835 np0000004292 devstack@neutron-api.service[90462]: DEBUG neutron.api.extensions [None req-aa25d211-e0df-4f27-b089-d62438014314 None None] Loading extension file: dhcpagentscheduler.py {{(pid=90462) _load_all_extensions_from_path /opt/stack/neutron/neutron/api/extensions.py:449}}
Jul 02 15:06:34.769835 np0000004292 devstack@neutron-api.service[90462]: DEBUG neutron.api.extensions [None req-aa25d211-e0df-4f27-b089-d62438014314 None None] Ext name="DHCP Agent Scheduler" alias="dhcp_agent_scheduler" description="Schedule networks among dhcp agents" updated="2013-02-07T10:00:00-00:00" {{(pid=90462) _check_extension /opt/stack/neutron/neutron/api/extensions.py:415}}
Jul 02 15:06:34.770290 np0000004292 devstack@neutron-api.service[90462]: INFO neutron.api.extensions [None req-aa25d211-e0df-4f27-b089-d62438014314 None None] Loaded extension: dhcp_agent_scheduler
Jul 02 15:06:34.770290 np0000004292 devstack@neutron-api.service[90462]: DEBUG neutron.api.extensions [None req-aa25d211-e0df-4f27-b089-d62438014314 None None] Loading extension file: dns.py {{(pid=90462) _load_all_extensions_from_path /opt/stack/neutron/neutron/api/extensions.py:449}}
Jul 02 15:06:34.770712 np0000004292 devstack@neutron-api.service[90461]: DEBUG neutron.manager [None req-0be986a2-db5c-43e3-be82-4dcb58260180 None None] Successfully loaded FLAVORS plugin. Description: Neutron Flavors and Service Profiles manager plugin {{(pid=90461) _create_and_add_service_plugin /opt/stack/neutron/neutron/manager.py:236}}
Jul 02 15:06:34.770712 np0000004292 devstack@neutron-api.service[90461]: INFO neutron.manager [None req-0be986a2-db5c-43e3-be82-4dcb58260180 None None] Loading Plugin: revisions
Jul 02 15:06:34.771105 np0000004292 devstack@neutron-api.service[90462]: DEBUG neutron.api.extensions [None req-aa25d211-e0df-4f27-b089-d62438014314 None None] Ext name="DNS Integration" alias="dns-integration" description="Provides integration with DNS." updated="2015-08-15T18:00:00-00:00" {{(pid=90462) _check_extension /opt/stack/neutron/neutron/api/extensions.py:415}}
Jul 02 15:06:34.771105 np0000004292 devstack@neutron-api.service[90462]: INFO neutron.api.extensions [None req-aa25d211-e0df-4f27-b089-d62438014314 None None] Loaded extension: dns-integration
Jul 02 15:06:34.771105 np0000004292 devstack@neutron-api.service[90462]: DEBUG neutron.api.extensions [None req-aa25d211-e0df-4f27-b089-d62438014314 None None] Loading extension file: dns_domain_ports.py {{(pid=90462) _load_all_extensions_from_path /opt/stack/neutron/neutron/api/extensions.py:449}}
Jul 02 15:06:34.771105 np0000004292 devstack@neutron-api.service[90462]: DEBUG neutron.api.extensions [None req-aa25d211-e0df-4f27-b089-d62438014314 None None] Ext name="dns_domain for ports" alias="dns-domain-ports" description="Allows the DNS domain to be specified for a network port." updated="2017-04-24T10:00:00-00:00" {{(pid=90462) _check_extension /opt/stack/neutron/neutron/api/extensions.py:415}}
Jul 02 15:06:34.771105 np0000004292 devstack@neutron-api.service[90462]: INFO neutron.api.extensions [None req-aa25d211-e0df-4f27-b089-d62438014314 None None] Loaded extension: dns-domain-ports
Jul 02 15:06:34.771105 np0000004292 devstack@neutron-api.service[90462]: DEBUG neutron.api.extensions [None req-aa25d211-e0df-4f27-b089-d62438014314 None None] Loading extension file: dns_integration_domain_keywords.py {{(pid=90462) _load_all_extensions_from_path /opt/stack/neutron/neutron/api/extensions.py:449}}
Jul 02 15:06:34.771593 np0000004292 devstack@neutron-api.service[90462]: DEBUG neutron.api.extensions [None req-aa25d211-e0df-4f27-b089-d62438014314 None None] Ext name="DNS domain names with keywords allowed" alias="dns-integration-domain-keywords" description="Allows to use keywords like , , and as DNS domain name" updated="2020-06-15T18:00:00-00:00" {{(pid=90462) _check_extension /opt/stack/neutron/neutron/api/extensions.py:415}}
