Jul 02 15:06:35.676643 np0000004292 devstack@neutron-api.service[90461]: DEBUG neutron.common.ovn.hash_ring_manager [None req-0be986a2-db5c-43e3-be82-4dcb58260180 None None] Allow caching, nodes 4>=4 {{(pid=90461) _wait_startup_before_caching /opt/stack/neutron/neutron/common/ovn/hash_ring_manager.py:71}}
Jul 02 15:06:35.681426 np0000004292 devstack@neutron-api.service[90461]: DEBUG neutron.common.ovn.hash_ring_manager [None req-0be986a2-db5c-43e3-be82-4dcb58260180 None None] Hash Ring loaded. 4 active nodes. 0 offline nodes {{(pid=90461) _load_hash_ring /opt/stack/neutron/neutron/common/ovn/hash_ring_manager.py:110}}
Jul 02 15:06:35.681596 np0000004292 devstack@neutron-api.service[90461]: DEBUG neutron.plugins.ml2.drivers.ovn.mech_driver.ovsdb.ovsdb_monitor [None req-0be986a2-db5c-43e3-be82-4dcb58260180 None None] Hash Ring: Node 3e471768f6605a44a56bbc1c1d03d9d9 (host: np0000004292) handling event "create" for row 285fee11-4a48-4fd4-9efe-36d751ce89ea (table: ACL) {{(pid=90461) notify /opt/stack/neutron/neutron/plugins/ml2/drivers/ovn/mech_driver/ovsdb/ovsdb_monitor.py:1015}}
Jul 02 15:06:35.681815 np0000004292 devstack@neutron-api.service[90461]: DEBUG neutron.plugins.ml2.drivers.ovn.mech_driver.ovsdb.ovsdb_monitor [None req-0be986a2-db5c-43e3-be82-4dcb58260180 None None] Hash Ring: Node 3e471768f6605a44a56bbc1c1d03d9d9 (host: np0000004292) handling event "create" for row 7ffcc3cf-b945-4ff5-8928-622853391a7c (table: ACL) {{(pid=90461) notify /opt/stack/neutron/neutron/plugins/ml2/drivers/ovn/mech_driver/ovsdb/ovsdb_monitor.py:1015}}
Jul 02 15:06:35.682007 np0000004292 devstack@neutron-api.service[90461]: DEBUG neutron.plugins.ml2.drivers.ovn.mech_driver.ovsdb.ovsdb_monitor [None req-0be986a2-db5c-43e3-be82-4dcb58260180 None None] Hash Ring: Node 3e471768f6605a44a56bbc1c1d03d9d9 (host: np0000004292) handling event "create" for row f86d9386-5a49-4507-b512-c22d42fcf5f9 (table: NB_Global) {{(pid=90461) notify /opt/stack/neutron/neutron/plugins/ml2/drivers/ovn/mech_driver/ovsdb/ovsdb_monitor.py:1015}}
Jul 02 15:06:35.682857 np0000004292 devstack@neutron-api.service[90461]: INFO neutron.plugins.ml2.drivers.ovn.mech_driver.ovsdb.impl_idl_ovn [None req-0be986a2-db5c-43e3-be82-4dcb58260180 None None] Getting OvsdbSbOvnIdl for WorkerService with retry
Jul 02 15:06:35.705826 np0000004292 devstack@neutron-api.service[90461]: DEBUG ovsdbapp.backend.ovs_idl [None req-0be986a2-db5c-43e3-be82-4dcb58260180 None None] Created lookup_table index Chassis.name {{(pid=90461) autocreate_indices /opt/stack/data/venv/lib/python3.12/site-packages/ovsdbapp/backend/ovs_idl/__init__.py:87}}
Jul 02 15:06:35.705924 np0000004292 devstack@neutron-api.service[90461]: DEBUG ovsdbapp.backend.ovs_idl [None req-0be986a2-db5c-43e3-be82-4dcb58260180 None None] Created lookup_table index Port_Binding.logical_port {{(pid=90461) autocreate_indices /opt/stack/data/venv/lib/python3.12/site-packages/ovsdbapp/backend/ovs_idl/__init__.py:87}}
Jul 02 15:06:35.705992 np0000004292 devstack@neutron-api.service[90461]: DEBUG ovsdbapp.backend.ovs_idl [None req-0be986a2-db5c-43e3-be82-4dcb58260180 None None] Created schema index Chassis_Private.name {{(pid=90461) autocreate_indices /opt/stack/data/venv/lib/python3.12/site-packages/ovsdbapp/backend/ovs_idl/__init__.py:106}}
Jul 02 15:06:35.706084 np0000004292 devstack@neutron-api.service[90461]: DEBUG ovsdbapp.backend.ovs_idl [None req-0be986a2-db5c-43e3-be82-4dcb58260180 None None] Created schema index Datapath_Binding.tunnel_key {{(pid=90461) autocreate_indices /opt/stack/data/venv/lib/python3.12/site-packages/ovsdbapp/backend/ovs_idl/__init__.py:106}}
Jul 02 15:06:35.708117 np0000004292 devstack@neutron-api.service[90461]: INFO ovsdbapp.backend.ovs_idl.vlog [None req-0be986a2-db5c-43e3-be82-4dcb58260180 None None] ssl:10.4.3.82:6642: connecting...
Jul 02 15:06:35.713346 np0000004292 devstack@neutron-api.service[90461]: INFO ovsdbapp.backend.ovs_idl.vlog [None req-0be986a2-db5c-43e3-be82-4dcb58260180 None None] ssl:10.4.3.82:6642: connected
Jul 02 15:06:35.740664 np0000004292 devstack@neutron-api.service[90461]: DEBUG neutron.common.ovn.hash_ring_manager [None req-0be986a2-db5c-43e3-be82-4dcb58260180 None None] Allow caching, nodes 4>=4 {{(pid=90461) _wait_startup_before_caching /opt/stack/neutron/neutron/common/ovn/hash_ring_manager.py:71}}
Jul 02 15:06:35.744036 np0000004292 devstack@neutron-api.service[90461]: DEBUG neutron.common.ovn.hash_ring_manager [None req-0be986a2-db5c-43e3-be82-4dcb58260180 None None] Hash Ring loaded. 4 active nodes. 0 offline nodes {{(pid=90461) _load_hash_ring /opt/stack/neutron/neutron/common/ovn/hash_ring_manager.py:110}}
Jul 02 15:06:35.744215 np0000004292 devstack@neutron-api.service[90461]: DEBUG neutron.plugins.ml2.drivers.ovn.mech_driver.ovsdb.ovsdb_monitor [None req-0be986a2-db5c-43e3-be82-4dcb58260180 None None] ChassisOVNAgentWriteEvent : Matched Chassis_Private, create, None None {{(pid=90461) matches /opt/stack/neutron/neutron/plugins/ml2/drivers/ovn/mech_driver/ovsdb/ovsdb_monitor.py:64}}
Jul 02 15:06:35.744308 np0000004292 devstack@neutron-api.service[90461]: DEBUG neutron.plugins.ml2.drivers.ovn.mech_driver.ovsdb.ovsdb_monitor [None req-0be986a2-db5c-43e3-be82-4dcb58260180 None None] ChassisAgentWriteEvent : Matched Chassis_Private, create, None None {{(pid=90461) matches /opt/stack/neutron/neutron/plugins/ml2/drivers/ovn/mech_driver/ovsdb/ovsdb_monitor.py:64}}
Jul 02 15:06:35.744627 np0000004292 devstack@neutron-api.service[90461]: DEBUG neutron.plugins.ml2.drivers.ovn.mech_driver.ovsdb.ovsdb_monitor [None req-0be986a2-db5c-43e3-be82-4dcb58260180 None None] Hash Ring: Node 3e471768f6605a44a56bbc1c1d03d9d9 (host: np0000004292) handling event "create" for row f6526736-c6f3-4236-8686-e58f77271176 (table: Encap) {{(pid=90461) notify /opt/stack/neutron/neutron/plugins/ml2/drivers/ovn/mech_driver/ovsdb/ovsdb_monitor.py:1015}}
Jul 02 15:06:35.746091 np0000004292 devstack@neutron-api.service[90461]: INFO neutron.plugins.ml2.drivers.ovn.mech_driver.mech_driver [None req-0be986a2-db5c-43e3-be82-4dcb58260180 None None] WorkerService process has finished the post initialization
Jul 02 15:06:35.746377 np0000004292 devstack@neutron-api.service[90461]: DEBUG oslo_concurrency.processutils [None req-0be986a2-db5c-43e3-be82-4dcb58260180 None None] Running cmd (subprocess): ovsdb-client transact ssl:10.4.3.82:6641 --timeout 180 -p /opt/stack/data/CA/int-ca/private/devstack-cert.key -c /opt/stack/data/CA/int-ca/devstack-cert.crt -C /opt/stack/data/CA/int-ca/ca-chain.pem ["OVN_Northbound", {"op": "wait", "timeout": 0, "table": "Port_Group", "where": [["name", "==", "pvlan_pg_drop"]], "until": "==", "rows": []}, {"op": "insert", "table": "ACL", "row": {"action": "drop", "direction": "to-lport", "match": "outport == @pvlan_pg_drop && ip", "priority": 1010}, "uuid-name": "pvlandroptoport"}, {"op": "insert", "table": "ACL", "row": {"action": "drop", "direction": "from-lport", "match": "inport == @pvlan_pg_drop && ip", "priority": 1010}, "uuid-name": "pvlandropfromport"}, {"op": "insert", "table": "Port_Group", "row": {"name": "pvlan_pg_drop", "acls": ["set", [["named-uuid", "pvlandroptoport"], ["named-uuid", "pvlandropfromport"]]]}}] {{(pid=90461) execute /opt/stack/data/venv/lib/python3.12/site-packages/oslo_concurrency/processutils.py:440}}
Jul 02 15:06:35.771883 np0000004292 devstack@neutron-api.service[90461]: DEBUG oslo_concurrency.processutils [None req-0be986a2-db5c-43e3-be82-4dcb58260180 None None] CMD "ovsdb-client transact ssl:10.4.3.82:6641 --timeout 180 -p /opt/stack/data/CA/int-ca/private/devstack-cert.key -c /opt/stack/data/CA/int-ca/devstack-cert.crt -C /opt/stack/data/CA/int-ca/ca-chain.pem ["OVN_Northbound", {"op": "wait", "timeout": 0, "table": "Port_Group", "where": [["name", "==", "pvlan_pg_drop"]], "until": "==", "rows": []}, {"op": "insert", "table": "ACL", "row": {"action": "drop", "direction": "to-lport", "match": "outport == @pvlan_pg_drop && ip", "priority": 1010}, "uuid-name": "pvlandroptoport"}, {"op": "insert", "table": "ACL", "row": {"action": "drop", "direction": "from-lport", "match": "inport == @pvlan_pg_drop && ip", "priority": 1010}, "uuid-name": "pvlandropfromport"}, {"op": "insert", "table": "Port_Group", "row": {"name": "pvlan_pg_drop", "acls": ["set", [["named-uuid", "pvlandroptoport"], ["named-uuid", "pvlandropfromport"]]]}}]" returned: 0 in 0.025s {{(pid=90461) execute /opt/stack/data/venv/lib/python3.12/site-packages/oslo_concurrency/processutils.py:468}}
Jul 02 15:06:35.773651 np0000004292 devstack@neutron-api.service[90461]: WSGI app 0 (mountpoint='') ready in 8 seconds on interpreter 0x7e79e26a3668 pid: 90461 (default app)
Jul 02 15:06:37.320915 np0000004292 devstack@neutron-api.service[90463]: DEBUG neutron.common.ovn.hash_ring_manager [-] Allow caching, nodes 4>=4 {{(pid=90463) _wait_startup_before_caching /opt/stack/neutron/neutron/common/ovn/hash_ring_manager.py:71}}
Jul 02 15:06:37.320915 np0000004292 devstack@neutron-api.service[90463]: DEBUG neutron.plugins.ml2.drivers.ovn.mech_driver.ovsdb.ovsdb_monitor [-] Hash Ring: Node 914bea34ddf851d582002e45fe4885cc (host: np0000004292) handling event "update" for row 532805b3-5b0a-4c77-a964-fa72d74270fc (table: Connection) {{(pid=90463) notify /opt/stack/neutron/neutron/plugins/ml2/drivers/ovn/mech_driver/ovsdb/ovsdb_monitor.py:1015}}
Jul 02 15:06:37.321772 np0000004292 devstack@neutron-api.service[90462]: DEBUG neutron.common.ovn.hash_ring_manager [-] Allow caching, nodes 4>=4 {{(pid=90462) _wait_startup_before_caching /opt/stack/neutron/neutron/common/ovn/hash_ring_manager.py:71}}
Jul 02 15:06:37.323567 np0000004292 devstack@neutron-api.service[90460]: DEBUG neutron.common.ovn.hash_ring_manager [-] Allow caching, nodes 4>=4 {{(pid=90460) _wait_startup_before_caching /opt/stack/neutron/neutron/common/ovn/hash_ring_manager.py:71}}
Jul 02 15:06:37.324237 np0000004292 devstack@neutron-api.service[90460]: DEBUG neutron.plugins.ml2.drivers.ovn.mech_driver.ovsdb.ovsdb_monitor [-] Hash Ring: Node ca35d9eadab15bcb89b6c1e232470c72 (host: np0000004292) handling event "update" for row 532805b3-5b0a-4c77-a964-fa72d74270fc (table: Connection) {{(pid=90460) notify /opt/stack/neutron/neutron/plugins/ml2/drivers/ovn/mech_driver/ovsdb/ovsdb_monitor.py:1015}}
Jul 02 15:06:39.285047 np0000004292 devstack@neutron-api.service[90463]: DEBUG neutron.api.wsgi [None req-70f1f7a2-dd95-4bc9-9185-00adb1dbf7ba admin admin] Missing Content-Type {{(pid=90463) get_content_type /opt/stack/neutron/neutron/api/wsgi.py:80}}
Jul 02 15:06:39.285449 np0000004292 devstack@neutron-api.service[90463]: DEBUG neutron.api.wsgi [None req-70f1f7a2-dd95-4bc9-9185-00adb1dbf7ba admin admin] https://10.4.3.82/networking/v2.0/extensions returned with HTTP 200 {{(pid=90463) __call__ /opt/stack/neutron/neutron/api/wsgi.py:540}}
Jul 02 15:06:39.285800 np0000004292 devstack@neutron-api.service[90463]: [pid: 90463|app: 0|req: 2/2] 10.4.3.82 () {64 vars in 1285 bytes} [Thu Jul 2 15:06:38 2026] GET /networking/v2.0/extensions => generated 16171 bytes in 582 msecs (HTTP/1.1 200) 4 headers in 159 bytes (1 switches on core 0)
Jul 02 15:06:39.646834 np0000004292 devstack@neutron-api.service[90462]: DEBUG neutron.api.v2.base [None req-d8c245ef-05f8-485b-ab7a-245b1e8b5ee8 admin admin] Request body: {'subnetpool': {'is_default': True, 'shared': True, 'name': 'shared-default-subnetpool-v4', 'default_prefixlen': 26, 'prefixes': ['10.1.0.0/20']}} {{(pid=90462) prepare_request_body /opt/stack/neutron/neutron/api/v2/base.py:727}}
Jul 02 15:06:39.850766 np0000004292 devstack@neutron-api.service[90462]: DEBUG neutron.policy [None req-d8c245ef-05f8-485b-ab7a-245b1e8b5ee8 admin admin] Loaded default policies from ['neutron'] under neutron.policies entry points {{(pid=90462) register_rules /opt/stack/neutron/neutron/policy.py:65}}
Jul 02 15:06:39.983394 np0000004292 devstack@neutron-api.service[90462]: DEBUG neutron_lib.callbacks.manager [None req-d8c245ef-05f8-485b-ab7a-245b1e8b5ee8 admin admin] Publish callbacks ['neutron.objects.securitygroup.RbacNeutronDbObjectMixin.validate_rbac_policy_change-2797855942762', 'neutron.objects.address_group.RbacNeutronDbObjectMixin.validate_rbac_policy_change-2797855961416', 'neutron.objects.network.RbacNeutronDbObjectMixin.validate_rbac_policy_change-2797855703960', 'neutron.objects.qos.policy.RbacNeutronDbObjectMixin.validate_rbac_policy_change-2797855712382', 'neutron.objects.subnetpool.RbacNeutronDbObjectMixin.validate_rbac_policy_change-2797855731830', 'neutron.objects.address_scope.RbacNeutronDbObjectMixin.validate_rbac_policy_change-2797855737046', 'neutron.plugins.ml2.plugin.External_net_db_mixin._process_ext_policy_create-863040', 'neutron.plugins.ml2.plugin.NeutronDbPluginV2.validate_network_rbac_policy_change-230180'] for rbac-policy (None), before_create {{(pid=90462) _notify_loop /opt/stack/data/venv/lib/python3.12/site-packages/neutron_lib/callbacks/manager.py:184}}
Jul 02 15:06:40.022365 np0000004292 devstack@neutron-api.service[90462]: DEBUG neutron_lib.callbacks.manager [None req-d8c245ef-05f8-485b-ab7a-245b1e8b5ee8 admin admin] Publish callbacks [] for subnetpool (None), before_response {{(pid=90462) _notify_loop /opt/stack/data/venv/lib/python3.12/site-packages/neutron_lib/callbacks/manager.py:184}}
Jul 02 15:06:40.022886 np0000004292 devstack@neutron-api.service[90462]: [pid: 90462|app: 0|req: 1/3] 10.4.3.82 () {68 vars in 1329 bytes} [Thu Jul 2 15:06:39 2026] POST /networking/v2.0/subnetpools => generated 533 bytes in 467 msecs (HTTP/1.1 201) 4 headers in 162 bytes (1 switches on core 0)
Jul 02 15:06:40.345449 np0000004292 devstack@neutron-api.service[90460]: DEBUG neutron.api.v2.base [None req-5879e751-3432-4902-87d6-64f9e360f925 admin admin] Request body: {'subnetpool': {'is_default': True, 'shared': True, 'name': 'shared-default-subnetpool-v6', 'default_prefixlen': 64, 'prefixes': ['fde5:9ff3:9061::/56']}} {{(pid=90460) prepare_request_body /opt/stack/neutron/neutron/api/v2/base.py:727}}
Jul 02 15:06:40.512684 np0000004292 devstack@neutron-api.service[90460]: DEBUG neutron.policy [None req-5879e751-3432-4902-87d6-64f9e360f925 admin admin] Loaded default policies from ['neutron'] under neutron.policies entry points {{(pid=90460) register_rules /opt/stack/neutron/neutron/policy.py:65}}
Jul 02 15:06:40.650970 np0000004292 devstack@neutron-api.service[90460]: DEBUG neutron_lib.callbacks.manager [None req-5879e751-3432-4902-87d6-64f9e360f925 admin admin] Publish callbacks ['neutron.objects.securitygroup.RbacNeutronDbObjectMixin.validate_rbac_policy_change-2797855810208', 'neutron.objects.address_group.RbacNeutronDbObjectMixin.validate_rbac_policy_change-2797855955917', 'neutron.objects.network.RbacNeutronDbObjectMixin.validate_rbac_policy_change-2797855713135', 'neutron.objects.qos.policy.RbacNeutronDbObjectMixin.validate_rbac_policy_change-2797855729844', 'neutron.objects.subnetpool.RbacNeutronDbObjectMixin.validate_rbac_policy_change-2797855738617', 'neutron.objects.address_scope.RbacNeutronDbObjectMixin.validate_rbac_policy_change-2797855747830', 'neutron.plugins.ml2.plugin.External_net_db_mixin._process_ext_policy_create-70148', 'neutron.plugins.ml2.plugin.NeutronDbPluginV2.validate_network_rbac_policy_change-975340'] for rbac-policy (None), before_create {{(pid=90460) _notify_loop /opt/stack/data/venv/lib/python3.12/site-packages/neutron_lib/callbacks/manager.py:184}}
Jul 02 15:06:40.753826 np0000004292 devstack@neutron-api.service[90460]: DEBUG neutron_lib.callbacks.manager [None req-5879e751-3432-4902-87d6-64f9e360f925 admin admin] Publish callbacks [] for subnetpool (None), before_response {{(pid=90460) _notify_loop /opt/stack/data/venv/lib/python3.12/site-packages/neutron_lib/callbacks/manager.py:184}}
Jul 02 15:06:40.754311 np0000004292 devstack@neutron-api.service[90460]: [pid: 90460|app: 0|req: 1/4] 10.4.3.82 () {68 vars in 1329 bytes} [Thu Jul 2 15:06:40 2026] POST /networking/v2.0/subnetpools => generated 543 bytes in 502 msecs (HTTP/1.1 201) 4 headers in 162 bytes (1 switches on core 0)
Jul 02 15:06:41.047978 np0000004292 devstack@neutron-api.service[90461]: DEBUG neutron.api.v2.base [None req-7067fb10-110c-4320-8523-9b30c71e4aa6 admin admin] Request body: {'network': {'name': 'private', 'admin_state_up': True}} {{(pid=90461) prepare_request_body /opt/stack/neutron/neutron/api/v2/base.py:727}}
Jul 02 15:06:41.081528 np0000004292 devstack@neutron-api.service[90461]: DEBUG neutron.pecan_wsgi.hooks.quota_enforcement [None req-7067fb10-110c-4320-8523-9b30c71e4aa6 admin admin] Made reservation on behalf of 861c56e32ba949778ae5be3b70d32bc1 for: {'network': 1} {{(pid=90461) before /opt/stack/neutron/neutron/pecan_wsgi/hooks/quota_enforcement.py:66}}
Jul 02 15:06:41.250234 np0000004292 devstack@neutron-api.service[90461]: DEBUG neutron.policy [None req-7067fb10-110c-4320-8523-9b30c71e4aa6 admin admin] Loaded default policies from ['neutron'] under neutron.policies entry points {{(pid=90461) register_rules /opt/stack/neutron/neutron/policy.py:65}}
Jul 02 15:06:41.337207 np0000004292 devstack@neutron-api.service[90461]: DEBUG neutron_lib.callbacks.manager [None req-7067fb10-110c-4320-8523-9b30c71e4aa6 admin admin] Publish callbacks ['neutron.plugins.ml2.plugin.SecurityGroupDbMixin._ensure_default_security_group_handler-7676492'] for network (None), before_create {{(pid=90461) _notify_loop /opt/stack/data/venv/lib/python3.12/site-packages/neutron_lib/callbacks/manager.py:184}}
Jul 02 15:06:41.357112 np0000004292 devstack@neutron-api.service[90461]: DEBUG neutron_lib.callbacks.manager [None req-7067fb10-110c-4320-8523-9b30c71e4aa6 admin admin] Publish callbacks [] for security_group (None), before_create {{(pid=90461) _notify_loop /opt/stack/data/venv/lib/python3.12/site-packages/neutron_lib/callbacks/manager.py:184}}
Jul 02 15:06:41.445698 np0000004292 devstack@neutron-api.service[90461]: DEBUG neutron_lib.callbacks.manager [None req-7067fb10-110c-4320-8523-9b30c71e4aa6 admin admin] Publish callbacks ['neutron.plugins.ml2.drivers.ovn.mech_driver.mech_driver.OVNMechanismDriver._create_security_group_precommit-330811'] for security_group (67dbbdc3-5b9c-469e-a258-c2a6b740cca3), precommit_create {{(pid=90461) _notify_loop /opt/stack/data/venv/lib/python3.12/site-packages/neutron_lib/callbacks/manager.py:184}}
Jul 02 15:06:41.445927 np0000004292 devstack@neutron-api.service[90461]: DEBUG neutron.db.ovn_revision_numbers_db [None req-7067fb10-110c-4320-8523-9b30c71e4aa6 admin admin] create_initial_revision uuid=67dbbdc3-5b9c-469e-a258-c2a6b740cca3, type=security_groups, rev=-1 {{(pid=90461) create_initial_revision /opt/stack/neutron/neutron/db/ovn_revision_numbers_db.py:98}}
Jul 02 15:06:41.448594 np0000004292 devstack@neutron-api.service[90461]: DEBUG neutron.db.ovn_revision_numbers_db [None req-7067fb10-110c-4320-8523-9b30c71e4aa6 admin admin] create_initial_revision uuid=5b381458-a288-4287-8925-c5397c748d29, type=security_group_rules, rev=-1 {{(pid=90461) create_initial_revision /opt/stack/neutron/neutron/db/ovn_revision_numbers_db.py:98}}
Jul 02 15:06:41.449649 np0000004292 devstack@neutron-api.service[90461]: DEBUG neutron.db.ovn_revision_numbers_db [None req-7067fb10-110c-4320-8523-9b30c71e4aa6 admin admin] create_initial_revision uuid=6b1f0973-2f32-4237-87b0-b2baa65b68ea, type=security_group_rules, rev=-1 {{(pid=90461) create_initial_revision /opt/stack/neutron/neutron/db/ovn_revision_numbers_db.py:98}}
Jul 02 15:06:41.450559 np0000004292 devstack@neutron-api.service[90461]: DEBUG neutron.db.ovn_revision_numbers_db [None req-7067fb10-110c-4320-8523-9b30c71e4aa6 admin admin] create_initial_revision uuid=db5e7687-16dc-4059-8df3-4aede7f8ec6a, type=security_group_rules, rev=-1 {{(pid=90461) create_initial_revision /opt/stack/neutron/neutron/db/ovn_revision_numbers_db.py:98}}
Jul 02 15:06:41.451423 np0000004292 devstack@neutron-api.service[90461]: DEBUG neutron.db.ovn_revision_numbers_db [None req-7067fb10-110c-4320-8523-9b30c71e4aa6 admin admin] create_initial_revision uuid=e1bd51d2-767a-4944-a15a-57db47e1dd51, type=security_group_rules, rev=-1 {{(pid=90461) create_initial_revision /opt/stack/neutron/neutron/db/ovn_revision_numbers_db.py:98}}
Jul 02 15:06:41.457888 np0000004292 devstack@neutron-api.service[90461]: DEBUG neutron_lib.callbacks.manager [None req-7067fb10-110c-4320-8523-9b30c71e4aa6 admin admin] Publish callbacks ['neutron.plugins.ml2.drivers.ovn.mech_driver.mech_driver.OVNMechanismDriver._create_security_group-330785', 'neutron.plugins.ml2.ovo_rpc._ObjectChangeHandler.handle_event-2759644'] for security_group (67dbbdc3-5b9c-469e-a258-c2a6b740cca3), after_create {{(pid=90461) _notify_loop /opt/stack/data/venv/lib/python3.12/site-packages/neutron_lib/callbacks/manager.py:184}}
Jul 02 15:06:41.458084 np0000004292 devstack@neutron-api.service[90461]: INFO neutron.plugins.ml2.drivers.ovn.mech_driver.ovsdb.extensions.qos [None req-7067fb10-110c-4320-8523-9b30c71e4aa6 admin admin] Starting OVNClientQosExtension
Jul 02 15:06:41.458233 np0000004292 devstack@neutron-api.service[90461]: INFO neutron.plugins.ml2.drivers.ovn.mech_driver.ovsdb.extensions.placement [None req-7067fb10-110c-4320-8523-9b30c71e4aa6 admin admin] Starting OVNClientPlacementExtension
Jul 02 15:06:41.459021 np0000004292 devstack@neutron-api.service[90461]: DEBUG ovsdbapp.backend.ovs_idl.transaction [-] Running txn n=1 command(idx=0): PgAddCommand(_result=None, name=pg_67dbbdc3_5b9c_469e_a258_c2a6b740cca3, may_exist=False, columns={'acls': [], 'external_ids': {'neutron:security_group_id': '67dbbdc3-5b9c-469e-a258-c2a6b740cca3'}}) {{(pid=90461) do_commit /opt/stack/data/venv/lib/python3.12/site-packages/ovsdbapp/backend/ovs_idl/transaction.py:89}}
Jul 02 15:06:41.460121 np0000004292 devstack@neutron-api.service[90461]: DEBUG ovsdbapp.backend.ovs_idl.transaction [-] Running txn n=1 command(idx=1): PgAclAddCommand(_result=None, entity=pg_67dbbdc3_5b9c_469e_a258_c2a6b740cca3, direction=to-lport, priority=1002, match=outport == @pg_67dbbdc3_5b9c_469e_a258_c2a6b740cca3 && ip4 && ip4.src == $pg_67dbbdc3_5b9c_469e_a258_c2a6b740cca3_ip4, action=allow-related, log=False, may_exist=True, severity=[], name=[], meter=[], external_ids={'neutron:security_group_rule_id': '5b381458-a288-4287-8925-c5397c748d29'}) {{(pid=90461) do_commit /opt/stack/data/venv/lib/python3.12/site-packages/ovsdbapp/backend/ovs_idl/transaction.py:89}}
Jul 02 15:06:41.464038 np0000004292 devstack@neutron-api.service[90461]: DEBUG ovsdbapp.backend.ovs_idl.transaction [-] Running txn n=1 command(idx=2): PgAclAddCommand(_result=None, entity=pg_67dbbdc3_5b9c_469e_a258_c2a6b740cca3, direction=from-lport, priority=1002, match=inport == @pg_67dbbdc3_5b9c_469e_a258_c2a6b740cca3 && ip6, action=allow-related, log=False, may_exist=True, severity=[], name=[], meter=[], external_ids={'neutron:security_group_rule_id': '6b1f0973-2f32-4237-87b0-b2baa65b68ea'}) {{(pid=90461) do_commit /opt/stack/data/venv/lib/python3.12/site-packages/ovsdbapp/backend/ovs_idl/transaction.py:89}}
Jul 02 15:06:41.464038 np0000004292 devstack@neutron-api.service[90461]: DEBUG ovsdbapp.backend.ovs_idl.transaction [-] Running txn n=1 command(idx=3): PgAclAddCommand(_result=None, entity=pg_67dbbdc3_5b9c_469e_a258_c2a6b740cca3, direction=to-lport, priority=1002, match=outport == @pg_67dbbdc3_5b9c_469e_a258_c2a6b740cca3 && ip6 && ip6.src == $pg_67dbbdc3_5b9c_469e_a258_c2a6b740cca3_ip6, action=allow-related, log=False, may_exist=True, severity=[], name=[], meter=[], external_ids={'neutron:security_group_rule_id': 'db5e7687-16dc-4059-8df3-4aede7f8ec6a'}) {{(pid=90461) do_commit /opt/stack/data/venv/lib/python3.12/site-packages/ovsdbapp/backend/ovs_idl/transaction.py:89}}
Jul 02 15:06:41.464038 np0000004292 devstack@neutron-api.service[90461]: DEBUG ovsdbapp.backend.ovs_idl.transaction [-] Running txn n=1 command(idx=4): PgAclAddCommand(_result=None, entity=pg_67dbbdc3_5b9c_469e_a258_c2a6b740cca3, direction=from-lport, priority=1002, match=inport == @pg_67dbbdc3_5b9c_469e_a258_c2a6b740cca3 && ip4, action=allow-related, log=False, may_exist=True, severity=[], name=[], meter=[], external_ids={'neutron:security_group_rule_id': 'e1bd51d2-767a-4944-a15a-57db47e1dd51'}) {{(pid=90461) do_commit /opt/stack/data/venv/lib/python3.12/site-packages/ovsdbapp/backend/ovs_idl/transaction.py:89}}
Jul 02 15:06:41.466101 np0000004292 devstack@neutron-api.service[90463]: DEBUG neutron.plugins.ml2.drivers.ovn.mech_driver.ovsdb.ovsdb_monitor [-] Hash Ring: Node 914bea34ddf851d582002e45fe4885cc (host: np0000004292) handling event "create" for row 47e691ab-9657-4a52-925a-dd5e569c7017 (table: ACL) {{(pid=90463) notify /opt/stack/neutron/neutron/plugins/ml2/drivers/ovn/mech_driver/ovsdb/ovsdb_monitor.py:1015}}
Jul 02 15:06:41.466553 np0000004292 devstack@neutron-api.service[90463]: DEBUG neutron.plugins.ml2.drivers.ovn.mech_driver.ovsdb.ovsdb_monitor [-] Hash Ring: Node 914bea34ddf851d582002e45fe4885cc (host: np0000004292) handling event "create" for row 5a1318bd-0cdd-4e51-abce-f40e9c7d90de (table: ACL) {{(pid=90463) notify /opt/stack/neutron/neutron/plugins/ml2/drivers/ovn/mech_driver/ovsdb/ovsdb_monitor.py:1015}}
Jul 02 15:06:41.466553 np0000004292 devstack@neutron-api.service[90463]: DEBUG neutron.plugins.ml2.drivers.ovn.mech_driver.ovsdb.ovsdb_monitor [-] Hash Ring: Node 914bea34ddf851d582002e45fe4885cc (host: np0000004292) handling event "create" for row 77c9f511-9e1f-4da8-9d60-9d3f92a72088 (table: ACL) {{(pid=90463) notify /opt/stack/neutron/neutron/plugins/ml2/drivers/ovn/mech_driver/ovsdb/ovsdb_monitor.py:1015}}
Jul 02 15:06:41.466553 np0000004292 devstack@neutron-api.service[90463]: DEBUG neutron.plugins.ml2.drivers.ovn.mech_driver.ovsdb.ovsdb_monitor [-] Hash Ring: Node 914bea34ddf851d582002e45fe4885cc (host: np0000004292) handling event "create" for row 7b8a10dd-cfaf-4886-bd79-937c4ab3e300 (table: ACL) {{(pid=90463) notify /opt/stack/neutron/neutron/plugins/ml2/drivers/ovn/mech_driver/ovsdb/ovsdb_monitor.py:1015}}
Jul 02 15:06:41.466991 np0000004292 devstack@neutron-api.service[90463]: DEBUG neutron.plugins.ml2.drivers.ovn.mech_driver.ovsdb.ovsdb_monitor [-] Hash Ring: Node 914bea34ddf851d582002e45fe4885cc (host: np0000004292) handling event "create" for row e88416f5-d4a5-489c-9d3b-35d1f745e1e7 (table: Port_Group) {{(pid=90463) notify /opt/stack/neutron/neutron/plugins/ml2/drivers/ovn/mech_driver/ovsdb/ovsdb_monitor.py:1015}}
Jul 02 15:06:41.467634 np0000004292 devstack@neutron-api.service[90460]: DEBUG neutron.plugins.ml2.drivers.ovn.mech_driver.ovsdb.ovsdb_monitor [-] Hash Ring: Node ca35d9eadab15bcb89b6c1e232470c72 (host: np0000004292) handling event "create" for row 5a1318bd-0cdd-4e51-abce-f40e9c7d90de (table: ACL) {{(pid=90460) notify /opt/stack/neutron/neutron/plugins/ml2/drivers/ovn/mech_driver/ovsdb/ovsdb_monitor.py:1015}}
Jul 02 15:06:41.468211 np0000004292 devstack@neutron-api.service[90461]: DEBUG neutron.plugins.ml2.drivers.ovn.mech_driver.ovsdb.ovsdb_monitor [-] Hash Ring: Node 3e471768f6605a44a56bbc1c1d03d9d9 (host: np0000004292) handling event "create" for row e88416f5-d4a5-489c-9d3b-35d1f745e1e7 (table: Port_Group) {{(pid=90461) notify /opt/stack/neutron/neutron/plugins/ml2/drivers/ovn/mech_driver/ovsdb/ovsdb_monitor.py:1015}}
Jul 02 15:06:41.468317 np0000004292 devstack@neutron-api.service[90460]: DEBUG neutron.plugins.ml2.drivers.ovn.mech_driver.ovsdb.ovsdb_monitor [-] Hash Ring: Node ca35d9eadab15bcb89b6c1e232470c72 (host: np0000004292) handling event "create" for row 77c9f511-9e1f-4da8-9d60-9d3f92a72088 (table: ACL) {{(pid=90460) notify /opt/stack/neutron/neutron/plugins/ml2/drivers/ovn/mech_driver/ovsdb/ovsdb_monitor.py:1015}}
Jul 02 15:06:41.468317 np0000004292 devstack@neutron-api.service[90460]: DEBUG neutron.plugins.ml2.drivers.ovn.mech_driver.ovsdb.ovsdb_monitor [-] Hash Ring: Node ca35d9eadab15bcb89b6c1e232470c72 (host: np0000004292) handling event "create" for row e88416f5-d4a5-489c-9d3b-35d1f745e1e7 (table: Port_Group) {{(pid=90460) notify /opt/stack/neutron/neutron/plugins/ml2/drivers/ovn/mech_driver/ovsdb/ovsdb_monitor.py:1015}}
Jul 02 15:06:41.491475 np0000004292 devstack@neutron-api.service[90461]: INFO neutron.db.ovn_revision_numbers_db [None req-7067fb10-110c-4320-8523-9b30c71e4aa6 admin admin] Successfully bumped revision number for resource 67dbbdc3-5b9c-469e-a258-c2a6b740cca3 (type: security_groups) to 1
Jul 02 15:06:41.503539 np0000004292 devstack@neutron-api.service[90461]: INFO neutron.db.ovn_revision_numbers_db [None req-7067fb10-110c-4320-8523-9b30c71e4aa6 admin admin] Successfully bumped revision number for resource 5b381458-a288-4287-8925-c5397c748d29 (type: security_group_rules) to 0
Jul 02 15:06:41.514899 np0000004292 devstack@neutron-api.service[90461]: INFO neutron.db.ovn_revision_numbers_db [None req-7067fb10-110c-4320-8523-9b30c71e4aa6 admin admin] Successfully bumped revision number for resource 6b1f0973-2f32-4237-87b0-b2baa65b68ea (type: security_group_rules) to 0
Jul 02 15:06:41.523525 np0000004292 devstack@neutron-api.service[90461]: INFO neutron.db.ovn_revision_numbers_db [None req-7067fb10-110c-4320-8523-9b30c71e4aa6 admin admin] Successfully bumped revision number for resource db5e7687-16dc-4059-8df3-4aede7f8ec6a (type: security_group_rules) to 0
Jul 02 15:06:41.532814 np0000004292 devstack@neutron-api.service[90461]: INFO neutron.db.ovn_revision_numbers_db [None req-7067fb10-110c-4320-8523-9b30c71e4aa6 admin admin] Successfully bumped revision number for resource e1bd51d2-767a-4944-a15a-57db47e1dd51 (type: security_group_rules) to 0
Jul 02 15:06:41.552996 np0000004292 devstack@neutron-api.service[90461]: DEBUG neutron.api.rpc.handlers.resources_rpc [None req-7067fb10-110c-4320-8523-9b30c71e4aa6 admin admin] Pushing event updated for resources: {'SecurityGroup': ['ID=67dbbdc3-5b9c-469e-a258-c2a6b740cca3,revision_number=1']} {{(pid=90461) push /opt/stack/neutron/neutron/api/rpc/handlers/resources_rpc.py:237}}
Jul 02 15:06:41.559470 np0000004292 devstack@neutron-api.service[90461]: DEBUG ovsdbapp.backend.ovs_idl.transaction [-] Running txn n=1 command(idx=0): CheckLivenessCommand(_result=None) {{(pid=90461) do_commit /opt/stack/data/venv/lib/python3.12/site-packages/ovsdbapp/backend/ovs_idl/transaction.py:89}}
Jul 02 15:06:41.561446 np0000004292 devstack@neutron-api.service[90461]: DEBUG neutron.plugins.ml2.drivers.ovn.mech_driver.ovsdb.ovsdb_monitor [-] Hash Ring: Node 3e471768f6605a44a56bbc1c1d03d9d9 (host: np0000004292) handling event "update" for row f86d9386-5a49-4507-b512-c22d42fcf5f9 (table: NB_Global) {{(pid=90461) notify /opt/stack/neutron/neutron/plugins/ml2/drivers/ovn/mech_driver/ovsdb/ovsdb_monitor.py:1015}}
Jul 02 15:06:41.562216 np0000004292 devstack@neutron-api.service[90463]: DEBUG neutron.plugins.ml2.drivers.ovn.mech_driver.ovsdb.ovsdb_monitor [-] Hash Ring: Node 914bea34ddf851d582002e45fe4885cc (host: np0000004292) handling event "update" for row f86d9386-5a49-4507-b512-c22d42fcf5f9 (table: NB_Global) {{(pid=90463) notify /opt/stack/neutron/neutron/plugins/ml2/drivers/ovn/mech_driver/ovsdb/ovsdb_monitor.py:1015}}
Jul 02 15:06:41.562568 np0000004292 devstack@neutron-api.service[90460]: DEBUG neutron.plugins.ml2.drivers.ovn.mech_driver.ovsdb.ovsdb_monitor [-] Hash Ring: Node ca35d9eadab15bcb89b6c1e232470c72 (host: np0000004292) handling event "update" for row f86d9386-5a49-4507-b512-c22d42fcf5f9 (table: NB_Global) {{(pid=90460) notify /opt/stack/neutron/neutron/plugins/ml2/drivers/ovn/mech_driver/ovsdb/ovsdb_monitor.py:1015}}
Jul 02 15:06:41.563529 np0000004292 devstack@neutron-api.service[90463]: DEBUG neutron.plugins.ml2.drivers.ovn.mech_driver.ovsdb.ovsdb_monitor [-] Hash Ring: Node 914bea34ddf851d582002e45fe4885cc (host: np0000004292) handling event "update" for row f86d9386-5a49-4507-b512-c22d42fcf5f9 (table: NB_Global) {{(pid=90463) notify /opt/stack/neutron/neutron/plugins/ml2/drivers/ovn/mech_driver/ovsdb/ovsdb_monitor.py:1015}}
Jul 02 15:06:41.563866 np0000004292 devstack@neutron-api.service[90461]: DEBUG neutron.api.rpc.callbacks.version_manager [None req-7067fb10-110c-4320-8523-9b30c71e4aa6 admin admin] Tracked resource versions report:
Jul 02 15:06:41.563866 np0000004292 devstack@neutron-api.service[90461]: pushed versions:
Jul 02 15:06:41.563866 np0000004292 devstack@neutron-api.service[90461]: { 'AddressGroup': {'1.2'},
Jul 02 15:06:41.563866 np0000004292 devstack@neutron-api.service[90461]: 'Agent': {'1.1'},
Jul 02 15:06:41.563866 np0000004292 devstack@neutron-api.service[90461]: 'ConntrackHelper': {'1.0'},
Jul 02 15:06:41.563866 np0000004292 devstack@neutron-api.service[90461]: 'LocalIPAssociation': {'1.0'},
Jul 02 15:06:41.563866 np0000004292 devstack@neutron-api.service[90461]: 'Log': {'1.0'},
Jul 02 15:06:41.563866 np0000004292 devstack@neutron-api.service[90461]: 'NDPProxy': {'1.0'},
Jul 02 15:06:41.563866 np0000004292 devstack@neutron-api.service[90461]: 'Network': {'1.3'},
Jul 02 15:06:41.563866 np0000004292 devstack@neutron-api.service[90461]: 'Port': {'1.11'},
Jul 02 15:06:41.563866 np0000004292 devstack@neutron-api.service[90461]: 'PortForwarding': {'1.3'},
Jul 02 15:06:41.563866 np0000004292 devstack@neutron-api.service[90461]: 'QosPolicy': {'1.10'},
Jul 02 15:06:41.563866 np0000004292 devstack@neutron-api.service[90461]: 'SecurityGroup': {'1.6'},
Jul 02 15:06:41.563866 np0000004292 devstack@neutron-api.service[90461]: 'SecurityGroupRule': {'1.3'},
Jul 02 15:06:41.563866 np0000004292 devstack@neutron-api.service[90461]: 'SubPort': {'1.0'},
Jul 02 15:06:41.563866 np0000004292 devstack@neutron-api.service[90461]: 'Subnet': {'1.2'},
Jul 02 15:06:41.563866 np0000004292 devstack@neutron-api.service[90461]: 'Trunk': {'1.1'}}
Jul 02 15:06:41.563866 np0000004292 devstack@neutron-api.service[90461]: consumer versions:
Jul 02 15:06:41.563866 np0000004292 devstack@neutron-api.service[90461]: {}
Jul 02 15:06:41.563866 np0000004292 devstack@neutron-api.service[90461]: {{(pid=90461) report /opt/stack/neutron/neutron/api/rpc/callbacks/version_manager.py:183}}
Jul 02 15:06:41.564355 np0000004292 devstack@neutron-api.service[90460]: DEBUG neutron.plugins.ml2.drivers.ovn.mech_driver.ovsdb.ovsdb_monitor [-] Hash Ring: Node ca35d9eadab15bcb89b6c1e232470c72 (host: np0000004292) handling event "update" for row f86d9386-5a49-4507-b512-c22d42fcf5f9 (table: NB_Global) {{(pid=90460) notify /opt/stack/neutron/neutron/plugins/ml2/drivers/ovn/mech_driver/ovsdb/ovsdb_monitor.py:1015}}
Jul 02 15:06:41.565521 np0000004292 devstack@neutron-api.service[90463]: DEBUG neutron.plugins.ml2.drivers.ovn.mech_driver.ovsdb.ovsdb_monitor [-] Hash Ring: Node 914bea34ddf851d582002e45fe4885cc (host: np0000004292) handling event "update" for row f86d9386-5a49-4507-b512-c22d42fcf5f9 (table: NB_Global) {{(pid=90463) notify /opt/stack/neutron/neutron/plugins/ml2/drivers/ovn/mech_driver/ovsdb/ovsdb_monitor.py:1015}}
Jul 02 15:06:41.565839 np0000004292 devstack@neutron-api.service[90462]: DEBUG neutron.plugins.ml2.drivers.ovn.mech_driver.ovsdb.ovsdb_monitor [-] ChassisAgentWriteEvent : Matched Chassis_Private, update, None None {{(pid=90462) matches /opt/stack/neutron/neutron/plugins/ml2/drivers/ovn/mech_driver/ovsdb/ovsdb_monitor.py:64}}
Jul 02 15:06:41.566178 np0000004292 devstack@neutron-api.service[90460]: DEBUG neutron.plugins.ml2.drivers.ovn.mech_driver.ovsdb.ovsdb_monitor [-] Hash Ring: Node ca35d9eadab15bcb89b6c1e232470c72 (host: np0000004292) handling event "update" for row f86d9386-5a49-4507-b512-c22d42fcf5f9 (table: NB_Global) {{(pid=90460) notify /opt/stack/neutron/neutron/plugins/ml2/drivers/ovn/mech_driver/ovsdb/ovsdb_monitor.py:1015}}
Jul 02 15:06:41.566277 np0000004292 devstack@neutron-api.service[90463]: DEBUG neutron.plugins.ml2.drivers.ovn.mech_driver.ovsdb.ovsdb_monitor [-] Hash Ring: Node 914bea34ddf851d582002e45fe4885cc (host: np0000004292) handling event "update" for row f86d9386-5a49-4507-b512-c22d42fcf5f9 (table: NB_Global) {{(pid=90463) notify /opt/stack/neutron/neutron/plugins/ml2/drivers/ovn/mech_driver/ovsdb/ovsdb_monitor.py:1015}}
Jul 02 15:06:41.567802 np0000004292 devstack@neutron-api.service[90460]: DEBUG neutron.plugins.ml2.drivers.ovn.mech_driver.ovsdb.ovsdb_monitor [-] Hash Ring: Node ca35d9eadab15bcb89b6c1e232470c72 (host: np0000004292) handling event "update" for row f86d9386-5a49-4507-b512-c22d42fcf5f9 (table: NB_Global) {{(pid=90460) notify /opt/stack/neutron/neutron/plugins/ml2/drivers/ovn/mech_driver/ovsdb/ovsdb_monitor.py:1015}}
Jul 02 15:06:41.568907 np0000004292 devstack@neutron-api.service[90463]: DEBUG neutron.plugins.ml2.drivers.ovn.mech_driver.ovsdb.ovsdb_monitor [-] ChassisAgentWriteEvent : Matched Chassis_Private, update, None None {{(pid=90463) matches /opt/stack/neutron/neutron/plugins/ml2/drivers/ovn/mech_driver/ovsdb/ovsdb_monitor.py:64}}
Jul 02 15:06:41.569192 np0000004292 devstack@neutron-api.service[90461]: DEBUG neutron.plugins.ml2.drivers.ovn.mech_driver.ovsdb.ovsdb_monitor [-] ChassisAgentWriteEvent : Matched Chassis_Private, update, None None {{(pid=90461) matches /opt/stack/neutron/neutron/plugins/ml2/drivers/ovn/mech_driver/ovsdb/ovsdb_monitor.py:64}}
Jul 02 15:06:41.569383 np0000004292 devstack@neutron-api.service[90460]: DEBUG neutron.plugins.ml2.drivers.ovn.mech_driver.ovsdb.ovsdb_monitor [-] ChassisAgentWriteEvent : Matched Chassis_Private, update, None None {{(pid=90460) matches /opt/stack/neutron/neutron/plugins/ml2/drivers/ovn/mech_driver/ovsdb/ovsdb_monitor.py:64}}
Jul 02 15:06:41.571745 np0000004292 devstack@neutron-api.service[90462]: DEBUG neutron.common.ovn.hash_ring_manager [-] Allow caching, nodes 4>=4 {{(pid=90462) _wait_startup_before_caching /opt/stack/neutron/neutron/common/ovn/hash_ring_manager.py:71}}
Jul 02 15:06:41.571908 np0000004292 devstack@neutron-api.service[90461]: DEBUG neutron.plugins.ml2.drivers.ovn.mech_driver.ovsdb.ovsdb_monitor [-] Hash Ring: Node 3e471768f6605a44a56bbc1c1d03d9d9 (host: np0000004292) handling event "update" for row f86d9386-5a49-4507-b512-c22d42fcf5f9 (table: NB_Global) {{(pid=90461) notify /opt/stack/neutron/neutron/plugins/ml2/drivers/ovn/mech_driver/ovsdb/ovsdb_monitor.py:1015}}
Jul 02 15:06:41.572064 np0000004292 devstack@neutron-api.service[90460]: DEBUG neutron.common.ovn.hash_ring_manager [-] Allow caching, nodes 4>=4 {{(pid=90460) _wait_startup_before_caching /opt/stack/neutron/neutron/common/ovn/hash_ring_manager.py:71}}
Jul 02 15:06:41.572064 np0000004292 devstack@neutron-api.service[90460]: DEBUG neutron.plugins.ml2.drivers.ovn.mech_driver.ovsdb.ovsdb_monitor [-] Hash Ring: Node ca35d9eadab15bcb89b6c1e232470c72 (host: np0000004292) handling event "update" for row a7248bdf-5d42-4d4d-8e92-869dd2203105 (table: Chassis_Private) {{(pid=90460) notify /opt/stack/neutron/neutron/plugins/ml2/drivers/ovn/mech_driver/ovsdb/ovsdb_monitor.py:1015}}
Jul 02 15:06:41.573149 np0000004292 devstack@neutron-api.service[90460]: DEBUG neutron.plugins.ml2.drivers.ovn.mech_driver.ovsdb.ovsdb_monitor [-] ChassisOVNAgentWriteEvent : Matched Chassis_Private, update, None None {{(pid=90460) matches /opt/stack/neutron/neutron/plugins/ml2/drivers/ovn/mech_driver/ovsdb/ovsdb_monitor.py:64}}
Jul 02 15:06:41.573149 np0000004292 devstack@neutron-api.service[90460]: DEBUG neutron.plugins.ml2.drivers.ovn.mech_driver.ovsdb.ovsdb_monitor [-] Hash Ring: Node ca35d9eadab15bcb89b6c1e232470c72 (host: np0000004292) handling event "update" for row a7248bdf-5d42-4d4d-8e92-869dd2203105 (table: Chassis_Private) {{(pid=90460) notify /opt/stack/neutron/neutron/plugins/ml2/drivers/ovn/mech_driver/ovsdb/ovsdb_monitor.py:1015}}
Jul 02 15:06:41.573366 np0000004292 devstack@neutron-api.service[90463]: DEBUG neutron.common.ovn.hash_ring_manager [-] Allow caching, nodes 4>=4 {{(pid=90463) _wait_startup_before_caching /opt/stack/neutron/neutron/common/ovn/hash_ring_manager.py:71}}
Jul 02 15:06:41.573532 np0000004292 devstack@neutron-api.service[90462]: DEBUG neutron.plugins.ml2.drivers.ovn.mech_driver.ovsdb.ovsdb_monitor [-] ChassisOVNAgentWriteEvent : Matched Chassis_Private, update, None None {{(pid=90462) matches /opt/stack/neutron/neutron/plugins/ml2/drivers/ovn/mech_driver/ovsdb/ovsdb_monitor.py:64}}
Jul 02 15:06:41.573707 np0000004292 devstack@neutron-api.service[90463]: DEBUG neutron.plugins.ml2.drivers.ovn.mech_driver.ovsdb.ovsdb_monitor [-] Hash Ring: Node 914bea34ddf851d582002e45fe4885cc (host: np0000004292) handling event "update" for row a7248bdf-5d42-4d4d-8e92-869dd2203105 (table: Chassis_Private) {{(pid=90463) notify /opt/stack/neutron/neutron/plugins/ml2/drivers/ovn/mech_driver/ovsdb/ovsdb_monitor.py:1015}}
Jul 02 15:06:41.574104 np0000004292 devstack@neutron-api.service[90461]: DEBUG neutron.plugins.ml2.drivers.ovn.mech_driver.ovsdb.ovsdb_monitor [-] ChassisOVNAgentWriteEvent : Matched Chassis_Private, update, None None {{(pid=90461) matches /opt/stack/neutron/neutron/plugins/ml2/drivers/ovn/mech_driver/ovsdb/ovsdb_monitor.py:64}}
Jul 02 15:06:41.574213 np0000004292 devstack@neutron-api.service[90463]: DEBUG neutron.plugins.ml2.drivers.ovn.mech_driver.ovsdb.ovsdb_monitor [-] ChassisOVNAgentWriteEvent : Matched Chassis_Private, update, None None {{(pid=90463) matches /opt/stack/neutron/neutron/plugins/ml2/drivers/ovn/mech_driver/ovsdb/ovsdb_monitor.py:64}}
Jul 02 15:06:41.574572 np0000004292 devstack@neutron-api.service[90463]: DEBUG neutron.plugins.ml2.drivers.ovn.mech_driver.ovsdb.ovsdb_monitor [-] Hash Ring: Node 914bea34ddf851d582002e45fe4885cc (host: np0000004292) handling event "update" for row a7248bdf-5d42-4d4d-8e92-869dd2203105 (table: Chassis_Private) {{(pid=90463) notify /opt/stack/neutron/neutron/plugins/ml2/drivers/ovn/mech_driver/ovsdb/ovsdb_monitor.py:1015}}
Jul 02 15:06:41.575957 np0000004292 devstack@neutron-api.service[90461]: DEBUG neutron.plugins.ml2.drivers.ovn.mech_driver.ovsdb.ovsdb_monitor [-] Hash Ring: Node 3e471768f6605a44a56bbc1c1d03d9d9 (host: np0000004292) handling event "update" for row f86d9386-5a49-4507-b512-c22d42fcf5f9 (table: NB_Global) {{(pid=90461) notify /opt/stack/neutron/neutron/plugins/ml2/drivers/ovn/mech_driver/ovsdb/ovsdb_monitor.py:1015}}
Jul 02 15:06:41.577710 np0000004292 devstack@neutron-api.service[90461]: DEBUG neutron.plugins.ml2.drivers.ovn.mech_driver.ovsdb.ovsdb_monitor [-] Hash Ring: Node 3e471768f6605a44a56bbc1c1d03d9d9 (host: np0000004292) handling event "update" for row f86d9386-5a49-4507-b512-c22d42fcf5f9 (table: NB_Global) {{(pid=90461) notify /opt/stack/neutron/neutron/plugins/ml2/drivers/ovn/mech_driver/ovsdb/ovsdb_monitor.py:1015}}
Jul 02 15:06:41.612437 np0000004292 devstack@neutron-api.service[90461]: DEBUG neutron.plugins.ml2.drivers.helpers [None req-7067fb10-110c-4320-8523-9b30c71e4aa6 admin admin] geneve segment allocate from pool success with {'geneve_vni': 30683} {{(pid=90461) allocate_partially_specified_segment /opt/stack/neutron/neutron/plugins/ml2/drivers/helpers.py:142}}
Jul 02 15:06:41.621833 np0000004292 devstack@neutron-api.service[90461]: DEBUG neutron_lib.callbacks.manager [None req-7067fb10-110c-4320-8523-9b30c71e4aa6 admin admin] Publish callbacks ['neutron.services.segments.db._add_segment_host_mapping_for_segment-8691364933986', 'neutron.plugins.ml2.plugin.Ml2Plugin._handle_segment_change-7927906'] for segment (b8e7bb54-06c6-4a98-adba-dd48f24b516d), precommit_create {{(pid=90461) _notify_loop /opt/stack/data/venv/lib/python3.12/site-packages/neutron_lib/callbacks/manager.py:184}}
Jul 02 15:06:41.622009 np0000004292 devstack@neutron-api.service[90461]: INFO neutron.db.segments_db [None req-7067fb10-110c-4320-8523-9b30c71e4aa6 admin admin] Added segment b8e7bb54-06c6-4a98-adba-dd48f24b516d of type geneve for network 7c65b323-9d70-42e8-810a-514d96a7c9f8
Jul 02 15:06:41.660534 np0000004292 devstack@neutron-api.service[90461]: DEBUG neutron_lib.callbacks.manager [None req-7067fb10-110c-4320-8523-9b30c71e4aa6 admin admin] Publish callbacks ['neutron.services.auto_allocate.db._ensure_external_network_default_value_callback-8691363652772'] for network (7c65b323-9d70-42e8-810a-514d96a7c9f8), precommit_create {{(pid=90461) _notify_loop /opt/stack/data/venv/lib/python3.12/site-packages/neutron_lib/callbacks/manager.py:184}}
Jul 02 15:06:41.675443 np0000004292 devstack@neutron-api.service[90461]: DEBUG neutron.plugins.ml2.drivers.ovn.mech_driver.mech_driver [None req-7067fb10-110c-4320-8523-9b30c71e4aa6 admin admin] Validating network segment with type geneve, segmentation ID 30683, physical network None {{(pid=90461) _validate_network_segments /opt/stack/neutron/neutron/plugins/ml2/drivers/ovn/mech_driver/mech_driver.py:646}}
Jul 02 15:06:41.675578 np0000004292 devstack@neutron-api.service[90461]: DEBUG neutron.db.ovn_revision_numbers_db [None req-7067fb10-110c-4320-8523-9b30c71e4aa6 admin admin] create_initial_revision uuid=7c65b323-9d70-42e8-810a-514d96a7c9f8, type=networks, rev=-1 {{(pid=90461) create_initial_revision /opt/stack/neutron/neutron/db/ovn_revision_numbers_db.py:98}}
Jul 02 15:06:41.689369 np0000004292 devstack@neutron-api.service[90461]: DEBUG neutron_lib.callbacks.manager [None req-7067fb10-110c-4320-8523-9b30c71e4aa6 admin admin] Publish callbacks ['neutron.plugins.ml2.ovo_rpc._ObjectChangeHandler.handle_event-2759641'] for network (7c65b323-9d70-42e8-810a-514d96a7c9f8), after_create {{(pid=90461) _notify_loop /opt/stack/data/venv/lib/python3.12/site-packages/neutron_lib/callbacks/manager.py:184}}
Jul 02 15:06:41.734108 np0000004292 devstack@neutron-api.service[90461]: DEBUG neutron.api.rpc.handlers.resources_rpc [None req-7067fb10-110c-4320-8523-9b30c71e4aa6 admin admin] Pushing event updated for resources: {'Network': ['ID=7c65b323-9d70-42e8-810a-514d96a7c9f8,revision_number=1']} {{(pid=90461) push /opt/stack/neutron/neutron/api/rpc/handlers/resources_rpc.py:237}}
Jul 02 15:06:41.741930 np0000004292 devstack@neutron-api.service[90461]: DEBUG ovsdbapp.backend.ovs_idl.transaction [-] Running txn n=1 command(idx=0): AddNetworkCommand(_result=None, network_uuid=7c65b323-9d70-42e8-810a-514d96a7c9f8, may_exist=True, columns={'external_ids': {'neutron:network_name': 'private', 'neutron:mtu': '1372', 'neutron:revision_number': '1', 'neutron:availability_zone_hints': '', 'neutron:provnet-network-type': 'geneve'}, 'other_config': {'mcast_snoop': 'false', 'mcast_flood_unregistered': 'false', 'vlan-passthru': 'false'}}) {{(pid=90461) do_commit /opt/stack/data/venv/lib/python3.12/site-packages/ovsdbapp/backend/ovs_idl/transaction.py:89}}
Jul 02 15:06:41.742465 np0000004292 devstack@neutron-api.service[90461]: DEBUG neutron.common.ovn.utils [-] OVS persist_uuid supported=True {{(pid=90461) ovs_persist_uuid_supported /opt/stack/neutron/neutron/common/ovn/utils.py:1562}}
Jul 02 15:06:41.744625 np0000004292 devstack@neutron-api.service[90461]: DEBUG neutron.plugins.ml2.drivers.ovn.mech_driver.ovsdb.ovsdb_monitor [-] Hash Ring: Node 3e471768f6605a44a56bbc1c1d03d9d9 (host: np0000004292) handling event "create" for row 7c65b323-9d70-42e8-810a-514d96a7c9f8 (table: Logical_Switch) {{(pid=90461) notify /opt/stack/neutron/neutron/plugins/ml2/drivers/ovn/mech_driver/ovsdb/ovsdb_monitor.py:1015}}
Jul 02 15:06:41.745308 np0000004292 devstack@neutron-api.service[90463]: DEBUG neutron.plugins.ml2.drivers.ovn.mech_driver.ovsdb.ovsdb_monitor [-] Hash Ring: Node 914bea34ddf851d582002e45fe4885cc (host: np0000004292) handling event "create" for row 7c65b323-9d70-42e8-810a-514d96a7c9f8 (table: Logical_Switch) {{(pid=90463) notify /opt/stack/neutron/neutron/plugins/ml2/drivers/ovn/mech_driver/ovsdb/ovsdb_monitor.py:1015}}
Jul 02 15:06:41.747037 np0000004292 devstack@neutron-api.service[90460]: DEBUG neutron.plugins.ml2.drivers.ovn.mech_driver.ovsdb.ovsdb_monitor [-] Hash Ring: Node ca35d9eadab15bcb89b6c1e232470c72 (host: np0000004292) handling event "create" for row 7c65b323-9d70-42e8-810a-514d96a7c9f8 (table: Logical_Switch) {{(pid=90460) notify /opt/stack/neutron/neutron/plugins/ml2/drivers/ovn/mech_driver/ovsdb/ovsdb_monitor.py:1015}}
Jul 02 15:06:41.748476 np0000004292 devstack@neutron-api.service[90463]: DEBUG neutron.plugins.ml2.drivers.ovn.mech_driver.ovsdb.ovsdb_monitor [-] Hash Ring: Node 914bea34ddf851d582002e45fe4885cc (host: np0000004292) handling event "create" for row d3a7f875-0929-435a-8c4a-273a025b22f3 (table: Datapath_Binding) {{(pid=90463) notify /opt/stack/neutron/neutron/plugins/ml2/drivers/ovn/mech_driver/ovsdb/ovsdb_monitor.py:1015}}
Jul 02 15:06:41.759546 np0000004292 devstack@neutron-api.service[90461]: DEBUG neutron.plugins.ml2.drivers.ovn.mech_driver.ovsdb.ovsdb_monitor [-] Hash Ring: Node 3e471768f6605a44a56bbc1c1d03d9d9 (host: np0000004292) handling event "create" for row d3a7f875-0929-435a-8c4a-273a025b22f3 (table: Datapath_Binding) {{(pid=90461) notify /opt/stack/neutron/neutron/plugins/ml2/drivers/ovn/mech_driver/ovsdb/ovsdb_monitor.py:1015}}
Jul 02 15:06:41.778854 np0000004292 devstack@neutron-api.service[90461]: INFO neutron.db.ovn_revision_numbers_db [None req-7067fb10-110c-4320-8523-9b30c71e4aa6 admin admin] Successfully bumped revision number for resource 7c65b323-9d70-42e8-810a-514d96a7c9f8 (type: networks) to 1
Jul 02 15:06:42.028130 np0000004292 devstack@neutron-api.service[90461]: DEBUG neutron_lib.callbacks.manager [None req-7067fb10-110c-4320-8523-9b30c71e4aa6 admin admin] Publish callbacks ['neutron.plugins.ml2.plugin.SecurityGroupDbMixin._ensure_default_security_group_handler-7676492'] for port (None), before_create {{(pid=90461) _notify_loop /opt/stack/data/venv/lib/python3.12/site-packages/neutron_lib/callbacks/manager.py:184}}
Jul 02 15:06:42.120629 np0000004292 devstack@neutron-api.service[90461]: DEBUG neutron_lib.callbacks.manager [None req-7067fb10-110c-4320-8523-9b30c71e4aa6 admin admin] Publish callbacks ['neutron.plugins.ml2.drivers.ovn.mech_driver.mech_driver.OVNMechanismDriver._validate_allowed_address_pairs-330931'] for allowed_address_pair (cf2f8dcc-5297-494e-a522-9f47a4d05dba), before_create {{(pid=90461) _notify_loop /opt/stack/data/venv/lib/python3.12/site-packages/neutron_lib/callbacks/manager.py:184}}
