Jul 05 17:50:35.705054 np0000004583 systemd[1]: Starting devstack@n-api-meta.service - Devstack devstack@n-api-meta.service...
Jul 05 17:50:35.711674 np0000004583 devstack@n-api-meta.service[92602]: [uWSGI] getting INI configuration from /etc/nova/nova-metadata-uwsgi.ini
Jul 05 17:50:35.714639 np0000004583 devstack@n-api-meta.service[92602]: *** Starting uWSGI 2.0.24-debian (64bit) on [Sun Jul 5 17:50:35 2026] ***
Jul 05 17:50:35.714639 np0000004583 devstack@n-api-meta.service[92602]: compiled with version: 13.2.0 on 17 April 2024 16:23:48
Jul 05 17:50:35.714639 np0000004583 devstack@n-api-meta.service[92602]: os: Linux-6.8.0-134-generic #134-Ubuntu SMP PREEMPT_DYNAMIC Fri Jun 26 18:43:11 UTC 2026
Jul 05 17:50:35.714639 np0000004583 devstack@n-api-meta.service[92602]: nodename: np0000004583
Jul 05 17:50:35.714639 np0000004583 devstack@n-api-meta.service[92602]: machine: x86_64
Jul 05 17:50:35.714639 np0000004583 devstack@n-api-meta.service[92602]: clock source: unix
Jul 05 17:50:35.714639 np0000004583 devstack@n-api-meta.service[92602]: pcre jit disabled
Jul 05 17:50:35.714639 np0000004583 devstack@n-api-meta.service[92602]: detected number of CPU cores: 16
Jul 05 17:50:35.714639 np0000004583 devstack@n-api-meta.service[92602]: current working directory: /
Jul 05 17:50:35.714639 np0000004583 devstack@n-api-meta.service[92602]: detected binary path: /usr/bin/uwsgi-core
Jul 05 17:50:35.714639 np0000004583 devstack@n-api-meta.service[92602]: your processes number limit is 252954
Jul 05 17:50:35.714639 np0000004583 devstack@n-api-meta.service[92602]: your memory page size is 4096 bytes
Jul 05 17:50:35.714639 np0000004583 devstack@n-api-meta.service[92602]: detected max file descriptor number: 2048
Jul 05 17:50:35.714639 np0000004583 devstack@n-api-meta.service[92602]: lock engine: pthread robust mutexes
Jul 05 17:50:35.715173 np0000004583 devstack@n-api-meta.service[92602]: thunder lock: enabled
Jul 05 17:50:35.715350 np0000004583 devstack@n-api-meta.service[92602]: uWSGI http bound on 0.0.0.0:8775 fd 5
Jul 05 17:50:35.715350 np0000004583 devstack@n-api-meta.service[92602]: uwsgi socket 0 bound to TCP address 127.0.0.1:45189 (port auto-assigned) fd 4
Jul 05 17:50:35.715350 np0000004583 devstack@n-api-meta.service[92602]: Python version: 3.12.3 (main, Mar 23 2026, 19:04:32) [GCC 13.3.0]
Jul 05 17:50:35.715456 np0000004583 devstack@n-api-meta.service[92602]: PEP 405 virtualenv detected: /opt/stack/data/venv
Jul 05 17:50:35.715456 np0000004583 devstack@n-api-meta.service[92602]: Set PythonHome to /opt/stack/data/venv
Jul 05 17:50:35.754186 np0000004583 devstack@n-api-meta.service[92602]: Python main interpreter initialized at 0x776939aa3668
Jul 05 17:50:35.754186 np0000004583 devstack@n-api-meta.service[92602]: python threads support enabled
Jul 05 17:50:35.754186 np0000004583 devstack@n-api-meta.service[92602]: your server socket listen backlog is limited to 100 connections
Jul 05 17:50:35.754186 np0000004583 devstack@n-api-meta.service[92602]: your mercy for graceful operations on workers is 80 seconds
Jul 05 17:50:35.754609 np0000004583 devstack@n-api-meta.service[92602]: mapped 537436 bytes (524 KB) for 3 cores
Jul 05 17:50:35.754719 np0000004583 devstack@n-api-meta.service[92602]: *** Operational MODE: preforking ***
Jul 05 17:50:35.754918 np0000004583 devstack@n-api-meta.service[92602]: *** uWSGI is running in multiple interpreter mode ***
Jul 05 17:50:35.754918 np0000004583 devstack@n-api-meta.service[92602]: spawned uWSGI master process (pid: 92602)
Jul 05 17:50:35.755118 np0000004583 systemd[1]: Started devstack@n-api-meta.service - Devstack devstack@n-api-meta.service.
Jul 05 17:50:35.755458 np0000004583 devstack@n-api-meta.service[92602]: spawned uWSGI worker 1 (pid: 92649, cores: 1)
Jul 05 17:50:35.756186 np0000004583 devstack@n-api-meta.service[92602]: spawned uWSGI worker 2 (pid: 92650, cores: 1)
Jul 05 17:50:35.756610 np0000004583 devstack@n-api-meta.service[92602]: spawned uWSGI worker 3 (pid: 92651, cores: 1)
Jul 05 17:50:35.757343 np0000004583 devstack@n-api-meta.service[92602]: spawned uWSGI http 1 (pid: 92652)
Jul 05 17:50:35.757343 np0000004583 devstack@n-api-meta.service[92602]: running "unix_signal:15 gracefully_kill_them_all" (master-start)...
Jul 05 17:50:37.364593 np0000004583 devstack@n-api-meta.service[92651]: INFO dbcounter [None req-8c352502-6f1a-47e9-af31-aee744bb2441 None None] Registered counter for database nova_api
Jul 05 17:50:37.392475 np0000004583 devstack@n-api-meta.service[92649]: INFO dbcounter [None req-e7464444-f2f9-4021-b645-293d1b5d4a44 None None] Registered counter for database nova_api
Jul 05 17:50:37.399691 np0000004583 devstack@n-api-meta.service[92650]: INFO dbcounter [None req-4bc77662-b449-44bc-a4a8-f3734ae894ea None None] Registered counter for database nova_api
Jul 05 17:50:37.404146 np0000004583 devstack@n-api-meta.service[92651]: DEBUG oslo_db.sqlalchemy.engines [None req-8c352502-6f1a-47e9-af31-aee744bb2441 None None] MySQL server mode set to STRICT_TRANS_TABLES,STRICT_ALL_TABLES,NO_ZERO_IN_DATE,NO_ZERO_DATE,ERROR_FOR_DIVISION_BY_ZERO,TRADITIONAL,NO_ENGINE_SUBSTITUTION {{(pid=92651) _check_effective_sql_mode /opt/stack/data/venv/lib/python3.12/site-packages/oslo_db/sqlalchemy/engines.py:325}}
Jul 05 17:50:37.432788 np0000004583 devstack@n-api-meta.service[92649]: DEBUG oslo_db.sqlalchemy.engines [None req-e7464444-f2f9-4021-b645-293d1b5d4a44 None None] MySQL server mode set to STRICT_TRANS_TABLES,STRICT_ALL_TABLES,NO_ZERO_IN_DATE,NO_ZERO_DATE,ERROR_FOR_DIVISION_BY_ZERO,TRADITIONAL,NO_ENGINE_SUBSTITUTION {{(pid=92649) _check_effective_sql_mode /opt/stack/data/venv/lib/python3.12/site-packages/oslo_db/sqlalchemy/engines.py:325}}
Jul 05 17:50:37.433897 np0000004583 devstack@n-api-meta.service[92651]: DEBUG dbcounter [-] [92651] Writer thread running {{(pid=92651) stat_writer /opt/stack/data/venv/lib/python3.12/site-packages/dbcounter.py:102}}
Jul 05 17:50:37.436382 np0000004583 devstack@n-api-meta.service[92651]: DEBUG nova.context [None req-8c352502-6f1a-47e9-af31-aee744bb2441 None None] Found 2 cells: 00000000-0000-0000-0000-000000000000(cell0),209ea1ab-d988-4ff1-bdc2-fa94b7313886(cell1) {{(pid=92651) load_cells /opt/stack/nova/nova/context.py:509}}
Jul 05 17:50:37.436609 np0000004583 devstack@n-api-meta.service[92651]: INFO nova.utils [None req-8c352502-6f1a-47e9-af31-aee744bb2441 None None] The cell worker thread pool MainProcess.cell_worker is initialized
Jul 05 17:50:37.438256 np0000004583 devstack@n-api-meta.service[92651]: DEBUG oslo_concurrency.lockutils [None req-8c352502-6f1a-47e9-af31-aee744bb2441 None None] Acquiring lock "00000000-0000-0000-0000-000000000000" by "nova.context.set_target_cell..get_or_set_cached_cell_and_set_connections" {{(pid=92651) inner /opt/stack/data/venv/lib/python3.12/site-packages/oslo_concurrency/lockutils.py:511}}
Jul 05 17:50:37.438423 np0000004583 devstack@n-api-meta.service[92651]: DEBUG oslo_concurrency.lockutils [None req-8c352502-6f1a-47e9-af31-aee744bb2441 None None] Lock "00000000-0000-0000-0000-000000000000" acquired by "nova.context.set_target_cell..get_or_set_cached_cell_and_set_connections" :: waited 0.000s {{(pid=92651) inner /opt/stack/data/venv/lib/python3.12/site-packages/oslo_concurrency/lockutils.py:524}}
Jul 05 17:50:37.438836 np0000004583 devstack@n-api-meta.service[92651]: DEBUG oslo_concurrency.lockutils [None req-8c352502-6f1a-47e9-af31-aee744bb2441 None None] Lock "00000000-0000-0000-0000-000000000000" "released" by "nova.context.set_target_cell..get_or_set_cached_cell_and_set_connections" :: held 0.000s {{(pid=92651) inner /opt/stack/data/venv/lib/python3.12/site-packages/oslo_concurrency/lockutils.py:543}}
Jul 05 17:50:37.439494 np0000004583 devstack@n-api-meta.service[92651]: DEBUG oslo_concurrency.lockutils [None req-8c352502-6f1a-47e9-af31-aee744bb2441 None None] Acquiring lock "209ea1ab-d988-4ff1-bdc2-fa94b7313886" by "nova.context.set_target_cell..get_or_set_cached_cell_and_set_connections" {{(pid=92651) inner /opt/stack/data/venv/lib/python3.12/site-packages/oslo_concurrency/lockutils.py:511}}
Jul 05 17:50:37.439685 np0000004583 devstack@n-api-meta.service[92650]: DEBUG oslo_db.sqlalchemy.engines [None req-4bc77662-b449-44bc-a4a8-f3734ae894ea None None] MySQL server mode set to STRICT_TRANS_TABLES,STRICT_ALL_TABLES,NO_ZERO_IN_DATE,NO_ZERO_DATE,ERROR_FOR_DIVISION_BY_ZERO,TRADITIONAL,NO_ENGINE_SUBSTITUTION {{(pid=92650) _check_effective_sql_mode /opt/stack/data/venv/lib/python3.12/site-packages/oslo_db/sqlalchemy/engines.py:325}}
Jul 05 17:50:37.440754 np0000004583 devstack@n-api-meta.service[92651]: INFO dbcounter [None req-8c352502-6f1a-47e9-af31-aee744bb2441 None None] Registered counter for database nova_cell0
Jul 05 17:50:37.441728 np0000004583 devstack@n-api-meta.service[92651]: DEBUG oslo_concurrency.lockutils [None req-8c352502-6f1a-47e9-af31-aee744bb2441 None None] Lock "209ea1ab-d988-4ff1-bdc2-fa94b7313886" acquired by "nova.context.set_target_cell..get_or_set_cached_cell_and_set_connections" :: waited 0.001s {{(pid=92651) inner /opt/stack/data/venv/lib/python3.12/site-packages/oslo_concurrency/lockutils.py:524}}
Jul 05 17:50:37.442808 np0000004583 devstack@n-api-meta.service[92651]: DEBUG oslo_concurrency.lockutils [None req-8c352502-6f1a-47e9-af31-aee744bb2441 None None] Lock "209ea1ab-d988-4ff1-bdc2-fa94b7313886" "released" by "nova.context.set_target_cell..get_or_set_cached_cell_and_set_connections" :: held 0.002s {{(pid=92651) inner /opt/stack/data/venv/lib/python3.12/site-packages/oslo_concurrency/lockutils.py:543}}
Jul 05 17:50:37.444177 np0000004583 devstack@n-api-meta.service[92651]: INFO dbcounter [None req-8c352502-6f1a-47e9-af31-aee744bb2441 None None] Registered counter for database nova_cell1
Jul 05 17:50:37.461353 np0000004583 devstack@n-api-meta.service[92649]: DEBUG dbcounter [-] [92649] Writer thread running {{(pid=92649) stat_writer /opt/stack/data/venv/lib/python3.12/site-packages/dbcounter.py:102}}
Jul 05 17:50:37.463613 np0000004583 devstack@n-api-meta.service[92649]: DEBUG nova.context [None req-e7464444-f2f9-4021-b645-293d1b5d4a44 None None] Found 2 cells: 00000000-0000-0000-0000-000000000000(cell0),209ea1ab-d988-4ff1-bdc2-fa94b7313886(cell1) {{(pid=92649) load_cells /opt/stack/nova/nova/context.py:509}}
Jul 05 17:50:37.463848 np0000004583 devstack@n-api-meta.service[92649]: INFO nova.utils [None req-e7464444-f2f9-4021-b645-293d1b5d4a44 None None] The cell worker thread pool MainProcess.cell_worker is initialized
Jul 05 17:50:37.465927 np0000004583 devstack@n-api-meta.service[92649]: DEBUG oslo_concurrency.lockutils [None req-e7464444-f2f9-4021-b645-293d1b5d4a44 None None] Acquiring lock "00000000-0000-0000-0000-000000000000" by "nova.context.set_target_cell..get_or_set_cached_cell_and_set_connections" {{(pid=92649) inner /opt/stack/data/venv/lib/python3.12/site-packages/oslo_concurrency/lockutils.py:511}}
Jul 05 17:50:37.465927 np0000004583 devstack@n-api-meta.service[92649]: DEBUG oslo_concurrency.lockutils [None req-e7464444-f2f9-4021-b645-293d1b5d4a44 None None] Lock "00000000-0000-0000-0000-000000000000" acquired by "nova.context.set_target_cell..get_or_set_cached_cell_and_set_connections" :: waited 0.000s {{(pid=92649) inner /opt/stack/data/venv/lib/python3.12/site-packages/oslo_concurrency/lockutils.py:524}}
Jul 05 17:50:37.466021 np0000004583 devstack@n-api-meta.service[92649]: DEBUG oslo_concurrency.lockutils [None req-e7464444-f2f9-4021-b645-293d1b5d4a44 None None] Lock "00000000-0000-0000-0000-000000000000" "released" by "nova.context.set_target_cell..get_or_set_cached_cell_and_set_connections" :: held 0.000s {{(pid=92649) inner /opt/stack/data/venv/lib/python3.12/site-packages/oslo_concurrency/lockutils.py:543}}
Jul 05 17:50:37.466573 np0000004583 devstack@n-api-meta.service[92649]: DEBUG oslo_concurrency.lockutils [None req-e7464444-f2f9-4021-b645-293d1b5d4a44 None None] Acquiring lock "209ea1ab-d988-4ff1-bdc2-fa94b7313886" by "nova.context.set_target_cell..get_or_set_cached_cell_and_set_connections" {{(pid=92649) inner /opt/stack/data/venv/lib/python3.12/site-packages/oslo_concurrency/lockutils.py:511}}
Jul 05 17:50:37.467254 np0000004583 devstack@n-api-meta.service[92649]: DEBUG oslo_concurrency.lockutils [None req-e7464444-f2f9-4021-b645-293d1b5d4a44 None None] Lock "209ea1ab-d988-4ff1-bdc2-fa94b7313886" acquired by "nova.context.set_target_cell..get_or_set_cached_cell_and_set_connections" :: waited 0.000s {{(pid=92649) inner /opt/stack/data/venv/lib/python3.12/site-packages/oslo_concurrency/lockutils.py:524}}
Jul 05 17:50:37.468810 np0000004583 devstack@n-api-meta.service[92650]: DEBUG dbcounter [-] [92650] Writer thread running {{(pid=92650) stat_writer /opt/stack/data/venv/lib/python3.12/site-packages/dbcounter.py:102}}
Jul 05 17:50:37.469179 np0000004583 devstack@n-api-meta.service[92649]: INFO dbcounter [None req-e7464444-f2f9-4021-b645-293d1b5d4a44 None None] Registered counter for database nova_cell0
Jul 05 17:50:37.470502 np0000004583 devstack@n-api-meta.service[92649]: DEBUG oslo_concurrency.lockutils [None req-e7464444-f2f9-4021-b645-293d1b5d4a44 None None] Lock "209ea1ab-d988-4ff1-bdc2-fa94b7313886" "released" by "nova.context.set_target_cell..get_or_set_cached_cell_and_set_connections" :: held 0.002s {{(pid=92649) inner /opt/stack/data/venv/lib/python3.12/site-packages/oslo_concurrency/lockutils.py:543}}
Jul 05 17:50:37.471309 np0000004583 devstack@n-api-meta.service[92650]: DEBUG nova.context [None req-4bc77662-b449-44bc-a4a8-f3734ae894ea None None] Found 2 cells: 00000000-0000-0000-0000-000000000000(cell0),209ea1ab-d988-4ff1-bdc2-fa94b7313886(cell1) {{(pid=92650) load_cells /opt/stack/nova/nova/context.py:509}}
Jul 05 17:50:37.471541 np0000004583 devstack@n-api-meta.service[92650]: INFO nova.utils [None req-4bc77662-b449-44bc-a4a8-f3734ae894ea None None] The cell worker thread pool MainProcess.cell_worker is initialized
Jul 05 17:50:37.472135 np0000004583 devstack@n-api-meta.service[92649]: INFO dbcounter [None req-e7464444-f2f9-4021-b645-293d1b5d4a44 None None] Registered counter for database nova_cell1
Jul 05 17:50:37.473138 np0000004583 devstack@n-api-meta.service[92650]: DEBUG oslo_concurrency.lockutils [None req-4bc77662-b449-44bc-a4a8-f3734ae894ea None None] Acquiring lock "00000000-0000-0000-0000-000000000000" by "nova.context.set_target_cell..get_or_set_cached_cell_and_set_connections" {{(pid=92650) inner /opt/stack/data/venv/lib/python3.12/site-packages/oslo_concurrency/lockutils.py:511}}
Jul 05 17:50:37.473328 np0000004583 devstack@n-api-meta.service[92650]: DEBUG oslo_concurrency.lockutils [None req-4bc77662-b449-44bc-a4a8-f3734ae894ea None None] Lock "00000000-0000-0000-0000-000000000000" acquired by "nova.context.set_target_cell..get_or_set_cached_cell_and_set_connections" :: waited 0.000s {{(pid=92650) inner /opt/stack/data/venv/lib/python3.12/site-packages/oslo_concurrency/lockutils.py:524}}
Jul 05 17:50:37.473657 np0000004583 devstack@n-api-meta.service[92650]: DEBUG oslo_concurrency.lockutils [None req-4bc77662-b449-44bc-a4a8-f3734ae894ea None None] Lock "00000000-0000-0000-0000-000000000000" "released" by "nova.context.set_target_cell..get_or_set_cached_cell_and_set_connections" :: held 0.000s {{(pid=92650) inner /opt/stack/data/venv/lib/python3.12/site-packages/oslo_concurrency/lockutils.py:543}}
Jul 05 17:50:37.474271 np0000004583 devstack@n-api-meta.service[92650]: DEBUG oslo_concurrency.lockutils [None req-4bc77662-b449-44bc-a4a8-f3734ae894ea None None] Acquiring lock "209ea1ab-d988-4ff1-bdc2-fa94b7313886" by "nova.context.set_target_cell..get_or_set_cached_cell_and_set_connections" {{(pid=92650) inner /opt/stack/data/venv/lib/python3.12/site-packages/oslo_concurrency/lockutils.py:511}}
Jul 05 17:50:37.474417 np0000004583 devstack@n-api-meta.service[92650]: DEBUG oslo_concurrency.lockutils [None req-4bc77662-b449-44bc-a4a8-f3734ae894ea None None] Lock "209ea1ab-d988-4ff1-bdc2-fa94b7313886" acquired by "nova.context.set_target_cell..get_or_set_cached_cell_and_set_connections" :: waited 0.000s {{(pid=92650) inner /opt/stack/data/venv/lib/python3.12/site-packages/oslo_concurrency/lockutils.py:524}}
Jul 05 17:50:37.476001 np0000004583 devstack@n-api-meta.service[92650]: DEBUG oslo_concurrency.lockutils [None req-4bc77662-b449-44bc-a4a8-f3734ae894ea None None] Lock "209ea1ab-d988-4ff1-bdc2-fa94b7313886" "released" by "nova.context.set_target_cell..get_or_set_cached_cell_and_set_connections" :: held 0.001s {{(pid=92650) inner /opt/stack/data/venv/lib/python3.12/site-packages/oslo_concurrency/lockutils.py:543}}
Jul 05 17:50:37.477839 np0000004583 devstack@n-api-meta.service[92650]: INFO dbcounter [None req-4bc77662-b449-44bc-a4a8-f3734ae894ea None None] Registered counter for database nova_cell0
Jul 05 17:50:37.479999 np0000004583 devstack@n-api-meta.service[92650]: INFO dbcounter [None req-4bc77662-b449-44bc-a4a8-f3734ae894ea None None] Registered counter for database nova_cell1
Jul 05 17:50:37.488719 np0000004583 devstack@n-api-meta.service[92651]: DEBUG oslo_db.sqlalchemy.engines [None req-8c352502-6f1a-47e9-af31-aee744bb2441 None None] MySQL server mode set to STRICT_TRANS_TABLES,STRICT_ALL_TABLES,NO_ZERO_IN_DATE,NO_ZERO_DATE,ERROR_FOR_DIVISION_BY_ZERO,TRADITIONAL,NO_ENGINE_SUBSTITUTION {{(pid=92651) _check_effective_sql_mode /opt/stack/data/venv/lib/python3.12/site-packages/oslo_db/sqlalchemy/engines.py:325}}
Jul 05 17:50:37.492843 np0000004583 devstack@n-api-meta.service[92651]: DEBUG oslo_db.sqlalchemy.engines [None req-8c352502-6f1a-47e9-af31-aee744bb2441 None None] MySQL server mode set to STRICT_TRANS_TABLES,STRICT_ALL_TABLES,NO_ZERO_IN_DATE,NO_ZERO_DATE,ERROR_FOR_DIVISION_BY_ZERO,TRADITIONAL,NO_ENGINE_SUBSTITUTION {{(pid=92651) _check_effective_sql_mode /opt/stack/data/venv/lib/python3.12/site-packages/oslo_db/sqlalchemy/engines.py:325}}
Jul 05 17:50:37.514048 np0000004583 devstack@n-api-meta.service[92649]: DEBUG oslo_db.sqlalchemy.engines [None req-e7464444-f2f9-4021-b645-293d1b5d4a44 None None] MySQL server mode set to STRICT_TRANS_TABLES,STRICT_ALL_TABLES,NO_ZERO_IN_DATE,NO_ZERO_DATE,ERROR_FOR_DIVISION_BY_ZERO,TRADITIONAL,NO_ENGINE_SUBSTITUTION {{(pid=92649) _check_effective_sql_mode /opt/stack/data/venv/lib/python3.12/site-packages/oslo_db/sqlalchemy/engines.py:325}}
Jul 05 17:50:37.516461 np0000004583 devstack@n-api-meta.service[92650]: DEBUG oslo_db.sqlalchemy.engines [None req-4bc77662-b449-44bc-a4a8-f3734ae894ea None None] MySQL server mode set to STRICT_TRANS_TABLES,STRICT_ALL_TABLES,NO_ZERO_IN_DATE,NO_ZERO_DATE,ERROR_FOR_DIVISION_BY_ZERO,TRADITIONAL,NO_ENGINE_SUBSTITUTION {{(pid=92650) _check_effective_sql_mode /opt/stack/data/venv/lib/python3.12/site-packages/oslo_db/sqlalchemy/engines.py:325}}
Jul 05 17:50:37.530218 np0000004583 devstack@n-api-meta.service[92649]: DEBUG oslo_db.sqlalchemy.engines [None req-e7464444-f2f9-4021-b645-293d1b5d4a44 None None] MySQL server mode set to STRICT_TRANS_TABLES,STRICT_ALL_TABLES,NO_ZERO_IN_DATE,NO_ZERO_DATE,ERROR_FOR_DIVISION_BY_ZERO,TRADITIONAL,NO_ENGINE_SUBSTITUTION {{(pid=92649) _check_effective_sql_mode /opt/stack/data/venv/lib/python3.12/site-packages/oslo_db/sqlalchemy/engines.py:325}}
Jul 05 17:50:37.530815 np0000004583 devstack@n-api-meta.service[92650]: DEBUG oslo_db.sqlalchemy.engines [None req-4bc77662-b449-44bc-a4a8-f3734ae894ea None None] MySQL server mode set to STRICT_TRANS_TABLES,STRICT_ALL_TABLES,NO_ZERO_IN_DATE,NO_ZERO_DATE,ERROR_FOR_DIVISION_BY_ZERO,TRADITIONAL,NO_ENGINE_SUBSTITUTION {{(pid=92650) _check_effective_sql_mode /opt/stack/data/venv/lib/python3.12/site-packages/oslo_db/sqlalchemy/engines.py:325}}
Jul 05 17:50:37.579843 np0000004583 devstack@n-api-meta.service[92651]: DEBUG dbcounter [-] [92651] Writer thread running {{(pid=92651) stat_writer /opt/stack/data/venv/lib/python3.12/site-packages/dbcounter.py:102}}
Jul 05 17:50:37.584808 np0000004583 devstack@n-api-meta.service[92651]: DEBUG dbcounter [-] [92651] Writer thread running {{(pid=92651) stat_writer /opt/stack/data/venv/lib/python3.12/site-packages/dbcounter.py:102}}
Jul 05 17:50:37.588381 np0000004583 devstack@n-api-meta.service[92651]: INFO dbcounter [None req-8c352502-6f1a-47e9-af31-aee744bb2441 None None] Registered counter for database nova_cell0
Jul 05 17:50:37.602246 np0000004583 devstack@n-api-meta.service[92650]: DEBUG dbcounter [-] [92650] Writer thread running {{(pid=92650) stat_writer /opt/stack/data/venv/lib/python3.12/site-packages/dbcounter.py:102}}
Jul 05 17:50:37.606759 np0000004583 devstack@n-api-meta.service[92650]: DEBUG dbcounter [-] [92650] Writer thread running {{(pid=92650) stat_writer /opt/stack/data/venv/lib/python3.12/site-packages/dbcounter.py:102}}
Jul 05 17:50:37.609862 np0000004583 devstack@n-api-meta.service[92650]: INFO dbcounter [None req-4bc77662-b449-44bc-a4a8-f3734ae894ea None None] Registered counter for database nova_cell0
Jul 05 17:50:37.614109 np0000004583 devstack@n-api-meta.service[92649]: DEBUG dbcounter [-] [92649] Writer thread running {{(pid=92649) stat_writer /opt/stack/data/venv/lib/python3.12/site-packages/dbcounter.py:102}}
Jul 05 17:50:37.618350 np0000004583 devstack@n-api-meta.service[92649]: DEBUG dbcounter [-] [92649] Writer thread running {{(pid=92649) stat_writer /opt/stack/data/venv/lib/python3.12/site-packages/dbcounter.py:102}}
Jul 05 17:50:37.621797 np0000004583 devstack@n-api-meta.service[92649]: INFO dbcounter [None req-e7464444-f2f9-4021-b645-293d1b5d4a44 None None] Registered counter for database nova_cell0
Jul 05 17:50:37.637357 np0000004583 devstack@n-api-meta.service[92651]: DEBUG oslo_db.sqlalchemy.engines [None req-8c352502-6f1a-47e9-af31-aee744bb2441 None None] MySQL server mode set to STRICT_TRANS_TABLES,STRICT_ALL_TABLES,NO_ZERO_IN_DATE,NO_ZERO_DATE,ERROR_FOR_DIVISION_BY_ZERO,TRADITIONAL,NO_ENGINE_SUBSTITUTION {{(pid=92651) _check_effective_sql_mode /opt/stack/data/venv/lib/python3.12/site-packages/oslo_db/sqlalchemy/engines.py:325}}
Jul 05 17:50:37.641078 np0000004583 devstack@n-api-meta.service[92650]: DEBUG oslo_db.sqlalchemy.engines [None req-4bc77662-b449-44bc-a4a8-f3734ae894ea None None] MySQL server mode set to STRICT_TRANS_TABLES,STRICT_ALL_TABLES,NO_ZERO_IN_DATE,NO_ZERO_DATE,ERROR_FOR_DIVISION_BY_ZERO,TRADITIONAL,NO_ENGINE_SUBSTITUTION {{(pid=92650) _check_effective_sql_mode /opt/stack/data/venv/lib/python3.12/site-packages/oslo_db/sqlalchemy/engines.py:325}}
Jul 05 17:50:37.646872 np0000004583 devstack@n-api-meta.service[92650]: DEBUG dbcounter [-] [92650] Writer thread running {{(pid=92650) stat_writer /opt/stack/data/venv/lib/python3.12/site-packages/dbcounter.py:102}}
Jul 05 17:50:37.647682 np0000004583 devstack@n-api-meta.service[92651]: DEBUG dbcounter [-] [92651] Writer thread running {{(pid=92651) stat_writer /opt/stack/data/venv/lib/python3.12/site-packages/dbcounter.py:102}}
Jul 05 17:50:37.664656 np0000004583 devstack@n-api-meta.service[92649]: DEBUG oslo_db.sqlalchemy.engines [None req-e7464444-f2f9-4021-b645-293d1b5d4a44 None None] MySQL server mode set to STRICT_TRANS_TABLES,STRICT_ALL_TABLES,NO_ZERO_IN_DATE,NO_ZERO_DATE,ERROR_FOR_DIVISION_BY_ZERO,TRADITIONAL,NO_ENGINE_SUBSTITUTION {{(pid=92649) _check_effective_sql_mode /opt/stack/data/venv/lib/python3.12/site-packages/oslo_db/sqlalchemy/engines.py:325}}
Jul 05 17:50:37.671821 np0000004583 devstack@n-api-meta.service[92649]: DEBUG dbcounter [-] [92649] Writer thread running {{(pid=92649) stat_writer /opt/stack/data/venv/lib/python3.12/site-packages/dbcounter.py:102}}
Jul 05 17:50:37.688671 np0000004583 devstack@n-api-meta.service[92650]: WARNING nova.api.metadata.handler [None req-4bc77662-b449-44bc-a4a8-f3734ae894ea None None] metadata_proxy_shared_secret is not configured, the metadata information returned by the proxy cannot be trusted
Jul 05 17:50:37.691251 np0000004583 devstack@n-api-meta.service[92650]: DEBUG nova.api.openstack.wsgi_app [None req-4bc77662-b449-44bc-a4a8-f3734ae894ea None None] ******************************************************************************** {{(pid=92650) log_opt_values /opt/stack/data/venv/lib/python3.12/site-packages/oslo_config/cfg.py:3226}}
Jul 05 17:50:37.691251 np0000004583 devstack@n-api-meta.service[92650]: DEBUG nova.api.openstack.wsgi_app [None req-4bc77662-b449-44bc-a4a8-f3734ae894ea None None] Configuration options gathered from: {{(pid=92650) log_opt_values /opt/stack/data/venv/lib/python3.12/site-packages/oslo_config/cfg.py:3227}}
Jul 05 17:50:37.691251 np0000004583 devstack@n-api-meta.service[92650]: DEBUG nova.api.openstack.wsgi_app [None req-4bc77662-b449-44bc-a4a8-f3734ae894ea None None] command line args: [] {{(pid=92650) log_opt_values /opt/stack/data/venv/lib/python3.12/site-packages/oslo_config/cfg.py:3228}}
Jul 05 17:50:37.691433 np0000004583 devstack@n-api-meta.service[92650]: DEBUG nova.api.openstack.wsgi_app [None req-4bc77662-b449-44bc-a4a8-f3734ae894ea None None] config files: ['/etc/nova/api-paste.ini', '/etc/nova/nova.conf'] {{(pid=92650) log_opt_values /opt/stack/data/venv/lib/python3.12/site-packages/oslo_config/cfg.py:3229}}
Jul 05 17:50:37.691477 np0000004583 devstack@n-api-meta.service[92650]: DEBUG nova.api.openstack.wsgi_app [None req-4bc77662-b449-44bc-a4a8-f3734ae894ea None None] ================================================================================ {{(pid=92650) log_opt_values /opt/stack/data/venv/lib/python3.12/site-packages/oslo_config/cfg.py:3234}}
Jul 05 17:50:37.691670 np0000004583 devstack@n-api-meta.service[92650]: DEBUG nova.api.openstack.wsgi_app [None req-4bc77662-b449-44bc-a4a8-f3734ae894ea None None] allow_resize_to_same_host = True {{(pid=92650) log_opt_values /opt/stack/data/venv/lib/python3.12/site-packages/oslo_config/cfg.py:3242}}
Jul 05 17:50:37.691846 np0000004583 devstack@n-api-meta.service[92650]: DEBUG nova.api.openstack.wsgi_app [None req-4bc77662-b449-44bc-a4a8-f3734ae894ea None None] arq_binding_timeout = 300 {{(pid=92650) log_opt_values /opt/stack/data/venv/lib/python3.12/site-packages/oslo_config/cfg.py:3242}}
Jul 05 17:50:37.691988 np0000004583 devstack@n-api-meta.service[92650]: DEBUG nova.api.openstack.wsgi_app [None req-4bc77662-b449-44bc-a4a8-f3734ae894ea None None] block_device_allocate_retries = 60 {{(pid=92650) log_opt_values /opt/stack/data/venv/lib/python3.12/site-packages/oslo_config/cfg.py:3242}}
Jul 05 17:50:37.692137 np0000004583 devstack@n-api-meta.service[92650]: DEBUG nova.api.openstack.wsgi_app [None req-4bc77662-b449-44bc-a4a8-f3734ae894ea None None] block_device_allocate_retries_interval = 3 {{(pid=92650) log_opt_values /opt/stack/data/venv/lib/python3.12/site-packages/oslo_config/cfg.py:3242}}
Jul 05 17:50:37.692278 np0000004583 devstack@n-api-meta.service[92650]: DEBUG nova.api.openstack.wsgi_app [None req-4bc77662-b449-44bc-a4a8-f3734ae894ea None None] cell_worker_thread_pool_size = 5 {{(pid=92650) log_opt_values /opt/stack/data/venv/lib/python3.12/site-packages/oslo_config/cfg.py:3242}}
Jul 05 17:50:37.692370 np0000004583 devstack@n-api-meta.service[92650]: DEBUG nova.api.openstack.wsgi_app [None req-4bc77662-b449-44bc-a4a8-f3734ae894ea None None] cert = self.pem {{(pid=92650) log_opt_values /opt/stack/data/venv/lib/python3.12/site-packages/oslo_config/cfg.py:3242}}
Jul 05 17:50:37.692492 np0000004583 devstack@n-api-meta.service[92650]: DEBUG nova.api.openstack.wsgi_app [None req-4bc77662-b449-44bc-a4a8-f3734ae894ea None None] compute_driver = libvirt.LibvirtDriver {{(pid=92650) log_opt_values /opt/stack/data/venv/lib/python3.12/site-packages/oslo_config/cfg.py:3242}}
Jul 05 17:50:37.692610 np0000004583 devstack@n-api-meta.service[92650]: DEBUG nova.api.openstack.wsgi_app [None req-4bc77662-b449-44bc-a4a8-f3734ae894ea None None] compute_monitors = [] {{(pid=92650) log_opt_values /opt/stack/data/venv/lib/python3.12/site-packages/oslo_config/cfg.py:3242}}
Jul 05 17:50:37.692728 np0000004583 devstack@n-api-meta.service[92650]: DEBUG nova.api.openstack.wsgi_app [None req-4bc77662-b449-44bc-a4a8-f3734ae894ea None None] config_dir = [] {{(pid=92650) log_opt_values /opt/stack/data/venv/lib/python3.12/site-packages/oslo_config/cfg.py:3242}}
Jul 05 17:50:37.692874 np0000004583 devstack@n-api-meta.service[92650]: DEBUG nova.api.openstack.wsgi_app [None req-4bc77662-b449-44bc-a4a8-f3734ae894ea None None] config_drive_format = iso9660 {{(pid=92650) log_opt_values /opt/stack/data/venv/lib/python3.12/site-packages/oslo_config/cfg.py:3242}}
Jul 05 17:50:37.692967 np0000004583 devstack@n-api-meta.service[92650]: DEBUG nova.api.openstack.wsgi_app [None req-4bc77662-b449-44bc-a4a8-f3734ae894ea None None] config_file = ['/etc/nova/api-paste.ini', '/etc/nova/nova.conf'] {{(pid=92650) log_opt_values /opt/stack/data/venv/lib/python3.12/site-packages/oslo_config/cfg.py:3242}}
Jul 05 17:50:37.693435 np0000004583 devstack@n-api-meta.service[92650]: DEBUG nova.api.openstack.wsgi_app [None req-4bc77662-b449-44bc-a4a8-f3734ae894ea None None] config_source = [] {{(pid=92650) log_opt_values /opt/stack/data/venv/lib/python3.12/site-packages/oslo_config/cfg.py:3242}}
Jul 05 17:50:37.693435 np0000004583 devstack@n-api-meta.service[92650]: DEBUG nova.api.openstack.wsgi_app [None req-4bc77662-b449-44bc-a4a8-f3734ae894ea None None] console_host = np0000004583 {{(pid=92650) log_opt_values /opt/stack/data/venv/lib/python3.12/site-packages/oslo_config/cfg.py:3242}}
Jul 05 17:50:37.693435 np0000004583 devstack@n-api-meta.service[92650]: DEBUG nova.api.openstack.wsgi_app [None req-4bc77662-b449-44bc-a4a8-f3734ae894ea None None] control_exchange = nova {{(pid=92650) log_opt_values /opt/stack/data/venv/lib/python3.12/site-packages/oslo_config/cfg.py:3242}}
Jul 05 17:50:37.693435 np0000004583 devstack@n-api-meta.service[92650]: DEBUG nova.api.openstack.wsgi_app [None req-4bc77662-b449-44bc-a4a8-f3734ae894ea None None] cpu_allocation_ratio = None {{(pid=92650) log_opt_values /opt/stack/data/venv/lib/python3.12/site-packages/oslo_config/cfg.py:3242}}
Jul 05 17:50:37.693567 np0000004583 devstack@n-api-meta.service[92650]: DEBUG nova.api.openstack.wsgi_app [None req-4bc77662-b449-44bc-a4a8-f3734ae894ea None None] daemon = False {{(pid=92650) log_opt_values /opt/stack/data/venv/lib/python3.12/site-packages/oslo_config/cfg.py:3242}}
Jul 05 17:50:37.693677 np0000004583 devstack@n-api-meta.service[92650]: DEBUG nova.api.openstack.wsgi_app [None req-4bc77662-b449-44bc-a4a8-f3734ae894ea None None] debug = True {{(pid=92650) log_opt_values /opt/stack/data/venv/lib/python3.12/site-packages/oslo_config/cfg.py:3242}}
Jul 05 17:50:37.693820 np0000004583 devstack@n-api-meta.service[92650]: DEBUG nova.api.openstack.wsgi_app [None req-4bc77662-b449-44bc-a4a8-f3734ae894ea None None] default_access_ip_network_name = None {{(pid=92650) log_opt_values /opt/stack/data/venv/lib/python3.12/site-packages/oslo_config/cfg.py:3242}}
Jul 05 17:50:37.693937 np0000004583 devstack@n-api-meta.service[92650]: DEBUG nova.api.openstack.wsgi_app [None req-4bc77662-b449-44bc-a4a8-f3734ae894ea None None] default_availability_zone = nova {{(pid=92650) log_opt_values /opt/stack/data/venv/lib/python3.12/site-packages/oslo_config/cfg.py:3242}}
Jul 05 17:50:37.694053 np0000004583 devstack@n-api-meta.service[92650]: DEBUG nova.api.openstack.wsgi_app [None req-4bc77662-b449-44bc-a4a8-f3734ae894ea None None] default_ephemeral_format = ext4 {{(pid=92650) log_opt_values /opt/stack/data/venv/lib/python3.12/site-packages/oslo_config/cfg.py:3242}}
Jul 05 17:50:37.694167 np0000004583 devstack@n-api-meta.service[92650]: DEBUG nova.api.openstack.wsgi_app [None req-4bc77662-b449-44bc-a4a8-f3734ae894ea None None] default_green_pool_size = 1000 {{(pid=92650) log_opt_values /opt/stack/data/venv/lib/python3.12/site-packages/oslo_config/cfg.py:3242}}
Jul 05 17:50:37.694358 np0000004583 devstack@n-api-meta.service[92650]: DEBUG nova.api.openstack.wsgi_app [None req-4bc77662-b449-44bc-a4a8-f3734ae894ea None None] default_log_levels = ['amqp=WARN', 'boto=WARN', 'sqlalchemy=WARN', 'suds=INFO', 'oslo.messaging=INFO', 'oslo_messaging=INFO', 'iso8601=WARN', 'requests.packages.urllib3.connectionpool=WARN', 'urllib3.connectionpool=WARN', 'websocket=WARN', 'requests.packages.urllib3.util.retry=WARN', 'urllib3.util.retry=WARN', 'keystonemiddleware=WARN', 'routes.middleware=WARN', 'stevedore=WARN', 'taskflow=WARN', 'keystoneauth=WARN', 'oslo.cache=INFO', 'oslo_policy=INFO', 'dogpile.core.dogpile=INFO', 'glanceclient=WARN', 'oslo.privsep.daemon=INFO'] {{(pid=92650) log_opt_values /opt/stack/data/venv/lib/python3.12/site-packages/oslo_config/cfg.py:3242}}
Jul 05 17:50:37.694468 np0000004583 devstack@n-api-meta.service[92650]: DEBUG nova.api.openstack.wsgi_app [None req-4bc77662-b449-44bc-a4a8-f3734ae894ea None None] default_schedule_zone = None {{(pid=92650) log_opt_values /opt/stack/data/venv/lib/python3.12/site-packages/oslo_config/cfg.py:3242}}
Jul 05 17:50:37.694578 np0000004583 devstack@n-api-meta.service[92650]: DEBUG nova.api.openstack.wsgi_app [None req-4bc77662-b449-44bc-a4a8-f3734ae894ea None None] default_thread_pool_size = 10 {{(pid=92650) log_opt_values /opt/stack/data/venv/lib/python3.12/site-packages/oslo_config/cfg.py:3242}}
Jul 05 17:50:37.694684 np0000004583 devstack@n-api-meta.service[92650]: DEBUG nova.api.openstack.wsgi_app [None req-4bc77662-b449-44bc-a4a8-f3734ae894ea None None] disk_allocation_ratio = None {{(pid=92650) log_opt_values /opt/stack/data/venv/lib/python3.12/site-packages/oslo_config/cfg.py:3242}}
Jul 05 17:50:37.694814 np0000004583 devstack@n-api-meta.service[92650]: DEBUG nova.api.openstack.wsgi_app [None req-4bc77662-b449-44bc-a4a8-f3734ae894ea None None] enable_new_services = True {{(pid=92650) log_opt_values /opt/stack/data/venv/lib/python3.12/site-packages/oslo_config/cfg.py:3242}}
Jul 05 17:50:37.694927 np0000004583 devstack@n-api-meta.service[92650]: DEBUG nova.api.openstack.wsgi_app [None req-4bc77662-b449-44bc-a4a8-f3734ae894ea None None] flat_injected = False {{(pid=92650) log_opt_values /opt/stack/data/venv/lib/python3.12/site-packages/oslo_config/cfg.py:3242}}
Jul 05 17:50:37.695049 np0000004583 devstack@n-api-meta.service[92650]: DEBUG nova.api.openstack.wsgi_app [None req-4bc77662-b449-44bc-a4a8-f3734ae894ea None None] force_config_drive = True {{(pid=92650) log_opt_values /opt/stack/data/venv/lib/python3.12/site-packages/oslo_config/cfg.py:3242}}
Jul 05 17:50:37.695162 np0000004583 devstack@n-api-meta.service[92650]: DEBUG nova.api.openstack.wsgi_app [None req-4bc77662-b449-44bc-a4a8-f3734ae894ea None None] force_raw_images = True {{(pid=92650) log_opt_values /opt/stack/data/venv/lib/python3.12/site-packages/oslo_config/cfg.py:3242}}
Jul 05 17:50:37.695280 np0000004583 devstack@n-api-meta.service[92650]: DEBUG nova.api.openstack.wsgi_app [None req-4bc77662-b449-44bc-a4a8-f3734ae894ea None None] graceful_shutdown_timeout = 5 {{(pid=92650) log_opt_values /opt/stack/data/venv/lib/python3.12/site-packages/oslo_config/cfg.py:3242}}
Jul 05 17:50:37.695405 np0000004583 devstack@n-api-meta.service[92650]: DEBUG nova.api.openstack.wsgi_app [None req-4bc77662-b449-44bc-a4a8-f3734ae894ea None None] heal_instance_info_cache_interval = -1 {{(pid=92650) log_opt_values /opt/stack/data/venv/lib/python3.12/site-packages/oslo_config/cfg.py:3242}}
Jul 05 17:50:37.695570 np0000004583 devstack@n-api-meta.service[92650]: DEBUG nova.api.openstack.wsgi_app [None req-4bc77662-b449-44bc-a4a8-f3734ae894ea None None] host = np0000004583 {{(pid=92650) log_opt_values /opt/stack/data/venv/lib/python3.12/site-packages/oslo_config/cfg.py:3242}}
Jul 05 17:50:37.695691 np0000004583 devstack@n-api-meta.service[92650]: DEBUG nova.api.openstack.wsgi_app [None req-4bc77662-b449-44bc-a4a8-f3734ae894ea None None] initial_cpu_allocation_ratio = 4.0 {{(pid=92650) log_opt_values /opt/stack/data/venv/lib/python3.12/site-packages/oslo_config/cfg.py:3242}}
Jul 05 17:50:37.695825 np0000004583 devstack@n-api-meta.service[92650]: DEBUG nova.api.openstack.wsgi_app [None req-4bc77662-b449-44bc-a4a8-f3734ae894ea None None] initial_disk_allocation_ratio = 1.0 {{(pid=92650) log_opt_values /opt/stack/data/venv/lib/python3.12/site-packages/oslo_config/cfg.py:3242}}
Jul 05 17:50:37.695942 np0000004583 devstack@n-api-meta.service[92650]: DEBUG nova.api.openstack.wsgi_app [None req-4bc77662-b449-44bc-a4a8-f3734ae894ea None None] initial_ram_allocation_ratio = 1.0 {{(pid=92650) log_opt_values /opt/stack/data/venv/lib/python3.12/site-packages/oslo_config/cfg.py:3242}}
Jul 05 17:50:37.696102 np0000004583 devstack@n-api-meta.service[92650]: DEBUG nova.api.openstack.wsgi_app [None req-4bc77662-b449-44bc-a4a8-f3734ae894ea None None] injected_network_template = /opt/stack/nova/nova/virt/interfaces.template {{(pid=92650) log_opt_values /opt/stack/data/venv/lib/python3.12/site-packages/oslo_config/cfg.py:3242}}
Jul 05 17:50:37.696216 np0000004583 devstack@n-api-meta.service[92650]: DEBUG nova.api.openstack.wsgi_app [None req-4bc77662-b449-44bc-a4a8-f3734ae894ea None None] instance_build_timeout = 0 {{(pid=92650) log_opt_values /opt/stack/data/venv/lib/python3.12/site-packages/oslo_config/cfg.py:3242}}
Jul 05 17:50:37.696354 np0000004583 devstack@n-api-meta.service[92650]: DEBUG nova.api.openstack.wsgi_app [None req-4bc77662-b449-44bc-a4a8-f3734ae894ea None None] instance_delete_interval = 300 {{(pid=92650) log_opt_values /opt/stack/data/venv/lib/python3.12/site-packages/oslo_config/cfg.py:3242}}
Jul 05 17:50:37.696473 np0000004583 devstack@n-api-meta.service[92650]: DEBUG nova.api.openstack.wsgi_app [None req-4bc77662-b449-44bc-a4a8-f3734ae894ea None None] instance_format = [instance: %(uuid)s] {{(pid=92650) log_opt_values /opt/stack/data/venv/lib/python3.12/site-packages/oslo_config/cfg.py:3242}}
Jul 05 17:50:37.696591 np0000004583 devstack@n-api-meta.service[92650]: DEBUG nova.api.openstack.wsgi_app [None req-4bc77662-b449-44bc-a4a8-f3734ae894ea None None] instance_name_template = instance-%08x {{(pid=92650) log_opt_values /opt/stack/data/venv/lib/python3.12/site-packages/oslo_config/cfg.py:3242}}
Jul 05 17:50:37.696701 np0000004583 devstack@n-api-meta.service[92650]: DEBUG nova.api.openstack.wsgi_app [None req-4bc77662-b449-44bc-a4a8-f3734ae894ea None None] instance_usage_audit = False {{(pid=92650) log_opt_values /opt/stack/data/venv/lib/python3.12/site-packages/oslo_config/cfg.py:3242}}
Jul 05 17:50:37.696841 np0000004583 devstack@n-api-meta.service[92650]: DEBUG nova.api.openstack.wsgi_app [None req-4bc77662-b449-44bc-a4a8-f3734ae894ea None None] instance_usage_audit_period = month {{(pid=92650) log_opt_values /opt/stack/data/venv/lib/python3.12/site-packages/oslo_config/cfg.py:3242}}
Jul 05 17:50:37.696956 np0000004583 devstack@n-api-meta.service[92650]: DEBUG nova.api.openstack.wsgi_app [None req-4bc77662-b449-44bc-a4a8-f3734ae894ea None None] instance_uuid_format = [instance: %(uuid)s] {{(pid=92650) log_opt_values /opt/stack/data/venv/lib/python3.12/site-packages/oslo_config/cfg.py:3242}}
Jul 05 17:50:37.697071 np0000004583 devstack@n-api-meta.service[92650]: DEBUG nova.api.openstack.wsgi_app [None req-4bc77662-b449-44bc-a4a8-f3734ae894ea None None] instances_path = /opt/stack/data/nova/instances {{(pid=92650) log_opt_values /opt/stack/data/venv/lib/python3.12/site-packages/oslo_config/cfg.py:3242}}
Jul 05 17:50:37.697185 np0000004583 devstack@n-api-meta.service[92650]: DEBUG nova.api.openstack.wsgi_app [None req-4bc77662-b449-44bc-a4a8-f3734ae894ea None None] internal_service_availability_zone = internal {{(pid=92650) log_opt_values /opt/stack/data/venv/lib/python3.12/site-packages/oslo_config/cfg.py:3242}}
Jul 05 17:50:37.697293 np0000004583 devstack@n-api-meta.service[92650]: DEBUG nova.api.openstack.wsgi_app [None req-4bc77662-b449-44bc-a4a8-f3734ae894ea None None] key = None {{(pid=92650) log_opt_values /opt/stack/data/venv/lib/python3.12/site-packages/oslo_config/cfg.py:3242}}
Jul 05 17:50:37.697439 np0000004583 devstack@n-api-meta.service[92650]: DEBUG nova.api.openstack.wsgi_app [None req-4bc77662-b449-44bc-a4a8-f3734ae894ea None None] live_migration_retry_count = 30 {{(pid=92650) log_opt_values /opt/stack/data/venv/lib/python3.12/site-packages/oslo_config/cfg.py:3242}}
Jul 05 17:50:37.697619 np0000004583 devstack@n-api-meta.service[92650]: DEBUG nova.api.openstack.wsgi_app [None req-4bc77662-b449-44bc-a4a8-f3734ae894ea None None] log_color = False {{(pid=92650) log_opt_values /opt/stack/data/venv/lib/python3.12/site-packages/oslo_config/cfg.py:3242}}
Jul 05 17:50:37.697762 np0000004583 devstack@n-api-meta.service[92650]: DEBUG nova.api.openstack.wsgi_app [None req-4bc77662-b449-44bc-a4a8-f3734ae894ea None None] log_config_append = None {{(pid=92650) log_opt_values /opt/stack/data/venv/lib/python3.12/site-packages/oslo_config/cfg.py:3242}}
Jul 05 17:50:37.697897 np0000004583 devstack@n-api-meta.service[92650]: DEBUG nova.api.openstack.wsgi_app [None req-4bc77662-b449-44bc-a4a8-f3734ae894ea None None] log_date_format = %Y-%m-%d %H:%M:%S {{(pid=92650) log_opt_values /opt/stack/data/venv/lib/python3.12/site-packages/oslo_config/cfg.py:3242}}
Jul 05 17:50:37.697994 np0000004583 devstack@n-api-meta.service[92650]: DEBUG nova.api.openstack.wsgi_app [None req-4bc77662-b449-44bc-a4a8-f3734ae894ea None None] log_dir = None {{(pid=92650) log_opt_values /opt/stack/data/venv/lib/python3.12/site-packages/oslo_config/cfg.py:3242}}
Jul 05 17:50:37.698106 np0000004583 devstack@n-api-meta.service[92650]: DEBUG nova.api.openstack.wsgi_app [None req-4bc77662-b449-44bc-a4a8-f3734ae894ea None None] log_file = None {{(pid=92650) log_opt_values /opt/stack/data/venv/lib/python3.12/site-packages/oslo_config/cfg.py:3242}}
Jul 05 17:50:37.698196 np0000004583 devstack@n-api-meta.service[92650]: DEBUG nova.api.openstack.wsgi_app [None req-4bc77662-b449-44bc-a4a8-f3734ae894ea None None] log_options = True {{(pid=92650) log_opt_values /opt/stack/data/venv/lib/python3.12/site-packages/oslo_config/cfg.py:3242}}
Jul 05 17:50:37.698310 np0000004583 devstack@n-api-meta.service[92650]: DEBUG nova.api.openstack.wsgi_app [None req-4bc77662-b449-44bc-a4a8-f3734ae894ea None None] log_rotate_interval = 1 {{(pid=92650) log_opt_values /opt/stack/data/venv/lib/python3.12/site-packages/oslo_config/cfg.py:3242}}
Jul 05 17:50:37.698436 np0000004583 devstack@n-api-meta.service[92650]: DEBUG nova.api.openstack.wsgi_app [None req-4bc77662-b449-44bc-a4a8-f3734ae894ea None None] log_rotate_interval_type = days {{(pid=92650) log_opt_values /opt/stack/data/venv/lib/python3.12/site-packages/oslo_config/cfg.py:3242}}
Jul 05 17:50:37.698581 np0000004583 devstack@n-api-meta.service[92650]: DEBUG nova.api.openstack.wsgi_app [None req-4bc77662-b449-44bc-a4a8-f3734ae894ea None None] log_rotation_type = none {{(pid=92650) log_opt_values /opt/stack/data/venv/lib/python3.12/site-packages/oslo_config/cfg.py:3242}}
Jul 05 17:50:37.698677 np0000004583 devstack@n-api-meta.service[92650]: DEBUG nova.api.openstack.wsgi_app [None req-4bc77662-b449-44bc-a4a8-f3734ae894ea None None] logging_context_format_string = %(color)s%(levelname)s %(name)s [%(global_request_id)s %(request_id)s %(project_name)s %(user_name)s%(color)s] %(instance)s%(color)s%(message)s {{(pid=92650) log_opt_values /opt/stack/data/venv/lib/python3.12/site-packages/oslo_config/cfg.py:3242}}
Jul 05 17:50:37.698789 np0000004583 devstack@n-api-meta.service[92650]: DEBUG nova.api.openstack.wsgi_app [None req-4bc77662-b449-44bc-a4a8-f3734ae894ea None None] logging_debug_format_suffix = {{(pid=%(process)d) %(funcName)s %(pathname)s:%(lineno)d}} {{(pid=92650) log_opt_values /opt/stack/data/venv/lib/python3.12/site-packages/oslo_config/cfg.py:3242}}
Jul 05 17:50:37.698910 np0000004583 devstack@n-api-meta.service[92650]: DEBUG nova.api.openstack.wsgi_app [None req-4bc77662-b449-44bc-a4a8-f3734ae894ea None None] logging_default_format_string = %(color)s%(levelname)s %(name)s [-%(color)s] %(instance)s%(color)s%(message)s {{(pid=92650) log_opt_values /opt/stack/data/venv/lib/python3.12/site-packages/oslo_config/cfg.py:3242}}
Jul 05 17:50:37.699066 np0000004583 devstack@n-api-meta.service[92650]: DEBUG nova.api.openstack.wsgi_app [None req-4bc77662-b449-44bc-a4a8-f3734ae894ea None None] logging_exception_prefix = ERROR %(name)s %(instance)s {{(pid=92650) log_opt_values /opt/stack/data/venv/lib/python3.12/site-packages/oslo_config/cfg.py:3242}}
Jul 05 17:50:37.699160 np0000004583 devstack@n-api-meta.service[92650]: DEBUG nova.api.openstack.wsgi_app [None req-4bc77662-b449-44bc-a4a8-f3734ae894ea None None] logging_user_identity_format = %(user)s %(project)s %(domain)s %(system_scope)s %(user_domain)s %(project_domain)s {{(pid=92650) log_opt_values /opt/stack/data/venv/lib/python3.12/site-packages/oslo_config/cfg.py:3242}}
Jul 05 17:50:37.699274 np0000004583 devstack@n-api-meta.service[92650]: DEBUG nova.api.openstack.wsgi_app [None req-4bc77662-b449-44bc-a4a8-f3734ae894ea None None] long_rpc_timeout = 1800 {{(pid=92650) log_opt_values /opt/stack/data/venv/lib/python3.12/site-packages/oslo_config/cfg.py:3242}}
Jul 05 17:50:37.699397 np0000004583 devstack@n-api-meta.service[92650]: DEBUG nova.api.openstack.wsgi_app [None req-4bc77662-b449-44bc-a4a8-f3734ae894ea None None] manager_shutdown_timeout = 160 {{(pid=92650) log_opt_values /opt/stack/data/venv/lib/python3.12/site-packages/oslo_config/cfg.py:3242}}
Jul 05 17:50:37.699508 np0000004583 devstack@n-api-meta.service[92650]: DEBUG nova.api.openstack.wsgi_app [None req-4bc77662-b449-44bc-a4a8-f3734ae894ea None None] max_concurrent_builds = 10 {{(pid=92650) log_opt_values /opt/stack/data/venv/lib/python3.12/site-packages/oslo_config/cfg.py:3242}}
Jul 05 17:50:37.700135 np0000004583 devstack@n-api-meta.service[92650]: DEBUG nova.api.openstack.wsgi_app [None req-4bc77662-b449-44bc-a4a8-f3734ae894ea None None] max_concurrent_live_migrations = 1 {{(pid=92650) log_opt_values /opt/stack/data/venv/lib/python3.12/site-packages/oslo_config/cfg.py:3242}}
Jul 05 17:50:37.700135 np0000004583 devstack@n-api-meta.service[92650]: DEBUG nova.api.openstack.wsgi_app [None req-4bc77662-b449-44bc-a4a8-f3734ae894ea None None] max_concurrent_snapshots = 5 {{(pid=92650) log_opt_values /opt/stack/data/venv/lib/python3.12/site-packages/oslo_config/cfg.py:3242}}
Jul 05 17:50:37.700135 np0000004583 devstack@n-api-meta.service[92650]: DEBUG nova.api.openstack.wsgi_app [None req-4bc77662-b449-44bc-a4a8-f3734ae894ea None None] max_local_block_devices = 3 {{(pid=92650) log_opt_values /opt/stack/data/venv/lib/python3.12/site-packages/oslo_config/cfg.py:3242}}
Jul 05 17:50:37.700135 np0000004583 devstack@n-api-meta.service[92650]: DEBUG nova.api.openstack.wsgi_app [None req-4bc77662-b449-44bc-a4a8-f3734ae894ea None None] max_logfile_count = 30 {{(pid=92650) log_opt_values /opt/stack/data/venv/lib/python3.12/site-packages/oslo_config/cfg.py:3242}}
Jul 05 17:50:37.700135 np0000004583 devstack@n-api-meta.service[92650]: DEBUG nova.api.openstack.wsgi_app [None req-4bc77662-b449-44bc-a4a8-f3734ae894ea None None] max_logfile_size_mb = 200 {{(pid=92650) log_opt_values /opt/stack/data/venv/lib/python3.12/site-packages/oslo_config/cfg.py:3242}}
Jul 05 17:50:37.700271 np0000004583 devstack@n-api-meta.service[92650]: DEBUG nova.api.openstack.wsgi_app [None req-4bc77662-b449-44bc-a4a8-f3734ae894ea None None] maximum_instance_delete_attempts = 5 {{(pid=92650) log_opt_values /opt/stack/data/venv/lib/python3.12/site-packages/oslo_config/cfg.py:3242}}
Jul 05 17:50:37.700271 np0000004583 devstack@n-api-meta.service[92650]: DEBUG nova.api.openstack.wsgi_app [None req-4bc77662-b449-44bc-a4a8-f3734ae894ea None None] migrate_max_retries = -1 {{(pid=92650) log_opt_values /opt/stack/data/venv/lib/python3.12/site-packages/oslo_config/cfg.py:3242}}
Jul 05 17:50:37.700388 np0000004583 devstack@n-api-meta.service[92650]: DEBUG nova.api.openstack.wsgi_app [None req-4bc77662-b449-44bc-a4a8-f3734ae894ea None None] mkisofs_cmd = genisoimage {{(pid=92650) log_opt_values /opt/stack/data/venv/lib/python3.12/site-packages/oslo_config/cfg.py:3242}}
Jul 05 17:50:37.700541 np0000004583 devstack@n-api-meta.service[92650]: DEBUG nova.api.openstack.wsgi_app [None req-4bc77662-b449-44bc-a4a8-f3734ae894ea None None] my_block_storage_ip = 10.4.3.168 {{(pid=92650) log_opt_values /opt/stack/data/venv/lib/python3.12/site-packages/oslo_config/cfg.py:3242}}
Jul 05 17:50:37.700631 np0000004583 devstack@n-api-meta.service[92650]: DEBUG nova.api.openstack.wsgi_app [None req-4bc77662-b449-44bc-a4a8-f3734ae894ea None None] my_ip = 10.4.3.168 {{(pid=92650) log_opt_values /opt/stack/data/venv/lib/python3.12/site-packages/oslo_config/cfg.py:3242}}
Jul 05 17:50:37.700833 np0000004583 devstack@n-api-meta.service[92650]: DEBUG nova.api.openstack.wsgi_app [None req-4bc77662-b449-44bc-a4a8-f3734ae894ea None None] my_shared_fs_storage_ip = 10.4.3.168 {{(pid=92650) log_opt_values /opt/stack/data/venv/lib/python3.12/site-packages/oslo_config/cfg.py:3242}}
Jul 05 17:50:37.700945 np0000004583 devstack@n-api-meta.service[92651]: WARNING nova.api.metadata.handler [None req-8c352502-6f1a-47e9-af31-aee744bb2441 None None] metadata_proxy_shared_secret is not configured, the metadata information returned by the proxy cannot be trusted
Jul 05 17:50:37.700991 np0000004583 devstack@n-api-meta.service[92650]: DEBUG nova.api.openstack.wsgi_app [None req-4bc77662-b449-44bc-a4a8-f3734ae894ea None None] network_allocate_retries = 0 {{(pid=92650) log_opt_values /opt/stack/data/venv/lib/python3.12/site-packages/oslo_config/cfg.py:3242}}
Jul 05 17:50:37.701129 np0000004583 devstack@n-api-meta.service[92650]: DEBUG nova.api.openstack.wsgi_app [None req-4bc77662-b449-44bc-a4a8-f3734ae894ea None None] non_inheritable_image_properties = ['cache_in_nova', 'bittorrent'] {{(pid=92650) log_opt_values /opt/stack/data/venv/lib/python3.12/site-packages/oslo_config/cfg.py:3242}}
Jul 05 17:50:37.701244 np0000004583 devstack@n-api-meta.service[92650]: DEBUG nova.api.openstack.wsgi_app [None req-4bc77662-b449-44bc-a4a8-f3734ae894ea None None] osapi_compute_unique_server_name_scope = {{(pid=92650) log_opt_values /opt/stack/data/venv/lib/python3.12/site-packages/oslo_config/cfg.py:3242}}
