Jul 05 17:50:37.044415 np0000004583 nova-scheduler[93222]: DEBUG cotyledon.oslo_config_glue [-] oslo_limit.cafile = None {{(pid=93222) log_opt_values /opt/stack/data/venv/lib/python3.12/site-packages/oslo_config/cfg.py:3253}}
Jul 05 17:50:37.044415 np0000004583 nova-scheduler[93222]: DEBUG cotyledon.oslo_config_glue [-] oslo_limit.certfile = None {{(pid=93222) log_opt_values /opt/stack/data/venv/lib/python3.12/site-packages/oslo_config/cfg.py:3253}}
Jul 05 17:50:37.044415 np0000004583 nova-scheduler[93222]: DEBUG cotyledon.oslo_config_glue [-] oslo_limit.collect_timing = False {{(pid=93222) log_opt_values /opt/stack/data/venv/lib/python3.12/site-packages/oslo_config/cfg.py:3253}}
Jul 05 17:50:37.044415 np0000004583 nova-scheduler[93222]: DEBUG cotyledon.oslo_config_glue [-] oslo_limit.connect_retries = None {{(pid=93222) log_opt_values /opt/stack/data/venv/lib/python3.12/site-packages/oslo_config/cfg.py:3253}}
Jul 05 17:50:37.044536 np0000004583 nova-scheduler[93227]: INFO nova.service [-] Starting scheduler node (version 33.1.0)
Jul 05 17:50:37.044574 np0000004583 nova-scheduler[93222]: DEBUG cotyledon.oslo_config_glue [-] oslo_limit.connect_retry_delay = None {{(pid=93222) log_opt_values /opt/stack/data/venv/lib/python3.12/site-packages/oslo_config/cfg.py:3253}}
Jul 05 17:50:37.044574 np0000004583 nova-scheduler[93222]: DEBUG cotyledon.oslo_config_glue [-] oslo_limit.endpoint_id = None {{(pid=93222) log_opt_values /opt/stack/data/venv/lib/python3.12/site-packages/oslo_config/cfg.py:3253}}
Jul 05 17:50:37.044574 np0000004583 nova-scheduler[93222]: DEBUG cotyledon.oslo_config_glue [-] oslo_limit.endpoint_interface = public {{(pid=93222) log_opt_values /opt/stack/data/venv/lib/python3.12/site-packages/oslo_config/cfg.py:3253}}
Jul 05 17:50:37.044574 np0000004583 nova-scheduler[93222]: DEBUG cotyledon.oslo_config_glue [-] oslo_limit.endpoint_override = None {{(pid=93222) log_opt_values /opt/stack/data/venv/lib/python3.12/site-packages/oslo_config/cfg.py:3253}}
Jul 05 17:50:37.044574 np0000004583 nova-scheduler[93222]: DEBUG cotyledon.oslo_config_glue [-] oslo_limit.endpoint_region_name = None {{(pid=93222) log_opt_values /opt/stack/data/venv/lib/python3.12/site-packages/oslo_config/cfg.py:3253}}
Jul 05 17:50:37.044574 np0000004583 nova-scheduler[93222]: DEBUG cotyledon.oslo_config_glue [-] oslo_limit.endpoint_service_name = None {{(pid=93222) log_opt_values /opt/stack/data/venv/lib/python3.12/site-packages/oslo_config/cfg.py:3253}}
Jul 05 17:50:37.044574 np0000004583 nova-scheduler[93222]: DEBUG cotyledon.oslo_config_glue [-] oslo_limit.endpoint_service_type = None {{(pid=93222) log_opt_values /opt/stack/data/venv/lib/python3.12/site-packages/oslo_config/cfg.py:3253}}
Jul 05 17:50:37.044574 np0000004583 nova-scheduler[93222]: DEBUG cotyledon.oslo_config_glue [-] oslo_limit.insecure = False {{(pid=93222) log_opt_values /opt/stack/data/venv/lib/python3.12/site-packages/oslo_config/cfg.py:3253}}
Jul 05 17:50:37.044574 np0000004583 nova-scheduler[93222]: DEBUG cotyledon.oslo_config_glue [-] oslo_limit.keyfile = None {{(pid=93222) log_opt_values /opt/stack/data/venv/lib/python3.12/site-packages/oslo_config/cfg.py:3253}}
Jul 05 17:50:37.044949 np0000004583 nova-scheduler[93222]: DEBUG cotyledon.oslo_config_glue [-] oslo_limit.max_version = None {{(pid=93222) log_opt_values /opt/stack/data/venv/lib/python3.12/site-packages/oslo_config/cfg.py:3253}}
Jul 05 17:50:37.044949 np0000004583 nova-scheduler[93222]: DEBUG cotyledon.oslo_config_glue [-] oslo_limit.min_version = None {{(pid=93222) log_opt_values /opt/stack/data/venv/lib/python3.12/site-packages/oslo_config/cfg.py:3253}}
Jul 05 17:50:37.044949 np0000004583 nova-scheduler[93222]: DEBUG cotyledon.oslo_config_glue [-] oslo_limit.region_name = None {{(pid=93222) log_opt_values /opt/stack/data/venv/lib/python3.12/site-packages/oslo_config/cfg.py:3253}}
Jul 05 17:50:37.044949 np0000004583 nova-scheduler[93222]: DEBUG cotyledon.oslo_config_glue [-] oslo_limit.retriable_status_codes = None {{(pid=93222) log_opt_values /opt/stack/data/venv/lib/python3.12/site-packages/oslo_config/cfg.py:3253}}
Jul 05 17:50:37.044949 np0000004583 nova-scheduler[93222]: DEBUG cotyledon.oslo_config_glue [-] oslo_limit.service_name = None {{(pid=93222) log_opt_values /opt/stack/data/venv/lib/python3.12/site-packages/oslo_config/cfg.py:3253}}
Jul 05 17:50:37.044949 np0000004583 nova-scheduler[93222]: DEBUG cotyledon.oslo_config_glue [-] oslo_limit.service_type = None {{(pid=93222) log_opt_values /opt/stack/data/venv/lib/python3.12/site-packages/oslo_config/cfg.py:3253}}
Jul 05 17:50:37.044949 np0000004583 nova-scheduler[93222]: DEBUG cotyledon.oslo_config_glue [-] oslo_limit.split_loggers = False {{(pid=93222) log_opt_values /opt/stack/data/venv/lib/python3.12/site-packages/oslo_config/cfg.py:3253}}
Jul 05 17:50:37.044949 np0000004583 nova-scheduler[93222]: DEBUG cotyledon.oslo_config_glue [-] oslo_limit.status_code_retries = None {{(pid=93222) log_opt_values /opt/stack/data/venv/lib/python3.12/site-packages/oslo_config/cfg.py:3253}}
Jul 05 17:50:37.044949 np0000004583 nova-scheduler[93222]: DEBUG cotyledon.oslo_config_glue [-] oslo_limit.status_code_retry_delay = None {{(pid=93222) log_opt_values /opt/stack/data/venv/lib/python3.12/site-packages/oslo_config/cfg.py:3253}}
Jul 05 17:50:37.045228 np0000004583 nova-scheduler[93222]: DEBUG cotyledon.oslo_config_glue [-] oslo_limit.timeout = None {{(pid=93222) log_opt_values /opt/stack/data/venv/lib/python3.12/site-packages/oslo_config/cfg.py:3253}}
Jul 05 17:50:37.045228 np0000004583 nova-scheduler[93222]: DEBUG cotyledon.oslo_config_glue [-] oslo_limit.valid_interfaces = None {{(pid=93222) log_opt_values /opt/stack/data/venv/lib/python3.12/site-packages/oslo_config/cfg.py:3253}}
Jul 05 17:50:37.045228 np0000004583 nova-scheduler[93222]: DEBUG cotyledon.oslo_config_glue [-] oslo_limit.version = None {{(pid=93222) log_opt_values /opt/stack/data/venv/lib/python3.12/site-packages/oslo_config/cfg.py:3253}}
Jul 05 17:50:37.045228 np0000004583 nova-scheduler[93222]: DEBUG cotyledon.oslo_config_glue [-] oslo_reports.file_event_handler = None {{(pid=93222) log_opt_values /opt/stack/data/venv/lib/python3.12/site-packages/oslo_config/cfg.py:3253}}
Jul 05 17:50:37.045228 np0000004583 nova-scheduler[93222]: DEBUG cotyledon.oslo_config_glue [-] oslo_reports.file_event_handler_interval = 1 {{(pid=93222) log_opt_values /opt/stack/data/venv/lib/python3.12/site-packages/oslo_config/cfg.py:3253}}
Jul 05 17:50:37.045228 np0000004583 nova-scheduler[93222]: DEBUG cotyledon.oslo_config_glue [-] oslo_reports.log_dir = None {{(pid=93222) log_opt_values /opt/stack/data/venv/lib/python3.12/site-packages/oslo_config/cfg.py:3253}}
Jul 05 17:50:37.045228 np0000004583 nova-scheduler[93222]: DEBUG cotyledon.oslo_config_glue [-] ******************************************************************************** {{(pid=93222) log_opt_values /opt/stack/data/venv/lib/python3.12/site-packages/oslo_config/cfg.py:3260}}
Jul 05 17:50:37.045228 np0000004583 nova-scheduler[93222]: DEBUG cotyledon._service_worker [-] Run service ServiceWrapper(1) [93222] {{(pid=93222) wait_forever /opt/stack/data/venv/lib/python3.12/site-packages/cotyledon/_service_worker.py:218}}
Jul 05 17:50:37.045228 np0000004583 nova-scheduler[93222]: INFO nova.service [-] Starting scheduler node (version 33.1.0)
Jul 05 17:50:37.045511 np0000004583 nova-scheduler[93227]: INFO dbcounter [None req-3850f822-df5d-417d-9ec9-770e1b4ff045 None None] Registered counter for database nova_cell0
Jul 05 17:50:37.045550 np0000004583 nova-scheduler[93220]: INFO dbcounter [None req-414045fb-360e-45cd-9fea-e808f2fa85fb None None] Registered counter for database nova_cell0
Jul 05 17:50:37.045591 np0000004583 nova-scheduler[93222]: INFO dbcounter [None req-905f9e79-8e61-48ef-85a9-1a40b9cc4065 None None] Registered counter for database nova_cell0
Jul 05 17:50:37.074488 np0000004583 nova-scheduler[93220]: DEBUG oslo_db.sqlalchemy.engines [None req-414045fb-360e-45cd-9fea-e808f2fa85fb None None] MySQL server mode set to STRICT_TRANS_TABLES,STRICT_ALL_TABLES,NO_ZERO_IN_DATE,NO_ZERO_DATE,ERROR_FOR_DIVISION_BY_ZERO,TRADITIONAL,NO_ENGINE_SUBSTITUTION {{(pid=93220) _check_effective_sql_mode /opt/stack/data/venv/lib/python3.12/site-packages/oslo_db/sqlalchemy/engines.py:325}}
Jul 05 17:50:37.078222 np0000004583 nova-scheduler[93222]: DEBUG oslo_db.sqlalchemy.engines [None req-905f9e79-8e61-48ef-85a9-1a40b9cc4065 None None] MySQL server mode set to STRICT_TRANS_TABLES,STRICT_ALL_TABLES,NO_ZERO_IN_DATE,NO_ZERO_DATE,ERROR_FOR_DIVISION_BY_ZERO,TRADITIONAL,NO_ENGINE_SUBSTITUTION {{(pid=93222) _check_effective_sql_mode /opt/stack/data/venv/lib/python3.12/site-packages/oslo_db/sqlalchemy/engines.py:325}}
Jul 05 17:50:37.081783 np0000004583 nova-scheduler[93227]: DEBUG oslo_db.sqlalchemy.engines [None req-3850f822-df5d-417d-9ec9-770e1b4ff045 None None] MySQL server mode set to STRICT_TRANS_TABLES,STRICT_ALL_TABLES,NO_ZERO_IN_DATE,NO_ZERO_DATE,ERROR_FOR_DIVISION_BY_ZERO,TRADITIONAL,NO_ENGINE_SUBSTITUTION {{(pid=93227) _check_effective_sql_mode /opt/stack/data/venv/lib/python3.12/site-packages/oslo_db/sqlalchemy/engines.py:325}}
Jul 05 17:50:37.084592 np0000004583 nova-scheduler[93220]: DEBUG dbcounter [-] [93220] Writer thread running {{(pid=93220) stat_writer /opt/stack/data/venv/lib/python3.12/site-packages/dbcounter.py:102}}
Jul 05 17:50:37.089134 np0000004583 nova-scheduler[93222]: DEBUG dbcounter [-] [93222] Writer thread running {{(pid=93222) stat_writer /opt/stack/data/venv/lib/python3.12/site-packages/dbcounter.py:102}}
Jul 05 17:50:37.093051 np0000004583 nova-scheduler[93227]: DEBUG dbcounter [-] [93227] Writer thread running {{(pid=93227) stat_writer /opt/stack/data/venv/lib/python3.12/site-packages/dbcounter.py:102}}
Jul 05 17:50:37.098113 np0000004583 nova-scheduler[93220]: DEBUG nova.service [None req-414045fb-360e-45cd-9fea-e808f2fa85fb None None] Creating RPC server for service: nova-scheduler on topic: scheduler {{(pid=93220) start /opt/stack/nova/nova/service.py:196}}
Jul 05 17:50:37.104186 np0000004583 nova-scheduler[93222]: DEBUG nova.service [None req-905f9e79-8e61-48ef-85a9-1a40b9cc4065 None None] Creating RPC server for service: nova-scheduler on topic: scheduler {{(pid=93222) start /opt/stack/nova/nova/service.py:196}}
Jul 05 17:50:37.112288 np0000004583 nova-scheduler[93227]: DEBUG nova.service [None req-3850f822-df5d-417d-9ec9-770e1b4ff045 None None] Creating RPC server for service: nova-scheduler on topic: scheduler {{(pid=93227) start /opt/stack/nova/nova/service.py:196}}
Jul 05 17:50:37.121687 np0000004583 nova-scheduler[93222]: DEBUG nova.service [None req-905f9e79-8e61-48ef-85a9-1a40b9cc4065 None None] Join ServiceGroup membership for this service scheduler {{(pid=93222) start /opt/stack/nova/nova/service.py:222}}
Jul 05 17:50:37.121890 np0000004583 nova-scheduler[93222]: DEBUG nova.servicegroup.drivers.db [None req-905f9e79-8e61-48ef-85a9-1a40b9cc4065 None None] DB_Driver: join new ServiceGroup member np0000004583 to the scheduler group, service = {{(pid=93222) join /opt/stack/nova/nova/servicegroup/drivers/db.py:44}}
Jul 05 17:50:37.130936 np0000004583 nova-scheduler[93220]: DEBUG nova.service [None req-414045fb-360e-45cd-9fea-e808f2fa85fb None None] Join ServiceGroup membership for this service scheduler {{(pid=93220) start /opt/stack/nova/nova/service.py:222}}
Jul 05 17:50:37.131134 np0000004583 nova-scheduler[93220]: DEBUG nova.servicegroup.drivers.db [None req-414045fb-360e-45cd-9fea-e808f2fa85fb None None] DB_Driver: join new ServiceGroup member np0000004583 to the scheduler group, service = {{(pid=93220) join /opt/stack/nova/nova/servicegroup/drivers/db.py:44}}
Jul 05 17:50:37.131670 np0000004583 nova-scheduler[93227]: DEBUG nova.service [None req-3850f822-df5d-417d-9ec9-770e1b4ff045 None None] Join ServiceGroup membership for this service scheduler {{(pid=93227) start /opt/stack/nova/nova/service.py:222}}
Jul 05 17:50:37.131988 np0000004583 nova-scheduler[93227]: DEBUG nova.servicegroup.drivers.db [None req-3850f822-df5d-417d-9ec9-770e1b4ff045 None None] DB_Driver: join new ServiceGroup member np0000004583 to the scheduler group, service = {{(pid=93227) join /opt/stack/nova/nova/servicegroup/drivers/db.py:44}}
Jul 05 17:50:41.133459 np0000004583 nova-scheduler[93220]: DEBUG oslo.service.backend._threading.loopingcall [None req-6256b32f-5f2c-4131-a164-904a90b848cb None None] Dynamic interval looping call 'nova.service.Service.periodic_tasks' sleeping for 60.00 seconds {{(pid=93220) _run_loop /opt/stack/data/venv/lib/python3.12/site-packages/oslo_service/backend/_threading/loopingcall.py:125}}
Jul 05 17:50:42.135635 np0000004583 nova-scheduler[93222]: DEBUG oslo.service.backend._threading.loopingcall [-] Fixed interval looping call 'nova.servicegroup.drivers.db.DbDriver._report_state' sleeping for 119.99 seconds {{(pid=93222) _run_loop /opt/stack/data/venv/lib/python3.12/site-packages/oslo_service/backend/_threading/loopingcall.py:125}}
Jul 05 17:50:42.139871 np0000004583 nova-scheduler[93227]: DEBUG oslo.service.backend._threading.loopingcall [-] Fixed interval looping call 'nova.servicegroup.drivers.db.DbDriver._report_state' sleeping for 119.99 seconds {{(pid=93227) _run_loop /opt/stack/data/venv/lib/python3.12/site-packages/oslo_service/backend/_threading/loopingcall.py:125}}
Jul 05 17:50:42.142644 np0000004583 nova-scheduler[93220]: DEBUG oslo.service.backend._threading.loopingcall [-] Fixed interval looping call 'nova.servicegroup.drivers.db.DbDriver._report_state' sleeping for 119.99 seconds {{(pid=93220) _run_loop /opt/stack/data/venv/lib/python3.12/site-packages/oslo_service/backend/_threading/loopingcall.py:125}}
Jul 05 17:50:45.685368 np0000004583 nova-scheduler[91955]: DEBUG dbcounter [-] [91955] Writing DB stats nova_api:SELECT=3 {{(pid=91955) stat_writer /opt/stack/data/venv/lib/python3.12/site-packages/dbcounter.py:115}}
Jul 05 17:50:45.820160 np0000004583 nova-scheduler[91955]: DEBUG dbcounter [-] [91955] Writing DB stats nova_cell0:SELECT=1 {{(pid=91955) stat_writer /opt/stack/data/venv/lib/python3.12/site-packages/dbcounter.py:115}}
Jul 05 17:50:45.830766 np0000004583 nova-scheduler[91955]: DEBUG dbcounter [-] [91955] Writing DB stats nova_cell1:SELECT=1 {{(pid=91955) stat_writer /opt/stack/data/venv/lib/python3.12/site-packages/dbcounter.py:115}}
Jul 05 17:50:49.124160 np0000004583 nova-scheduler[93222]: DEBUG oslo.service.backend._threading.loopingcall [None req-9e460630-1373-4f42-bbc4-8b19ad02b5c0 None None] Dynamic interval looping call 'nova.service.Service.periodic_tasks' sleeping for 60.00 seconds {{(pid=93222) _run_loop /opt/stack/data/venv/lib/python3.12/site-packages/oslo_service/backend/_threading/loopingcall.py:125}}
Jul 05 17:50:52.131600 np0000004583 nova-scheduler[93222]: DEBUG dbcounter [-] [93222] Writing DB stats nova_cell0:SELECT=5,nova_cell0:INSERT=1,nova_cell0:UPDATE=1 {{(pid=93222) stat_writer /opt/stack/data/venv/lib/python3.12/site-packages/dbcounter.py:115}}
Jul 05 17:50:52.136986 np0000004583 nova-scheduler[93227]: DEBUG dbcounter [-] [93227] Writing DB stats nova_cell0:SELECT=4,nova_cell0:INSERT=1 {{(pid=93227) stat_writer /opt/stack/data/venv/lib/python3.12/site-packages/dbcounter.py:115}}
Jul 05 17:50:52.140586 np0000004583 nova-scheduler[93220]: DEBUG dbcounter [-] [93220] Writing DB stats nova_cell0:SELECT=4,nova_cell0:INSERT=1 {{(pid=93220) stat_writer /opt/stack/data/venv/lib/python3.12/site-packages/dbcounter.py:115}}
Jul 05 17:51:34.134177 np0000004583 nova-scheduler[93227]: DEBUG oslo.service.backend._threading.loopingcall [None req-3f21ab8b-9c94-461a-bba0-9af60cc84586 None None] Dynamic interval looping call 'nova.service.Service.periodic_tasks' sleeping for 60.00 seconds {{(pid=93227) _run_loop /opt/stack/data/venv/lib/python3.12/site-packages/oslo_service/backend/_threading/loopingcall.py:125}}
Jul 05 17:51:41.133952 np0000004583 nova-scheduler[93220]: DEBUG oslo.service.backend._threading.loopingcall [None req-6256b32f-5f2c-4131-a164-904a90b848cb None None] Dynamic interval looping call 'nova.service.Service.periodic_tasks' sleeping for 60.00 seconds {{(pid=93220) _run_loop /opt/stack/data/venv/lib/python3.12/site-packages/oslo_service/backend/_threading/loopingcall.py:125}}
Jul 05 17:51:49.124685 np0000004583 nova-scheduler[93222]: DEBUG oslo.service.backend._threading.loopingcall [None req-9e460630-1373-4f42-bbc4-8b19ad02b5c0 None None] Dynamic interval looping call 'nova.service.Service.periodic_tasks' sleeping for 60.00 seconds {{(pid=93222) _run_loop /opt/stack/data/venv/lib/python3.12/site-packages/oslo_service/backend/_threading/loopingcall.py:125}}
Jul 05 17:52:34.134673 np0000004583 nova-scheduler[93227]: DEBUG oslo.service.backend._threading.loopingcall [None req-3f21ab8b-9c94-461a-bba0-9af60cc84586 None None] Dynamic interval looping call 'nova.service.Service.periodic_tasks' sleeping for 60.00 seconds {{(pid=93227) _run_loop /opt/stack/data/venv/lib/python3.12/site-packages/oslo_service/backend/_threading/loopingcall.py:125}}
Jul 05 17:52:41.135210 np0000004583 nova-scheduler[93220]: DEBUG oslo.service.backend._threading.loopingcall [None req-6256b32f-5f2c-4131-a164-904a90b848cb None None] Dynamic interval looping call 'nova.service.Service.periodic_tasks' sleeping for 60.00 seconds {{(pid=93220) _run_loop /opt/stack/data/venv/lib/python3.12/site-packages/oslo_service/backend/_threading/loopingcall.py:125}}
Jul 05 17:52:42.134457 np0000004583 nova-scheduler[93222]: DEBUG oslo.service.backend._threading.loopingcall [-] Fixed interval looping call 'nova.servicegroup.drivers.db.DbDriver._report_state' sleeping for 119.99 seconds {{(pid=93222) _run_loop /opt/stack/data/venv/lib/python3.12/site-packages/oslo_service/backend/_threading/loopingcall.py:125}}
Jul 05 17:52:42.137761 np0000004583 nova-scheduler[93220]: DEBUG oslo.service.backend._threading.loopingcall [-] Fixed interval looping call 'nova.servicegroup.drivers.db.DbDriver._report_state' sleeping for 120.00 seconds {{(pid=93220) _run_loop /opt/stack/data/venv/lib/python3.12/site-packages/oslo_service/backend/_threading/loopingcall.py:125}}
Jul 05 17:52:42.141720 np0000004583 nova-scheduler[93227]: DEBUG oslo.service.backend._threading.loopingcall [-] Fixed interval looping call 'nova.servicegroup.drivers.db.DbDriver._report_state' sleeping for 119.99 seconds {{(pid=93227) _run_loop /opt/stack/data/venv/lib/python3.12/site-packages/oslo_service/backend/_threading/loopingcall.py:125}}
Jul 05 17:52:49.125248 np0000004583 nova-scheduler[93222]: DEBUG oslo.service.backend._threading.loopingcall [None req-9e460630-1373-4f42-bbc4-8b19ad02b5c0 None None] Dynamic interval looping call 'nova.service.Service.periodic_tasks' sleeping for 60.00 seconds {{(pid=93222) _run_loop /opt/stack/data/venv/lib/python3.12/site-packages/oslo_service/backend/_threading/loopingcall.py:125}}
Jul 05 17:52:52.129913 np0000004583 nova-scheduler[93222]: DEBUG dbcounter [-] [93222] Writing DB stats nova_cell0:SELECT=1,nova_cell0:UPDATE=1 {{(pid=93222) stat_writer /opt/stack/data/venv/lib/python3.12/site-packages/dbcounter.py:115}}
Jul 05 17:52:52.135699 np0000004583 nova-scheduler[93220]: DEBUG dbcounter [-] [93220] Writing DB stats nova_cell0:SELECT=1 {{(pid=93220) stat_writer /opt/stack/data/venv/lib/python3.12/site-packages/dbcounter.py:115}}
Jul 05 17:52:52.140808 np0000004583 nova-scheduler[93227]: DEBUG dbcounter [-] [93227] Writing DB stats nova_cell0:SELECT=1,nova_cell0:UPDATE=1 {{(pid=93227) stat_writer /opt/stack/data/venv/lib/python3.12/site-packages/dbcounter.py:115}}
Jul 05 17:53:01.166240 np0000004583 nova-scheduler[93222]: DEBUG nova.scheduler.manager [None req-5cdf9d1b-1a6a-4f3b-987d-d105c157b8b9 tempest-ServerBootFromVolumeStableRescueTest-1081565855 tempest-ServerBootFromVolumeStableRescueTest-1081565855-project-member] Starting to schedule for instances: ['4ab7a060-c994-4274-aa76-cb8ce7706bba'] {{(pid=93222) select_destinations /opt/stack/nova/nova/scheduler/manager.py:209}}
Jul 05 17:53:01.167117 np0000004583 nova-scheduler[93222]: DEBUG nova.scheduler.request_filter [None req-5cdf9d1b-1a6a-4f3b-987d-d105c157b8b9 tempest-ServerBootFromVolumeStableRescueTest-1081565855 tempest-ServerBootFromVolumeStableRescueTest-1081565855-project-member] compute_status_filter request filter added forbidden trait COMPUTE_STATUS_DISABLED {{(pid=93222) compute_status_filter /opt/stack/nova/nova/scheduler/request_filter.py:253}}
Jul 05 17:53:01.167288 np0000004583 nova-scheduler[93222]: DEBUG nova.scheduler.request_filter [None req-5cdf9d1b-1a6a-4f3b-987d-d105c157b8b9 tempest-ServerBootFromVolumeStableRescueTest-1081565855 tempest-ServerBootFromVolumeStableRescueTest-1081565855-project-member] Request filter 'compute_status_filter' took 0.0 seconds {{(pid=93222) wrapper /opt/stack/nova/nova/scheduler/request_filter.py:46}}
Jul 05 17:53:01.167558 np0000004583 nova-scheduler[93222]: DEBUG nova.scheduler.request_filter [None req-5cdf9d1b-1a6a-4f3b-987d-d105c157b8b9 tempest-ServerBootFromVolumeStableRescueTest-1081565855 tempest-ServerBootFromVolumeStableRescueTest-1081565855-project-member] Request filter 'accelerators_filter' took 0.0 seconds {{(pid=93222) wrapper /opt/stack/nova/nova/scheduler/request_filter.py:46}}
Jul 05 17:53:01.167821 np0000004583 nova-scheduler[93222]: DEBUG nova.scheduler.request_filter [None req-5cdf9d1b-1a6a-4f3b-987d-d105c157b8b9 tempest-ServerBootFromVolumeStableRescueTest-1081565855 tempest-ServerBootFromVolumeStableRescueTest-1081565855-project-member] Request filter 'packed_virtqueue_filter' took 0.0 seconds {{(pid=93222) wrapper /opt/stack/nova/nova/scheduler/request_filter.py:46}}
Jul 05 17:53:01.168164 np0000004583 nova-scheduler[93222]: DEBUG nova.scheduler.request_filter [None req-5cdf9d1b-1a6a-4f3b-987d-d105c157b8b9 tempest-ServerBootFromVolumeStableRescueTest-1081565855 tempest-ServerBootFromVolumeStableRescueTest-1081565855-project-member] Request filter 'remote_managed_ports_filter' took 0.0 seconds {{(pid=93222) wrapper /opt/stack/nova/nova/scheduler/request_filter.py:46}}
Jul 05 17:53:01.168352 np0000004583 nova-scheduler[93222]: DEBUG nova.scheduler.request_filter [None req-5cdf9d1b-1a6a-4f3b-987d-d105c157b8b9 tempest-ServerBootFromVolumeStableRescueTest-1081565855 tempest-ServerBootFromVolumeStableRescueTest-1081565855-project-member] ephemeral_encryption_filter skipped {{(pid=93222) ephemeral_encryption_filter /opt/stack/nova/nova/scheduler/request_filter.py:426}}
Jul 05 17:53:01.168556 np0000004583 nova-scheduler[93222]: DEBUG nova.scheduler.request_filter [None req-5cdf9d1b-1a6a-4f3b-987d-d105c157b8b9 tempest-ServerBootFromVolumeStableRescueTest-1081565855 tempest-ServerBootFromVolumeStableRescueTest-1081565855-project-member] virtio_sound_filter skipped {{(pid=93222) virtio_sound_filter /opt/stack/nova/nova/scheduler/request_filter.py:460}}
Jul 05 17:53:01.168933 np0000004583 nova-scheduler[93222]: DEBUG nova.scheduler.request_filter [None req-5cdf9d1b-1a6a-4f3b-987d-d105c157b8b9 tempest-ServerBootFromVolumeStableRescueTest-1081565855 tempest-ServerBootFromVolumeStableRescueTest-1081565855-project-member] tpm_secret_security_filter skipped {{(pid=93222) tpm_secret_security_filter /opt/stack/nova/nova/scheduler/request_filter.py:477}}
Jul 05 17:53:01.682120 np0000004583 nova-scheduler[93222]: INFO nova.utils [None req-5cdf9d1b-1a6a-4f3b-987d-d105c157b8b9 tempest-ServerBootFromVolumeStableRescueTest-1081565855 tempest-ServerBootFromVolumeStableRescueTest-1081565855-project-member] The cell worker thread pool ForkProcess-2.cell_worker is initialized
Jul 05 17:53:01.682479 np0000004583 nova-scheduler[93222]: DEBUG oslo_concurrency.lockutils [None req-5cdf9d1b-1a6a-4f3b-987d-d105c157b8b9 tempest-ServerBootFromVolumeStableRescueTest-1081565855 tempest-ServerBootFromVolumeStableRescueTest-1081565855-project-member] Acquiring lock "209ea1ab-d988-4ff1-bdc2-fa94b7313886" by "nova.context.set_target_cell..get_or_set_cached_cell_and_set_connections" {{(pid=93222) inner /opt/stack/data/venv/lib/python3.12/site-packages/oslo_concurrency/lockutils.py:511}}
Jul 05 17:53:01.682643 np0000004583 nova-scheduler[93222]: DEBUG oslo_concurrency.lockutils [None req-5cdf9d1b-1a6a-4f3b-987d-d105c157b8b9 tempest-ServerBootFromVolumeStableRescueTest-1081565855 tempest-ServerBootFromVolumeStableRescueTest-1081565855-project-member] Lock "209ea1ab-d988-4ff1-bdc2-fa94b7313886" acquired by "nova.context.set_target_cell..get_or_set_cached_cell_and_set_connections" :: waited 0.000s {{(pid=93222) inner /opt/stack/data/venv/lib/python3.12/site-packages/oslo_concurrency/lockutils.py:524}}
Jul 05 17:53:01.684187 np0000004583 nova-scheduler[93222]: DEBUG oslo_concurrency.lockutils [None req-5cdf9d1b-1a6a-4f3b-987d-d105c157b8b9 tempest-ServerBootFromVolumeStableRescueTest-1081565855 tempest-ServerBootFromVolumeStableRescueTest-1081565855-project-member] Lock "209ea1ab-d988-4ff1-bdc2-fa94b7313886" "released" by "nova.context.set_target_cell..get_or_set_cached_cell_and_set_connections" :: held 0.001s {{(pid=93222) inner /opt/stack/data/venv/lib/python3.12/site-packages/oslo_concurrency/lockutils.py:543}}
Jul 05 17:53:01.686496 np0000004583 nova-scheduler[93222]: INFO dbcounter [None req-5cdf9d1b-1a6a-4f3b-987d-d105c157b8b9 tempest-ServerBootFromVolumeStableRescueTest-1081565855 tempest-ServerBootFromVolumeStableRescueTest-1081565855-project-member] Registered counter for database nova_cell1
Jul 05 17:53:01.731268 np0000004583 nova-scheduler[93222]: DEBUG oslo_db.sqlalchemy.engines [None req-5cdf9d1b-1a6a-4f3b-987d-d105c157b8b9 tempest-ServerBootFromVolumeStableRescueTest-1081565855 tempest-ServerBootFromVolumeStableRescueTest-1081565855-project-member] MySQL server mode set to STRICT_TRANS_TABLES,STRICT_ALL_TABLES,NO_ZERO_IN_DATE,NO_ZERO_DATE,ERROR_FOR_DIVISION_BY_ZERO,TRADITIONAL,NO_ENGINE_SUBSTITUTION {{(pid=93222) _check_effective_sql_mode /opt/stack/data/venv/lib/python3.12/site-packages/oslo_db/sqlalchemy/engines.py:325}}
Jul 05 17:53:01.737906 np0000004583 nova-scheduler[93222]: DEBUG dbcounter [-] [93222] Writer thread running {{(pid=93222) stat_writer /opt/stack/data/venv/lib/python3.12/site-packages/dbcounter.py:102}}
Jul 05 17:53:01.752798 np0000004583 nova-scheduler[93222]: DEBUG oslo_db.sqlalchemy.engines [None req-5cdf9d1b-1a6a-4f3b-987d-d105c157b8b9 tempest-ServerBootFromVolumeStableRescueTest-1081565855 tempest-ServerBootFromVolumeStableRescueTest-1081565855-project-member] Parent process 91955 forked (93222) with an open database connection, which is being discarded and recreated. {{(pid=93222) checkout /opt/stack/data/venv/lib/python3.12/site-packages/oslo_db/sqlalchemy/engines.py:402}}
Jul 05 17:53:01.790543 np0000004583 nova-scheduler[93222]: DEBUG dbcounter [-] [93222] Writer thread running {{(pid=93222) stat_writer /opt/stack/data/venv/lib/python3.12/site-packages/dbcounter.py:102}}
Jul 05 17:53:01.793142 np0000004583 nova-scheduler[93222]: DEBUG oslo_concurrency.lockutils [None req-5cdf9d1b-1a6a-4f3b-987d-d105c157b8b9 tempest-ServerBootFromVolumeStableRescueTest-1081565855 tempest-ServerBootFromVolumeStableRescueTest-1081565855-project-member] Acquiring lock "209ea1ab-d988-4ff1-bdc2-fa94b7313886" by "nova.context.set_target_cell..get_or_set_cached_cell_and_set_connections" {{(pid=93222) inner /opt/stack/data/venv/lib/python3.12/site-packages/oslo_concurrency/lockutils.py:511}}
Jul 05 17:53:01.793403 np0000004583 nova-scheduler[93222]: DEBUG oslo_concurrency.lockutils [None req-5cdf9d1b-1a6a-4f3b-987d-d105c157b8b9 tempest-ServerBootFromVolumeStableRescueTest-1081565855 tempest-ServerBootFromVolumeStableRescueTest-1081565855-project-member] Lock "209ea1ab-d988-4ff1-bdc2-fa94b7313886" acquired by "nova.context.set_target_cell..get_or_set_cached_cell_and_set_connections" :: waited 0.000s {{(pid=93222) inner /opt/stack/data/venv/lib/python3.12/site-packages/oslo_concurrency/lockutils.py:524}}
Jul 05 17:53:01.793502 np0000004583 nova-scheduler[93222]: DEBUG oslo_concurrency.lockutils [None req-5cdf9d1b-1a6a-4f3b-987d-d105c157b8b9 tempest-ServerBootFromVolumeStableRescueTest-1081565855 tempest-ServerBootFromVolumeStableRescueTest-1081565855-project-member] Lock "209ea1ab-d988-4ff1-bdc2-fa94b7313886" "released" by "nova.context.set_target_cell..get_or_set_cached_cell_and_set_connections" :: held 0.000s {{(pid=93222) inner /opt/stack/data/venv/lib/python3.12/site-packages/oslo_concurrency/lockutils.py:543}}
Jul 05 17:53:01.796466 np0000004583 nova-scheduler[93222]: DEBUG oslo_concurrency.lockutils [None req-5cdf9d1b-1a6a-4f3b-987d-d105c157b8b9 tempest-ServerBootFromVolumeStableRescueTest-1081565855 tempest-ServerBootFromVolumeStableRescueTest-1081565855-project-member] Acquiring lock "np0000004583-np0000004583" by "nova.scheduler.host_manager.HostState.update.._locked_update" {{(pid=93222) inner /opt/stack/data/venv/lib/python3.12/site-packages/oslo_concurrency/lockutils.py:511}}
Jul 05 17:53:01.796655 np0000004583 nova-scheduler[93222]: DEBUG oslo_concurrency.lockutils [None req-5cdf9d1b-1a6a-4f3b-987d-d105c157b8b9 tempest-ServerBootFromVolumeStableRescueTest-1081565855 tempest-ServerBootFromVolumeStableRescueTest-1081565855-project-member] Lock "np0000004583-np0000004583" acquired by "nova.scheduler.host_manager.HostState.update.._locked_update" :: waited 0.000s {{(pid=93222) inner /opt/stack/data/venv/lib/python3.12/site-packages/oslo_concurrency/lockutils.py:524}}
Jul 05 17:53:01.797849 np0000004583 nova-scheduler[93222]: DEBUG nova.scheduler.host_manager [None req-5cdf9d1b-1a6a-4f3b-987d-d105c157b8b9 tempest-ServerBootFromVolumeStableRescueTest-1081565855 tempest-ServerBootFromVolumeStableRescueTest-1081565855-project-member] Update host state from compute node: ComputeNode(cpu_allocation_ratio=4.0,cpu_info='{"arch": "x86_64", "model": "EPYC-Milan", "vendor": "AMD", "topology": {"cells": 1, "sockets": 16, "cores": 1, "threads": 1}, "maxphysaddr": {"mode": "emulate", "bits": 40}, "features": ["syscall", "movbe", "svm", "sha-ni", "rdctl-no", "lahf_lm", "xsaveerptr", "sse2", "virt-ssbd", "cmp_legacy", "amd-psfd", "sep", "fpu", "osvw", "adx", "arat", "ssbd", "de", "fxsr", "v-vmsave-vmload", "stibp-always-on", "pku", "fsrm", "lbrv", "perfctr_core", "pae", "null-sel-clr-base", "vpclmulqdq", "rdseed", "mce", "apic", "mca", "pclmuldq", "tsc-deadline", "pschange-mc-no", "cmov", "pcid", "smep", "clwb", "aes", "abm", "cr8legacy", "erms", "vme", "nx", "pause-filter", "pdpe1gb", "avx", "pse", "popcnt", "clzero", "vaes", "bmi1", "vmcb-clean", "pse36", "invpcid", "sse4a", "msr", "rdtscp", "xsaveopt", "wbnoinvd", "ibpb", "sse", "mtrr", "pfthreshold", "svme-addr-chk", "pni", "lfence-always-serializing", "gds-no", "no-nested-data-bp", "tsc", "cx8", "mds-no", "vgif", "clflush", "amd-stibp", "ssse3", "topoext", "clflushopt", "mmxext", "cx16", "umip", "tsc-scale", "lm", "hypervisor", "fxsr_opt", "misalignsse", "sse4.1", "xsavec", "pge", "xsaves", "nrip-save", "sse4.2", "x2apic", "pat", "tsc_adjust", "xgetbv1", "flushbyasid", "arch-capabilities", "mmx", "npt", "rdpid", "3dnowprefetch", "fma", "skip-l1dfl-vmentry", "stibp", "smap", "f16c", "amd-ssbd", "ibrs", "xsave", "spec-ctrl", "fsgsbase", "bmi2", "rdrand", "avx2"]}',created_at=2026-07-05T17:51:02Z,current_workload=0,deleted=False,deleted_at=None,disk_allocation_ratio=1.0,disk_available_least=73,free_disk_gb=95,free_ram_mb=62765,host='np0000004583',host_ip=10.4.3.168,hypervisor_hostname='np0000004583',hypervisor_type='QEMU',hypervisor_version=8002002,id=1,local_gb=95,local_gb_used=0,mapped=1,memory_mb=63277,memory_mb_used=512,metrics='[]',numa_topology='{"nova_object.name": "NUMATopology", "nova_object.namespace": "nova", "nova_object.version": "1.2", "nova_object.data": {"cells": [{"nova_object.name": "NUMACell", "nova_object.namespace": "nova", "nova_object.version": "1.5", "nova_object.data": {"id": 0, "cpuset": [0, 1, 2, 3, 4, 5, 6, 7, 8, 9, 10, 11, 12, 13, 14, 15], "pcpuset": [0, 1, 2, 3, 4, 5, 6, 7, 8, 9, 10, 11, 12, 13, 14, 15], "memory": 63277, "cpu_usage": 0, "memory_usage": 0, "pinned_cpus": [], "siblings": [[6], [12], [2], [15], [5], [11], [8], [14], [4], [1], [7], [10], [0], [13], [3], [9]], "mempages": [{"nova_object.name": "NUMAPagesTopology", "nova_object.namespace": "nova", "nova_object.version": "1.1", "nova_object.data": {"size_kb": 4, "total": 16177929, "used": 0, "reserved": 0}, "nova_object.changes": ["used", "size_kb", "total", "reserved"]}, {"nova_object.name": "NUMAPagesTopology", "nova_object.namespace": "nova", "nova_object.version": "1.1", "nova_object.data": {"size_kb": 2048, "total": 41, "used": 0, "reserved": 0}, "nova_object.changes": ["used", "size_kb", "total", "reserved"]}, {"nova_object.name": "NUMAPagesTopology", "nova_object.namespace": "nova", "nova_object.version": "1.1", "nova_object.data": {"size_kb": 1048576, "total": 0, "used": 0, "reserved": 0}, "nova_object.changes": ["used", "size_kb", "total", "reserved"]}], "network_metadata": {"nova_object.name": "NetworkMetadata", "nova_object.namespace": "nova", "nova_object.version": "1.0", "nova_object.data": {"physnets": [], "tunneled": false}, "nova_object.changes": ["tunneled", "physnets"]}, "socket": null}, "nova_object.changes": ["pcpuset", "memory", "siblings", "socket", "network_metadata", "cpu_usage", "memory_usage", "pinned_cpus", "mempages", "id", "cpuset"]}]}, "nova_object.changes": ["cells"]}',pci_device_pools=PciDevicePoolList,ram_allocation_ratio=1.0,running_vms=0,service_id=4,stats={failed_builds='0',uptime=' 17:52:47 up 13 min, 2 users, load average: 3.10, 2.16, 1.10
Jul 05 17:53:01.797849 np0000004583 nova-scheduler[93222]: '},supported_hv_specs=[HVSpec,HVSpec,HVSpec,HVSpec,HVSpec,HVSpec,HVSpec,HVSpec,HVSpec,HVSpec,HVSpec,HVSpec,HVSpec,HVSpec,HVSpec,HVSpec,HVSpec,HVSpec,HVSpec,HVSpec,HVSpec,HVSpec,HVSpec,HVSpec,HVSpec],updated_at=2026-07-05T17:52:49Z,uuid=01b03e8c-42cf-4608-b981-6a1b85238de8,vcpus=16,vcpus_used=0) {{(pid=93222) _locked_update /opt/stack/nova/nova/scheduler/host_manager.py:168}}
Jul 05 17:53:01.798720 np0000004583 nova-scheduler[93222]: DEBUG nova.scheduler.host_manager [None req-5cdf9d1b-1a6a-4f3b-987d-d105c157b8b9 tempest-ServerBootFromVolumeStableRescueTest-1081565855 tempest-ServerBootFromVolumeStableRescueTest-1081565855-project-member] Update host state with aggregates: [] {{(pid=93222) _locked_update /opt/stack/nova/nova/scheduler/host_manager.py:171}}
Jul 05 17:53:01.798851 np0000004583 nova-scheduler[93222]: DEBUG nova.scheduler.host_manager [None req-5cdf9d1b-1a6a-4f3b-987d-d105c157b8b9 tempest-ServerBootFromVolumeStableRescueTest-1081565855 tempest-ServerBootFromVolumeStableRescueTest-1081565855-project-member] Update host state with service dict: {'id': 4, 'uuid': '89d12ca5-36db-42ac-80e0-434029ead813', 'host': 'np0000004583', 'binary': 'nova-compute', 'topic': 'compute', 'report_count': 1, 'disabled': False, 'disabled_reason': None, 'last_seen_up': datetime.datetime(2026, 7, 5, 17, 51, 11, tzinfo=datetime.timezone.utc), 'forced_down': False, 'version': 72, 'created_at': datetime.datetime(2026, 7, 5, 17, 51, 1, tzinfo=datetime.timezone.utc), 'updated_at': datetime.datetime(2026, 7, 5, 17, 51, 11, tzinfo=datetime.timezone.utc), 'deleted_at': None, 'deleted': False} {{(pid=93222) _locked_update /opt/stack/nova/nova/scheduler/host_manager.py:174}}
Jul 05 17:53:01.799155 np0000004583 nova-scheduler[93222]: DEBUG nova.scheduler.host_manager [None req-5cdf9d1b-1a6a-4f3b-987d-d105c157b8b9 tempest-ServerBootFromVolumeStableRescueTest-1081565855 tempest-ServerBootFromVolumeStableRescueTest-1081565855-project-member] Update host state with instances: [] {{(pid=93222) _locked_update /opt/stack/nova/nova/scheduler/host_manager.py:177}}
Jul 05 17:53:01.799155 np0000004583 nova-scheduler[93222]: DEBUG oslo_concurrency.lockutils [None req-5cdf9d1b-1a6a-4f3b-987d-d105c157b8b9 tempest-ServerBootFromVolumeStableRescueTest-1081565855 tempest-ServerBootFromVolumeStableRescueTest-1081565855-project-member] Lock "np0000004583-np0000004583" "released" by "nova.scheduler.host_manager.HostState.update.._locked_update" :: held 0.003s {{(pid=93222) inner /opt/stack/data/venv/lib/python3.12/site-packages/oslo_concurrency/lockutils.py:543}}
Jul 05 17:53:01.799548 np0000004583 nova-scheduler[93222]: DEBUG nova.filters [None req-5cdf9d1b-1a6a-4f3b-987d-d105c157b8b9 tempest-ServerBootFromVolumeStableRescueTest-1081565855 tempest-ServerBootFromVolumeStableRescueTest-1081565855-project-member] Starting with 1 host(s) {{(pid=93222) get_filtered_objects /opt/stack/nova/nova/filters.py:70}}
Jul 05 17:53:01.799754 np0000004583 nova-scheduler[93222]: DEBUG nova.filters [None req-5cdf9d1b-1a6a-4f3b-987d-d105c157b8b9 tempest-ServerBootFromVolumeStableRescueTest-1081565855 tempest-ServerBootFromVolumeStableRescueTest-1081565855-project-member] Filter ComputeFilter returned 1 host(s) {{(pid=93222) get_filtered_objects /opt/stack/nova/nova/filters.py:102}}
Jul 05 17:53:01.799936 np0000004583 nova-scheduler[93222]: DEBUG nova.filters [None req-5cdf9d1b-1a6a-4f3b-987d-d105c157b8b9 tempest-ServerBootFromVolumeStableRescueTest-1081565855 tempest-ServerBootFromVolumeStableRescueTest-1081565855-project-member] Filter ComputeCapabilitiesFilter returned 1 host(s) {{(pid=93222) get_filtered_objects /opt/stack/nova/nova/filters.py:102}}
Jul 05 17:53:01.800144 np0000004583 nova-scheduler[93222]: DEBUG nova.filters [None req-5cdf9d1b-1a6a-4f3b-987d-d105c157b8b9 tempest-ServerBootFromVolumeStableRescueTest-1081565855 tempest-ServerBootFromVolumeStableRescueTest-1081565855-project-member] Filter ImagePropertiesFilter returned 1 host(s) {{(pid=93222) get_filtered_objects /opt/stack/nova/nova/filters.py:102}}
Jul 05 17:53:01.800282 np0000004583 nova-scheduler[93222]: DEBUG nova.filters [None req-5cdf9d1b-1a6a-4f3b-987d-d105c157b8b9 tempest-ServerBootFromVolumeStableRescueTest-1081565855 tempest-ServerBootFromVolumeStableRescueTest-1081565855-project-member] Filter ServerGroupAntiAffinityFilter returned 1 host(s) {{(pid=93222) get_filtered_objects /opt/stack/nova/nova/filters.py:102}}
Jul 05 17:53:01.800439 np0000004583 nova-scheduler[93222]: DEBUG nova.filters [None req-5cdf9d1b-1a6a-4f3b-987d-d105c157b8b9 tempest-ServerBootFromVolumeStableRescueTest-1081565855 tempest-ServerBootFromVolumeStableRescueTest-1081565855-project-member] Filter ServerGroupAffinityFilter returned 1 host(s) {{(pid=93222) get_filtered_objects /opt/stack/nova/nova/filters.py:102}}
Jul 05 17:53:01.800604 np0000004583 nova-scheduler[93222]: DEBUG nova.filters [None req-5cdf9d1b-1a6a-4f3b-987d-d105c157b8b9 tempest-ServerBootFromVolumeStableRescueTest-1081565855 tempest-ServerBootFromVolumeStableRescueTest-1081565855-project-member] Filter SameHostFilter returned 1 host(s) {{(pid=93222) get_filtered_objects /opt/stack/nova/nova/filters.py:102}}
Jul 05 17:53:01.800940 np0000004583 nova-scheduler[93222]: DEBUG nova.filters [None req-5cdf9d1b-1a6a-4f3b-987d-d105c157b8b9 tempest-ServerBootFromVolumeStableRescueTest-1081565855 tempest-ServerBootFromVolumeStableRescueTest-1081565855-project-member] Filter DifferentHostFilter returned 1 host(s) {{(pid=93222) get_filtered_objects /opt/stack/nova/nova/filters.py:102}}
Jul 05 17:53:01.800940 np0000004583 nova-scheduler[93222]: DEBUG nova.scheduler.manager [None req-5cdf9d1b-1a6a-4f3b-987d-d105c157b8b9 tempest-ServerBootFromVolumeStableRescueTest-1081565855 tempest-ServerBootFromVolumeStableRescueTest-1081565855-project-member] Filtered [(np0000004583, np0000004583) ram: 62765MB disk: 74752MB io_ops: 0 instances: 0, allocation_candidates: 1] {{(pid=93222) _get_sorted_hosts /opt/stack/nova/nova/scheduler/manager.py:742}}
Jul 05 17:53:01.801143 np0000004583 nova-scheduler[93222]: DEBUG nova.scheduler.manager [None req-5cdf9d1b-1a6a-4f3b-987d-d105c157b8b9 tempest-ServerBootFromVolumeStableRescueTest-1081565855 tempest-ServerBootFromVolumeStableRescueTest-1081565855-project-member] Weighed [WeighedHost [host: (np0000004583, np0000004583) ram: 62765MB disk: 74752MB io_ops: 0 instances: 0, allocation_candidates: 1, weight: 0.0]] {{(pid=93222) _get_sorted_hosts /opt/stack/nova/nova/scheduler/manager.py:764}}
Jul 05 17:53:01.801358 np0000004583 nova-scheduler[93222]: DEBUG nova.scheduler.utils [None req-5cdf9d1b-1a6a-4f3b-987d-d105c157b8b9 tempest-ServerBootFromVolumeStableRescueTest-1081565855 tempest-ServerBootFromVolumeStableRescueTest-1081565855-project-member] Attempting to claim resources in the placement API for instance 4ab7a060-c994-4274-aa76-cb8ce7706bba {{(pid=93222) claim_resources /opt/stack/nova/nova/scheduler/utils.py:1345}}
Jul 05 17:53:01.938459 np0000004583 nova-scheduler[93222]: DEBUG nova.scheduler.manager [None req-5cdf9d1b-1a6a-4f3b-987d-d105c157b8b9 tempest-ServerBootFromVolumeStableRescueTest-1081565855 tempest-ServerBootFromVolumeStableRescueTest-1081565855-project-member] [instance: 4ab7a060-c994-4274-aa76-cb8ce7706bba] Selected host: (np0000004583, np0000004583) ram: 62765MB disk: 74752MB io_ops: 0 instances: 0, allocation_candidates: 1 {{(pid=93222) _consume_selected_host /opt/stack/nova/nova/scheduler/manager.py:624}}
Jul 05 17:53:01.938779 np0000004583 nova-scheduler[93222]: DEBUG oslo_concurrency.lockutils [None req-5cdf9d1b-1a6a-4f3b-987d-d105c157b8b9 tempest-ServerBootFromVolumeStableRescueTest-1081565855 tempest-ServerBootFromVolumeStableRescueTest-1081565855-project-member] Acquiring lock "np0000004583-np0000004583" by "nova.scheduler.host_manager.HostState.consume_from_request.._locked" {{(pid=93222) inner /opt/stack/data/venv/lib/python3.12/site-packages/oslo_concurrency/lockutils.py:511}}
Jul 05 17:53:01.938921 np0000004583 nova-scheduler[93222]: DEBUG oslo_concurrency.lockutils [None req-5cdf9d1b-1a6a-4f3b-987d-d105c157b8b9 tempest-ServerBootFromVolumeStableRescueTest-1081565855 tempest-ServerBootFromVolumeStableRescueTest-1081565855-project-member] Lock "np0000004583-np0000004583" acquired by "nova.scheduler.host_manager.HostState.consume_from_request.._locked" :: waited 0.000s {{(pid=93222) inner /opt/stack/data/venv/lib/python3.12/site-packages/oslo_concurrency/lockutils.py:524}}
Jul 05 17:53:01.939099 np0000004583 nova-scheduler[93222]: DEBUG oslo_concurrency.lockutils [None req-5cdf9d1b-1a6a-4f3b-987d-d105c157b8b9 tempest-ServerBootFromVolumeStableRescueTest-1081565855 tempest-ServerBootFromVolumeStableRescueTest-1081565855-project-member] Lock "np0000004583-np0000004583" "released" by "nova.scheduler.host_manager.HostState.consume_from_request.._locked" :: held 0.000s {{(pid=93222) inner /opt/stack/data/venv/lib/python3.12/site-packages/oslo_concurrency/lockutils.py:543}}
Jul 05 17:53:03.823771 np0000004583 nova-scheduler[93220]: DEBUG nova.scheduler.manager [None req-be7ddd5d-40d1-4c7f-8847-c0c68b933b19 tempest-DeleteServersTestJSON-1315487186 tempest-DeleteServersTestJSON-1315487186-project-member] Starting to schedule for instances: ['603ae7e0-3f50-489b-af9e-29cd287a8674'] {{(pid=93220) select_destinations /opt/stack/nova/nova/scheduler/manager.py:209}}
Jul 05 17:53:03.824167 np0000004583 nova-scheduler[93220]: DEBUG nova.scheduler.request_filter [None req-be7ddd5d-40d1-4c7f-8847-c0c68b933b19 tempest-DeleteServersTestJSON-1315487186 tempest-DeleteServersTestJSON-1315487186-project-member] compute_status_filter request filter added forbidden trait COMPUTE_STATUS_DISABLED {{(pid=93220) compute_status_filter /opt/stack/nova/nova/scheduler/request_filter.py:253}}
Jul 05 17:53:03.824167 np0000004583 nova-scheduler[93220]: DEBUG nova.scheduler.request_filter [None req-be7ddd5d-40d1-4c7f-8847-c0c68b933b19 tempest-DeleteServersTestJSON-1315487186 tempest-DeleteServersTestJSON-1315487186-project-member] Request filter 'compute_status_filter' took 0.0 seconds {{(pid=93220) wrapper /opt/stack/nova/nova/scheduler/request_filter.py:46}}
Jul 05 17:53:03.824444 np0000004583 nova-scheduler[93220]: DEBUG nova.scheduler.request_filter [None req-be7ddd5d-40d1-4c7f-8847-c0c68b933b19 tempest-DeleteServersTestJSON-1315487186 tempest-DeleteServersTestJSON-1315487186-project-member] Request filter 'accelerators_filter' took 0.0 seconds {{(pid=93220) wrapper /opt/stack/nova/nova/scheduler/request_filter.py:46}}
Jul 05 17:53:03.825050 np0000004583 nova-scheduler[93220]: DEBUG nova.scheduler.request_filter [None req-be7ddd5d-40d1-4c7f-8847-c0c68b933b19 tempest-DeleteServersTestJSON-1315487186 tempest-DeleteServersTestJSON-1315487186-project-member] Request filter 'packed_virtqueue_filter' took 0.0 seconds {{(pid=93220) wrapper /opt/stack/nova/nova/scheduler/request_filter.py:46}}
Jul 05 17:53:03.825336 np0000004583 nova-scheduler[93220]: DEBUG nova.scheduler.request_filter [None req-be7ddd5d-40d1-4c7f-8847-c0c68b933b19 tempest-DeleteServersTestJSON-1315487186 tempest-DeleteServersTestJSON-1315487186-project-member] Request filter 'remote_managed_ports_filter' took 0.0 seconds {{(pid=93220) wrapper /opt/stack/nova/nova/scheduler/request_filter.py:46}}
Jul 05 17:53:03.825495 np0000004583 nova-scheduler[93220]: DEBUG nova.scheduler.request_filter [None req-be7ddd5d-40d1-4c7f-8847-c0c68b933b19 tempest-DeleteServersTestJSON-1315487186 tempest-DeleteServersTestJSON-1315487186-project-member] ephemeral_encryption_filter skipped {{(pid=93220) ephemeral_encryption_filter /opt/stack/nova/nova/scheduler/request_filter.py:426}}
Jul 05 17:53:03.825648 np0000004583 nova-scheduler[93220]: DEBUG nova.scheduler.request_filter [None req-be7ddd5d-40d1-4c7f-8847-c0c68b933b19 tempest-DeleteServersTestJSON-1315487186 tempest-DeleteServersTestJSON-1315487186-project-member] virtio_sound_filter skipped {{(pid=93220) virtio_sound_filter /opt/stack/nova/nova/scheduler/request_filter.py:460}}
Jul 05 17:53:03.825831 np0000004583 nova-scheduler[93220]: DEBUG nova.scheduler.request_filter [None req-be7ddd5d-40d1-4c7f-8847-c0c68b933b19 tempest-DeleteServersTestJSON-1315487186 tempest-DeleteServersTestJSON-1315487186-project-member] tpm_secret_security_filter skipped {{(pid=93220) tpm_secret_security_filter /opt/stack/nova/nova/scheduler/request_filter.py:477}}
Jul 05 17:53:03.942707 np0000004583 nova-scheduler[93220]: INFO nova.utils [None req-be7ddd5d-40d1-4c7f-8847-c0c68b933b19 tempest-DeleteServersTestJSON-1315487186 tempest-DeleteServersTestJSON-1315487186-project-member] The cell worker thread pool ForkProcess-1.cell_worker is initialized
Jul 05 17:53:04.003226 np0000004583 nova-scheduler[93220]: DEBUG oslo_concurrency.lockutils [None req-be7ddd5d-40d1-4c7f-8847-c0c68b933b19 tempest-DeleteServersTestJSON-1315487186 tempest-DeleteServersTestJSON-1315487186-project-member] Acquiring lock "209ea1ab-d988-4ff1-bdc2-fa94b7313886" by "nova.context.set_target_cell..get_or_set_cached_cell_and_set_connections" {{(pid=93220) inner /opt/stack/data/venv/lib/python3.12/site-packages/oslo_concurrency/lockutils.py:511}}
Jul 05 17:53:04.003226 np0000004583 nova-scheduler[93220]: DEBUG oslo_concurrency.lockutils [None req-be7ddd5d-40d1-4c7f-8847-c0c68b933b19 tempest-DeleteServersTestJSON-1315487186 tempest-DeleteServersTestJSON-1315487186-project-member] Lock "209ea1ab-d988-4ff1-bdc2-fa94b7313886" acquired by "nova.context.set_target_cell..get_or_set_cached_cell_and_set_connections" :: waited 0.000s {{(pid=93220) inner /opt/stack/data/venv/lib/python3.12/site-packages/oslo_concurrency/lockutils.py:524}}
Jul 05 17:53:04.003226 np0000004583 nova-scheduler[93220]: DEBUG oslo_concurrency.lockutils [None req-be7ddd5d-40d1-4c7f-8847-c0c68b933b19 tempest-DeleteServersTestJSON-1315487186 tempest-DeleteServersTestJSON-1315487186-project-member] Lock "209ea1ab-d988-4ff1-bdc2-fa94b7313886" "released" by "nova.context.set_target_cell..get_or_set_cached_cell_and_set_connections" :: held 0.001s {{(pid=93220) inner /opt/stack/data/venv/lib/python3.12/site-packages/oslo_concurrency/lockutils.py:543}}
Jul 05 17:53:04.003226 np0000004583 nova-scheduler[93220]: INFO dbcounter [None req-be7ddd5d-40d1-4c7f-8847-c0c68b933b19 tempest-DeleteServersTestJSON-1315487186 tempest-DeleteServersTestJSON-1315487186-project-member] Registered counter for database nova_cell1
Jul 05 17:53:04.003226 np0000004583 nova-scheduler[93220]: DEBUG oslo_db.sqlalchemy.engines [None req-be7ddd5d-40d1-4c7f-8847-c0c68b933b19 tempest-DeleteServersTestJSON-1315487186 tempest-DeleteServersTestJSON-1315487186-project-member] MySQL server mode set to STRICT_TRANS_TABLES,STRICT_ALL_TABLES,NO_ZERO_IN_DATE,NO_ZERO_DATE,ERROR_FOR_DIVISION_BY_ZERO,TRADITIONAL,NO_ENGINE_SUBSTITUTION {{(pid=93220) _check_effective_sql_mode /opt/stack/data/venv/lib/python3.12/site-packages/oslo_db/sqlalchemy/engines.py:325}}
Jul 05 17:53:04.003226 np0000004583 nova-scheduler[93220]: DEBUG dbcounter [-] [93220] Writer thread running {{(pid=93220) stat_writer /opt/stack/data/venv/lib/python3.12/site-packages/dbcounter.py:102}}
Jul 05 17:53:04.042197 np0000004583 nova-scheduler[93220]: DEBUG dbcounter [-] [93220] Writer thread running {{(pid=93220) stat_writer /opt/stack/data/venv/lib/python3.12/site-packages/dbcounter.py:102}}
Jul 05 17:53:04.045778 np0000004583 nova-scheduler[93220]: DEBUG oslo_concurrency.lockutils [None req-be7ddd5d-40d1-4c7f-8847-c0c68b933b19 tempest-DeleteServersTestJSON-1315487186 tempest-DeleteServersTestJSON-1315487186-project-member] Acquiring lock "209ea1ab-d988-4ff1-bdc2-fa94b7313886" by "nova.context.set_target_cell..get_or_set_cached_cell_and_set_connections" {{(pid=93220) inner /opt/stack/data/venv/lib/python3.12/site-packages/oslo_concurrency/lockutils.py:511}}
Jul 05 17:53:04.045778 np0000004583 nova-scheduler[93220]: DEBUG oslo_concurrency.lockutils [None req-be7ddd5d-40d1-4c7f-8847-c0c68b933b19 tempest-DeleteServersTestJSON-1315487186 tempest-DeleteServersTestJSON-1315487186-project-member] Lock "209ea1ab-d988-4ff1-bdc2-fa94b7313886" acquired by "nova.context.set_target_cell..get_or_set_cached_cell_and_set_connections" :: waited 0.000s {{(pid=93220) inner /opt/stack/data/venv/lib/python3.12/site-packages/oslo_concurrency/lockutils.py:524}}
