Aug 26 03:51:42.148395 np0000008135 devstack@neutron-api.service[90709]: DEBUG neutron.api.extensions [None req-b18b557a-fe78-4ec1-a888-d96c7f6673e3 None None] Extended resource: dhcp-agents {{(pid=90709) __init__ /opt/stack/neutron/neutron/api/extensions.py:156}}
Aug 26 03:51:42.148567 np0000008135 devstack@neutron-api.service[90711]: INFO neutron.api.extensions [None req-6689e4a3-439c-4713-8e6f-8f5f7f0a2ab3 None None] Extension trunk-details not supported by any of loaded plugins
Aug 26 03:51:42.148567 np0000008135 devstack@neutron-api.service[90711]: DEBUG neutron.api.extensions [None req-6689e4a3-439c-4713-8e6f-8f5f7f0a2ab3 None None] Loading extension file: uplink_status_propagation.py {{(pid=90711) _load_all_extensions_from_path /opt/stack/neutron/neutron/api/extensions.py:449}}
Aug 26 03:51:42.148693 np0000008135 devstack@neutron-api.service[90708]: DEBUG neutron.api.extensions [None req-b7abb735-1a32-459b-aca8-21fc1e8a14ce None None] Extended resource: quotas {{(pid=90708) __init__ /opt/stack/neutron/neutron/api/extensions.py:156}}
Aug 26 03:51:42.148777 np0000008135 devstack@neutron-api.service[90709]: DEBUG neutron.api.extensions [None req-b18b557a-fe78-4ec1-a888-d96c7f6673e3 None None] Extended resource: routers {{(pid=90709) __init__ /opt/stack/neutron/neutron/api/extensions.py:156}}
Aug 26 03:51:42.148878 np0000008135 devstack@neutron-api.service[90711]: DEBUG neutron.api.extensions [None req-6689e4a3-439c-4713-8e6f-8f5f7f0a2ab3 None None] Ext name="Uplink status propagation extension" alias="uplink-status-propagation" description="Provides ability to propagate port uplink status." updated="2018-05-31T18:00:00-00:00" {{(pid=90711) _check_extension /opt/stack/neutron/neutron/api/extensions.py:415}}
Aug 26 03:51:42.148968 np0000008135 devstack@neutron-api.service[90708]: DEBUG neutron.api.extensions [None req-b7abb735-1a32-459b-aca8-21fc1e8a14ce None None] Extended resource: quotas {{(pid=90708) __init__ /opt/stack/neutron/neutron/api/extensions.py:156}}
Aug 26 03:51:42.149107 np0000008135 devstack@neutron-api.service[90711]: INFO neutron.api.extensions [None req-6689e4a3-439c-4713-8e6f-8f5f7f0a2ab3 None None] Extension uplink-status-propagation not supported by any of loaded plugins
Aug 26 03:51:42.149107 np0000008135 devstack@neutron-api.service[90711]: DEBUG neutron.api.extensions [None req-6689e4a3-439c-4713-8e6f-8f5f7f0a2ab3 None None] Loading extension file: uplink_status_propagation_updatable.py {{(pid=90711) _load_all_extensions_from_path /opt/stack/neutron/neutron/api/extensions.py:449}}
Aug 26 03:51:42.149211 np0000008135 devstack@neutron-api.service[90709]: DEBUG neutron.api.extensions [None req-b18b557a-fe78-4ec1-a888-d96c7f6673e3 None None] Extended resource: flavors {{(pid=90709) __init__ /opt/stack/neutron/neutron/api/extensions.py:156}}
Aug 26 03:51:42.149316 np0000008135 devstack@neutron-api.service[90711]: DEBUG neutron.api.extensions [None req-6689e4a3-439c-4713-8e6f-8f5f7f0a2ab3 None None] Ext name="Uplink status propagation updatable extension" alias="uplink-status-propagation-updatable" description="Provides ability to update the port uplink status." updated="2024-09-03T18:00:00-00:00" {{(pid=90711) _check_extension /opt/stack/neutron/neutron/api/extensions.py:415}}
Aug 26 03:51:42.149316 np0000008135 devstack@neutron-api.service[90711]: INFO neutron.api.extensions [None req-6689e4a3-439c-4713-8e6f-8f5f7f0a2ab3 None None] Extension uplink-status-propagation-updatable not supported by any of loaded plugins
Aug 26 03:51:42.149316 np0000008135 devstack@neutron-api.service[90711]: DEBUG neutron.api.extensions [None req-6689e4a3-439c-4713-8e6f-8f5f7f0a2ab3 None None] Loading extension file: vlantransparent.py {{(pid=90711) _load_all_extensions_from_path /opt/stack/neutron/neutron/api/extensions.py:449}}
Aug 26 03:51:42.149550 np0000008135 devstack@neutron-api.service[90709]: DEBUG neutron.api.extensions [None req-b18b557a-fe78-4ec1-a888-d96c7f6673e3 None None] Extended resource: service_profiles {{(pid=90709) __init__ /opt/stack/neutron/neutron/api/extensions.py:156}}
Aug 26 03:51:42.149655 np0000008135 devstack@neutron-api.service[90711]: DEBUG neutron.api.extensions [None req-6689e4a3-439c-4713-8e6f-8f5f7f0a2ab3 None None] Ext name="Vlantransparent" alias="vlan-transparent" description="Provides Vlan Transparent Networks" updated="2015-03-23T09:00:00-00:00" {{(pid=90711) _check_extension /opt/stack/neutron/neutron/api/extensions.py:415}}
Aug 26 03:51:42.149655 np0000008135 devstack@neutron-api.service[90711]: INFO neutron.api.extensions [None req-6689e4a3-439c-4713-8e6f-8f5f7f0a2ab3 None None] Loaded extension: vlan-transparent
Aug 26 03:51:42.149874 np0000008135 devstack@neutron-api.service[90708]: DEBUG neutron.api.extensions [None req-b7abb735-1a32-459b-aca8-21fc1e8a14ce None None] Extended resource: rbac-policies {{(pid=90708) __init__ /opt/stack/neutron/neutron/api/extensions.py:156}}
Aug 26 03:51:42.150113 np0000008135 devstack@neutron-api.service[90709]: DEBUG neutron.api.extensions [None req-b18b557a-fe78-4ec1-a888-d96c7f6673e3 None None] Extended resource: next_providers {{(pid=90709) __init__ /opt/stack/neutron/neutron/api/extensions.py:156}}
Aug 26 03:51:42.150237 np0000008135 devstack@neutron-api.service[90708]: DEBUG neutron.api.extensions [None req-b7abb735-1a32-459b-aca8-21fc1e8a14ce None None] Extended resource: default-security-group-rules {{(pid=90708) __init__ /opt/stack/neutron/neutron/api/extensions.py:156}}
Aug 26 03:51:42.150388 np0000008135 devstack@neutron-api.service[90709]: DEBUG neutron.api.extensions [None req-b18b557a-fe78-4ec1-a888-d96c7f6673e3 None None] Extended resource: service_profiles {{(pid=90709) __init__ /opt/stack/neutron/neutron/api/extensions.py:156}}
Aug 26 03:51:42.150475 np0000008135 devstack@neutron-api.service[90708]: DEBUG neutron.api.extensions [None req-b7abb735-1a32-459b-aca8-21fc1e8a14ce None None] Extended resource: security-groups-default-statefulness {{(pid=90708) __init__ /opt/stack/neutron/neutron/api/extensions.py:156}}
Aug 26 03:51:42.150618 np0000008135 devstack@neutron-api.service[90709]: DEBUG neutron.api.extensions [None req-b18b557a-fe78-4ec1-a888-d96c7f6673e3 None None] Extended resource: floatingip-pools {{(pid=90709) __init__ /opt/stack/neutron/neutron/api/extensions.py:156}}
Aug 26 03:51:42.150704 np0000008135 devstack@neutron-api.service[90708]: DEBUG neutron.api.extensions [None req-b7abb735-1a32-459b-aca8-21fc1e8a14ce None None] Extended resource: security-groups {{(pid=90708) __init__ /opt/stack/neutron/neutron/api/extensions.py:156}}
Aug 26 03:51:42.150802 np0000008135 devstack@neutron-api.service[90709]: DEBUG neutron.api.extensions [None req-b18b557a-fe78-4ec1-a888-d96c7f6673e3 None None] Extended resource: routers {{(pid=90709) __init__ /opt/stack/neutron/neutron/api/extensions.py:156}}
Aug 26 03:51:42.150897 np0000008135 devstack@neutron-api.service[90708]: DEBUG neutron.api.extensions [None req-b7abb735-1a32-459b-aca8-21fc1e8a14ce None None] Extended resource: security-group-rules {{(pid=90708) __init__ /opt/stack/neutron/neutron/api/extensions.py:156}}
Aug 26 03:51:42.150897 np0000008135 devstack@neutron-api.service[90708]: DEBUG neutron.api.extensions [None req-b7abb735-1a32-459b-aca8-21fc1e8a14ce None None] Extended resource: service-providers {{(pid=90708) __init__ /opt/stack/neutron/neutron/api/extensions.py:156}}
Aug 26 03:51:42.151036 np0000008135 devstack@neutron-api.service[90711]: INFO neutron.quota.resource_registry [None req-6689e4a3-439c-4713-8e6f-8f5f7f0a2ab3 None None] Creating instance of TrackedResource for resource:network
Aug 26 03:51:42.151139 np0000008135 devstack@neutron-api.service[90709]: DEBUG neutron.api.extensions [None req-b18b557a-fe78-4ec1-a888-d96c7f6673e3 None None] Extended resource: floatingips {{(pid=90709) __init__ /opt/stack/neutron/neutron/api/extensions.py:156}}
Aug 26 03:51:42.151286 np0000008135 devstack@neutron-api.service[90708]: DEBUG neutron.api.extensions [None req-b7abb735-1a32-459b-aca8-21fc1e8a14ce None None] Extended resource: subnetpools {{(pid=90708) __init__ /opt/stack/neutron/neutron/api/extensions.py:156}}
Aug 26 03:51:42.151373 np0000008135 devstack@neutron-api.service[90711]: INFO neutron.quota.resource_registry [None req-6689e4a3-439c-4713-8e6f-8f5f7f0a2ab3 None None] Creating instance of TrackedResource for resource:subnet
Aug 26 03:51:42.151373 np0000008135 devstack@neutron-api.service[90711]: INFO neutron.quota.resource_registry [None req-6689e4a3-439c-4713-8e6f-8f5f7f0a2ab3 None None] Creating instance of TrackedResource for resource:subnetpool
Aug 26 03:51:42.151613 np0000008135 devstack@neutron-api.service[90709]: DEBUG neutron.api.extensions [None req-b18b557a-fe78-4ec1-a888-d96c7f6673e3 None None] Extended resource: l3-routers {{(pid=90709) __init__ /opt/stack/neutron/neutron/api/extensions.py:156}}
Aug 26 03:51:42.151835 np0000008135 devstack@neutron-api.service[90711]: INFO neutron.quota.resource_registry [None req-6689e4a3-439c-4713-8e6f-8f5f7f0a2ab3 None None] Creating instance of TrackedResource for resource:port
Aug 26 03:51:42.152102 np0000008135 devstack@neutron-api.service[90708]: DEBUG neutron.api.extensions [None req-b7abb735-1a32-459b-aca8-21fc1e8a14ce None None] Extended resource: subnetpools {{(pid=90708) __init__ /opt/stack/neutron/neutron/api/extensions.py:156}}
Aug 26 03:51:42.152372 np0000008135 devstack@neutron-api.service[90709]: DEBUG neutron.api.extensions [None req-b18b557a-fe78-4ec1-a888-d96c7f6673e3 None None] Extended resource: l3-agents {{(pid=90709) __init__ /opt/stack/neutron/neutron/api/extensions.py:156}}
Aug 26 03:51:42.152634 np0000008135 devstack@neutron-api.service[90708]: DEBUG neutron.api.extensions [None req-b7abb735-1a32-459b-aca8-21fc1e8a14ce None None] Extended resource: tags {{(pid=90708) __init__ /opt/stack/neutron/neutron/api/extensions.py:156}}
Aug 26 03:51:42.152754 np0000008135 devstack@neutron-api.service[90709]: DEBUG neutron.api.extensions [None req-b18b557a-fe78-4ec1-a888-d96c7f6673e3 None None] Extended resource: network-ip-availabilities {{(pid=90709) __init__ /opt/stack/neutron/neutron/api/extensions.py:156}}
Aug 26 03:51:42.152874 np0000008135 devstack@neutron-api.service[90708]: DEBUG neutron.api.extensions [None req-b7abb735-1a32-459b-aca8-21fc1e8a14ce None None] Extended resource: tags {{(pid=90708) __init__ /opt/stack/neutron/neutron/api/extensions.py:156}}
Aug 26 03:51:42.153102 np0000008135 devstack@neutron-api.service[90709]: DEBUG neutron.api.extensions [None req-b18b557a-fe78-4ec1-a888-d96c7f6673e3 None None] Extended resource: network-ip-availabilities {{(pid=90709) __init__ /opt/stack/neutron/neutron/api/extensions.py:156}}
Aug 26 03:51:42.153360 np0000008135 devstack@neutron-api.service[90711]: INFO neutron.quota.resource_registry [None req-6689e4a3-439c-4713-8e6f-8f5f7f0a2ab3 None None] Creating instance of CountableResource for resource:router_route
Aug 26 03:51:42.153580 np0000008135 devstack@neutron-api.service[90708]: DEBUG neutron.api.extensions [None req-b7abb735-1a32-459b-aca8-21fc1e8a14ce None None] Extended resource: tags {{(pid=90708) __init__ /opt/stack/neutron/neutron/api/extensions.py:156}}
Aug 26 03:51:42.153659 np0000008135 devstack@neutron-api.service[90709]: DEBUG neutron.api.extensions [None req-b18b557a-fe78-4ec1-a888-d96c7f6673e3 None None] Extended resource: bindings {{(pid=90709) __init__ /opt/stack/neutron/neutron/api/extensions.py:156}}
Aug 26 03:51:42.153885 np0000008135 devstack@neutron-api.service[90711]: DEBUG neutron.api.v2.resource_helper [None req-6689e4a3-439c-4713-8e6f-8f5f7f0a2ab3 None None] Service L3_ROUTER_NAT assigned prefix: {{(pid=90711) build_resource_info /opt/stack/neutron/neutron/api/v2/resource_helper.py:77}}
Aug 26 03:51:42.153885 np0000008135 devstack@neutron-api.service[90711]: DEBUG neutron.api.v2.resource_helper [None req-6689e4a3-439c-4713-8e6f-8f5f7f0a2ab3 None None] Service FLAVORS assigned prefix: {{(pid=90711) build_resource_info /opt/stack/neutron/neutron/api/v2/resource_helper.py:77}}
Aug 26 03:51:42.153975 np0000008135 devstack@neutron-api.service[90709]: DEBUG neutron.api.extensions [None req-b18b557a-fe78-4ec1-a888-d96c7f6673e3 None None] Extended resource: quotas {{(pid=90709) __init__ /opt/stack/neutron/neutron/api/extensions.py:156}}
Aug 26 03:51:42.154182 np0000008135 devstack@neutron-api.service[90708]: DEBUG neutron.api.extensions [None req-b7abb735-1a32-459b-aca8-21fc1e8a14ce None None] Extended resource: tags {{(pid=90708) __init__ /opt/stack/neutron/neutron/api/extensions.py:156}}
Aug 26 03:51:42.154382 np0000008135 devstack@neutron-api.service[90709]: DEBUG neutron.api.extensions [None req-b18b557a-fe78-4ec1-a888-d96c7f6673e3 None None] Extended resource: quotas {{(pid=90709) __init__ /opt/stack/neutron/neutron/api/extensions.py:156}}
Aug 26 03:51:42.154612 np0000008135 devstack@neutron-api.service[90708]: DEBUG neutron.api.extensions [None req-b7abb735-1a32-459b-aca8-21fc1e8a14ce None None] Extended resource: tags {{(pid=90708) __init__ /opt/stack/neutron/neutron/api/extensions.py:156}}
Aug 26 03:51:42.154759 np0000008135 devstack@neutron-api.service[90709]: DEBUG neutron.api.extensions [None req-b18b557a-fe78-4ec1-a888-d96c7f6673e3 None None] Extended resource: rbac-policies {{(pid=90709) __init__ /opt/stack/neutron/neutron/api/extensions.py:156}}
Aug 26 03:51:42.154967 np0000008135 devstack@neutron-api.service[90711]: DEBUG neutron.api.v2.resource_helper [None req-6689e4a3-439c-4713-8e6f-8f5f7f0a2ab3 None None] Service L3_ROUTER_NAT assigned prefix: {{(pid=90711) build_resource_info /opt/stack/neutron/neutron/api/v2/resource_helper.py:77}}
Aug 26 03:51:42.155078 np0000008135 devstack@neutron-api.service[90708]: DEBUG neutron.api.extensions [None req-b7abb735-1a32-459b-aca8-21fc1e8a14ce None None] Extended resource: tags {{(pid=90708) __init__ /opt/stack/neutron/neutron/api/extensions.py:156}}
Aug 26 03:51:42.155177 np0000008135 devstack@neutron-api.service[90709]: DEBUG neutron.api.extensions [None req-b18b557a-fe78-4ec1-a888-d96c7f6673e3 None None] Extended resource: default-security-group-rules {{(pid=90709) __init__ /opt/stack/neutron/neutron/api/extensions.py:156}}
Aug 26 03:51:42.155257 np0000008135 devstack@neutron-api.service[90711]: DEBUG neutron.api.v2.resource_helper [None req-6689e4a3-439c-4713-8e6f-8f5f7f0a2ab3 None None] Service L3_ROUTER_NAT assigned prefix: {{(pid=90711) build_resource_info /opt/stack/neutron/neutron/api/v2/resource_helper.py:77}}
Aug 26 03:51:42.155257 np0000008135 devstack@neutron-api.service[90711]: INFO neutron.quota.resource_registry [None req-6689e4a3-439c-4713-8e6f-8f5f7f0a2ab3 None None] Creating instance of TrackedResource for resource:router
Aug 26 03:51:42.155386 np0000008135 devstack@neutron-api.service[90708]: DEBUG neutron.api.extensions [None req-b7abb735-1a32-459b-aca8-21fc1e8a14ce None None] Extended resource: tags {{(pid=90708) __init__ /opt/stack/neutron/neutron/api/extensions.py:156}}
Aug 26 03:51:42.155457 np0000008135 devstack@neutron-api.service[90709]: DEBUG neutron.api.extensions [None req-b18b557a-fe78-4ec1-a888-d96c7f6673e3 None None] Extended resource: security-groups-default-statefulness {{(pid=90709) __init__ /opt/stack/neutron/neutron/api/extensions.py:156}}
Aug 26 03:51:42.155646 np0000008135 devstack@neutron-api.service[90711]: INFO neutron.quota.resource_registry [None req-6689e4a3-439c-4713-8e6f-8f5f7f0a2ab3 None None] Creating instance of TrackedResource for resource:floatingip
Aug 26 03:51:42.155843 np0000008135 devstack@neutron-api.service[90709]: DEBUG neutron.api.extensions [None req-b18b557a-fe78-4ec1-a888-d96c7f6673e3 None None] Extended resource: security-groups {{(pid=90709) __init__ /opt/stack/neutron/neutron/api/extensions.py:156}}
Aug 26 03:51:42.156025 np0000008135 devstack@neutron-api.service[90708]: DEBUG neutron.api.extensions [None req-b7abb735-1a32-459b-aca8-21fc1e8a14ce None None] Extended resource: tags {{(pid=90708) __init__ /opt/stack/neutron/neutron/api/extensions.py:156}}
Aug 26 03:51:42.156025 np0000008135 devstack@neutron-api.service[90708]: DEBUG neutron.api.extensions [None req-b7abb735-1a32-459b-aca8-21fc1e8a14ce None None] Extended resource: tags {{(pid=90708) __init__ /opt/stack/neutron/neutron/api/extensions.py:156}}
Aug 26 03:51:42.156272 np0000008135 devstack@neutron-api.service[90711]: INFO neutron.quota.resource_registry [None req-6689e4a3-439c-4713-8e6f-8f5f7f0a2ab3 None None] Creating instance of CountableResource for resource:rbac_policy
Aug 26 03:51:42.156407 np0000008135 devstack@neutron-api.service[90709]: DEBUG neutron.api.extensions [None req-b18b557a-fe78-4ec1-a888-d96c7f6673e3 None None] Extended resource: security-group-rules {{(pid=90709) __init__ /opt/stack/neutron/neutron/api/extensions.py:156}}
Aug 26 03:51:42.156407 np0000008135 devstack@neutron-api.service[90709]: DEBUG neutron.api.extensions [None req-b18b557a-fe78-4ec1-a888-d96c7f6673e3 None None] Extended resource: service-providers {{(pid=90709) __init__ /opt/stack/neutron/neutron/api/extensions.py:156}}
Aug 26 03:51:42.156553 np0000008135 devstack@neutron-api.service[90708]: DEBUG neutron.api.extensions [None req-b7abb735-1a32-459b-aca8-21fc1e8a14ce None None] Extended resource: tags {{(pid=90708) __init__ /opt/stack/neutron/neutron/api/extensions.py:156}}
Aug 26 03:51:42.156640 np0000008135 devstack@neutron-api.service[90711]: INFO neutron.quota.resource_registry [None req-6689e4a3-439c-4713-8e6f-8f5f7f0a2ab3 None None] Creating instance of TrackedResource for resource:security_group
Aug 26 03:51:42.156727 np0000008135 devstack@neutron-api.service[90709]: DEBUG neutron.api.extensions [None req-b18b557a-fe78-4ec1-a888-d96c7f6673e3 None None] Extended resource: subnetpools {{(pid=90709) __init__ /opt/stack/neutron/neutron/api/extensions.py:156}}
Aug 26 03:51:42.156828 np0000008135 devstack@neutron-api.service[90711]: INFO neutron.quota.resource_registry [None req-6689e4a3-439c-4713-8e6f-8f5f7f0a2ab3 None None] Creating instance of TrackedResource for resource:security_group_rule
Aug 26 03:51:42.156925 np0000008135 devstack@neutron-api.service[90709]: DEBUG neutron.api.extensions [None req-b18b557a-fe78-4ec1-a888-d96c7f6673e3 None None] Extended resource: subnetpools {{(pid=90709) __init__ /opt/stack/neutron/neutron/api/extensions.py:156}}
Aug 26 03:51:42.156925 np0000008135 devstack@neutron-api.service[90709]: DEBUG neutron.api.extensions [None req-b18b557a-fe78-4ec1-a888-d96c7f6673e3 None None] Extended resource: tags {{(pid=90709) __init__ /opt/stack/neutron/neutron/api/extensions.py:156}}
Aug 26 03:51:42.157062 np0000008135 devstack@neutron-api.service[90711]: DEBUG neutron.api.v2.resource_helper [None req-6689e4a3-439c-4713-8e6f-8f5f7f0a2ab3 None None] Service CORE assigned prefix: {{(pid=90711) build_resource_info /opt/stack/neutron/neutron/api/v2/resource_helper.py:77}}
Aug 26 03:51:42.157062 np0000008135 devstack@neutron-api.service[90711]: INFO neutron.quota.resource_registry [None req-6689e4a3-439c-4713-8e6f-8f5f7f0a2ab3 None None] Creating instance of TrackedResource for resource:subnetpool
Aug 26 03:51:42.157062 np0000008135 devstack@neutron-api.service[90711]: WARNING neutron.quota.resource_registry [None req-6689e4a3-439c-4713-8e6f-8f5f7f0a2ab3 None None] subnetpool is already registered
Aug 26 03:51:42.157186 np0000008135 devstack@neutron-api.service[90709]: DEBUG neutron.api.extensions [None req-b18b557a-fe78-4ec1-a888-d96c7f6673e3 None None] Extended resource: tags {{(pid=90709) __init__ /opt/stack/neutron/neutron/api/extensions.py:156}}
Aug 26 03:51:42.157235 np0000008135 devstack@neutron-api.service[90711]: DEBUG neutron.api.v2.resource_helper [None req-6689e4a3-439c-4713-8e6f-8f5f7f0a2ab3 None None] Service CORE assigned prefix: {{(pid=90711) build_resource_info /opt/stack/neutron/neutron/api/v2/resource_helper.py:77}}
Aug 26 03:51:42.157235 np0000008135 devstack@neutron-api.service[90711]: INFO neutron.quota.resource_registry [None req-6689e4a3-439c-4713-8e6f-8f5f7f0a2ab3 None None] Creating instance of TrackedResource for resource:subnetpool
Aug 26 03:51:42.157235 np0000008135 devstack@neutron-api.service[90711]: WARNING neutron.quota.resource_registry [None req-6689e4a3-439c-4713-8e6f-8f5f7f0a2ab3 None None] subnetpool is already registered
Aug 26 03:51:42.157424 np0000008135 devstack@neutron-api.service[90709]: DEBUG neutron.api.extensions [None req-b18b557a-fe78-4ec1-a888-d96c7f6673e3 None None] Extended resource: tags {{(pid=90709) __init__ /opt/stack/neutron/neutron/api/extensions.py:156}}
Aug 26 03:51:42.157424 np0000008135 devstack@neutron-api.service[90709]: DEBUG neutron.api.extensions [None req-b18b557a-fe78-4ec1-a888-d96c7f6673e3 None None] Extended resource: tags {{(pid=90709) __init__ /opt/stack/neutron/neutron/api/extensions.py:156}}
Aug 26 03:51:42.157424 np0000008135 devstack@neutron-api.service[90709]: DEBUG neutron.api.extensions [None req-b18b557a-fe78-4ec1-a888-d96c7f6673e3 None None] Extended resource: tags {{(pid=90709) __init__ /opt/stack/neutron/neutron/api/extensions.py:156}}
Aug 26 03:51:42.157632 np0000008135 devstack@neutron-api.service[90711]: INFO neutron.quota.resource_registry [None req-6689e4a3-439c-4713-8e6f-8f5f7f0a2ab3 None None] Creating instance of CountableResource for resource:router_route
Aug 26 03:51:42.157632 np0000008135 devstack@neutron-api.service[90711]: WARNING neutron.quota.resource_registry [None req-6689e4a3-439c-4713-8e6f-8f5f7f0a2ab3 None None] router_route is already registered
Aug 26 03:51:42.157632 np0000008135 devstack@neutron-api.service[90711]: DEBUG neutron.api.v2.resource_helper [None req-6689e4a3-439c-4713-8e6f-8f5f7f0a2ab3 None None] Service L3_ROUTER_NAT assigned prefix: {{(pid=90711) build_resource_info /opt/stack/neutron/neutron/api/v2/resource_helper.py:77}}
Aug 26 03:51:42.157632 np0000008135 devstack@neutron-api.service[90711]: DEBUG neutron.api.v2.resource_helper [None req-6689e4a3-439c-4713-8e6f-8f5f7f0a2ab3 None None] Service FLAVORS assigned prefix: {{(pid=90711) build_resource_info /opt/stack/neutron/neutron/api/v2/resource_helper.py:77}}
Aug 26 03:51:42.157860 np0000008135 devstack@neutron-api.service[90709]: DEBUG neutron.api.extensions [None req-b18b557a-fe78-4ec1-a888-d96c7f6673e3 None None] Extended resource: tags {{(pid=90709) __init__ /opt/stack/neutron/neutron/api/extensions.py:156}}
Aug 26 03:51:42.157860 np0000008135 devstack@neutron-api.service[90709]: DEBUG neutron.api.extensions [None req-b18b557a-fe78-4ec1-a888-d96c7f6673e3 None None] Extended resource: tags {{(pid=90709) __init__ /opt/stack/neutron/neutron/api/extensions.py:156}}
Aug 26 03:51:42.158055 np0000008135 devstack@neutron-api.service[90711]: DEBUG neutron.api.v2.resource_helper [None req-6689e4a3-439c-4713-8e6f-8f5f7f0a2ab3 None None] Service L3_ROUTER_NAT assigned prefix: {{(pid=90711) build_resource_info /opt/stack/neutron/neutron/api/v2/resource_helper.py:77}}
Aug 26 03:51:42.158055 np0000008135 devstack@neutron-api.service[90711]: DEBUG neutron.api.v2.resource_helper [None req-6689e4a3-439c-4713-8e6f-8f5f7f0a2ab3 None None] Service L3_ROUTER_NAT assigned prefix: {{(pid=90711) build_resource_info /opt/stack/neutron/neutron/api/v2/resource_helper.py:77}}
Aug 26 03:51:42.158055 np0000008135 devstack@neutron-api.service[90711]: INFO neutron.quota.resource_registry [None req-6689e4a3-439c-4713-8e6f-8f5f7f0a2ab3 None None] Creating instance of TrackedResource for resource:router
Aug 26 03:51:42.158055 np0000008135 devstack@neutron-api.service[90711]: WARNING neutron.quota.resource_registry [None req-6689e4a3-439c-4713-8e6f-8f5f7f0a2ab3 None None] router is already registered
Aug 26 03:51:42.158263 np0000008135 devstack@neutron-api.service[90709]: DEBUG neutron.api.extensions [None req-b18b557a-fe78-4ec1-a888-d96c7f6673e3 None None] Extended resource: tags {{(pid=90709) __init__ /opt/stack/neutron/neutron/api/extensions.py:156}}
Aug 26 03:51:42.158331 np0000008135 devstack@neutron-api.service[90711]: INFO neutron.quota.resource_registry [None req-6689e4a3-439c-4713-8e6f-8f5f7f0a2ab3 None None] Creating instance of TrackedResource for resource:floatingip
Aug 26 03:51:42.158331 np0000008135 devstack@neutron-api.service[90711]: WARNING neutron.quota.resource_registry [None req-6689e4a3-439c-4713-8e6f-8f5f7f0a2ab3 None None] floatingip is already registered
Aug 26 03:51:42.158427 np0000008135 devstack@neutron-api.service[90709]: DEBUG neutron.api.extensions [None req-b18b557a-fe78-4ec1-a888-d96c7f6673e3 None None] Extended resource: tags {{(pid=90709) __init__ /opt/stack/neutron/neutron/api/extensions.py:156}}
Aug 26 03:51:42.158498 np0000008135 devstack@neutron-api.service[90711]: INFO neutron.quota.resource_registry [None req-6689e4a3-439c-4713-8e6f-8f5f7f0a2ab3 None None] Creating instance of CountableResource for resource:rbac_policy
Aug 26 03:51:42.158498 np0000008135 devstack@neutron-api.service[90711]: WARNING neutron.quota.resource_registry [None req-6689e4a3-439c-4713-8e6f-8f5f7f0a2ab3 None None] rbac_policy is already registered
Aug 26 03:51:42.158592 np0000008135 devstack@neutron-api.service[90709]: DEBUG neutron.api.extensions [None req-b18b557a-fe78-4ec1-a888-d96c7f6673e3 None None] Extended resource: tags {{(pid=90709) __init__ /opt/stack/neutron/neutron/api/extensions.py:156}}
Aug 26 03:51:42.158674 np0000008135 devstack@neutron-api.service[90711]: INFO neutron.quota.resource_registry [None req-6689e4a3-439c-4713-8e6f-8f5f7f0a2ab3 None None] Creating instance of TrackedResource for resource:security_group
Aug 26 03:51:42.158674 np0000008135 devstack@neutron-api.service[90711]: WARNING neutron.quota.resource_registry [None req-6689e4a3-439c-4713-8e6f-8f5f7f0a2ab3 None None] security_group is already registered
Aug 26 03:51:42.158674 np0000008135 devstack@neutron-api.service[90711]: INFO neutron.quota.resource_registry [None req-6689e4a3-439c-4713-8e6f-8f5f7f0a2ab3 None None] Creating instance of TrackedResource for resource:security_group_rule
Aug 26 03:51:42.158674 np0000008135 devstack@neutron-api.service[90711]: WARNING neutron.quota.resource_registry [None req-6689e4a3-439c-4713-8e6f-8f5f7f0a2ab3 None None] security_group_rule is already registered
Aug 26 03:51:42.158674 np0000008135 devstack@neutron-api.service[90711]: DEBUG neutron.api.v2.resource_helper [None req-6689e4a3-439c-4713-8e6f-8f5f7f0a2ab3 None None] Service CORE assigned prefix: {{(pid=90711) build_resource_info /opt/stack/neutron/neutron/api/v2/resource_helper.py:77}}
Aug 26 03:51:42.158852 np0000008135 devstack@neutron-api.service[90708]: DEBUG neutron_lib.callbacks.manager [None req-b7abb735-1a32-459b-aca8-21fc1e8a14ce None None] Publish callbacks ['neutron.plugins.ml2.drivers.ovn.mech_driver.mech_driver.OVNMechanismDriver.pre_fork_initialize-346786'] for process (None), before_spawn {{(pid=90708) _notify_loop /opt/stack/data/venv/lib/python3.12/site-packages/neutron_lib/callbacks/manager.py:184}}
Aug 26 03:51:42.158941 np0000008135 devstack@neutron-api.service[90711]: INFO neutron.quota.resource_registry [None req-6689e4a3-439c-4713-8e6f-8f5f7f0a2ab3 None None] Creating instance of TrackedResource for resource:subnetpool
Aug 26 03:51:42.158941 np0000008135 devstack@neutron-api.service[90711]: WARNING neutron.quota.resource_registry [None req-6689e4a3-439c-4713-8e6f-8f5f7f0a2ab3 None None] subnetpool is already registered
Aug 26 03:51:42.159070 np0000008135 devstack@neutron-api.service[90708]: DEBUG oslo_concurrency.processutils [None req-b7abb735-1a32-459b-aca8-21fc1e8a14ce None None] Running cmd (subprocess): ovsdb-client transact ssl:10.4.3.47:6641 --timeout 180 -p /opt/stack/data/CA/int-ca/private/devstack-cert.key -c /opt/stack/data/CA/int-ca/devstack-cert.crt -C /opt/stack/data/CA/int-ca/ca-chain.pem ["OVN_Northbound", {"op": "wait", "timeout": 0, "table": "Port_Group", "where": [["name", "==", "neutron_pg_drop"]], "until": "==", "rows": []}, {"op": "insert", "table": "ACL", "row": {"action": "drop", "direction": "to-lport", "match": "outport == @neutron_pg_drop && ip", "priority": 1000}, "uuid-name": "droptoport"}, {"op": "insert", "table": "ACL", "row": {"action": "drop", "direction": "from-lport", "match": "inport == @neutron_pg_drop && ip", "priority": 1000}, "uuid-name": "dropfromport"}, {"op": "insert", "table": "Port_Group", "row": {"name": "neutron_pg_drop", "acls": ["set", [["named-uuid", "droptoport"], ["named-uuid", "dropfromport"]]]}}] {{(pid=90708) execute /opt/stack/data/venv/lib/python3.12/site-packages/oslo_concurrency/processutils.py:440}}
Aug 26 03:51:42.159240 np0000008135 devstack@neutron-api.service[90711]: DEBUG neutron.api.v2.resource_helper [None req-6689e4a3-439c-4713-8e6f-8f5f7f0a2ab3 None None] Service CORE assigned prefix: {{(pid=90711) build_resource_info /opt/stack/neutron/neutron/api/v2/resource_helper.py:77}}
Aug 26 03:51:42.159240 np0000008135 devstack@neutron-api.service[90711]: INFO neutron.quota.resource_registry [None req-6689e4a3-439c-4713-8e6f-8f5f7f0a2ab3 None None] Creating instance of TrackedResource for resource:subnetpool
Aug 26 03:51:42.159240 np0000008135 devstack@neutron-api.service[90711]: WARNING neutron.quota.resource_registry [None req-6689e4a3-439c-4713-8e6f-8f5f7f0a2ab3 None None] subnetpool is already registered
Aug 26 03:51:42.159240 np0000008135 devstack@neutron-api.service[90711]: DEBUG neutron.api.extensions [None req-6689e4a3-439c-4713-8e6f-8f5f7f0a2ab3 None None] Extended resource: extensions {{(pid=90711) __init__ /opt/stack/neutron/neutron/api/extensions.py:156}}
Aug 26 03:51:42.159240 np0000008135 devstack@neutron-api.service[90711]: DEBUG neutron.api.extensions [None req-6689e4a3-439c-4713-8e6f-8f5f7f0a2ab3 None None] Extended resource: address-groups {{(pid=90711) __init__ /opt/stack/neutron/neutron/api/extensions.py:156}}
Aug 26 03:51:42.159240 np0000008135 devstack@neutron-api.service[90711]: DEBUG neutron.api.extensions [None req-6689e4a3-439c-4713-8e6f-8f5f7f0a2ab3 None None] Extended resource: address-scopes {{(pid=90711) __init__ /opt/stack/neutron/neutron/api/extensions.py:156}}
Aug 26 03:51:42.159240 np0000008135 devstack@neutron-api.service[90711]: DEBUG neutron.api.extensions [None req-6689e4a3-439c-4713-8e6f-8f5f7f0a2ab3 None None] Extended resource: agents {{(pid=90711) __init__ /opt/stack/neutron/neutron/api/extensions.py:156}}
Aug 26 03:51:42.159240 np0000008135 devstack@neutron-api.service[90711]: DEBUG neutron.api.extensions [None req-6689e4a3-439c-4713-8e6f-8f5f7f0a2ab3 None None] Extended resource: auto-allocated-topology {{(pid=90711) __init__ /opt/stack/neutron/neutron/api/extensions.py:156}}
Aug 26 03:51:42.159240 np0000008135 devstack@neutron-api.service[90711]: DEBUG neutron.api.extensions [None req-6689e4a3-439c-4713-8e6f-8f5f7f0a2ab3 None None] Extended resource: availability_zones {{(pid=90711) __init__ /opt/stack/neutron/neutron/api/extensions.py:156}}
Aug 26 03:51:42.159541 np0000008135 devstack@neutron-api.service[90711]: DEBUG neutron.api.extensions [None req-6689e4a3-439c-4713-8e6f-8f5f7f0a2ab3 None None] Extended resource: dhcp-networks {{(pid=90711) __init__ /opt/stack/neutron/neutron/api/extensions.py:156}}
Aug 26 03:51:42.159541 np0000008135 devstack@neutron-api.service[90711]: DEBUG neutron.api.extensions [None req-6689e4a3-439c-4713-8e6f-8f5f7f0a2ab3 None None] Extended resource: dhcp-agents {{(pid=90711) __init__ /opt/stack/neutron/neutron/api/extensions.py:156}}
Aug 26 03:51:42.159541 np0000008135 devstack@neutron-api.service[90711]: DEBUG neutron.api.extensions [None req-6689e4a3-439c-4713-8e6f-8f5f7f0a2ab3 None None] Extended resource: routers {{(pid=90711) __init__ /opt/stack/neutron/neutron/api/extensions.py:156}}
Aug 26 03:51:42.159541 np0000008135 devstack@neutron-api.service[90711]: DEBUG neutron.api.extensions [None req-6689e4a3-439c-4713-8e6f-8f5f7f0a2ab3 None None] Extended resource: flavors {{(pid=90711) __init__ /opt/stack/neutron/neutron/api/extensions.py:156}}
Aug 26 03:51:42.159737 np0000008135 devstack@neutron-api.service[90709]: DEBUG neutron_lib.callbacks.manager [None req-b18b557a-fe78-4ec1-a888-d96c7f6673e3 None None] Publish callbacks ['neutron.plugins.ml2.drivers.ovn.mech_driver.mech_driver.OVNMechanismDriver.pre_fork_initialize-227405'] for process (None), before_spawn {{(pid=90709) _notify_loop /opt/stack/data/venv/lib/python3.12/site-packages/neutron_lib/callbacks/manager.py:184}}
Aug 26 03:51:42.159827 np0000008135 devstack@neutron-api.service[90711]: DEBUG neutron.api.extensions [None req-6689e4a3-439c-4713-8e6f-8f5f7f0a2ab3 None None] Extended resource: service_profiles {{(pid=90711) __init__ /opt/stack/neutron/neutron/api/extensions.py:156}}
Aug 26 03:51:42.159939 np0000008135 devstack@neutron-api.service[90709]: DEBUG oslo_concurrency.processutils [None req-b18b557a-fe78-4ec1-a888-d96c7f6673e3 None None] Running cmd (subprocess): ovsdb-client transact ssl:10.4.3.47:6641 --timeout 180 -p /opt/stack/data/CA/int-ca/private/devstack-cert.key -c /opt/stack/data/CA/int-ca/devstack-cert.crt -C /opt/stack/data/CA/int-ca/ca-chain.pem ["OVN_Northbound", {"op": "wait", "timeout": 0, "table": "Port_Group", "where": [["name", "==", "neutron_pg_drop"]], "until": "==", "rows": []}, {"op": "insert", "table": "ACL", "row": {"action": "drop", "direction": "to-lport", "match": "outport == @neutron_pg_drop && ip", "priority": 1000}, "uuid-name": "droptoport"}, {"op": "insert", "table": "ACL", "row": {"action": "drop", "direction": "from-lport", "match": "inport == @neutron_pg_drop && ip", "priority": 1000}, "uuid-name": "dropfromport"}, {"op": "insert", "table": "Port_Group", "row": {"name": "neutron_pg_drop", "acls": ["set", [["named-uuid", "droptoport"], ["named-uuid", "dropfromport"]]]}}] {{(pid=90709) execute /opt/stack/data/venv/lib/python3.12/site-packages/oslo_concurrency/processutils.py:440}}
Aug 26 03:51:42.160117 np0000008135 devstack@neutron-api.service[90711]: DEBUG neutron.api.extensions [None req-6689e4a3-439c-4713-8e6f-8f5f7f0a2ab3 None None] Extended resource: next_providers {{(pid=90711) __init__ /opt/stack/neutron/neutron/api/extensions.py:156}}
Aug 26 03:51:42.160117 np0000008135 devstack@neutron-api.service[90711]: DEBUG neutron.api.extensions [None req-6689e4a3-439c-4713-8e6f-8f5f7f0a2ab3 None None] Extended resource: service_profiles {{(pid=90711) __init__ /opt/stack/neutron/neutron/api/extensions.py:156}}
Aug 26 03:51:42.160117 np0000008135 devstack@neutron-api.service[90711]: DEBUG neutron.api.extensions [None req-6689e4a3-439c-4713-8e6f-8f5f7f0a2ab3 None None] Extended resource: floatingip-pools {{(pid=90711) __init__ /opt/stack/neutron/neutron/api/extensions.py:156}}
Aug 26 03:51:42.160117 np0000008135 devstack@neutron-api.service[90711]: DEBUG neutron.api.extensions [None req-6689e4a3-439c-4713-8e6f-8f5f7f0a2ab3 None None] Extended resource: routers {{(pid=90711) __init__ /opt/stack/neutron/neutron/api/extensions.py:156}}
Aug 26 03:51:42.160117 np0000008135 devstack@neutron-api.service[90711]: DEBUG neutron.api.extensions [None req-6689e4a3-439c-4713-8e6f-8f5f7f0a2ab3 None None] Extended resource: floatingips {{(pid=90711) __init__ /opt/stack/neutron/neutron/api/extensions.py:156}}
Aug 26 03:51:42.160117 np0000008135 devstack@neutron-api.service[90711]: DEBUG neutron.api.extensions [None req-6689e4a3-439c-4713-8e6f-8f5f7f0a2ab3 None None] Extended resource: l3-routers {{(pid=90711) __init__ /opt/stack/neutron/neutron/api/extensions.py:156}}
Aug 26 03:51:42.160117 np0000008135 devstack@neutron-api.service[90711]: DEBUG neutron.api.extensions [None req-6689e4a3-439c-4713-8e6f-8f5f7f0a2ab3 None None] Extended resource: l3-agents {{(pid=90711) __init__ /opt/stack/neutron/neutron/api/extensions.py:156}}
Aug 26 03:51:42.160117 np0000008135 devstack@neutron-api.service[90711]: DEBUG neutron.api.extensions [None req-6689e4a3-439c-4713-8e6f-8f5f7f0a2ab3 None None] Extended resource: network-ip-availabilities {{(pid=90711) __init__ /opt/stack/neutron/neutron/api/extensions.py:156}}
Aug 26 03:51:42.160443 np0000008135 devstack@neutron-api.service[90711]: DEBUG neutron.api.extensions [None req-6689e4a3-439c-4713-8e6f-8f5f7f0a2ab3 None None] Extended resource: network-ip-availabilities {{(pid=90711) __init__ /opt/stack/neutron/neutron/api/extensions.py:156}}
Aug 26 03:51:42.160443 np0000008135 devstack@neutron-api.service[90711]: DEBUG neutron.api.extensions [None req-6689e4a3-439c-4713-8e6f-8f5f7f0a2ab3 None None] Extended resource: bindings {{(pid=90711) __init__ /opt/stack/neutron/neutron/api/extensions.py:156}}
Aug 26 03:51:42.160443 np0000008135 devstack@neutron-api.service[90711]: DEBUG neutron.api.extensions [None req-6689e4a3-439c-4713-8e6f-8f5f7f0a2ab3 None None] Extended resource: quotas {{(pid=90711) __init__ /opt/stack/neutron/neutron/api/extensions.py:156}}
Aug 26 03:51:42.160443 np0000008135 devstack@neutron-api.service[90711]: DEBUG neutron.api.extensions [None req-6689e4a3-439c-4713-8e6f-8f5f7f0a2ab3 None None] Extended resource: quotas {{(pid=90711) __init__ /opt/stack/neutron/neutron/api/extensions.py:156}}
Aug 26 03:51:42.160443 np0000008135 devstack@neutron-api.service[90711]: DEBUG neutron.api.extensions [None req-6689e4a3-439c-4713-8e6f-8f5f7f0a2ab3 None None] Extended resource: rbac-policies {{(pid=90711) __init__ /opt/stack/neutron/neutron/api/extensions.py:156}}
Aug 26 03:51:42.160443 np0000008135 devstack@neutron-api.service[90711]: DEBUG neutron.api.extensions [None req-6689e4a3-439c-4713-8e6f-8f5f7f0a2ab3 None None] Extended resource: default-security-group-rules {{(pid=90711) __init__ /opt/stack/neutron/neutron/api/extensions.py:156}}
Aug 26 03:51:42.160443 np0000008135 devstack@neutron-api.service[90711]: DEBUG neutron.api.extensions [None req-6689e4a3-439c-4713-8e6f-8f5f7f0a2ab3 None None] Extended resource: security-groups-default-statefulness {{(pid=90711) __init__ /opt/stack/neutron/neutron/api/extensions.py:156}}
Aug 26 03:51:42.160443 np0000008135 devstack@neutron-api.service[90711]: DEBUG neutron.api.extensions [None req-6689e4a3-439c-4713-8e6f-8f5f7f0a2ab3 None None] Extended resource: security-groups {{(pid=90711) __init__ /opt/stack/neutron/neutron/api/extensions.py:156}}
Aug 26 03:51:42.160763 np0000008135 devstack@neutron-api.service[90711]: DEBUG neutron.api.extensions [None req-6689e4a3-439c-4713-8e6f-8f5f7f0a2ab3 None None] Extended resource: security-group-rules {{(pid=90711) __init__ /opt/stack/neutron/neutron/api/extensions.py:156}}
Aug 26 03:51:42.160763 np0000008135 devstack@neutron-api.service[90711]: DEBUG neutron.api.extensions [None req-6689e4a3-439c-4713-8e6f-8f5f7f0a2ab3 None None] Extended resource: service-providers {{(pid=90711) __init__ /opt/stack/neutron/neutron/api/extensions.py:156}}
Aug 26 03:51:42.160763 np0000008135 devstack@neutron-api.service[90711]: DEBUG neutron.api.extensions [None req-6689e4a3-439c-4713-8e6f-8f5f7f0a2ab3 None None] Extended resource: subnetpools {{(pid=90711) __init__ /opt/stack/neutron/neutron/api/extensions.py:156}}
Aug 26 03:51:42.160763 np0000008135 devstack@neutron-api.service[90711]: DEBUG neutron.api.extensions [None req-6689e4a3-439c-4713-8e6f-8f5f7f0a2ab3 None None] Extended resource: subnetpools {{(pid=90711) __init__ /opt/stack/neutron/neutron/api/extensions.py:156}}
Aug 26 03:51:42.160763 np0000008135 devstack@neutron-api.service[90711]: DEBUG neutron.api.extensions [None req-6689e4a3-439c-4713-8e6f-8f5f7f0a2ab3 None None] Extended resource: tags {{(pid=90711) __init__ /opt/stack/neutron/neutron/api/extensions.py:156}}
Aug 26 03:51:42.160763 np0000008135 devstack@neutron-api.service[90711]: DEBUG neutron.api.extensions [None req-6689e4a3-439c-4713-8e6f-8f5f7f0a2ab3 None None] Extended resource: tags {{(pid=90711) __init__ /opt/stack/neutron/neutron/api/extensions.py:156}}
Aug 26 03:51:42.160763 np0000008135 devstack@neutron-api.service[90711]: DEBUG neutron.api.extensions [None req-6689e4a3-439c-4713-8e6f-8f5f7f0a2ab3 None None] Extended resource: tags {{(pid=90711) __init__ /opt/stack/neutron/neutron/api/extensions.py:156}}
Aug 26 03:51:42.160763 np0000008135 devstack@neutron-api.service[90711]: DEBUG neutron.api.extensions [None req-6689e4a3-439c-4713-8e6f-8f5f7f0a2ab3 None None] Extended resource: tags {{(pid=90711) __init__ /opt/stack/neutron/neutron/api/extensions.py:156}}
Aug 26 03:51:42.161143 np0000008135 devstack@neutron-api.service[90711]: DEBUG neutron.api.extensions [None req-6689e4a3-439c-4713-8e6f-8f5f7f0a2ab3 None None] Extended resource: tags {{(pid=90711) __init__ /opt/stack/neutron/neutron/api/extensions.py:156}}
Aug 26 03:51:42.161143 np0000008135 devstack@neutron-api.service[90711]: DEBUG neutron.api.extensions [None req-6689e4a3-439c-4713-8e6f-8f5f7f0a2ab3 None None] Extended resource: tags {{(pid=90711) __init__ /opt/stack/neutron/neutron/api/extensions.py:156}}
Aug 26 03:51:42.161143 np0000008135 devstack@neutron-api.service[90711]: DEBUG neutron.api.extensions [None req-6689e4a3-439c-4713-8e6f-8f5f7f0a2ab3 None None] Extended resource: tags {{(pid=90711) __init__ /opt/stack/neutron/neutron/api/extensions.py:156}}
Aug 26 03:51:42.161143 np0000008135 devstack@neutron-api.service[90711]: DEBUG neutron.api.extensions [None req-6689e4a3-439c-4713-8e6f-8f5f7f0a2ab3 None None] Extended resource: tags {{(pid=90711) __init__ /opt/stack/neutron/neutron/api/extensions.py:156}}
Aug 26 03:51:42.161143 np0000008135 devstack@neutron-api.service[90711]: DEBUG neutron.api.extensions [None req-6689e4a3-439c-4713-8e6f-8f5f7f0a2ab3 None None] Extended resource: tags {{(pid=90711) __init__ /opt/stack/neutron/neutron/api/extensions.py:156}}
Aug 26 03:51:42.161143 np0000008135 devstack@neutron-api.service[90711]: DEBUG neutron.api.extensions [None req-6689e4a3-439c-4713-8e6f-8f5f7f0a2ab3 None None] Extended resource: tags {{(pid=90711) __init__ /opt/stack/neutron/neutron/api/extensions.py:156}}
Aug 26 03:51:42.161143 np0000008135 devstack@neutron-api.service[90711]: DEBUG neutron_lib.callbacks.manager [None req-6689e4a3-439c-4713-8e6f-8f5f7f0a2ab3 None None] Publish callbacks ['neutron.plugins.ml2.drivers.ovn.mech_driver.mech_driver.OVNMechanismDriver.pre_fork_initialize-340367'] for process (None), before_spawn {{(pid=90711) _notify_loop /opt/stack/data/venv/lib/python3.12/site-packages/neutron_lib/callbacks/manager.py:184}}
Aug 26 03:51:42.161427 np0000008135 devstack@neutron-api.service[90711]: DEBUG oslo_concurrency.processutils [None req-6689e4a3-439c-4713-8e6f-8f5f7f0a2ab3 None None] Running cmd (subprocess): ovsdb-client transact ssl:10.4.3.47:6641 --timeout 180 -p /opt/stack/data/CA/int-ca/private/devstack-cert.key -c /opt/stack/data/CA/int-ca/devstack-cert.crt -C /opt/stack/data/CA/int-ca/ca-chain.pem ["OVN_Northbound", {"op": "wait", "timeout": 0, "table": "Port_Group", "where": [["name", "==", "neutron_pg_drop"]], "until": "==", "rows": []}, {"op": "insert", "table": "ACL", "row": {"action": "drop", "direction": "to-lport", "match": "outport == @neutron_pg_drop && ip", "priority": 1000}, "uuid-name": "droptoport"}, {"op": "insert", "table": "ACL", "row": {"action": "drop", "direction": "from-lport", "match": "inport == @neutron_pg_drop && ip", "priority": 1000}, "uuid-name": "dropfromport"}, {"op": "insert", "table": "Port_Group", "row": {"name": "neutron_pg_drop", "acls": ["set", [["named-uuid", "droptoport"], ["named-uuid", "dropfromport"]]]}}] {{(pid=90711) execute /opt/stack/data/venv/lib/python3.12/site-packages/oslo_concurrency/processutils.py:440}}
Aug 26 03:51:42.161556 np0000008135 devstack@neutron-api.service[90708]: DEBUG oslo_concurrency.processutils [None req-b7abb735-1a32-459b-aca8-21fc1e8a14ce None None] CMD "ovsdb-client transact ssl:10.4.3.47:6641 --timeout 180 -p /opt/stack/data/CA/int-ca/private/devstack-cert.key -c /opt/stack/data/CA/int-ca/devstack-cert.crt -C /opt/stack/data/CA/int-ca/ca-chain.pem ["OVN_Northbound", {"op": "wait", "timeout": 0, "table": "Port_Group", "where": [["name", "==", "neutron_pg_drop"]], "until": "==", "rows": []}, {"op": "insert", "table": "ACL", "row": {"action": "drop", "direction": "to-lport", "match": "outport == @neutron_pg_drop && ip", "priority": 1000}, "uuid-name": "droptoport"}, {"op": "insert", "table": "ACL", "row": {"action": "drop", "direction": "from-lport", "match": "inport == @neutron_pg_drop && ip", "priority": 1000}, "uuid-name": "dropfromport"}, {"op": "insert", "table": "Port_Group", "row": {"name": "neutron_pg_drop", "acls": ["set", [["named-uuid", "droptoport"], ["named-uuid", "dropfromport"]]]}}]" returned: 0 in 0.084s {{(pid=90708) execute /opt/stack/data/venv/lib/python3.12/site-packages/oslo_concurrency/processutils.py:468}}
Aug 26 03:51:42.161556 np0000008135 devstack@neutron-api.service[90708]: DEBUG neutron_lib.callbacks.manager [None req-b7abb735-1a32-459b-aca8-21fc1e8a14ce None None] Publish callbacks ['neutron.plugins.ml2.drivers.ovn.mech_driver.mech_driver.OVNMechanismDriver.post_fork_initialize-346842', 'neutron.services.pvlan.drivers.ovn.driver._initialize_pvlan_pg_drop-8001798385818', 'neutron.services.ovn_l3.plugin.OVNL3RouterPlugin._post_fork_initialize-965767'] for process (None), after_init {{(pid=90708) _notify_loop /opt/stack/data/venv/lib/python3.12/site-packages/neutron_lib/callbacks/manager.py:184}}
Aug 26 03:51:42.161556 np0000008135 devstack@neutron-api.service[90708]: DEBUG oslo_concurrency.lockutils [None req-b7abb735-1a32-459b-aca8-21fc1e8a14ce None None] Acquiring lock "singleton_lock" {{(pid=90708) lock /opt/stack/data/venv/lib/python3.12/site-packages/oslo_concurrency/lockutils.py:396}}
Aug 26 03:51:42.161776 np0000008135 devstack@neutron-api.service[90708]: DEBUG oslo_concurrency.lockutils [None req-b7abb735-1a32-459b-aca8-21fc1e8a14ce None None] Acquired lock "singleton_lock" {{(pid=90708) lock /opt/stack/data/venv/lib/python3.12/site-packages/oslo_concurrency/lockutils.py:399}}
Aug 26 03:51:42.161776 np0000008135 devstack@neutron-api.service[90708]: DEBUG oslo_concurrency.lockutils [None req-b7abb735-1a32-459b-aca8-21fc1e8a14ce None None] Releasing lock "singleton_lock" {{(pid=90708) lock /opt/stack/data/venv/lib/python3.12/site-packages/oslo_concurrency/lockutils.py:419}}
Aug 26 03:51:42.163547 np0000008135 devstack@neutron-api.service[90708]: DEBUG neutron.plugins.ml2.drivers.ovn.mech_driver.mech_driver [None req-b7abb735-1a32-459b-aca8-21fc1e8a14ce None None] Hash Ring setup using WSGI start time 2026-08-26 03:51:41+00:00 {{(pid=90708) _init_hash_ring /opt/stack/neutron/neutron/plugins/ml2/drivers/ovn/mech_driver/mech_driver.py:382}}
Aug 26 03:51:42.169452 np0000008135 devstack@neutron-api.service[90708]: INFO neutron.db.ovn_hash_ring_db [None req-b7abb735-1a32-459b-aca8-21fc1e8a14ce None None] Nodes from host "np0000008135" and group "mechanism_driver" removed from the Hash Ring created at 2026-08-26 03:51:41+00:00
Aug 26 03:51:42.172783 np0000008135 devstack@neutron-api.service[90709]: DEBUG oslo_concurrency.processutils [None req-b18b557a-fe78-4ec1-a888-d96c7f6673e3 None None] CMD "ovsdb-client transact ssl:10.4.3.47:6641 --timeout 180 -p /opt/stack/data/CA/int-ca/private/devstack-cert.key -c /opt/stack/data/CA/int-ca/devstack-cert.crt -C /opt/stack/data/CA/int-ca/ca-chain.pem ["OVN_Northbound", {"op": "wait", "timeout": 0, "table": "Port_Group", "where": [["name", "==", "neutron_pg_drop"]], "until": "==", "rows": []}, {"op": "insert", "table": "ACL", "row": {"action": "drop", "direction": "to-lport", "match": "outport == @neutron_pg_drop && ip", "priority": 1000}, "uuid-name": "droptoport"}, {"op": "insert", "table": "ACL", "row": {"action": "drop", "direction": "from-lport", "match": "inport == @neutron_pg_drop && ip", "priority": 1000}, "uuid-name": "dropfromport"}, {"op": "insert", "table": "Port_Group", "row": {"name": "neutron_pg_drop", "acls": ["set", [["named-uuid", "droptoport"], ["named-uuid", "dropfromport"]]]}}]" returned: 0 in 0.087s {{(pid=90709) execute /opt/stack/data/venv/lib/python3.12/site-packages/oslo_concurrency/processutils.py:468}}
Aug 26 03:51:42.173397 np0000008135 devstack@neutron-api.service[90708]: INFO neutron.db.ovn_hash_ring_db [None req-b7abb735-1a32-459b-aca8-21fc1e8a14ce None None] Node f8c6d9d0768c5dcdbc74a23a28daebf2 from host "np0000008135" and group "mechanism_driver" added to the Hash Ring
Aug 26 03:51:42.173475 np0000008135 devstack@neutron-api.service[90709]: DEBUG neutron_lib.callbacks.manager [None req-b18b557a-fe78-4ec1-a888-d96c7f6673e3 None None] Publish callbacks ['neutron.plugins.ml2.drivers.ovn.mech_driver.mech_driver.OVNMechanismDriver.post_fork_initialize-227749', 'neutron.services.pvlan.drivers.ovn.driver._initialize_pvlan_pg_drop-8001798364434', 'neutron.services.ovn_l3.plugin.OVNL3RouterPlugin._post_fork_initialize-970996'] for process (None), after_init {{(pid=90709) _notify_loop /opt/stack/data/venv/lib/python3.12/site-packages/neutron_lib/callbacks/manager.py:184}}
Aug 26 03:51:42.173916 np0000008135 devstack@neutron-api.service[90709]: DEBUG oslo_concurrency.lockutils [None req-b18b557a-fe78-4ec1-a888-d96c7f6673e3 None None] Acquiring lock "singleton_lock" {{(pid=90709) lock /opt/stack/data/venv/lib/python3.12/site-packages/oslo_concurrency/lockutils.py:396}}
Aug 26 03:51:42.174055 np0000008135 devstack@neutron-api.service[90709]: DEBUG oslo_concurrency.lockutils [None req-b18b557a-fe78-4ec1-a888-d96c7f6673e3 None None] Acquired lock "singleton_lock" {{(pid=90709) lock /opt/stack/data/venv/lib/python3.12/site-packages/oslo_concurrency/lockutils.py:399}}
Aug 26 03:51:42.174419 np0000008135 devstack@neutron-api.service[90709]: DEBUG oslo_concurrency.lockutils [None req-b18b557a-fe78-4ec1-a888-d96c7f6673e3 None None] Releasing lock "singleton_lock" {{(pid=90709) lock /opt/stack/data/venv/lib/python3.12/site-packages/oslo_concurrency/lockutils.py:419}}
Aug 26 03:51:42.177403 np0000008135 devstack@neutron-api.service[90708]: DEBUG neutron.plugins.ml2.drivers.ovn.mech_driver.mech_driver [None req-b7abb735-1a32-459b-aca8-21fc1e8a14ce None None] Hash Ring setup, this worker has detected 2 OVN hash ring registers in the database {{(pid=90708) _init_hash_ring /opt/stack/neutron/neutron/plugins/ml2/drivers/ovn/mech_driver/mech_driver.py:392}}
