May 14 15:40:05.643134 np0000000777 neutron-periodic-workers[91815]: DEBUG cotyledon.oslo_config_glue [-] ovn.bfd_mult = 3 {{(pid=91815) log_opt_values /opt/stack/data/venv/lib/python3.12/site-packages/oslo_config/cfg.py:3006}}
May 14 15:40:05.643134 np0000000777 neutron-periodic-workers[91815]: DEBUG cotyledon.oslo_config_glue [-] ovn.broadcast_arps_to_all_routers = True {{(pid=91815) log_opt_values /opt/stack/data/venv/lib/python3.12/site-packages/oslo_config/cfg.py:3006}}
May 14 15:40:05.643134 np0000000777 neutron-periodic-workers[91815]: DEBUG cotyledon.oslo_config_glue [-] ovn.dhcp_default_lease_time = 43200 {{(pid=91815) log_opt_values /opt/stack/data/venv/lib/python3.12/site-packages/oslo_config/cfg.py:3006}}
May 14 15:40:05.643134 np0000000777 neutron-periodic-workers[91815]: DEBUG cotyledon.oslo_config_glue [-] ovn.disable_ovn_dhcp_for_baremetal_ports = False {{(pid=91815) log_opt_values /opt/stack/data/venv/lib/python3.12/site-packages/oslo_config/cfg.py:3006}}
May 14 15:40:05.643134 np0000000777 neutron-periodic-workers[91815]: DEBUG cotyledon.oslo_config_glue [-] ovn.dns_records_ovn_owned = False {{(pid=91815) log_opt_values /opt/stack/data/venv/lib/python3.12/site-packages/oslo_config/cfg.py:3006}}
May 14 15:40:05.643134 np0000000777 neutron-periodic-workers[91815]: DEBUG cotyledon.oslo_config_glue [-] ovn.dns_servers = [] {{(pid=91815) log_opt_values /opt/stack/data/venv/lib/python3.12/site-packages/oslo_config/cfg.py:3006}}
May 14 15:40:05.643134 np0000000777 neutron-periodic-workers[91815]: DEBUG cotyledon.oslo_config_glue [-] ovn.enable_distributed_floating_ip = False {{(pid=91815) log_opt_values /opt/stack/data/venv/lib/python3.12/site-packages/oslo_config/cfg.py:3006}}
May 14 15:40:05.643356 np0000000777 neutron-periodic-workers[91815]: DEBUG cotyledon.oslo_config_glue [-] ovn.fdb_age_threshold = 300 {{(pid=91815) log_opt_values /opt/stack/data/venv/lib/python3.12/site-packages/oslo_config/cfg.py:3006}}
May 14 15:40:05.643356 np0000000777 neutron-periodic-workers[91815]: DEBUG cotyledon.oslo_config_glue [-] ovn.ha_failover_strategy = normal {{(pid=91815) log_opt_values /opt/stack/data/venv/lib/python3.12/site-packages/oslo_config/cfg.py:3006}}
May 14 15:40:05.643356 np0000000777 neutron-periodic-workers[91815]: DEBUG cotyledon.oslo_config_glue [-] ovn.live_migration_activation_strategy = rarp {{(pid=91815) log_opt_values /opt/stack/data/venv/lib/python3.12/site-packages/oslo_config/cfg.py:3006}}
May 14 15:40:05.643356 np0000000777 neutron-periodic-workers[91815]: DEBUG cotyledon.oslo_config_glue [-] ovn.localnet_learn_fdb = False {{(pid=91815) log_opt_values /opt/stack/data/venv/lib/python3.12/site-packages/oslo_config/cfg.py:3006}}
May 14 15:40:05.643356 np0000000777 neutron-periodic-workers[91815]: DEBUG cotyledon.oslo_config_glue [-] ovn.mac_binding_age_threshold = 300 {{(pid=91815) log_opt_values /opt/stack/data/venv/lib/python3.12/site-packages/oslo_config/cfg.py:3006}}
May 14 15:40:05.643356 np0000000777 neutron-periodic-workers[91815]: DEBUG cotyledon.oslo_config_glue [-] ovn.neutron_sync_mode = log {{(pid=91815) log_opt_values /opt/stack/data/venv/lib/python3.12/site-packages/oslo_config/cfg.py:3006}}
May 14 15:40:05.643356 np0000000777 neutron-periodic-workers[91815]: DEBUG cotyledon.oslo_config_glue [-] ovn.ovn_dhcp4_global_options = {} {{(pid=91815) log_opt_values /opt/stack/data/venv/lib/python3.12/site-packages/oslo_config/cfg.py:3006}}
May 14 15:40:05.643356 np0000000777 neutron-periodic-workers[91815]: DEBUG cotyledon.oslo_config_glue [-] ovn.ovn_dhcp6_global_options = {} {{(pid=91815) log_opt_values /opt/stack/data/venv/lib/python3.12/site-packages/oslo_config/cfg.py:3006}}
May 14 15:40:05.643356 np0000000777 neutron-periodic-workers[91815]: DEBUG cotyledon.oslo_config_glue [-] ovn.ovn_l3_scheduler = leastloaded {{(pid=91815) log_opt_values /opt/stack/data/venv/lib/python3.12/site-packages/oslo_config/cfg.py:3006}}
May 14 15:40:05.643515 np0000000777 neutron-periodic-workers[91815]: DEBUG cotyledon.oslo_config_glue [-] ovn.ovn_metadata_enabled = True {{(pid=91815) log_opt_values /opt/stack/data/venv/lib/python3.12/site-packages/oslo_config/cfg.py:3006}}
May 14 15:40:05.643515 np0000000777 neutron-periodic-workers[91815]: DEBUG cotyledon.oslo_config_glue [-] ovn.ovn_nb_ca_cert = /opt/stack/data/CA/int-ca/ca-chain.pem {{(pid=91815) log_opt_values /opt/stack/data/venv/lib/python3.12/site-packages/oslo_config/cfg.py:3006}}
May 14 15:40:05.643515 np0000000777 neutron-periodic-workers[91815]: DEBUG cotyledon.oslo_config_glue [-] ovn.ovn_nb_certificate = /opt/stack/data/CA/int-ca/devstack-cert.crt {{(pid=91815) log_opt_values /opt/stack/data/venv/lib/python3.12/site-packages/oslo_config/cfg.py:3006}}
May 14 15:40:05.643515 np0000000777 neutron-periodic-workers[91815]: DEBUG cotyledon.oslo_config_glue [-] ovn.ovn_nb_connection = ['ssl:10.4.3.110:6641'] {{(pid=91815) log_opt_values /opt/stack/data/venv/lib/python3.12/site-packages/oslo_config/cfg.py:3006}}
May 14 15:40:05.643515 np0000000777 neutron-periodic-workers[91815]: DEBUG cotyledon.oslo_config_glue [-] ovn.ovn_nb_private_key = /opt/stack/data/CA/int-ca/private/devstack-cert.key {{(pid=91815) log_opt_values /opt/stack/data/venv/lib/python3.12/site-packages/oslo_config/cfg.py:3006}}
May 14 15:40:05.643515 np0000000777 neutron-periodic-workers[91815]: DEBUG cotyledon.oslo_config_glue [-] ovn.ovn_router_indirect_snat = False {{(pid=91815) log_opt_values /opt/stack/data/venv/lib/python3.12/site-packages/oslo_config/cfg.py:3006}}
May 14 15:40:05.643515 np0000000777 neutron-periodic-workers[91815]: DEBUG cotyledon.oslo_config_glue [-] ovn.ovn_sb_ca_cert = /opt/stack/data/CA/int-ca/ca-chain.pem {{(pid=91815) log_opt_values /opt/stack/data/venv/lib/python3.12/site-packages/oslo_config/cfg.py:3006}}
May 14 15:40:05.643515 np0000000777 neutron-periodic-workers[91815]: DEBUG cotyledon.oslo_config_glue [-] ovn.ovn_sb_certificate = /opt/stack/data/CA/int-ca/devstack-cert.crt {{(pid=91815) log_opt_values /opt/stack/data/venv/lib/python3.12/site-packages/oslo_config/cfg.py:3006}}
May 14 15:40:05.643655 np0000000777 neutron-periodic-workers[91815]: DEBUG cotyledon.oslo_config_glue [-] ovn.ovn_sb_connection = ['ssl:10.4.3.110:6642'] {{(pid=91815) log_opt_values /opt/stack/data/venv/lib/python3.12/site-packages/oslo_config/cfg.py:3006}}
May 14 15:40:05.643655 np0000000777 neutron-periodic-workers[91815]: DEBUG cotyledon.oslo_config_glue [-] ovn.ovn_sb_private_key = /opt/stack/data/CA/int-ca/private/devstack-cert.key {{(pid=91815) log_opt_values /opt/stack/data/venv/lib/python3.12/site-packages/oslo_config/cfg.py:3006}}
May 14 15:40:05.643655 np0000000777 neutron-periodic-workers[91815]: DEBUG cotyledon.oslo_config_glue [-] ovn.ovs_create_tap = False {{(pid=91815) log_opt_values /opt/stack/data/venv/lib/python3.12/site-packages/oslo_config/cfg.py:3006}}
May 14 15:40:05.643655 np0000000777 neutron-periodic-workers[91815]: DEBUG cotyledon.oslo_config_glue [-] ovn.ovsdb_connection_timeout = 180 {{(pid=91815) log_opt_values /opt/stack/data/venv/lib/python3.12/site-packages/oslo_config/cfg.py:3006}}
May 14 15:40:05.643655 np0000000777 neutron-periodic-workers[91815]: DEBUG cotyledon.oslo_config_glue [-] ovn.ovsdb_log_level = INFO {{(pid=91815) log_opt_values /opt/stack/data/venv/lib/python3.12/site-packages/oslo_config/cfg.py:3006}}
May 14 15:40:05.643655 np0000000777 neutron-periodic-workers[91815]: DEBUG cotyledon.oslo_config_glue [-] ovn.ovsdb_probe_interval = 60000 {{(pid=91815) log_opt_values /opt/stack/data/venv/lib/python3.12/site-packages/oslo_config/cfg.py:3006}}
May 14 15:40:05.643655 np0000000777 neutron-periodic-workers[91815]: DEBUG cotyledon.oslo_config_glue [-] ovn.ovsdb_retry_max_interval = 180 {{(pid=91815) log_opt_values /opt/stack/data/venv/lib/python3.12/site-packages/oslo_config/cfg.py:3006}}
May 14 15:40:05.643655 np0000000777 neutron-periodic-workers[91815]: DEBUG cotyledon.oslo_config_glue [-] ovn.stateless_nat_enabled = False {{(pid=91815) log_opt_values /opt/stack/data/venv/lib/python3.12/site-packages/oslo_config/cfg.py:3006}}
May 14 15:40:05.643655 np0000000777 neutron-periodic-workers[91815]: DEBUG cotyledon.oslo_config_glue [-] ovn.vhost_sock_dir = /var/run/openvswitch {{(pid=91815) log_opt_values /opt/stack/data/venv/lib/python3.12/site-packages/oslo_config/cfg.py:3006}}
May 14 15:40:05.643826 np0000000777 neutron-periodic-workers[91815]: DEBUG cotyledon.oslo_config_glue [-] OVS.bridge_mac_table_size = 50000 {{(pid=91815) log_opt_values /opt/stack/data/venv/lib/python3.12/site-packages/oslo_config/cfg.py:3006}}
May 14 15:40:05.643826 np0000000777 neutron-periodic-workers[91815]: DEBUG cotyledon.oslo_config_glue [-] OVS.igmp_flood = False {{(pid=91815) log_opt_values /opt/stack/data/venv/lib/python3.12/site-packages/oslo_config/cfg.py:3006}}
May 14 15:40:05.643826 np0000000777 neutron-periodic-workers[91815]: DEBUG cotyledon.oslo_config_glue [-] OVS.igmp_flood_reports = True {{(pid=91815) log_opt_values /opt/stack/data/venv/lib/python3.12/site-packages/oslo_config/cfg.py:3006}}
May 14 15:40:05.643826 np0000000777 neutron-periodic-workers[91815]: DEBUG cotyledon.oslo_config_glue [-] OVS.igmp_flood_unregistered = False {{(pid=91815) log_opt_values /opt/stack/data/venv/lib/python3.12/site-packages/oslo_config/cfg.py:3006}}
May 14 15:40:05.643826 np0000000777 neutron-periodic-workers[91815]: DEBUG cotyledon.oslo_config_glue [-] OVS.igmp_snooping_enable = False {{(pid=91815) log_opt_values /opt/stack/data/venv/lib/python3.12/site-packages/oslo_config/cfg.py:3006}}
May 14 15:40:05.643826 np0000000777 neutron-periodic-workers[91815]: DEBUG cotyledon.oslo_config_glue [-] OVS.ovsdb_timeout = 10 {{(pid=91815) log_opt_values /opt/stack/data/venv/lib/python3.12/site-packages/oslo_config/cfg.py:3006}}
May 14 15:40:05.643826 np0000000777 neutron-periodic-workers[91815]: DEBUG cotyledon.oslo_config_glue [-] ovn_nb_global.fdb_removal_limit = 0 {{(pid=91815) log_opt_values /opt/stack/data/venv/lib/python3.12/site-packages/oslo_config/cfg.py:3006}}
May 14 15:40:05.643826 np0000000777 neutron-periodic-workers[91815]: DEBUG cotyledon.oslo_config_glue [-] ovn_nb_global.ignore_lsp_down = False {{(pid=91815) log_opt_values /opt/stack/data/venv/lib/python3.12/site-packages/oslo_config/cfg.py:3006}}
May 14 15:40:05.643826 np0000000777 neutron-periodic-workers[91815]: DEBUG cotyledon.oslo_config_glue [-] ovn_nb_global.mac_binding_removal_limit = 0 {{(pid=91815) log_opt_values /opt/stack/data/venv/lib/python3.12/site-packages/oslo_config/cfg.py:3006}}
May 14 15:40:05.644038 np0000000777 neutron-periodic-workers[91815]: DEBUG cotyledon.oslo_config_glue [-] ******************************************************************************** {{(pid=91815) log_opt_values /opt/stack/data/venv/lib/python3.12/site-packages/oslo_config/cfg.py:3013}}
May 14 15:40:05.644038 np0000000777 neutron-periodic-workers[91815]: DEBUG cotyledon._service_worker [-] Run service ServiceWrapper(0) [91815] {{(pid=91815) wait_forever /opt/stack/data/venv/lib/python3.12/site-packages/cotyledon/_service_worker.py:218}}
May 14 15:40:15.239495 np0000000777 neutron-periodic-workers[90779]: DEBUG dbcounter [-] [90779] Writing DB stats neutron:SELECT=4 {{(pid=90779) stat_writer /opt/stack/data/venv/lib/python3.12/site-packages/dbcounter.py:115}}
May 14 15:40:52.649025 np0000000777 neutron-periodic-workers[91815]: DEBUG oslo_db.sqlalchemy.engines [None req-2ae2288e-60a1-431b-81db-324cb2dd9be9 None None] Parent process 90779 forked (91815) with an open database connection, which is being discarded and recreated. {{(pid=91815) checkout /opt/stack/data/venv/lib/python3.12/site-packages/oslo_db/sqlalchemy/engines.py:402}}
May 14 15:40:52.654775 np0000000777 neutron-periodic-workers[91815]: DEBUG dbcounter [-] [91815] Writer thread running {{(pid=91815) stat_writer /opt/stack/data/venv/lib/python3.12/site-packages/dbcounter.py:102}}
May 14 15:40:52.657349 np0000000777 neutron-periodic-workers[91815]: DEBUG neutron.db.agents_db [None req-2ae2288e-60a1-431b-81db-324cb2dd9be9 None None] Agent healthcheck: found 0 active agents {{(pid=91815) agent_health_check /opt/stack/neutron/neutron/db/agents_db.py:322}}
May 14 15:40:52.657514 np0000000777 neutron-periodic-workers[91815]: DEBUG oslo.service.backend._threading.loopingcall [None req-2ae2288e-60a1-431b-81db-324cb2dd9be9 None None] Fixed interval looping call 'neutron.plugins.ml2.plugin.AgentDbMixin.agent_health_check' sleeping for 36.99 seconds {{(pid=91815) _run_loop /opt/stack/data/venv/lib/python3.12/site-packages/oslo_service/backend/_threading/loopingcall.py:125}}
May 14 15:41:02.655215 np0000000777 neutron-periodic-workers[91815]: DEBUG dbcounter [-] [91815] Writing DB stats neutron:SELECT=1 {{(pid=91815) stat_writer /opt/stack/data/venv/lib/python3.12/site-packages/dbcounter.py:115}}
May 14 15:41:18.615566 np0000000777 neutron-periodic-workers[91803]: DEBUG dbcounter [-] [91803] Writer thread running {{(pid=91803) stat_writer /opt/stack/data/venv/lib/python3.12/site-packages/dbcounter.py:102}}
May 14 15:41:18.624280 np0000000777 neutron-periodic-workers[91803]: DEBUG oslo.service.backend._threading.loopingcall [None req-e162edd0-e3be-4932-ac7b-9d87df3ecd7d None None] Fixed interval looping call 'neutron.services.ovn_l3.plugin.L3_NAT_dbonly_mixin._clean_garbage' sleeping for 299.97 seconds {{(pid=91803) _run_loop /opt/stack/data/venv/lib/python3.12/site-packages/oslo_service/backend/_threading/loopingcall.py:125}}
May 14 15:41:19.623849 np0000000777 neutron-periodic-workers[91809]: DEBUG dbcounter [-] [91809] Writer thread running {{(pid=91809) stat_writer /opt/stack/data/venv/lib/python3.12/site-packages/dbcounter.py:102}}
May 14 15:41:19.632378 np0000000777 neutron-periodic-workers[91809]: DEBUG oslo.service.backend._threading.loopingcall [None req-69dbbd3c-3481-450f-a8cb-956e78d0b52c None None] Fixed interval looping call 'neutron.plugins.ml2.plugin.DhcpAgentSchedulerDbMixin.remove_networks_from_down_agents' sleeping for 36.98 seconds {{(pid=91809) _run_loop /opt/stack/data/venv/lib/python3.12/site-packages/oslo_service/backend/_threading/loopingcall.py:125}}
May 14 15:41:28.616086 np0000000777 neutron-periodic-workers[91803]: DEBUG dbcounter [-] [91803] Writing DB stats neutron:SELECT=1 {{(pid=91803) stat_writer /opt/stack/data/venv/lib/python3.12/site-packages/dbcounter.py:115}}
May 14 15:41:29.631249 np0000000777 neutron-periodic-workers[91809]: DEBUG dbcounter [-] [91809] Writing DB stats neutron:SELECT=3 {{(pid=91809) stat_writer /opt/stack/data/venv/lib/python3.12/site-packages/dbcounter.py:115}}
May 14 15:41:29.651069 np0000000777 neutron-periodic-workers[91815]: DEBUG neutron.db.agents_db [None req-2ae2288e-60a1-431b-81db-324cb2dd9be9 None None] Agent healthcheck: found 0 active agents {{(pid=91815) agent_health_check /opt/stack/neutron/neutron/db/agents_db.py:322}}
May 14 15:41:29.651069 np0000000777 neutron-periodic-workers[91815]: DEBUG oslo.service.backend._threading.loopingcall [None req-2ae2288e-60a1-431b-81db-324cb2dd9be9 None None] Fixed interval looping call 'neutron.plugins.ml2.plugin.AgentDbMixin.agent_health_check' sleeping for 37.00 seconds {{(pid=91815) _run_loop /opt/stack/data/venv/lib/python3.12/site-packages/oslo_service/backend/_threading/loopingcall.py:125}}
May 14 15:41:39.649716 np0000000777 neutron-periodic-workers[91815]: DEBUG dbcounter [-] [91815] Writing DB stats neutron:SELECT=1 {{(pid=91815) stat_writer /opt/stack/data/venv/lib/python3.12/site-packages/dbcounter.py:115}}
May 14 15:41:56.619764 np0000000777 neutron-periodic-workers[91809]: DEBUG oslo.service.backend._threading.loopingcall [None req-69dbbd3c-3481-450f-a8cb-956e78d0b52c None None] Fixed interval looping call 'neutron.plugins.ml2.plugin.DhcpAgentSchedulerDbMixin.remove_networks_from_down_agents' sleeping for 36.99 seconds {{(pid=91809) _run_loop /opt/stack/data/venv/lib/python3.12/site-packages/oslo_service/backend/_threading/loopingcall.py:125}}
May 14 15:42:05.643839 np0000000777 neutron-periodic-workers[91822]: DEBUG dbcounter [-] [91822] Writer thread running {{(pid=91822) stat_writer /opt/stack/data/venv/lib/python3.12/site-packages/dbcounter.py:102}}
May 14 15:42:05.645170 np0000000777 neutron-periodic-workers[91822]: DEBUG oslo.service.backend._threading.loopingcall [None req-417ab5c4-8953-472f-8384-bf4ab03a5bec None None] Fixed interval looping call 'neutron.db.quota.driver_nolock.DbQuotaNoLockDriver._remove_expired_reservations' sleeping for 119.99 seconds {{(pid=91822) _run_loop /opt/stack/data/venv/lib/python3.12/site-packages/oslo_service/backend/_threading/loopingcall.py:125}}
May 14 15:42:06.618579 np0000000777 neutron-periodic-workers[91809]: DEBUG dbcounter [-] [91809] Writing DB stats neutron:SELECT=3 {{(pid=91809) stat_writer /opt/stack/data/venv/lib/python3.12/site-packages/dbcounter.py:115}}
May 14 15:42:06.653984 np0000000777 neutron-periodic-workers[91815]: DEBUG neutron.db.agents_db [None req-2ae2288e-60a1-431b-81db-324cb2dd9be9 None None] Agent healthcheck: found 0 active agents {{(pid=91815) agent_health_check /opt/stack/neutron/neutron/db/agents_db.py:322}}
May 14 15:42:06.654456 np0000000777 neutron-periodic-workers[91815]: DEBUG oslo.service.backend._threading.loopingcall [None req-2ae2288e-60a1-431b-81db-324cb2dd9be9 None None] Fixed interval looping call 'neutron.plugins.ml2.plugin.AgentDbMixin.agent_health_check' sleeping for 37.00 seconds {{(pid=91815) _run_loop /opt/stack/data/venv/lib/python3.12/site-packages/oslo_service/backend/_threading/loopingcall.py:125}}
May 14 15:42:15.644318 np0000000777 neutron-periodic-workers[91822]: DEBUG dbcounter [-] [91822] Writing DB stats neutron:DELETE=1 {{(pid=91822) stat_writer /opt/stack/data/venv/lib/python3.12/site-packages/dbcounter.py:115}}
May 14 15:42:16.653081 np0000000777 neutron-periodic-workers[91815]: DEBUG dbcounter [-] [91815] Writing DB stats neutron:SELECT=1 {{(pid=91815) stat_writer /opt/stack/data/venv/lib/python3.12/site-packages/dbcounter.py:115}}
May 14 15:42:33.615838 np0000000777 neutron-periodic-workers[91809]: DEBUG oslo.service.backend._threading.loopingcall [None req-69dbbd3c-3481-450f-a8cb-956e78d0b52c None None] Fixed interval looping call 'neutron.plugins.ml2.plugin.DhcpAgentSchedulerDbMixin.remove_networks_from_down_agents' sleeping for 36.99 seconds {{(pid=91809) _run_loop /opt/stack/data/venv/lib/python3.12/site-packages/oslo_service/backend/_threading/loopingcall.py:125}}
May 14 15:42:43.615445 np0000000777 neutron-periodic-workers[91809]: DEBUG dbcounter [-] [91809] Writing DB stats neutron:SELECT=3 {{(pid=91809) stat_writer /opt/stack/data/venv/lib/python3.12/site-packages/dbcounter.py:115}}
May 14 15:42:43.657211 np0000000777 neutron-periodic-workers[91815]: DEBUG neutron.db.agents_db [None req-2ae2288e-60a1-431b-81db-324cb2dd9be9 None None] Agent healthcheck: found 0 active agents {{(pid=91815) agent_health_check /opt/stack/neutron/neutron/db/agents_db.py:322}}
May 14 15:42:43.657645 np0000000777 neutron-periodic-workers[91815]: DEBUG oslo.service.backend._threading.loopingcall [None req-2ae2288e-60a1-431b-81db-324cb2dd9be9 None None] Fixed interval looping call 'neutron.plugins.ml2.plugin.AgentDbMixin.agent_health_check' sleeping for 37.00 seconds {{(pid=91815) _run_loop /opt/stack/data/venv/lib/python3.12/site-packages/oslo_service/backend/_threading/loopingcall.py:125}}
May 14 15:42:53.656315 np0000000777 neutron-periodic-workers[91815]: DEBUG dbcounter [-] [91815] Writing DB stats neutron:SELECT=1 {{(pid=91815) stat_writer /opt/stack/data/venv/lib/python3.12/site-packages/dbcounter.py:115}}
May 14 15:43:10.612753 np0000000777 neutron-periodic-workers[91809]: DEBUG oslo.service.backend._threading.loopingcall [None req-69dbbd3c-3481-450f-a8cb-956e78d0b52c None None] Fixed interval looping call 'neutron.plugins.ml2.plugin.DhcpAgentSchedulerDbMixin.remove_networks_from_down_agents' sleeping for 36.99 seconds {{(pid=91809) _run_loop /opt/stack/data/venv/lib/python3.12/site-packages/oslo_service/backend/_threading/loopingcall.py:125}}
May 14 15:43:20.611759 np0000000777 neutron-periodic-workers[91809]: DEBUG dbcounter [-] [91809] Writing DB stats neutron:SELECT=3 {{(pid=91809) stat_writer /opt/stack/data/venv/lib/python3.12/site-packages/dbcounter.py:115}}
May 14 15:43:20.663273 np0000000777 neutron-periodic-workers[91815]: DEBUG neutron.db.agents_db [None req-2ae2288e-60a1-431b-81db-324cb2dd9be9 None None] Agent healthcheck: found 0 active agents {{(pid=91815) agent_health_check /opt/stack/neutron/neutron/db/agents_db.py:322}}
May 14 15:43:20.663273 np0000000777 neutron-periodic-workers[91815]: DEBUG oslo.service.backend._threading.loopingcall [None req-2ae2288e-60a1-431b-81db-324cb2dd9be9 None None] Fixed interval looping call 'neutron.plugins.ml2.plugin.AgentDbMixin.agent_health_check' sleeping for 36.99 seconds {{(pid=91815) _run_loop /opt/stack/data/venv/lib/python3.12/site-packages/oslo_service/backend/_threading/loopingcall.py:125}}
May 14 15:43:30.660924 np0000000777 neutron-periodic-workers[91815]: DEBUG dbcounter [-] [91815] Writing DB stats neutron:SELECT=1 {{(pid=91815) stat_writer /opt/stack/data/venv/lib/python3.12/site-packages/dbcounter.py:115}}
May 14 15:43:47.620348 np0000000777 neutron-periodic-workers[91809]: DEBUG oslo.service.backend._threading.loopingcall [None req-69dbbd3c-3481-450f-a8cb-956e78d0b52c None None] Fixed interval looping call 'neutron.plugins.ml2.plugin.DhcpAgentSchedulerDbMixin.remove_networks_from_down_agents' sleeping for 36.98 seconds {{(pid=91809) _run_loop /opt/stack/data/venv/lib/python3.12/site-packages/oslo_service/backend/_threading/loopingcall.py:125}}
May 14 15:43:57.615243 np0000000777 neutron-periodic-workers[91809]: DEBUG dbcounter [-] [91809] Writing DB stats neutron:SELECT=3 {{(pid=91809) stat_writer /opt/stack/data/venv/lib/python3.12/site-packages/dbcounter.py:115}}
May 14 15:43:57.657805 np0000000777 neutron-periodic-workers[91815]: DEBUG neutron.db.agents_db [None req-2ae2288e-60a1-431b-81db-324cb2dd9be9 None None] Agent healthcheck: found 0 active agents {{(pid=91815) agent_health_check /opt/stack/neutron/neutron/db/agents_db.py:322}}
May 14 15:43:57.657805 np0000000777 neutron-periodic-workers[91815]: DEBUG oslo.service.backend._threading.loopingcall [None req-2ae2288e-60a1-431b-81db-324cb2dd9be9 None None] Fixed interval looping call 'neutron.plugins.ml2.plugin.AgentDbMixin.agent_health_check' sleeping for 37.00 seconds {{(pid=91815) _run_loop /opt/stack/data/venv/lib/python3.12/site-packages/oslo_service/backend/_threading/loopingcall.py:125}}
May 14 15:44:05.639968 np0000000777 neutron-periodic-workers[91822]: DEBUG oslo.service.backend._threading.loopingcall [None req-417ab5c4-8953-472f-8384-bf4ab03a5bec None None] Fixed interval looping call 'neutron.db.quota.driver_nolock.DbQuotaNoLockDriver._remove_expired_reservations' sleeping for 120.00 seconds {{(pid=91822) _run_loop /opt/stack/data/venv/lib/python3.12/site-packages/oslo_service/backend/_threading/loopingcall.py:125}}
May 14 15:44:07.655345 np0000000777 neutron-periodic-workers[91815]: DEBUG dbcounter [-] [91815] Writing DB stats neutron:SELECT=1 {{(pid=91815) stat_writer /opt/stack/data/venv/lib/python3.12/site-packages/dbcounter.py:115}}
May 14 15:44:15.639228 np0000000777 neutron-periodic-workers[91822]: DEBUG dbcounter [-] [91822] Writing DB stats neutron:DELETE=1 {{(pid=91822) stat_writer /opt/stack/data/venv/lib/python3.12/site-packages/dbcounter.py:115}}
May 14 15:44:24.614314 np0000000777 neutron-periodic-workers[91809]: DEBUG oslo.service.backend._threading.loopingcall [None req-69dbbd3c-3481-450f-a8cb-956e78d0b52c None None] Fixed interval looping call 'neutron.plugins.ml2.plugin.DhcpAgentSchedulerDbMixin.remove_networks_from_down_agents' sleeping for 36.99 seconds {{(pid=91809) _run_loop /opt/stack/data/venv/lib/python3.12/site-packages/oslo_service/backend/_threading/loopingcall.py:125}}
May 14 15:44:34.612342 np0000000777 neutron-periodic-workers[91809]: DEBUG dbcounter [-] [91809] Writing DB stats neutron:SELECT=3 {{(pid=91809) stat_writer /opt/stack/data/venv/lib/python3.12/site-packages/dbcounter.py:115}}
May 14 15:44:34.664938 np0000000777 neutron-periodic-workers[91815]: DEBUG neutron.db.agents_db [None req-2ae2288e-60a1-431b-81db-324cb2dd9be9 None None] Agent healthcheck: found 0 active agents {{(pid=91815) agent_health_check /opt/stack/neutron/neutron/db/agents_db.py:322}}
May 14 15:44:34.664938 np0000000777 neutron-periodic-workers[91815]: DEBUG oslo.service.backend._threading.loopingcall [None req-2ae2288e-60a1-431b-81db-324cb2dd9be9 None None] Fixed interval looping call 'neutron.plugins.ml2.plugin.AgentDbMixin.agent_health_check' sleeping for 36.99 seconds {{(pid=91815) _run_loop /opt/stack/data/venv/lib/python3.12/site-packages/oslo_service/backend/_threading/loopingcall.py:125}}
May 14 15:44:44.663143 np0000000777 neutron-periodic-workers[91815]: DEBUG dbcounter [-] [91815] Writing DB stats neutron:SELECT=1 {{(pid=91815) stat_writer /opt/stack/data/venv/lib/python3.12/site-packages/dbcounter.py:115}}
May 14 15:45:01.628153 np0000000777 neutron-periodic-workers[91809]: DEBUG oslo.service.backend._threading.loopingcall [None req-69dbbd3c-3481-450f-a8cb-956e78d0b52c None None] Fixed interval looping call 'neutron.plugins.ml2.plugin.DhcpAgentSchedulerDbMixin.remove_networks_from_down_agents' sleeping for 36.98 seconds {{(pid=91809) _run_loop /opt/stack/data/venv/lib/python3.12/site-packages/oslo_service/backend/_threading/loopingcall.py:125}}
May 14 15:45:11.625177 np0000000777 neutron-periodic-workers[91809]: DEBUG dbcounter [-] [91809] Writing DB stats neutron:SELECT=3 {{(pid=91809) stat_writer /opt/stack/data/venv/lib/python3.12/site-packages/dbcounter.py:115}}
May 14 15:45:11.657967 np0000000777 neutron-periodic-workers[91815]: DEBUG neutron.db.agents_db [None req-2ae2288e-60a1-431b-81db-324cb2dd9be9 None None] Agent healthcheck: found 0 active agents {{(pid=91815) agent_health_check /opt/stack/neutron/neutron/db/agents_db.py:322}}
May 14 15:45:11.658454 np0000000777 neutron-periodic-workers[91815]: DEBUG oslo.service.backend._threading.loopingcall [None req-2ae2288e-60a1-431b-81db-324cb2dd9be9 None None] Fixed interval looping call 'neutron.plugins.ml2.plugin.AgentDbMixin.agent_health_check' sleeping for 37.00 seconds {{(pid=91815) _run_loop /opt/stack/data/venv/lib/python3.12/site-packages/oslo_service/backend/_threading/loopingcall.py:125}}
May 14 15:45:21.657804 np0000000777 neutron-periodic-workers[91815]: DEBUG dbcounter [-] [91815] Writing DB stats neutron:SELECT=1 {{(pid=91815) stat_writer /opt/stack/data/venv/lib/python3.12/site-packages/dbcounter.py:115}}
May 14 15:45:38.620899 np0000000777 neutron-periodic-workers[91809]: DEBUG oslo.service.backend._threading.loopingcall [None req-69dbbd3c-3481-450f-a8cb-956e78d0b52c None None] Fixed interval looping call 'neutron.plugins.ml2.plugin.DhcpAgentSchedulerDbMixin.remove_networks_from_down_agents' sleeping for 36.99 seconds {{(pid=91809) _run_loop /opt/stack/data/venv/lib/python3.12/site-packages/oslo_service/backend/_threading/loopingcall.py:125}}
May 14 15:45:48.620429 np0000000777 neutron-periodic-workers[91809]: DEBUG dbcounter [-] [91809] Writing DB stats neutron:SELECT=3 {{(pid=91809) stat_writer /opt/stack/data/venv/lib/python3.12/site-packages/dbcounter.py:115}}
May 14 15:45:48.666147 np0000000777 neutron-periodic-workers[91815]: DEBUG neutron.db.agents_db [None req-2ae2288e-60a1-431b-81db-324cb2dd9be9 None None] Agent healthcheck: found 0 active agents {{(pid=91815) agent_health_check /opt/stack/neutron/neutron/db/agents_db.py:322}}
May 14 15:45:48.669175 np0000000777 neutron-periodic-workers[91815]: DEBUG oslo.service.backend._threading.loopingcall [None req-2ae2288e-60a1-431b-81db-324cb2dd9be9 None None] Fixed interval looping call 'neutron.plugins.ml2.plugin.AgentDbMixin.agent_health_check' sleeping for 36.99 seconds {{(pid=91815) _run_loop /opt/stack/data/venv/lib/python3.12/site-packages/oslo_service/backend/_threading/loopingcall.py:125}}
May 14 15:45:58.663667 np0000000777 neutron-periodic-workers[91815]: DEBUG dbcounter [-] [91815] Writing DB stats neutron:SELECT=1 {{(pid=91815) stat_writer /opt/stack/data/venv/lib/python3.12/site-packages/dbcounter.py:115}}
May 14 15:46:05.645244 np0000000777 neutron-periodic-workers[91822]: DEBUG oslo.service.backend._threading.loopingcall [None req-417ab5c4-8953-472f-8384-bf4ab03a5bec None None] Fixed interval looping call 'neutron.db.quota.driver_nolock.DbQuotaNoLockDriver._remove_expired_reservations' sleeping for 120.00 seconds {{(pid=91822) _run_loop /opt/stack/data/venv/lib/python3.12/site-packages/oslo_service/backend/_threading/loopingcall.py:125}}
May 14 15:46:15.623902 np0000000777 neutron-periodic-workers[91809]: DEBUG oslo.service.backend._threading.loopingcall [None req-69dbbd3c-3481-450f-a8cb-956e78d0b52c None None] Fixed interval looping call 'neutron.plugins.ml2.plugin.DhcpAgentSchedulerDbMixin.remove_networks_from_down_agents' sleeping for 36.99 seconds {{(pid=91809) _run_loop /opt/stack/data/venv/lib/python3.12/site-packages/oslo_service/backend/_threading/loopingcall.py:125}}
May 14 15:46:15.644840 np0000000777 neutron-periodic-workers[91822]: DEBUG dbcounter [-] [91822] Writing DB stats neutron:DELETE=1 {{(pid=91822) stat_writer /opt/stack/data/venv/lib/python3.12/site-packages/dbcounter.py:115}}
May 14 15:46:18.608274 np0000000777 neutron-periodic-workers[91803]: DEBUG oslo.service.backend._threading.loopingcall [None req-e162edd0-e3be-4932-ac7b-9d87df3ecd7d None None] Fixed interval looping call 'neutron.services.ovn_l3.plugin.L3_NAT_dbonly_mixin._clean_garbage' sleeping for 299.99 seconds {{(pid=91803) _run_loop /opt/stack/data/venv/lib/python3.12/site-packages/oslo_service/backend/_threading/loopingcall.py:125}}
May 14 15:46:25.622335 np0000000777 neutron-periodic-workers[91809]: DEBUG dbcounter [-] [91809] Writing DB stats neutron:SELECT=3 {{(pid=91809) stat_writer /opt/stack/data/venv/lib/python3.12/site-packages/dbcounter.py:115}}
May 14 15:46:25.681717 np0000000777 neutron-periodic-workers[91815]: DEBUG neutron.db.agents_db [None req-2ae2288e-60a1-431b-81db-324cb2dd9be9 None None] Agent healthcheck: found 0 active agents {{(pid=91815) agent_health_check /opt/stack/neutron/neutron/db/agents_db.py:322}}
May 14 15:46:25.681717 np0000000777 neutron-periodic-workers[91815]: DEBUG oslo.service.backend._threading.loopingcall [None req-2ae2288e-60a1-431b-81db-324cb2dd9be9 None None] Fixed interval looping call 'neutron.plugins.ml2.plugin.AgentDbMixin.agent_health_check' sleeping for 36.98 seconds {{(pid=91815) _run_loop /opt/stack/data/venv/lib/python3.12/site-packages/oslo_service/backend/_threading/loopingcall.py:125}}
May 14 15:46:28.597591 np0000000777 neutron-periodic-workers[91803]: DEBUG dbcounter [-] [91803] Writing DB stats neutron:SELECT=1 {{(pid=91803) stat_writer /opt/stack/data/venv/lib/python3.12/site-packages/dbcounter.py:115}}
May 14 15:46:35.669492 np0000000777 neutron-periodic-workers[91815]: DEBUG dbcounter [-] [91815] Writing DB stats neutron:SELECT=1 {{(pid=91815) stat_writer /opt/stack/data/venv/lib/python3.12/site-packages/dbcounter.py:115}}
May 14 15:46:52.621108 np0000000777 neutron-periodic-workers[91809]: DEBUG oslo.service.backend._threading.loopingcall [None req-69dbbd3c-3481-450f-a8cb-956e78d0b52c None None] Fixed interval looping call 'neutron.plugins.ml2.plugin.DhcpAgentSchedulerDbMixin.remove_networks_from_down_agents' sleeping for 36.99 seconds {{(pid=91809) _run_loop /opt/stack/data/venv/lib/python3.12/site-packages/oslo_service/backend/_threading/loopingcall.py:125}}
May 14 15:47:02.619958 np0000000777 neutron-periodic-workers[91809]: DEBUG dbcounter [-] [91809] Writing DB stats neutron:SELECT=3 {{(pid=91809) stat_writer /opt/stack/data/venv/lib/python3.12/site-packages/dbcounter.py:115}}
May 14 15:47:02.665712 np0000000777 neutron-periodic-workers[91815]: DEBUG neutron.db.agents_db [None req-2ae2288e-60a1-431b-81db-324cb2dd9be9 None None] Agent healthcheck: found 0 active agents {{(pid=91815) agent_health_check /opt/stack/neutron/neutron/db/agents_db.py:322}}
May 14 15:47:02.666196 np0000000777 neutron-periodic-workers[91815]: DEBUG oslo.service.backend._threading.loopingcall [None req-2ae2288e-60a1-431b-81db-324cb2dd9be9 None None] Fixed interval looping call 'neutron.plugins.ml2.plugin.AgentDbMixin.agent_health_check' sleeping for 37.00 seconds {{(pid=91815) _run_loop /opt/stack/data/venv/lib/python3.12/site-packages/oslo_service/backend/_threading/loopingcall.py:125}}
May 14 15:47:12.664518 np0000000777 neutron-periodic-workers[91815]: DEBUG dbcounter [-] [91815] Writing DB stats neutron:SELECT=1 {{(pid=91815) stat_writer /opt/stack/data/venv/lib/python3.12/site-packages/dbcounter.py:115}}
May 14 15:47:29.618780 np0000000777 neutron-periodic-workers[91809]: DEBUG oslo.service.backend._threading.loopingcall [None req-69dbbd3c-3481-450f-a8cb-956e78d0b52c None None] Fixed interval looping call 'neutron.plugins.ml2.plugin.DhcpAgentSchedulerDbMixin.remove_networks_from_down_agents' sleeping for 36.99 seconds {{(pid=91809) _run_loop /opt/stack/data/venv/lib/python3.12/site-packages/oslo_service/backend/_threading/loopingcall.py:125}}
May 14 15:47:39.617289 np0000000777 neutron-periodic-workers[91809]: DEBUG dbcounter [-] [91809] Writing DB stats neutron:SELECT=3 {{(pid=91809) stat_writer /opt/stack/data/venv/lib/python3.12/site-packages/dbcounter.py:115}}
May 14 15:47:39.675539 np0000000777 neutron-periodic-workers[91815]: DEBUG neutron.db.agents_db [None req-2ae2288e-60a1-431b-81db-324cb2dd9be9 None None] Agent healthcheck: found 0 active agents {{(pid=91815) agent_health_check /opt/stack/neutron/neutron/db/agents_db.py:322}}
May 14 15:47:39.675539 np0000000777 neutron-periodic-workers[91815]: DEBUG oslo.service.backend._threading.loopingcall [None req-2ae2288e-60a1-431b-81db-324cb2dd9be9 None None] Fixed interval looping call 'neutron.plugins.ml2.plugin.AgentDbMixin.agent_health_check' sleeping for 36.99 seconds {{(pid=91815) _run_loop /opt/stack/data/venv/lib/python3.12/site-packages/oslo_service/backend/_threading/loopingcall.py:125}}
May 14 15:47:49.672682 np0000000777 neutron-periodic-workers[91815]: DEBUG dbcounter [-] [91815] Writing DB stats neutron:SELECT=1 {{(pid=91815) stat_writer /opt/stack/data/venv/lib/python3.12/site-packages/dbcounter.py:115}}
May 14 15:48:05.648638 np0000000777 neutron-periodic-workers[91822]: DEBUG oslo.service.backend._threading.loopingcall [None req-417ab5c4-8953-472f-8384-bf4ab03a5bec None None] Fixed interval looping call 'neutron.db.quota.driver_nolock.DbQuotaNoLockDriver._remove_expired_reservations' sleeping for 120.00 seconds {{(pid=91822) _run_loop /opt/stack/data/venv/lib/python3.12/site-packages/oslo_service/backend/_threading/loopingcall.py:125}}
May 14 15:48:06.614602 np0000000777 neutron-periodic-workers[91809]: DEBUG oslo.service.backend._threading.loopingcall [None req-69dbbd3c-3481-450f-a8cb-956e78d0b52c None None] Fixed interval looping call 'neutron.plugins.ml2.plugin.DhcpAgentSchedulerDbMixin.remove_networks_from_down_agents' sleeping for 36.99 seconds {{(pid=91809) _run_loop /opt/stack/data/venv/lib/python3.12/site-packages/oslo_service/backend/_threading/loopingcall.py:125}}
May 14 15:48:15.650298 np0000000777 neutron-periodic-workers[91822]: DEBUG dbcounter [-] [91822] Writing DB stats neutron:DELETE=1 {{(pid=91822) stat_writer /opt/stack/data/venv/lib/python3.12/site-packages/dbcounter.py:115}}
May 14 15:48:16.614146 np0000000777 neutron-periodic-workers[91809]: DEBUG dbcounter [-] [91809] Writing DB stats neutron:SELECT=3 {{(pid=91809) stat_writer /opt/stack/data/venv/lib/python3.12/site-packages/dbcounter.py:115}}
May 14 15:48:16.671361 np0000000777 neutron-periodic-workers[91815]: DEBUG neutron.db.agents_db [None req-2ae2288e-60a1-431b-81db-324cb2dd9be9 None None] Agent healthcheck: found 0 active agents {{(pid=91815) agent_health_check /opt/stack/neutron/neutron/db/agents_db.py:322}}
May 14 15:48:16.671361 np0000000777 neutron-periodic-workers[91815]: DEBUG oslo.service.backend._threading.loopingcall [None req-2ae2288e-60a1-431b-81db-324cb2dd9be9 None None] Fixed interval looping call 'neutron.plugins.ml2.plugin.AgentDbMixin.agent_health_check' sleeping for 37.00 seconds {{(pid=91815) _run_loop /opt/stack/data/venv/lib/python3.12/site-packages/oslo_service/backend/_threading/loopingcall.py:125}}
May 14 15:48:26.669497 np0000000777 neutron-periodic-workers[91815]: DEBUG dbcounter [-] [91815] Writing DB stats neutron:SELECT=1 {{(pid=91815) stat_writer /opt/stack/data/venv/lib/python3.12/site-packages/dbcounter.py:115}}
May 14 15:48:43.611884 np0000000777 neutron-periodic-workers[91809]: DEBUG oslo.service.backend._threading.loopingcall [None req-69dbbd3c-3481-450f-a8cb-956e78d0b52c None None] Fixed interval looping call 'neutron.plugins.ml2.plugin.DhcpAgentSchedulerDbMixin.remove_networks_from_down_agents' sleeping for 36.99 seconds {{(pid=91809) _run_loop /opt/stack/data/venv/lib/python3.12/site-packages/oslo_service/backend/_threading/loopingcall.py:125}}
May 14 15:48:53.611233 np0000000777 neutron-periodic-workers[91809]: DEBUG dbcounter [-] [91809] Writing DB stats neutron:SELECT=3 {{(pid=91809) stat_writer /opt/stack/data/venv/lib/python3.12/site-packages/dbcounter.py:115}}
May 14 15:48:53.674828 np0000000777 neutron-periodic-workers[91815]: DEBUG neutron.db.agents_db [None req-2ae2288e-60a1-431b-81db-324cb2dd9be9 None None] Agent healthcheck: found 0 active agents {{(pid=91815) agent_health_check /opt/stack/neutron/neutron/db/agents_db.py:322}}
May 14 15:48:53.675170 np0000000777 neutron-periodic-workers[91815]: DEBUG oslo.service.backend._threading.loopingcall [None req-2ae2288e-60a1-431b-81db-324cb2dd9be9 None None] Fixed interval looping call 'neutron.plugins.ml2.plugin.AgentDbMixin.agent_health_check' sleeping for 37.00 seconds {{(pid=91815) _run_loop /opt/stack/data/venv/lib/python3.12/site-packages/oslo_service/backend/_threading/loopingcall.py:125}}
May 14 15:49:03.674598 np0000000777 neutron-periodic-workers[91815]: DEBUG dbcounter [-] [91815] Writing DB stats neutron:SELECT=1 {{(pid=91815) stat_writer /opt/stack/data/venv/lib/python3.12/site-packages/dbcounter.py:115}}
May 14 15:49:20.610657 np0000000777 neutron-periodic-workers[91809]: DEBUG oslo.service.backend._threading.loopingcall [None req-69dbbd3c-3481-450f-a8cb-956e78d0b52c None None] Fixed interval looping call 'neutron.plugins.ml2.plugin.DhcpAgentSchedulerDbMixin.remove_networks_from_down_agents' sleeping for 36.99 seconds {{(pid=91809) _run_loop /opt/stack/data/venv/lib/python3.12/site-packages/oslo_service/backend/_threading/loopingcall.py:125}}
May 14 15:49:30.609744 np0000000777 neutron-periodic-workers[91809]: DEBUG dbcounter [-] [91809] Writing DB stats neutron:SELECT=3 {{(pid=91809) stat_writer /opt/stack/data/venv/lib/python3.12/site-packages/dbcounter.py:115}}
May 14 15:49:30.679152 np0000000777 neutron-periodic-workers[91815]: DEBUG neutron.db.agents_db [None req-2ae2288e-60a1-431b-81db-324cb2dd9be9 None None] Agent healthcheck: found 0 active agents {{(pid=91815) agent_health_check /opt/stack/neutron/neutron/db/agents_db.py:322}}
May 14 15:49:30.680673 np0000000777 neutron-periodic-workers[91815]: DEBUG oslo.service.backend._threading.loopingcall [None req-2ae2288e-60a1-431b-81db-324cb2dd9be9 None None] Fixed interval looping call 'neutron.plugins.ml2.plugin.AgentDbMixin.agent_health_check' sleeping for 37.00 seconds {{(pid=91815) _run_loop /opt/stack/data/venv/lib/python3.12/site-packages/oslo_service/backend/_threading/loopingcall.py:125}}
May 14 15:49:40.681412 np0000000777 neutron-periodic-workers[91815]: DEBUG dbcounter [-] [91815] Writing DB stats neutron:SELECT=1 {{(pid=91815) stat_writer /opt/stack/data/venv/lib/python3.12/site-packages/dbcounter.py:115}}
May 14 15:49:57.615966 np0000000777 neutron-periodic-workers[91809]: DEBUG oslo.service.backend._threading.loopingcall [None req-69dbbd3c-3481-450f-a8cb-956e78d0b52c None None] Fixed interval looping call 'neutron.plugins.ml2.plugin.DhcpAgentSchedulerDbMixin.remove_networks_from_down_agents' sleeping for 36.99 seconds {{(pid=91809) _run_loop /opt/stack/data/venv/lib/python3.12/site-packages/oslo_service/backend/_threading/loopingcall.py:125}}
May 14 15:50:05.652448 np0000000777 neutron-periodic-workers[91822]: DEBUG oslo.service.backend._threading.loopingcall [None req-417ab5c4-8953-472f-8384-bf4ab03a5bec None None] Fixed interval looping call 'neutron.db.quota.driver_nolock.DbQuotaNoLockDriver._remove_expired_reservations' sleeping for 120.00 seconds {{(pid=91822) _run_loop /opt/stack/data/venv/lib/python3.12/site-packages/oslo_service/backend/_threading/loopingcall.py:125}}
May 14 15:50:07.613133 np0000000777 neutron-periodic-workers[91809]: DEBUG dbcounter [-] [91809] Writing DB stats neutron:SELECT=3 {{(pid=91809) stat_writer /opt/stack/data/venv/lib/python3.12/site-packages/dbcounter.py:115}}
May 14 15:50:07.686442 np0000000777 neutron-periodic-workers[91815]: DEBUG neutron.db.agents_db [None req-2ae2288e-60a1-431b-81db-324cb2dd9be9 None None] Agent healthcheck: found 0 active agents {{(pid=91815) agent_health_check /opt/stack/neutron/neutron/db/agents_db.py:322}}
May 14 15:50:07.686442 np0000000777 neutron-periodic-workers[91815]: DEBUG oslo.service.backend._threading.loopingcall [None req-2ae2288e-60a1-431b-81db-324cb2dd9be9 None None] Fixed interval looping call 'neutron.plugins.ml2.plugin.AgentDbMixin.agent_health_check' sleeping for 36.99 seconds {{(pid=91815) _run_loop /opt/stack/data/venv/lib/python3.12/site-packages/oslo_service/backend/_threading/loopingcall.py:125}}
May 14 15:50:15.655199 np0000000777 neutron-periodic-workers[91822]: DEBUG dbcounter [-] [91822] Writing DB stats neutron:DELETE=1 {{(pid=91822) stat_writer /opt/stack/data/venv/lib/python3.12/site-packages/dbcounter.py:115}}
May 14 15:50:17.684247 np0000000777 neutron-periodic-workers[91815]: DEBUG dbcounter [-] [91815] Writing DB stats neutron:SELECT=1 {{(pid=91815) stat_writer /opt/stack/data/venv/lib/python3.12/site-packages/dbcounter.py:115}}
May 14 15:50:34.617820 np0000000777 neutron-periodic-workers[91809]: DEBUG oslo.service.backend._threading.loopingcall [None req-69dbbd3c-3481-450f-a8cb-956e78d0b52c None None] Fixed interval looping call 'neutron.plugins.ml2.plugin.DhcpAgentSchedulerDbMixin.remove_networks_from_down_agents' sleeping for 36.99 seconds {{(pid=91809) _run_loop /opt/stack/data/venv/lib/python3.12/site-packages/oslo_service/backend/_threading/loopingcall.py:125}}
May 14 15:50:44.617284 np0000000777 neutron-periodic-workers[91809]: DEBUG dbcounter [-] [91809] Writing DB stats neutron:SELECT=3 {{(pid=91809) stat_writer /opt/stack/data/venv/lib/python3.12/site-packages/dbcounter.py:115}}
May 14 15:50:44.684943 np0000000777 neutron-periodic-workers[91815]: DEBUG neutron.db.agents_db [None req-2ae2288e-60a1-431b-81db-324cb2dd9be9 None None] Agent healthcheck: found 0 active agents {{(pid=91815) agent_health_check /opt/stack/neutron/neutron/db/agents_db.py:322}}
May 14 15:50:44.685536 np0000000777 neutron-periodic-workers[91815]: DEBUG oslo.service.backend._threading.loopingcall [None req-2ae2288e-60a1-431b-81db-324cb2dd9be9 None None] Fixed interval looping call 'neutron.plugins.ml2.plugin.AgentDbMixin.agent_health_check' sleeping for 36.99 seconds {{(pid=91815) _run_loop /opt/stack/data/venv/lib/python3.12/site-packages/oslo_service/backend/_threading/loopingcall.py:125}}
May 14 15:50:54.680001 np0000000777 neutron-periodic-workers[91815]: DEBUG dbcounter [-] [91815] Writing DB stats neutron:SELECT=1 {{(pid=91815) stat_writer /opt/stack/data/venv/lib/python3.12/site-packages/dbcounter.py:115}}
May 14 15:51:11.619709 np0000000777 neutron-periodic-workers[91809]: DEBUG oslo.service.backend._threading.loopingcall [None req-69dbbd3c-3481-450f-a8cb-956e78d0b52c None None] Fixed interval looping call 'neutron.plugins.ml2.plugin.DhcpAgentSchedulerDbMixin.remove_networks_from_down_agents' sleeping for 36.99 seconds {{(pid=91809) _run_loop /opt/stack/data/venv/lib/python3.12/site-packages/oslo_service/backend/_threading/loopingcall.py:125}}
May 14 15:51:18.606375 np0000000777 neutron-periodic-workers[91803]: DEBUG oslo.service.backend._threading.loopingcall [None req-e162edd0-e3be-4932-ac7b-9d87df3ecd7d None None] Fixed interval looping call 'neutron.services.ovn_l3.plugin.L3_NAT_dbonly_mixin._clean_garbage' sleeping for 299.99 seconds {{(pid=91803) _run_loop /opt/stack/data/venv/lib/python3.12/site-packages/oslo_service/backend/_threading/loopingcall.py:125}}
May 14 15:51:21.617854 np0000000777 neutron-periodic-workers[91809]: DEBUG dbcounter [-] [91809] Writing DB stats neutron:SELECT=3 {{(pid=91809) stat_writer /opt/stack/data/venv/lib/python3.12/site-packages/dbcounter.py:115}}
May 14 15:51:21.678545 np0000000777 neutron-periodic-workers[91815]: DEBUG neutron.db.agents_db [None req-2ae2288e-60a1-431b-81db-324cb2dd9be9 None None] Agent healthcheck: found 0 active agents {{(pid=91815) agent_health_check /opt/stack/neutron/neutron/db/agents_db.py:322}}
May 14 15:51:21.678922 np0000000777 neutron-periodic-workers[91815]: DEBUG oslo.service.backend._threading.loopingcall [None req-2ae2288e-60a1-431b-81db-324cb2dd9be9 None None] Fixed interval looping call 'neutron.plugins.ml2.plugin.AgentDbMixin.agent_health_check' sleeping for 37.00 seconds {{(pid=91815) _run_loop /opt/stack/data/venv/lib/python3.12/site-packages/oslo_service/backend/_threading/loopingcall.py:125}}
May 14 15:51:28.600898 np0000000777 neutron-periodic-workers[91803]: DEBUG dbcounter [-] [91803] Writing DB stats neutron:SELECT=1 {{(pid=91803) stat_writer /opt/stack/data/venv/lib/python3.12/site-packages/dbcounter.py:115}}
May 14 15:51:31.678448 np0000000777 neutron-periodic-workers[91815]: DEBUG dbcounter [-] [91815] Writing DB stats neutron:SELECT=1 {{(pid=91815) stat_writer /opt/stack/data/venv/lib/python3.12/site-packages/dbcounter.py:115}}
May 14 15:51:48.622649 np0000000777 neutron-periodic-workers[91809]: DEBUG oslo.service.backend._threading.loopingcall [None req-69dbbd3c-3481-450f-a8cb-956e78d0b52c None None] Fixed interval looping call 'neutron.plugins.ml2.plugin.DhcpAgentSchedulerDbMixin.remove_networks_from_down_agents' sleeping for 36.99 seconds {{(pid=91809) _run_loop /opt/stack/data/venv/lib/python3.12/site-packages/oslo_service/backend/_threading/loopingcall.py:125}}
May 14 15:51:58.622352 np0000000777 neutron-periodic-workers[91809]: DEBUG dbcounter [-] [91809] Writing DB stats neutron:SELECT=3 {{(pid=91809) stat_writer /opt/stack/data/venv/lib/python3.12/site-packages/dbcounter.py:115}}
May 14 15:51:58.682889 np0000000777 neutron-periodic-workers[91815]: DEBUG neutron.db.agents_db [None req-2ae2288e-60a1-431b-81db-324cb2dd9be9 None None] Agent healthcheck: found 0 active agents {{(pid=91815) agent_health_check /opt/stack/neutron/neutron/db/agents_db.py:322}}
May 14 15:51:58.683264 np0000000777 neutron-periodic-workers[91815]: DEBUG oslo.service.backend._threading.loopingcall [None req-2ae2288e-60a1-431b-81db-324cb2dd9be9 None None] Fixed interval looping call 'neutron.plugins.ml2.plugin.AgentDbMixin.agent_health_check' sleeping for 37.00 seconds {{(pid=91815) _run_loop /opt/stack/data/venv/lib/python3.12/site-packages/oslo_service/backend/_threading/loopingcall.py:125}}
May 14 15:52:05.655870 np0000000777 neutron-periodic-workers[91822]: DEBUG oslo.service.backend._threading.loopingcall [None req-417ab5c4-8953-472f-8384-bf4ab03a5bec None None] Fixed interval looping call 'neutron.db.quota.driver_nolock.DbQuotaNoLockDriver._remove_expired_reservations' sleeping for 120.00 seconds {{(pid=91822) _run_loop /opt/stack/data/venv/lib/python3.12/site-packages/oslo_service/backend/_threading/loopingcall.py:125}}
May 14 15:52:08.682326 np0000000777 neutron-periodic-workers[91815]: DEBUG dbcounter [-] [91815] Writing DB stats neutron:SELECT=1 {{(pid=91815) stat_writer /opt/stack/data/venv/lib/python3.12/site-packages/dbcounter.py:115}}
May 14 15:52:15.655064 np0000000777 neutron-periodic-workers[91822]: DEBUG dbcounter [-] [91822] Writing DB stats neutron:DELETE=1 {{(pid=91822) stat_writer /opt/stack/data/venv/lib/python3.12/site-packages/dbcounter.py:115}}
May 14 15:52:25.622733 np0000000777 neutron-periodic-workers[91809]: DEBUG oslo.service.backend._threading.loopingcall [None req-69dbbd3c-3481-450f-a8cb-956e78d0b52c None None] Fixed interval looping call 'neutron.plugins.ml2.plugin.DhcpAgentSchedulerDbMixin.remove_networks_from_down_agents' sleeping for 36.99 seconds {{(pid=91809) _run_loop /opt/stack/data/venv/lib/python3.12/site-packages/oslo_service/backend/_threading/loopingcall.py:125}}
May 14 15:52:35.621932 np0000000777 neutron-periodic-workers[91809]: DEBUG dbcounter [-] [91809] Writing DB stats neutron:SELECT=3 {{(pid=91809) stat_writer /opt/stack/data/venv/lib/python3.12/site-packages/dbcounter.py:115}}
May 14 15:52:35.688685 np0000000777 neutron-periodic-workers[91815]: DEBUG neutron.db.agents_db [None req-2ae2288e-60a1-431b-81db-324cb2dd9be9 None None] Agent healthcheck: found 0 active agents {{(pid=91815) agent_health_check /opt/stack/neutron/neutron/db/agents_db.py:322}}
May 14 15:52:35.689040 np0000000777 neutron-periodic-workers[91815]: DEBUG oslo.service.backend._threading.loopingcall [None req-2ae2288e-60a1-431b-81db-324cb2dd9be9 None None] Fixed interval looping call 'neutron.plugins.ml2.plugin.AgentDbMixin.agent_health_check' sleeping for 36.99 seconds {{(pid=91815) _run_loop /opt/stack/data/venv/lib/python3.12/site-packages/oslo_service/backend/_threading/loopingcall.py:125}}
May 14 15:52:45.687949 np0000000777 neutron-periodic-workers[91815]: DEBUG dbcounter [-] [91815] Writing DB stats neutron:SELECT=1 {{(pid=91815) stat_writer /opt/stack/data/venv/lib/python3.12/site-packages/dbcounter.py:115}}
