Aug 20 01:59:49.587988 np0000007841 devstack@c-api.service[96993]: /opt/stack/data/venv/lib/python3.12/site-packages/oslo_context/context.py:102: DeprecationWarning: Policy enforcement is depending on the value of is_admin. This key is deprecated. Please update your policy file to use the standard policy values.
Aug 20 01:59:49.587988 np0000007841 devstack@c-api.service[96993]: warnings.warn(
Aug 20 01:59:49.594322 np0000007841 devstack@c-api.service[96993]: INFO cinder.volume.api [req-e3565f88-608f-489f-9b4d-a1ce955cd708 req-be8b7eae-562a-49bd-8ad4-a02dca35e8fd tempest-VolumesAssistedSnapshotsTest-1599444533 tempest-VolumesAssistedSnapshotsTest-1599444533-project-admin] Volume info retrieved successfully.
Aug 20 01:59:49.604718 np0000007841 devstack@c-api.service[96993]: INFO cinder.api.openstack.wsgi [req-e3565f88-608f-489f-9b4d-a1ce955cd708 req-be8b7eae-562a-49bd-8ad4-a02dca35e8fd tempest-VolumesAssistedSnapshotsTest-1599444533 tempest-VolumesAssistedSnapshotsTest-1599444533-project-admin] https://10.4.3.187/volume/v3/volumes/6d3af2d4-bd2f-489f-8b5e-2393fe5553b5 returned with HTTP 200
Aug 20 01:59:49.606262 np0000007841 devstack@c-api.service[96993]: [pid: 96993|app: 0|req: 28/78] 10.4.3.187 () {70 vars in 1639 bytes} [Thu Aug 20 01:59:49 2026] GET /volume/v3/volumes/6d3af2d4-bd2f-489f-8b5e-2393fe5553b5 => generated 1247 bytes in 39 msecs (HTTP/1.1 200) 7 headers in 287 bytes (1 switches on core 0)
Aug 20 01:59:49.756726 np0000007841 devstack@c-api.service[96992]: DEBUG cinder.api.middleware.request_id [req-e3565f88-608f-489f-9b4d-a1ce955cd708 req-73f94419-9080-4223-9ecf-1226bcd3515e None None] RequestId filter calling following filter/app {{(pid=96992) _context_setter /opt/stack/cinder/cinder/api/middleware/request_id.py:62}}
Aug 20 01:59:49.764297 np0000007841 devstack@c-api.service[96992]: INFO cinder.api.openstack.wsgi [req-e3565f88-608f-489f-9b4d-a1ce955cd708 req-73f94419-9080-4223-9ecf-1226bcd3515e tempest-VolumesAssistedSnapshotsTest-1599444533 tempest-VolumesAssistedSnapshotsTest-1599444533-project-admin] PUT https://10.4.3.187/volume/v3/attachments/fa23c05e-1ae1-4769-9712-c7837297aa8b
Aug 20 01:59:49.764889 np0000007841 devstack@c-api.service[96992]: DEBUG cinder.api.openstack.wsgi [req-e3565f88-608f-489f-9b4d-a1ce955cd708 req-73f94419-9080-4223-9ecf-1226bcd3515e tempest-VolumesAssistedSnapshotsTest-1599444533 tempest-VolumesAssistedSnapshotsTest-1599444533-project-admin] Action: 'update', calling method: version_select, body: {"attachment": {"connector": {"platform": "x86_64", "os_type": "linux", "ip": "10.4.3.187", "host": "np0000007841", "multipath": false, "enforce_multipath": true, "initiator": "iqn.2016-04.com.open-iscsi:f6c57391e36d", "do_local_attach": false, "nvme_hostid": "cd4249eb-83d3-42e6-afd3-440facbc71a7", "uuid": "8515de1c-ba7e-467b-adde-6d9f8a8dbc1f", "system uuid": "71d5f1c8-0bb0-4f10-ad4b-194c00621bb5", "nqn": "nqn.2014-08.org.nvmexpress:uuid:71d5f1c8-0bb0-4f10-ad4b-194c00621bb5", "nvme_native_multipath": true, "found_dsc": "", "host_ips": ["10.4.3.187", "fe80::f816:3eff:fe5b:3a77", "192.168.10.6", "fe80::f816:3eff:fe19:235e", "192.168.20.6", "fe80::f816:3eff:feb6:ebcc", "192.168.30.6", "fe80::f816:3eff:fe4c:ee31", "192.168.122.1", "172.24.5.1", "2001:db8::2", "fe80::80c:feff:fecf:d741", "fe80::f816:3eff:fe6a:f901", "fe80::f816:3eff:fee3:ab41", "fe80::5058:e8ff:feb1:9b98", "fe80::b43d:ceff:fe10:4195", "fe80::f816:3eff:fe8d:3882", "fe80::f816:3eff:fe34:a402", "fe80::24d3:f8ff:fe59:b47d", "fe80::a86c:4ff:fe38:e82", "fe80::f816:3eff:fe08:161d", "fe80::e025:fff:fec1:60e2", "fe80::f816:3eff:fe5d:7b96", "fe80::f816:3eff:fed9:6ccf", "fe80::dcfd:72ff:fe93:dd70", "fe80::f816:3eff:fe8f:2aa4", "fe80::f816:3eff:fef7:1fd6", "fe80::f816:3eff:fef3:548e", "fe80::f816:3eff:fe9b:ef14", "fe80::f816:3eff:fea0:8c62", "fe80::f816:3eff:fe8f:17a1", "fe80::f816:3eff:fe0f:b716", "fe80::a851:82ff:fea0:41a0", "fe80::8ca:b8ff:fea0:6972", "fe80::f816:3eff:fe85:2258", "fe80::8cc7:6eff:fe37:8341", "fe80::f816:3eff:fe53:ff7c"], "mountpoint": "/dev/vdb"}}} {{(pid=96992) _process_stack /opt/stack/cinder/cinder/api/openstack/wsgi.py:876}}
Aug 20 01:59:49.795999 np0000007841 devstack@c-api.service[96992]: DEBUG cinder.coordination [req-e3565f88-608f-489f-9b4d-a1ce955cd708 req-73f94419-9080-4223-9ecf-1226bcd3515e tempest-VolumesAssistedSnapshotsTest-1599444533 tempest-VolumesAssistedSnapshotsTest-1599444533-project-admin] Acquiring lock "cinder-attachment_update-6d3af2d4-bd2f-489f-8b5e-2393fe5553b5-np0000007841" by "attachment_update" {{(pid=96992) __acquire /opt/stack/cinder/cinder/coordination.py:138}}
Aug 20 01:59:49.812984 np0000007841 devstack@c-api.service[96992]: DEBUG cinder.coordination [req-e3565f88-608f-489f-9b4d-a1ce955cd708 req-73f94419-9080-4223-9ecf-1226bcd3515e tempest-VolumesAssistedSnapshotsTest-1599444533 tempest-VolumesAssistedSnapshotsTest-1599444533-project-admin] Lock "cinder-attachment_update-6d3af2d4-bd2f-489f-8b5e-2393fe5553b5-np0000007841" acquired by "attachment_update" :: waited 0.017s {{(pid=96992) __acquire /opt/stack/cinder/cinder/coordination.py:141}}
Aug 20 01:59:49.817092 np0000007841 devstack@c-api.service[96992]: /opt/stack/data/venv/lib/python3.12/site-packages/oslo_context/context.py:102: DeprecationWarning: Policy enforcement is depending on the value of is_admin. This key is deprecated. Please update your policy file to use the standard policy values.
Aug 20 01:59:49.817092 np0000007841 devstack@c-api.service[96992]: warnings.warn(
Aug 20 01:59:49.964508 np0000007841 devstack@c-api.service[96992]: DEBUG cinder.coordination [req-e3565f88-608f-489f-9b4d-a1ce955cd708 req-73f94419-9080-4223-9ecf-1226bcd3515e tempest-VolumesAssistedSnapshotsTest-1599444533 tempest-VolumesAssistedSnapshotsTest-1599444533-project-admin] Lock "cinder-attachment_update-6d3af2d4-bd2f-489f-8b5e-2393fe5553b5-np0000007841" released by "attachment_update" :: held 0.152s {{(pid=96992) __release /opt/stack/cinder/cinder/coordination.py:152}}
Aug 20 01:59:49.964830 np0000007841 devstack@c-api.service[96992]: INFO cinder.api.openstack.wsgi [req-e3565f88-608f-489f-9b4d-a1ce955cd708 req-73f94419-9080-4223-9ecf-1226bcd3515e tempest-VolumesAssistedSnapshotsTest-1599444533 tempest-VolumesAssistedSnapshotsTest-1599444533-project-admin] https://10.4.3.187/volume/v3/attachments/fa23c05e-1ae1-4769-9712-c7837297aa8b returned with HTTP 200
Aug 20 01:59:49.965690 np0000007841 devstack@c-api.service[96992]: [pid: 96992|app: 0|req: 27/79] 10.4.3.187 () {74 vars in 1705 bytes} [Thu Aug 20 01:59:49 2026] PUT /volume/v3/attachments/fa23c05e-1ae1-4769-9712-c7837297aa8b => generated 535 bytes in 212 msecs (HTTP/1.1 200) 7 headers in 286 bytes (1 switches on core 0)
Aug 20 01:59:50.260506 np0000007841 devstack@c-api.service[96994]: DEBUG cinder.api.middleware.request_id [req-c827fa4d-6b80-4d13-84aa-7d39b1ddff3e req-75b20935-4394-4973-b8c0-c548dfa37bb3 None None] RequestId filter calling following filter/app {{(pid=96994) _context_setter /opt/stack/cinder/cinder/api/middleware/request_id.py:62}}
Aug 20 01:59:50.264741 np0000007841 devstack@c-api.service[96994]: INFO cinder.api.openstack.wsgi [req-c827fa4d-6b80-4d13-84aa-7d39b1ddff3e req-75b20935-4394-4973-b8c0-c548dfa37bb3 tempest-AttachSCSIVolumeTestJSON-1456386036 tempest-AttachSCSIVolumeTestJSON-1456386036-project-member] GET https://10.4.3.187/volume/v3/volumes/fd726d16-6b76-44ae-a751-c64aa5d18235
Aug 20 01:59:50.264907 np0000007841 devstack@c-api.service[96994]: DEBUG cinder.api.openstack.wsgi [req-c827fa4d-6b80-4d13-84aa-7d39b1ddff3e req-75b20935-4394-4973-b8c0-c548dfa37bb3 tempest-AttachSCSIVolumeTestJSON-1456386036 tempest-AttachSCSIVolumeTestJSON-1456386036-project-member] Empty body provided in request {{(pid=96994) get_body /opt/stack/cinder/cinder/api/openstack/wsgi.py:725}}
Aug 20 01:59:50.265876 np0000007841 devstack@c-api.service[96994]: DEBUG cinder.api.openstack.wsgi [req-c827fa4d-6b80-4d13-84aa-7d39b1ddff3e req-75b20935-4394-4973-b8c0-c548dfa37bb3 tempest-AttachSCSIVolumeTestJSON-1456386036 tempest-AttachSCSIVolumeTestJSON-1456386036-project-member] Calling method 'show' {{(pid=96994) _process_stack /opt/stack/cinder/cinder/api/openstack/wsgi.py:878}}
Aug 20 01:59:50.286401 np0000007841 devstack@c-api.service[96994]: /opt/stack/data/venv/lib/python3.12/site-packages/oslo_context/context.py:102: DeprecationWarning: Policy enforcement is depending on the value of is_admin. This key is deprecated. Please update your policy file to use the standard policy values.
Aug 20 01:59:50.286401 np0000007841 devstack@c-api.service[96994]: warnings.warn(
Aug 20 01:59:50.300610 np0000007841 devstack@c-api.service[96994]: INFO cinder.volume.api [req-c827fa4d-6b80-4d13-84aa-7d39b1ddff3e req-75b20935-4394-4973-b8c0-c548dfa37bb3 tempest-AttachSCSIVolumeTestJSON-1456386036 tempest-AttachSCSIVolumeTestJSON-1456386036-project-member] Volume info retrieved successfully.
Aug 20 01:59:50.313829 np0000007841 devstack@c-api.service[96994]: INFO cinder.api.openstack.wsgi [req-c827fa4d-6b80-4d13-84aa-7d39b1ddff3e req-75b20935-4394-4973-b8c0-c548dfa37bb3 tempest-AttachSCSIVolumeTestJSON-1456386036 tempest-AttachSCSIVolumeTestJSON-1456386036-project-member] https://10.4.3.187/volume/v3/volumes/fd726d16-6b76-44ae-a751-c64aa5d18235 returned with HTTP 200
Aug 20 01:59:50.314854 np0000007841 devstack@c-api.service[96994]: [pid: 96994|app: 0|req: 25/80] 10.4.3.187 () {68 vars in 1598 bytes} [Thu Aug 20 01:59:50 2026] GET /volume/v3/volumes/fd726d16-6b76-44ae-a751-c64aa5d18235 => generated 847 bytes in 57 msecs (HTTP/1.1 200) 7 headers in 285 bytes (1 switches on core 0)
Aug 20 01:59:50.336548 np0000007841 devstack@c-api.service[96993]: DEBUG cinder.api.middleware.request_id [None req-20040eac-521a-46f5-88fa-92b00f2accdf None None] RequestId filter calling following filter/app {{(pid=96993) _context_setter /opt/stack/cinder/cinder/api/middleware/request_id.py:62}}
Aug 20 01:59:50.342323 np0000007841 devstack@c-api.service[96993]: INFO cinder.api.openstack.wsgi [None req-20040eac-521a-46f5-88fa-92b00f2accdf tempest-TaggedBootDevicesTest_v242-951959788 tempest-TaggedBootDevicesTest_v242-951959788-project-member] GET https://10.4.3.187/volume/v3/volumes/457aea66-1f96-4dc3-a6e9-26a87535cca6
Aug 20 01:59:50.342759 np0000007841 devstack@c-api.service[96993]: DEBUG cinder.api.openstack.wsgi [None req-20040eac-521a-46f5-88fa-92b00f2accdf tempest-TaggedBootDevicesTest_v242-951959788 tempest-TaggedBootDevicesTest_v242-951959788-project-member] Empty body provided in request {{(pid=96993) get_body /opt/stack/cinder/cinder/api/openstack/wsgi.py:725}}
Aug 20 01:59:50.343863 np0000007841 devstack@c-api.service[96993]: DEBUG cinder.api.openstack.wsgi [None req-20040eac-521a-46f5-88fa-92b00f2accdf tempest-TaggedBootDevicesTest_v242-951959788 tempest-TaggedBootDevicesTest_v242-951959788-project-member] Calling method 'show' {{(pid=96993) _process_stack /opt/stack/cinder/cinder/api/openstack/wsgi.py:878}}
Aug 20 01:59:50.358071 np0000007841 devstack@c-api.service[96993]: /opt/stack/data/venv/lib/python3.12/site-packages/oslo_context/context.py:102: DeprecationWarning: Policy enforcement is depending on the value of is_admin. This key is deprecated. Please update your policy file to use the standard policy values.
Aug 20 01:59:50.358071 np0000007841 devstack@c-api.service[96993]: warnings.warn(
Aug 20 01:59:50.363533 np0000007841 devstack@c-api.service[96993]: INFO cinder.volume.api [None req-20040eac-521a-46f5-88fa-92b00f2accdf tempest-TaggedBootDevicesTest_v242-951959788 tempest-TaggedBootDevicesTest_v242-951959788-project-member] Volume info retrieved successfully.
Aug 20 01:59:50.370499 np0000007841 devstack@c-api.service[96993]: INFO cinder.api.openstack.wsgi [None req-20040eac-521a-46f5-88fa-92b00f2accdf tempest-TaggedBootDevicesTest_v242-951959788 tempest-TaggedBootDevicesTest_v242-951959788-project-member] https://10.4.3.187/volume/v3/volumes/457aea66-1f96-4dc3-a6e9-26a87535cca6 returned with HTTP 200
Aug 20 01:59:50.371068 np0000007841 devstack@c-api.service[96993]: [pid: 96993|app: 0|req: 29/81] 10.4.3.187 () {66 vars in 1348 bytes} [Thu Aug 20 01:59:50 2026] GET /volume/v3/volumes/457aea66-1f96-4dc3-a6e9-26a87535cca6 => generated 1363 bytes in 37 msecs (HTTP/1.1 200) 7 headers in 286 bytes (1 switches on core 0)
Aug 20 01:59:50.375260 np0000007841 devstack@c-api.service[96992]: DEBUG cinder.api.middleware.request_id [req-e3565f88-608f-489f-9b4d-a1ce955cd708 req-162a3c4e-0434-421d-95bd-d1c5d5f08c71 None None] RequestId filter calling following filter/app {{(pid=96992) _context_setter /opt/stack/cinder/cinder/api/middleware/request_id.py:62}}
Aug 20 01:59:50.385732 np0000007841 devstack@c-api.service[96992]: INFO cinder.api.openstack.wsgi [req-e3565f88-608f-489f-9b4d-a1ce955cd708 req-162a3c4e-0434-421d-95bd-d1c5d5f08c71 tempest-VolumesAssistedSnapshotsTest-1599444533 tempest-VolumesAssistedSnapshotsTest-1599444533-project-admin] POST https://10.4.3.187/volume/v3/attachments/fa23c05e-1ae1-4769-9712-c7837297aa8b/action
Aug 20 01:59:50.386123 np0000007841 devstack@c-api.service[96992]: DEBUG cinder.api.openstack.wsgi [req-e3565f88-608f-489f-9b4d-a1ce955cd708 req-162a3c4e-0434-421d-95bd-d1c5d5f08c71 tempest-VolumesAssistedSnapshotsTest-1599444533 tempest-VolumesAssistedSnapshotsTest-1599444533-project-admin] Action body: b'{"os-complete": null}' {{(pid=96992) get_method /opt/stack/cinder/cinder/api/openstack/wsgi.py:993}}
Aug 20 01:59:50.388489 np0000007841 devstack@c-api.service[96992]: DEBUG cinder.api.openstack.wsgi [req-e3565f88-608f-489f-9b4d-a1ce955cd708 req-162a3c4e-0434-421d-95bd-d1c5d5f08c71 tempest-VolumesAssistedSnapshotsTest-1599444533 tempest-VolumesAssistedSnapshotsTest-1599444533-project-admin] Action: 'action', calling method: complete, body: {"os-complete": null} {{(pid=96992) _process_stack /opt/stack/cinder/cinder/api/openstack/wsgi.py:876}}
Aug 20 01:59:50.427983 np0000007841 devstack@c-api.service[96992]: /opt/stack/data/venv/lib/python3.12/site-packages/oslo_context/context.py:102: DeprecationWarning: Policy enforcement is depending on the value of is_admin. This key is deprecated. Please update your policy file to use the standard policy values.
Aug 20 01:59:50.427983 np0000007841 devstack@c-api.service[96992]: warnings.warn(
Aug 20 01:59:50.452748 np0000007841 devstack@c-api.service[96992]: INFO cinder.api.openstack.wsgi [req-e3565f88-608f-489f-9b4d-a1ce955cd708 req-162a3c4e-0434-421d-95bd-d1c5d5f08c71 tempest-VolumesAssistedSnapshotsTest-1599444533 tempest-VolumesAssistedSnapshotsTest-1599444533-project-admin] https://10.4.3.187/volume/v3/attachments/fa23c05e-1ae1-4769-9712-c7837297aa8b/action returned with HTTP 204
Aug 20 01:59:50.453510 np0000007841 devstack@c-api.service[96992]: [pid: 96992|app: 0|req: 28/82] 10.4.3.187 () {74 vars in 1725 bytes} [Thu Aug 20 01:59:50 2026] POST /volume/v3/attachments/fa23c05e-1ae1-4769-9712-c7837297aa8b/action => generated 0 bytes in 78 msecs (HTTP/1.1 204) 7 headers in 292 bytes (1 switches on core 0)
Aug 20 01:59:50.578273 np0000007841 devstack@c-api.service[96994]: DEBUG cinder.api.middleware.request_id [None req-733a459d-a98b-4ec5-82c4-5b3ad6e7f85b None None] RequestId filter calling following filter/app {{(pid=96994) _context_setter /opt/stack/cinder/cinder/api/middleware/request_id.py:62}}
Aug 20 01:59:50.584757 np0000007841 devstack@c-api.service[96994]: INFO cinder.api.openstack.wsgi [None req-733a459d-a98b-4ec5-82c4-5b3ad6e7f85b tempest-VolumesAssistedSnapshotsTest-1599444533 tempest-VolumesAssistedSnapshotsTest-1599444533-project-admin] GET https://10.4.3.187/volume/v3/volumes/6d3af2d4-bd2f-489f-8b5e-2393fe5553b5
Aug 20 01:59:50.587682 np0000007841 devstack@c-api.service[96994]: DEBUG cinder.api.openstack.wsgi [None req-733a459d-a98b-4ec5-82c4-5b3ad6e7f85b tempest-VolumesAssistedSnapshotsTest-1599444533 tempest-VolumesAssistedSnapshotsTest-1599444533-project-admin] Empty body provided in request {{(pid=96994) get_body /opt/stack/cinder/cinder/api/openstack/wsgi.py:725}}
Aug 20 01:59:50.589720 np0000007841 devstack@c-api.service[96994]: DEBUG cinder.api.openstack.wsgi [None req-733a459d-a98b-4ec5-82c4-5b3ad6e7f85b tempest-VolumesAssistedSnapshotsTest-1599444533 tempest-VolumesAssistedSnapshotsTest-1599444533-project-admin] Calling method 'show' {{(pid=96994) _process_stack /opt/stack/cinder/cinder/api/openstack/wsgi.py:878}}
Aug 20 01:59:50.615755 np0000007841 devstack@c-api.service[96994]: /opt/stack/data/venv/lib/python3.12/site-packages/oslo_context/context.py:102: DeprecationWarning: Policy enforcement is depending on the value of is_admin. This key is deprecated. Please update your policy file to use the standard policy values.
Aug 20 01:59:50.615755 np0000007841 devstack@c-api.service[96994]: warnings.warn(
Aug 20 01:59:50.620656 np0000007841 devstack@c-api.service[96994]: INFO cinder.volume.api [None req-733a459d-a98b-4ec5-82c4-5b3ad6e7f85b tempest-VolumesAssistedSnapshotsTest-1599444533 tempest-VolumesAssistedSnapshotsTest-1599444533-project-admin] Volume info retrieved successfully.
Aug 20 01:59:50.627647 np0000007841 devstack@c-api.service[96994]: INFO cinder.api.openstack.wsgi [None req-733a459d-a98b-4ec5-82c4-5b3ad6e7f85b tempest-VolumesAssistedSnapshotsTest-1599444533 tempest-VolumesAssistedSnapshotsTest-1599444533-project-admin] https://10.4.3.187/volume/v3/volumes/6d3af2d4-bd2f-489f-8b5e-2393fe5553b5 returned with HTTP 200
Aug 20 01:59:50.629075 np0000007841 devstack@c-api.service[96994]: [pid: 96994|app: 0|req: 26/83] 10.4.3.187 () {66 vars in 1348 bytes} [Thu Aug 20 01:59:50 2026] GET /volume/v3/volumes/6d3af2d4-bd2f-489f-8b5e-2393fe5553b5 => generated 1326 bytes in 54 msecs (HTTP/1.1 200) 7 headers in 286 bytes (1 switches on core 0)
Aug 20 01:59:50.647827 np0000007841 devstack@c-api.service[96993]: DEBUG cinder.api.middleware.request_id [None req-a10c42c7-d64e-4532-98a3-d19c35bd5e37 None None] RequestId filter calling following filter/app {{(pid=96993) _context_setter /opt/stack/cinder/cinder/api/middleware/request_id.py:62}}
Aug 20 01:59:50.652339 np0000007841 devstack@c-api.service[96993]: INFO cinder.api.openstack.wsgi [None req-a10c42c7-d64e-4532-98a3-d19c35bd5e37 tempest-VolumesAssistedSnapshotsTest-1599444533 tempest-VolumesAssistedSnapshotsTest-1599444533-project-admin] GET https://10.4.3.187/volume/v3/volumes/6d3af2d4-bd2f-489f-8b5e-2393fe5553b5
Aug 20 01:59:50.652549 np0000007841 devstack@c-api.service[96993]: DEBUG cinder.api.openstack.wsgi [None req-a10c42c7-d64e-4532-98a3-d19c35bd5e37 tempest-VolumesAssistedSnapshotsTest-1599444533 tempest-VolumesAssistedSnapshotsTest-1599444533-project-admin] Empty body provided in request {{(pid=96993) get_body /opt/stack/cinder/cinder/api/openstack/wsgi.py:725}}
Aug 20 01:59:50.652847 np0000007841 devstack@c-api.service[96993]: DEBUG cinder.api.openstack.wsgi [None req-a10c42c7-d64e-4532-98a3-d19c35bd5e37 tempest-VolumesAssistedSnapshotsTest-1599444533 tempest-VolumesAssistedSnapshotsTest-1599444533-project-admin] Calling method 'show' {{(pid=96993) _process_stack /opt/stack/cinder/cinder/api/openstack/wsgi.py:878}}
Aug 20 01:59:50.675257 np0000007841 devstack@c-api.service[96993]: /opt/stack/data/venv/lib/python3.12/site-packages/oslo_context/context.py:102: DeprecationWarning: Policy enforcement is depending on the value of is_admin. This key is deprecated. Please update your policy file to use the standard policy values.
Aug 20 01:59:50.675257 np0000007841 devstack@c-api.service[96993]: warnings.warn(
Aug 20 01:59:50.681512 np0000007841 devstack@c-api.service[96993]: INFO cinder.volume.api [None req-a10c42c7-d64e-4532-98a3-d19c35bd5e37 tempest-VolumesAssistedSnapshotsTest-1599444533 tempest-VolumesAssistedSnapshotsTest-1599444533-project-admin] Volume info retrieved successfully.
Aug 20 01:59:50.689821 np0000007841 devstack@c-api.service[96993]: INFO cinder.api.openstack.wsgi [None req-a10c42c7-d64e-4532-98a3-d19c35bd5e37 tempest-VolumesAssistedSnapshotsTest-1599444533 tempest-VolumesAssistedSnapshotsTest-1599444533-project-admin] https://10.4.3.187/volume/v3/volumes/6d3af2d4-bd2f-489f-8b5e-2393fe5553b5 returned with HTTP 200
Aug 20 01:59:50.690127 np0000007841 devstack@c-api.service[96993]: [pid: 96993|app: 0|req: 30/84] 10.4.3.187 () {66 vars in 1348 bytes} [Thu Aug 20 01:59:50 2026] GET /volume/v3/volumes/6d3af2d4-bd2f-489f-8b5e-2393fe5553b5 => generated 1326 bytes in 43 msecs (HTTP/1.1 200) 7 headers in 286 bytes (1 switches on core 0)
Aug 20 01:59:50.847376 np0000007841 devstack@c-api.service[96992]: DEBUG cinder.api.middleware.request_id [None req-7c49288e-fa69-4d5f-b4be-9c20f1ce6683 None None] RequestId filter calling following filter/app {{(pid=96992) _context_setter /opt/stack/cinder/cinder/api/middleware/request_id.py:62}}
Aug 20 01:59:50.847967 np0000007841 devstack@c-api.service[96992]: INFO cinder.api.openstack.wsgi [None req-7c49288e-fa69-4d5f-b4be-9c20f1ce6683 None None] GET https://10.4.3.187/volume//
Aug 20 01:59:50.848310 np0000007841 devstack@c-api.service[96992]: DEBUG cinder.api.openstack.wsgi [None req-7c49288e-fa69-4d5f-b4be-9c20f1ce6683 None None] Empty body provided in request {{(pid=96992) get_body /opt/stack/cinder/cinder/api/openstack/wsgi.py:725}}
Aug 20 01:59:50.848772 np0000007841 devstack@c-api.service[96992]: DEBUG cinder.api.openstack.wsgi [None req-7c49288e-fa69-4d5f-b4be-9c20f1ce6683 None None] Calling method 'all' {{(pid=96992) _process_stack /opt/stack/cinder/cinder/api/openstack/wsgi.py:878}}
Aug 20 01:59:50.849788 np0000007841 devstack@c-api.service[96992]: INFO cinder.api.openstack.wsgi [None req-7c49288e-fa69-4d5f-b4be-9c20f1ce6683 None None] https://10.4.3.187/volume// returned with HTTP 300
Aug 20 01:59:50.849788 np0000007841 devstack@c-api.service[96992]: [pid: 96992|app: 0|req: 29/85] 10.4.3.187 () {66 vars in 1428 bytes} [Thu Aug 20 01:59:50 2026] GET /volume/ => generated 386 bytes in 6 msecs (HTTP/1.1 300) 7 headers in 299 bytes (1 switches on core 0)
Aug 20 01:59:50.877003 np0000007841 devstack@c-api.service[96994]: DEBUG cinder.api.middleware.request_id [req-c827fa4d-6b80-4d13-84aa-7d39b1ddff3e req-4daf86d6-71e8-44b4-84b1-52a6934a5993 None None] RequestId filter calling following filter/app {{(pid=96994) _context_setter /opt/stack/cinder/cinder/api/middleware/request_id.py:62}}
Aug 20 01:59:51.408211 np0000007841 devstack@c-api.service[96993]: DEBUG cinder.api.middleware.request_id [None req-6292c521-e4cd-4f89-9ca0-fe498ab21fea None None] RequestId filter calling following filter/app {{(pid=96993) _context_setter /opt/stack/cinder/cinder/api/middleware/request_id.py:62}}
Aug 20 01:59:51.412573 np0000007841 devstack@c-api.service[96993]: INFO cinder.api.openstack.wsgi [None req-6292c521-e4cd-4f89-9ca0-fe498ab21fea tempest-TaggedBootDevicesTest_v242-951959788 tempest-TaggedBootDevicesTest_v242-951959788-project-member] GET https://10.4.3.187/volume/v3/volumes/457aea66-1f96-4dc3-a6e9-26a87535cca6
Aug 20 01:59:51.420193 np0000007841 devstack@c-api.service[96993]: DEBUG cinder.api.openstack.wsgi [None req-6292c521-e4cd-4f89-9ca0-fe498ab21fea tempest-TaggedBootDevicesTest_v242-951959788 tempest-TaggedBootDevicesTest_v242-951959788-project-member] Empty body provided in request {{(pid=96993) get_body /opt/stack/cinder/cinder/api/openstack/wsgi.py:725}}
Aug 20 01:59:51.420193 np0000007841 devstack@c-api.service[96993]: DEBUG cinder.api.openstack.wsgi [None req-6292c521-e4cd-4f89-9ca0-fe498ab21fea tempest-TaggedBootDevicesTest_v242-951959788 tempest-TaggedBootDevicesTest_v242-951959788-project-member] Calling method 'show' {{(pid=96993) _process_stack /opt/stack/cinder/cinder/api/openstack/wsgi.py:878}}
Aug 20 01:59:51.445243 np0000007841 devstack@c-api.service[96993]: /opt/stack/data/venv/lib/python3.12/site-packages/oslo_context/context.py:102: DeprecationWarning: Policy enforcement is depending on the value of is_admin. This key is deprecated. Please update your policy file to use the standard policy values.
Aug 20 01:59:51.445243 np0000007841 devstack@c-api.service[96993]: warnings.warn(
Aug 20 01:59:51.458791 np0000007841 devstack@c-api.service[96993]: INFO cinder.volume.api [None req-6292c521-e4cd-4f89-9ca0-fe498ab21fea tempest-TaggedBootDevicesTest_v242-951959788 tempest-TaggedBootDevicesTest_v242-951959788-project-member] Volume info retrieved successfully.
Aug 20 01:59:51.473539 np0000007841 devstack@c-api.service[96993]: INFO cinder.api.openstack.wsgi [None req-6292c521-e4cd-4f89-9ca0-fe498ab21fea tempest-TaggedBootDevicesTest_v242-951959788 tempest-TaggedBootDevicesTest_v242-951959788-project-member] https://10.4.3.187/volume/v3/volumes/457aea66-1f96-4dc3-a6e9-26a87535cca6 returned with HTTP 200
Aug 20 01:59:51.473539 np0000007841 devstack@c-api.service[96993]: [pid: 96993|app: 0|req: 31/86] 10.4.3.187 () {66 vars in 1348 bytes} [Thu Aug 20 01:59:51 2026] GET /volume/v3/volumes/457aea66-1f96-4dc3-a6e9-26a87535cca6 => generated 1364 bytes in 69 msecs (HTTP/1.1 200) 7 headers in 286 bytes (1 switches on core 0)
Aug 20 01:59:51.494553 np0000007841 devstack@c-api.service[96994]: INFO cinder.api.openstack.wsgi [req-c827fa4d-6b80-4d13-84aa-7d39b1ddff3e req-4daf86d6-71e8-44b4-84b1-52a6934a5993 tempest-AttachSCSIVolumeTestJSON-1456386036 tempest-AttachSCSIVolumeTestJSON-1456386036-project-member] POST https://10.4.3.187/volume/v3/attachments
Aug 20 01:59:51.495098 np0000007841 devstack@c-api.service[96992]: DEBUG cinder.api.middleware.request_id [None req-0a5e96fb-e6b1-4f06-8e3f-11420493a46d None None] RequestId filter calling following filter/app {{(pid=96992) _context_setter /opt/stack/cinder/cinder/api/middleware/request_id.py:62}}
Aug 20 01:59:51.495529 np0000007841 devstack@c-api.service[96994]: DEBUG cinder.api.openstack.wsgi [req-c827fa4d-6b80-4d13-84aa-7d39b1ddff3e req-4daf86d6-71e8-44b4-84b1-52a6934a5993 tempest-AttachSCSIVolumeTestJSON-1456386036 tempest-AttachSCSIVolumeTestJSON-1456386036-project-member] Action: 'create', calling method: version_select, body: {"attachment": {"volume_uuid": "fd726d16-6b76-44ae-a751-c64aa5d18235", "connector": null, "instance_uuid": "54504c93-a3fe-4e80-a6df-5380d9e2f1e6"}} {{(pid=96994) _process_stack /opt/stack/cinder/cinder/api/openstack/wsgi.py:876}}
Aug 20 01:59:51.504210 np0000007841 devstack@c-api.service[96992]: INFO cinder.api.openstack.wsgi [None req-0a5e96fb-e6b1-4f06-8e3f-11420493a46d tempest-TaggedBootDevicesTest_v242-951959788 tempest-TaggedBootDevicesTest_v242-951959788-project-member] POST https://10.4.3.187/volume/v3/volumes
Aug 20 01:59:51.504379 np0000007841 devstack@c-api.service[96992]: DEBUG cinder.api.openstack.wsgi [None req-0a5e96fb-e6b1-4f06-8e3f-11420493a46d tempest-TaggedBootDevicesTest_v242-951959788 tempest-TaggedBootDevicesTest_v242-951959788-project-member] Action: 'create', calling method: create, body: {"volume": {"size": 1, "display_name": "tempest-TaggedBootDevicesTest_v242-volume-1601637501"}} {{(pid=96992) _process_stack /opt/stack/cinder/cinder/api/openstack/wsgi.py:876}}
Aug 20 01:59:51.516653 np0000007841 devstack@c-api.service[96992]: DEBUG cinder.api.v3.volumes [None req-0a5e96fb-e6b1-4f06-8e3f-11420493a46d tempest-TaggedBootDevicesTest_v242-951959788 tempest-TaggedBootDevicesTest_v242-951959788-project-member] Create volume request body: {'volume': {'size': 1, 'display_name': 'tempest-TaggedBootDevicesTest_v242-volume-1601637501'}} {{(pid=96992) create /opt/stack/cinder/cinder/api/v3/volumes.py:368}}
Aug 20 01:59:51.516979 np0000007841 devstack@c-api.service[96992]: INFO cinder.api.v3.volumes [None req-0a5e96fb-e6b1-4f06-8e3f-11420493a46d tempest-TaggedBootDevicesTest_v242-951959788 tempest-TaggedBootDevicesTest_v242-951959788-project-member] Create volume of 1 GB
Aug 20 01:59:51.533888 np0000007841 devstack@c-api.service[96994]: /opt/stack/data/venv/lib/python3.12/site-packages/oslo_context/context.py:102: DeprecationWarning: Policy enforcement is depending on the value of is_admin. This key is deprecated. Please update your policy file to use the standard policy values.
Aug 20 01:59:51.533888 np0000007841 devstack@c-api.service[96994]: warnings.warn(
Aug 20 01:59:51.537514 np0000007841 devstack@c-api.service[96992]: INFO cinder.volume.api [None req-0a5e96fb-e6b1-4f06-8e3f-11420493a46d tempest-TaggedBootDevicesTest_v242-951959788 tempest-TaggedBootDevicesTest_v242-951959788-project-member] Availability Zones retrieved successfully.
Aug 20 01:59:51.556615 np0000007841 devstack@c-api.service[96992]: DEBUG cinder.volume.api [None req-0a5e96fb-e6b1-4f06-8e3f-11420493a46d tempest-TaggedBootDevicesTest_v242-951959788 tempest-TaggedBootDevicesTest_v242-951959788-project-member] Flow 'volume_create_api' (58614259-2b8e-4c72-8cb9-fd0260e81b46) transitioned into state 'RUNNING' from state 'PENDING' {{(pid=96992) _flow_receiver /opt/stack/data/venv/lib/python3.12/site-packages/taskflow/listeners/logging.py:160}}
Aug 20 01:59:51.558464 np0000007841 devstack@c-api.service[96992]: DEBUG cinder.volume.api [None req-0a5e96fb-e6b1-4f06-8e3f-11420493a46d tempest-TaggedBootDevicesTest_v242-951959788 tempest-TaggedBootDevicesTest_v242-951959788-project-member] Task 'cinder.volume.flows.api.create_volume.ExtractVolumeRequestTask;volume:create' (5487b476-37aa-4b42-b79c-a80555e69510) transitioned into state 'RUNNING' from state 'PENDING' {{(pid=96992) _task_receiver /opt/stack/data/venv/lib/python3.12/site-packages/taskflow/listeners/logging.py:242}}
Aug 20 01:59:51.560349 np0000007841 devstack@c-api.service[96992]: DEBUG cinder.volume.flows.api.create_volume [None req-0a5e96fb-e6b1-4f06-8e3f-11420493a46d tempest-TaggedBootDevicesTest_v242-951959788 tempest-TaggedBootDevicesTest_v242-951959788-project-member] Validating volume size '1' using validate_int {{(pid=96992) _extract_size /opt/stack/cinder/cinder/volume/flows/api/create_volume.py:226}}
Aug 20 01:59:51.629801 np0000007841 devstack@c-api.service[96994]: INFO cinder.api.openstack.wsgi [req-c827fa4d-6b80-4d13-84aa-7d39b1ddff3e req-4daf86d6-71e8-44b4-84b1-52a6934a5993 tempest-AttachSCSIVolumeTestJSON-1456386036 tempest-AttachSCSIVolumeTestJSON-1456386036-project-member] https://10.4.3.187/volume/v3/attachments returned with HTTP 200
Aug 20 01:59:51.629801 np0000007841 devstack@c-api.service[96994]: [pid: 96994|app: 0|req: 27/87] 10.4.3.187 () {74 vars in 1594 bytes} [Thu Aug 20 01:59:50 2026] POST /volume/v3/attachments => generated 273 bytes in 753 msecs (HTTP/1.1 200) 7 headers in 286 bytes (1 switches on core 0)
Aug 20 01:59:51.636849 np0000007841 devstack@c-api.service[96992]: DEBUG cinder.volume.api [None req-0a5e96fb-e6b1-4f06-8e3f-11420493a46d tempest-TaggedBootDevicesTest_v242-951959788 tempest-TaggedBootDevicesTest_v242-951959788-project-member] Task 'cinder.volume.flows.api.create_volume.ExtractVolumeRequestTask;volume:create' (5487b476-37aa-4b42-b79c-a80555e69510) transitioned into state 'SUCCESS' from state 'RUNNING' with result '{'size': 1, 'snapshot_id': None, 'source_volid': None, 'volume_type': VolumeType(created_at=2026-08-20T01:56:32Z,deleted=False,deleted_at=None,description=None,extra_specs={volume_backend_name='storpool'},id=9cf90b24-d6bb-4b19-b976-0b8c4f0ecc27,is_public=True,name='storpool',projects=[],qos_specs=,qos_specs_id=None,updated_at=None), 'volume_type_id': '9cf90b24-d6bb-4b19-b976-0b8c4f0ecc27', 'encryption_key_id': None, 'qos_specs': None, 'consistencygroup_id': None, 'cgsnapshot_id': None, 'group_id': None, 'replication_status': 'disabled', 'refresh_az': False, 'backup_id': None, 'multiattach': False, 'availability_zones': ['nova']}' {{(pid=96992) _task_receiver /opt/stack/data/venv/lib/python3.12/site-packages/taskflow/listeners/logging.py:218}}
Aug 20 01:59:51.636849 np0000007841 devstack@c-api.service[96992]: DEBUG cinder.volume.api [None req-0a5e96fb-e6b1-4f06-8e3f-11420493a46d tempest-TaggedBootDevicesTest_v242-951959788 tempest-TaggedBootDevicesTest_v242-951959788-project-member] Task 'cinder.volume.flows.api.create_volume.QuotaReserveTask;volume:create' (bce7c43e-c367-457f-9db8-7ab3b70b2f4f) transitioned into state 'RUNNING' from state 'PENDING' {{(pid=96992) _task_receiver /opt/stack/data/venv/lib/python3.12/site-packages/taskflow/listeners/logging.py:242}}
Aug 20 01:59:51.747400 np0000007841 devstack@c-api.service[96993]: DEBUG cinder.api.middleware.request_id [None req-f43ec3a4-8d7d-424b-9520-472318fbb0d9 None None] RequestId filter calling following filter/app {{(pid=96993) _context_setter /opt/stack/cinder/cinder/api/middleware/request_id.py:62}}
Aug 20 01:59:51.753366 np0000007841 devstack@c-api.service[96993]: INFO cinder.api.openstack.wsgi [None req-f43ec3a4-8d7d-424b-9520-472318fbb0d9 tempest-AttachSCSIVolumeTestJSON-1456386036 tempest-AttachSCSIVolumeTestJSON-1456386036-project-member] GET https://10.4.3.187/volume/v3/volumes/fd726d16-6b76-44ae-a751-c64aa5d18235
Aug 20 01:59:51.755262 np0000007841 devstack@c-api.service[96993]: DEBUG cinder.api.openstack.wsgi [None req-f43ec3a4-8d7d-424b-9520-472318fbb0d9 tempest-AttachSCSIVolumeTestJSON-1456386036 tempest-AttachSCSIVolumeTestJSON-1456386036-project-member] Empty body provided in request {{(pid=96993) get_body /opt/stack/cinder/cinder/api/openstack/wsgi.py:725}}
Aug 20 01:59:51.755497 np0000007841 devstack@c-api.service[96993]: DEBUG cinder.api.openstack.wsgi [None req-f43ec3a4-8d7d-424b-9520-472318fbb0d9 tempest-AttachSCSIVolumeTestJSON-1456386036 tempest-AttachSCSIVolumeTestJSON-1456386036-project-member] Calling method 'show' {{(pid=96993) _process_stack /opt/stack/cinder/cinder/api/openstack/wsgi.py:878}}
Aug 20 01:59:51.761916 np0000007841 devstack@c-api.service[96992]: DEBUG cinder.quota [None req-0a5e96fb-e6b1-4f06-8e3f-11420493a46d tempest-TaggedBootDevicesTest_v242-951959788 tempest-TaggedBootDevicesTest_v242-951959788-project-member] Created reservations ['cdbccea6-61a0-4545-8ff3-c9989adfc4d3', '38a65cd1-96b9-4c80-8bc3-98171854fbb6', 'bca058ed-6153-48c1-a404-65c17dc12e4a', '27201653-da2e-4d4a-af5a-3a2b3eb24fa0'] {{(pid=96992) reserve /opt/stack/cinder/cinder/quota.py:752}}
Aug 20 01:59:51.762657 np0000007841 devstack@c-api.service[96992]: DEBUG cinder.volume.api [None req-0a5e96fb-e6b1-4f06-8e3f-11420493a46d tempest-TaggedBootDevicesTest_v242-951959788 tempest-TaggedBootDevicesTest_v242-951959788-project-member] Task 'cinder.volume.flows.api.create_volume.QuotaReserveTask;volume:create' (bce7c43e-c367-457f-9db8-7ab3b70b2f4f) transitioned into state 'SUCCESS' from state 'RUNNING' with result '{'reservations': ['cdbccea6-61a0-4545-8ff3-c9989adfc4d3', '38a65cd1-96b9-4c80-8bc3-98171854fbb6', 'bca058ed-6153-48c1-a404-65c17dc12e4a', '27201653-da2e-4d4a-af5a-3a2b3eb24fa0']}' {{(pid=96992) _task_receiver /opt/stack/data/venv/lib/python3.12/site-packages/taskflow/listeners/logging.py:218}}
Aug 20 01:59:51.763783 np0000007841 devstack@c-api.service[96992]: DEBUG cinder.volume.api [None req-0a5e96fb-e6b1-4f06-8e3f-11420493a46d tempest-TaggedBootDevicesTest_v242-951959788 tempest-TaggedBootDevicesTest_v242-951959788-project-member] Task 'cinder.volume.flows.api.create_volume.EntryCreateTask;volume:create' (a2164f86-1c2c-4788-b288-42e11730ff63) transitioned into state 'RUNNING' from state 'PENDING' {{(pid=96992) _task_receiver /opt/stack/data/venv/lib/python3.12/site-packages/taskflow/listeners/logging.py:242}}
Aug 20 01:59:51.788408 np0000007841 devstack@c-api.service[96993]: /opt/stack/data/venv/lib/python3.12/site-packages/oslo_context/context.py:102: DeprecationWarning: Policy enforcement is depending on the value of is_admin. This key is deprecated. Please update your policy file to use the standard policy values.
Aug 20 01:59:51.788408 np0000007841 devstack@c-api.service[96993]: warnings.warn(
Aug 20 01:59:51.810685 np0000007841 devstack@c-api.service[96993]: INFO cinder.volume.api [None req-f43ec3a4-8d7d-424b-9520-472318fbb0d9 tempest-AttachSCSIVolumeTestJSON-1456386036 tempest-AttachSCSIVolumeTestJSON-1456386036-project-member] Volume info retrieved successfully.
Aug 20 01:59:51.823832 np0000007841 devstack@c-api.service[96992]: DEBUG cinder.volume.api [None req-0a5e96fb-e6b1-4f06-8e3f-11420493a46d tempest-TaggedBootDevicesTest_v242-951959788 tempest-TaggedBootDevicesTest_v242-951959788-project-member] Task 'cinder.volume.flows.api.create_volume.EntryCreateTask;volume:create' (a2164f86-1c2c-4788-b288-42e11730ff63) transitioned into state 'SUCCESS' from state 'RUNNING' with result '{'volume_id': '7e5eb81a-6416-4ed8-a32b-90ac39a9da4c', 'volume_properties': VolumeProperties(attach_status='detached',availability_zone='nova',cgsnapshot_id=None,consistencygroup_id=None,display_description=None,display_name='tempest-TaggedBootDevicesTest_v242-volume-1601637501',encryption_key_id=None,group_id=None,group_type_id=,metadata={},multiattach=False,project_id='c4c80d0023b14da6af00ed1cc4021b35',qos_specs=None,replication_status=,reservations=['cdbccea6-61a0-4545-8ff3-c9989adfc4d3','38a65cd1-96b9-4c80-8bc3-98171854fbb6','bca058ed-6153-48c1-a404-65c17dc12e4a','27201653-da2e-4d4a-af5a-3a2b3eb24fa0'],size=1,snapshot_id=None,source_replicaid=,source_volid=None,status='creating',user_id='46bf9c5a1f12441580f03992d3f63a61',volume_type_id=9cf90b24-d6bb-4b19-b976-0b8c4f0ecc27), 'volume': Volume(_name_id=None,admin_metadata=,attach_status='detached',availability_zone='nova',bootable=False,cluster=,cluster_name=None,consistencygroup=,consistencygroup_id=None,created_at=2026-08-20T01:59:51Z,deleted=False,deleted_at=None,display_description=None,display_name='tempest-TaggedBootDevicesTest_v242-volume-1601637501',ec2_id=None,encryption_key_id=None,glance_metadata=,group=,group_id=None,host=None,id=7e5eb81a-6416-4ed8-a32b-90ac39a9da4c,launched_at=None,metadata={},migration_status=None,multiattach=False,previous_status=None,project_id='c4c80d0023b14da6af00ed1cc4021b35',provider_auth=None,provider_geometry=None,provider_id=None,provider_location=None,replication_driver_data=None,replication_extended_status=None,replication_status=None,scheduled_at=None,service_uuid=None,shared_targets=True,size=1,snapshot_id=None,snapshots=,source_volid=None,status='creating',terminated_at=None,updated_at=None,use_quota=True,user_id='46bf9c5a1f12441580f03992d3f63a61',volume_attachment=VolumeAttachmentList,volume_type=VolumeType(9cf90b24-d6bb-4b19-b976-0b8c4f0ecc27),volume_type_id=9cf90b24-d6bb-4b19-b976-0b8c4f0ecc27)}' {{(pid=96992) _task_receiver /opt/stack/data/venv/lib/python3.12/site-packages/taskflow/listeners/logging.py:218}}
Aug 20 01:59:51.825241 np0000007841 devstack@c-api.service[96992]: DEBUG cinder.volume.api [None req-0a5e96fb-e6b1-4f06-8e3f-11420493a46d tempest-TaggedBootDevicesTest_v242-951959788 tempest-TaggedBootDevicesTest_v242-951959788-project-member] Task 'cinder.volume.flows.api.create_volume.QuotaCommitTask;volume:create' (1414b8da-609f-4b2e-b0a6-eba99b365efd) transitioned into state 'RUNNING' from state 'PENDING' {{(pid=96992) _task_receiver /opt/stack/data/venv/lib/python3.12/site-packages/taskflow/listeners/logging.py:242}}
Aug 20 01:59:51.827895 np0000007841 devstack@c-api.service[96994]: DEBUG cinder.api.middleware.request_id [None req-549590ca-3f77-4771-9cbe-93f2bdb54565 None None] RequestId filter calling following filter/app {{(pid=96994) _context_setter /opt/stack/cinder/cinder/api/middleware/request_id.py:62}}
Aug 20 01:59:51.827965 np0000007841 devstack@c-api.service[96993]: INFO cinder.api.openstack.wsgi [None req-f43ec3a4-8d7d-424b-9520-472318fbb0d9 tempest-AttachSCSIVolumeTestJSON-1456386036 tempest-AttachSCSIVolumeTestJSON-1456386036-project-member] https://10.4.3.187/volume/v3/volumes/fd726d16-6b76-44ae-a751-c64aa5d18235 returned with HTTP 200
Aug 20 01:59:51.827965 np0000007841 devstack@c-api.service[96993]: [pid: 96993|app: 0|req: 32/88] 10.4.3.187 () {66 vars in 1348 bytes} [Thu Aug 20 01:59:51 2026] GET /volume/v3/volumes/fd726d16-6b76-44ae-a751-c64aa5d18235 => generated 846 bytes in 83 msecs (HTTP/1.1 200) 7 headers in 285 bytes (1 switches on core 0)
Aug 20 01:59:51.829157 np0000007841 devstack@c-api.service[96994]: INFO cinder.api.openstack.wsgi [None req-549590ca-3f77-4771-9cbe-93f2bdb54565 tempest-VolumesAssistedSnapshotsTest-1599444533 tempest-VolumesAssistedSnapshotsTest-1599444533-project-admin] GET https://10.4.3.187/volume/v3/volumes/6d3af2d4-bd2f-489f-8b5e-2393fe5553b5
Aug 20 01:59:51.829868 np0000007841 devstack@c-api.service[96994]: DEBUG cinder.api.openstack.wsgi [None req-549590ca-3f77-4771-9cbe-93f2bdb54565 tempest-VolumesAssistedSnapshotsTest-1599444533 tempest-VolumesAssistedSnapshotsTest-1599444533-project-admin] Empty body provided in request {{(pid=96994) get_body /opt/stack/cinder/cinder/api/openstack/wsgi.py:725}}
Aug 20 01:59:51.829868 np0000007841 devstack@c-api.service[96994]: DEBUG cinder.api.openstack.wsgi [None req-549590ca-3f77-4771-9cbe-93f2bdb54565 tempest-VolumesAssistedSnapshotsTest-1599444533 tempest-VolumesAssistedSnapshotsTest-1599444533-project-admin] Calling method 'show' {{(pid=96994) _process_stack /opt/stack/cinder/cinder/api/openstack/wsgi.py:878}}
Aug 20 01:59:51.855093 np0000007841 devstack@c-api.service[96994]: /opt/stack/data/venv/lib/python3.12/site-packages/oslo_context/context.py:102: DeprecationWarning: Policy enforcement is depending on the value of is_admin. This key is deprecated. Please update your policy file to use the standard policy values.
Aug 20 01:59:51.855093 np0000007841 devstack@c-api.service[96994]: warnings.warn(
Aug 20 01:59:51.873839 np0000007841 devstack@c-api.service[96994]: INFO cinder.volume.api [None req-549590ca-3f77-4771-9cbe-93f2bdb54565 tempest-VolumesAssistedSnapshotsTest-1599444533 tempest-VolumesAssistedSnapshotsTest-1599444533-project-admin] Volume info retrieved successfully.
Aug 20 01:59:51.874096 np0000007841 devstack@c-api.service[96992]: DEBUG cinder.volume.api [None req-0a5e96fb-e6b1-4f06-8e3f-11420493a46d tempest-TaggedBootDevicesTest_v242-951959788 tempest-TaggedBootDevicesTest_v242-951959788-project-member] Task 'cinder.volume.flows.api.create_volume.QuotaCommitTask;volume:create' (1414b8da-609f-4b2e-b0a6-eba99b365efd) transitioned into state 'SUCCESS' from state 'RUNNING' with result '{'volume_properties': VolumeProperties(attach_status='detached',availability_zone='nova',cgsnapshot_id=None,consistencygroup_id=None,display_description=None,display_name='tempest-TaggedBootDevicesTest_v242-volume-1601637501',encryption_key_id=None,group_id=None,group_type_id=,metadata={},multiattach=False,project_id='c4c80d0023b14da6af00ed1cc4021b35',qos_specs=None,replication_status=,reservations=['cdbccea6-61a0-4545-8ff3-c9989adfc4d3','38a65cd1-96b9-4c80-8bc3-98171854fbb6','bca058ed-6153-48c1-a404-65c17dc12e4a','27201653-da2e-4d4a-af5a-3a2b3eb24fa0'],size=1,snapshot_id=None,source_replicaid=,source_volid=None,status='creating',user_id='46bf9c5a1f12441580f03992d3f63a61',volume_type_id=9cf90b24-d6bb-4b19-b976-0b8c4f0ecc27)}' {{(pid=96992) _task_receiver /opt/stack/data/venv/lib/python3.12/site-packages/taskflow/listeners/logging.py:218}}
Aug 20 01:59:51.875273 np0000007841 devstack@c-api.service[96992]: DEBUG cinder.volume.api [None req-0a5e96fb-e6b1-4f06-8e3f-11420493a46d tempest-TaggedBootDevicesTest_v242-951959788 tempest-TaggedBootDevicesTest_v242-951959788-project-member] Task 'cinder.volume.flows.api.create_volume.VolumeCastTask;volume:create' (34203277-e50c-4b33-8b0f-f7497faf566b) transitioned into state 'RUNNING' from state 'PENDING' {{(pid=96992) _task_receiver /opt/stack/data/venv/lib/python3.12/site-packages/taskflow/listeners/logging.py:242}}
Aug 20 01:59:51.879784 np0000007841 devstack@c-api.service[96993]: DEBUG cinder.api.middleware.request_id [req-473e4a2b-7437-4802-bc08-872dd4528cdb req-bbb1795c-cf31-4831-a1c0-68d350bebd26 None None] RequestId filter calling following filter/app {{(pid=96993) _context_setter /opt/stack/cinder/cinder/api/middleware/request_id.py:62}}
Aug 20 01:59:51.887030 np0000007841 devstack@c-api.service[96994]: INFO cinder.api.openstack.wsgi [None req-549590ca-3f77-4771-9cbe-93f2bdb54565 tempest-VolumesAssistedSnapshotsTest-1599444533 tempest-VolumesAssistedSnapshotsTest-1599444533-project-admin] https://10.4.3.187/volume/v3/volumes/6d3af2d4-bd2f-489f-8b5e-2393fe5553b5 returned with HTTP 200
Aug 20 01:59:51.887643 np0000007841 devstack@c-api.service[96994]: [pid: 96994|app: 0|req: 28/89] 10.4.3.187 () {66 vars in 1348 bytes} [Thu Aug 20 01:59:51 2026] GET /volume/v3/volumes/6d3af2d4-bd2f-489f-8b5e-2393fe5553b5 => generated 1326 bytes in 62 msecs (HTTP/1.1 200) 7 headers in 286 bytes (1 switches on core 0)
Aug 20 01:59:51.890699 np0000007841 devstack@c-api.service[96993]: INFO cinder.api.openstack.wsgi [req-473e4a2b-7437-4802-bc08-872dd4528cdb req-bbb1795c-cf31-4831-a1c0-68d350bebd26 tempest-VolumesAssistedSnapshotsTest-1283572636 tempest-VolumesAssistedSnapshotsTest-1283572636-project] POST https://10.4.3.187/volume/v3/snapshots/a49d6271-2286-481d-8ba5-b36fb6d05645/action
Aug 20 01:59:51.891188 np0000007841 devstack@c-api.service[96993]: DEBUG cinder.api.openstack.wsgi [req-473e4a2b-7437-4802-bc08-872dd4528cdb req-bbb1795c-cf31-4831-a1c0-68d350bebd26 tempest-VolumesAssistedSnapshotsTest-1283572636 tempest-VolumesAssistedSnapshotsTest-1283572636-project] Action body: b'{"os-update_snapshot_status": {"status": "error", "progress": "90%"}}' {{(pid=96993) get_method /opt/stack/cinder/cinder/api/openstack/wsgi.py:993}}
Aug 20 01:59:51.891873 np0000007841 devstack@c-api.service[96993]: DEBUG cinder.api.openstack.wsgi [req-473e4a2b-7437-4802-bc08-872dd4528cdb req-bbb1795c-cf31-4831-a1c0-68d350bebd26 tempest-VolumesAssistedSnapshotsTest-1283572636 tempest-VolumesAssistedSnapshotsTest-1283572636-project] Action: 'action', calling method: _update_snapshot_status, body: {"os-update_snapshot_status": {"status": "error", "progress": "90%"}} {{(pid=96993) _process_stack /opt/stack/cinder/cinder/api/openstack/wsgi.py:876}}
Aug 20 01:59:51.895961 np0000007841 devstack@c-api.service[96993]: DEBUG cinder.api.contrib.snapshot_actions [req-473e4a2b-7437-4802-bc08-872dd4528cdb req-bbb1795c-cf31-4831-a1c0-68d350bebd26 tempest-VolumesAssistedSnapshotsTest-1283572636 tempest-VolumesAssistedSnapshotsTest-1283572636-project] body: {'os-update_snapshot_status': {'status': 'error', 'progress': '90%'}} {{(pid=96993) _update_snapshot_status /opt/stack/cinder/cinder/api/contrib/snapshot_actions.py:46}}
Aug 20 01:59:51.907792 np0000007841 devstack@c-api.service[96992]: DEBUG cinder.volume.api [None req-0a5e96fb-e6b1-4f06-8e3f-11420493a46d tempest-TaggedBootDevicesTest_v242-951959788 tempest-TaggedBootDevicesTest_v242-951959788-project-member] Task 'cinder.volume.flows.api.create_volume.VolumeCastTask;volume:create' (34203277-e50c-4b33-8b0f-f7497faf566b) transitioned into state 'SUCCESS' from state 'RUNNING' with result 'None' {{(pid=96992) _task_receiver /opt/stack/data/venv/lib/python3.12/site-packages/taskflow/listeners/logging.py:218}}
Aug 20 01:59:51.909301 np0000007841 devstack@c-api.service[96992]: DEBUG cinder.volume.api [None req-0a5e96fb-e6b1-4f06-8e3f-11420493a46d tempest-TaggedBootDevicesTest_v242-951959788 tempest-TaggedBootDevicesTest_v242-951959788-project-member] Flow 'volume_create_api' (58614259-2b8e-4c72-8cb9-fd0260e81b46) transitioned into state 'SUCCESS' from state 'RUNNING' {{(pid=96992) _flow_receiver /opt/stack/data/venv/lib/python3.12/site-packages/taskflow/listeners/logging.py:160}}
Aug 20 01:59:51.909684 np0000007841 devstack@c-api.service[96992]: INFO cinder.volume.api [None req-0a5e96fb-e6b1-4f06-8e3f-11420493a46d tempest-TaggedBootDevicesTest_v242-951959788 tempest-TaggedBootDevicesTest_v242-951959788-project-member] Create volume request issued successfully.
Aug 20 01:59:51.910757 np0000007841 devstack@c-api.service[96992]: INFO cinder.api.openstack.wsgi [None req-0a5e96fb-e6b1-4f06-8e3f-11420493a46d tempest-TaggedBootDevicesTest_v242-951959788 tempest-TaggedBootDevicesTest_v242-951959788-project-member] https://10.4.3.187/volume/v3/volumes returned with HTTP 202
Aug 20 01:59:51.911025 np0000007841 devstack@c-api.service[96992]: [pid: 96992|app: 0|req: 30/90] 10.4.3.187 () {68 vars in 1258 bytes} [Thu Aug 20 01:59:51 2026] POST /volume/v3/volumes => generated 757 bytes in 418 msecs (HTTP/1.1 202) 7 headers in 291 bytes (1 switches on core 0)
Aug 20 01:59:51.938079 np0000007841 devstack@c-api.service[96994]: DEBUG cinder.api.middleware.request_id [None req-efb54922-a1f3-41c9-a834-9cf6ea70b351 None None] RequestId filter calling following filter/app {{(pid=96994) _context_setter /opt/stack/cinder/cinder/api/middleware/request_id.py:62}}
Aug 20 01:59:51.941068 np0000007841 devstack@c-api.service[96994]: INFO cinder.api.openstack.wsgi [None req-efb54922-a1f3-41c9-a834-9cf6ea70b351 tempest-TaggedBootDevicesTest_v242-951959788 tempest-TaggedBootDevicesTest_v242-951959788-project-member] GET https://10.4.3.187/volume/v3/volumes/7e5eb81a-6416-4ed8-a32b-90ac39a9da4c
Aug 20 01:59:51.941068 np0000007841 devstack@c-api.service[96994]: DEBUG cinder.api.openstack.wsgi [None req-efb54922-a1f3-41c9-a834-9cf6ea70b351 tempest-TaggedBootDevicesTest_v242-951959788 tempest-TaggedBootDevicesTest_v242-951959788-project-member] Empty body provided in request {{(pid=96994) get_body /opt/stack/cinder/cinder/api/openstack/wsgi.py:725}}
Aug 20 01:59:51.941068 np0000007841 devstack@c-api.service[96994]: DEBUG cinder.api.openstack.wsgi [None req-efb54922-a1f3-41c9-a834-9cf6ea70b351 tempest-TaggedBootDevicesTest_v242-951959788 tempest-TaggedBootDevicesTest_v242-951959788-project-member] Calling method 'show' {{(pid=96994) _process_stack /opt/stack/cinder/cinder/api/openstack/wsgi.py:878}}
Aug 20 01:59:51.952286 np0000007841 devstack@c-api.service[96993]: INFO cinder.api.openstack.wsgi [req-473e4a2b-7437-4802-bc08-872dd4528cdb req-bbb1795c-cf31-4831-a1c0-68d350bebd26 tempest-VolumesAssistedSnapshotsTest-1283572636 tempest-VolumesAssistedSnapshotsTest-1283572636-project] https://10.4.3.187/volume/v3/snapshots/a49d6271-2286-481d-8ba5-b36fb6d05645/action returned with HTTP 404
