Aug 20 01:56:13.454894 np0000007841 nova-scheduler[93497]: DEBUG cotyledon.oslo_config_glue [-] oslo_messaging_rabbit.rabbit_quorum_delivery_limit = 0 {{(pid=93497) log_opt_values /opt/stack/data/venv/lib/python3.12/site-packages/oslo_config/cfg.py:3560}}
Aug 20 01:56:13.454894 np0000007841 nova-scheduler[93497]: DEBUG cotyledon.oslo_config_glue [-] oslo_messaging_rabbit.rabbit_quorum_max_memory_bytes = 0 {{(pid=93497) log_opt_values /opt/stack/data/venv/lib/python3.12/site-packages/oslo_config/cfg.py:3560}}
Aug 20 01:56:13.454894 np0000007841 nova-scheduler[93497]: DEBUG cotyledon.oslo_config_glue [-] oslo_messaging_rabbit.rabbit_quorum_max_memory_length = 0 {{(pid=93497) log_opt_values /opt/stack/data/venv/lib/python3.12/site-packages/oslo_config/cfg.py:3560}}
Aug 20 01:56:13.454894 np0000007841 nova-scheduler[93497]: DEBUG cotyledon.oslo_config_glue [-] oslo_messaging_rabbit.rabbit_quorum_queue = False {{(pid=93497) log_opt_values /opt/stack/data/venv/lib/python3.12/site-packages/oslo_config/cfg.py:3560}}
Aug 20 01:56:13.455206 np0000007841 nova-scheduler[93497]: DEBUG cotyledon.oslo_config_glue [-] oslo_messaging_rabbit.rabbit_retry_backoff = 2 {{(pid=93497) log_opt_values /opt/stack/data/venv/lib/python3.12/site-packages/oslo_config/cfg.py:3560}}
Aug 20 01:56:13.455206 np0000007841 nova-scheduler[93497]: DEBUG cotyledon.oslo_config_glue [-] oslo_messaging_rabbit.rabbit_retry_interval = 1 {{(pid=93497) log_opt_values /opt/stack/data/venv/lib/python3.12/site-packages/oslo_config/cfg.py:3560}}
Aug 20 01:56:13.455206 np0000007841 nova-scheduler[93497]: DEBUG cotyledon.oslo_config_glue [-] oslo_messaging_rabbit.rabbit_stream_fanout = False {{(pid=93497) log_opt_values /opt/stack/data/venv/lib/python3.12/site-packages/oslo_config/cfg.py:3560}}
Aug 20 01:56:13.455206 np0000007841 nova-scheduler[93497]: DEBUG cotyledon.oslo_config_glue [-] oslo_messaging_rabbit.rabbit_transient_queues_ttl = 1800 {{(pid=93497) log_opt_values /opt/stack/data/venv/lib/python3.12/site-packages/oslo_config/cfg.py:3560}}
Aug 20 01:56:13.455206 np0000007841 nova-scheduler[93497]: DEBUG cotyledon.oslo_config_glue [-] oslo_messaging_rabbit.rabbit_transient_quorum_queue = False {{(pid=93497) log_opt_values /opt/stack/data/venv/lib/python3.12/site-packages/oslo_config/cfg.py:3560}}
Aug 20 01:56:13.455206 np0000007841 nova-scheduler[93497]: DEBUG cotyledon.oslo_config_glue [-] oslo_messaging_rabbit.rpc_conn_pool_size = 30 {{(pid=93497) log_opt_values /opt/stack/data/venv/lib/python3.12/site-packages/oslo_config/cfg.py:3560}}
Aug 20 01:56:13.455206 np0000007841 nova-scheduler[93497]: DEBUG cotyledon.oslo_config_glue [-] oslo_messaging_rabbit.ssl = False {{(pid=93497) log_opt_values /opt/stack/data/venv/lib/python3.12/site-packages/oslo_config/cfg.py:3560}}
Aug 20 01:56:13.455206 np0000007841 nova-scheduler[93497]: DEBUG cotyledon.oslo_config_glue [-] oslo_messaging_rabbit.ssl_ca_file = {{(pid=93497) log_opt_values /opt/stack/data/venv/lib/python3.12/site-packages/oslo_config/cfg.py:3560}}
Aug 20 01:56:13.455206 np0000007841 nova-scheduler[93497]: DEBUG cotyledon.oslo_config_glue [-] oslo_messaging_rabbit.ssl_cert_file = {{(pid=93497) log_opt_values /opt/stack/data/venv/lib/python3.12/site-packages/oslo_config/cfg.py:3560}}
Aug 20 01:56:13.455476 np0000007841 nova-scheduler[93497]: DEBUG cotyledon.oslo_config_glue [-] oslo_messaging_rabbit.ssl_enforce_fips_mode = False {{(pid=93497) log_opt_values /opt/stack/data/venv/lib/python3.12/site-packages/oslo_config/cfg.py:3560}}
Aug 20 01:56:13.455476 np0000007841 nova-scheduler[93497]: DEBUG cotyledon.oslo_config_glue [-] oslo_messaging_rabbit.ssl_enforce_hostname_verification = True {{(pid=93497) log_opt_values /opt/stack/data/venv/lib/python3.12/site-packages/oslo_config/cfg.py:3560}}
Aug 20 01:56:13.455476 np0000007841 nova-scheduler[93497]: DEBUG cotyledon.oslo_config_glue [-] oslo_messaging_rabbit.ssl_key_file = {{(pid=93497) log_opt_values /opt/stack/data/venv/lib/python3.12/site-packages/oslo_config/cfg.py:3560}}
Aug 20 01:56:13.455476 np0000007841 nova-scheduler[93497]: DEBUG cotyledon.oslo_config_glue [-] oslo_messaging_rabbit.ssl_version = {{(pid=93497) log_opt_values /opt/stack/data/venv/lib/python3.12/site-packages/oslo_config/cfg.py:3560}}
Aug 20 01:56:13.455476 np0000007841 nova-scheduler[93497]: DEBUG cotyledon.oslo_config_glue [-] oslo_messaging_rabbit.use_queue_manager = False {{(pid=93497) log_opt_values /opt/stack/data/venv/lib/python3.12/site-packages/oslo_config/cfg.py:3560}}
Aug 20 01:56:13.455476 np0000007841 nova-scheduler[93497]: DEBUG cotyledon.oslo_config_glue [-] oslo_messaging_notifications.driver = ['messagingv2'] {{(pid=93497) log_opt_values /opt/stack/data/venv/lib/python3.12/site-packages/oslo_config/cfg.py:3560}}
Aug 20 01:56:13.455476 np0000007841 nova-scheduler[93497]: DEBUG cotyledon.oslo_config_glue [-] oslo_messaging_notifications.retry = -1 {{(pid=93497) log_opt_values /opt/stack/data/venv/lib/python3.12/site-packages/oslo_config/cfg.py:3560}}
Aug 20 01:56:13.455476 np0000007841 nova-scheduler[93497]: DEBUG cotyledon.oslo_config_glue [-] oslo_messaging_notifications.topics = ['notifications'] {{(pid=93497) log_opt_values /opt/stack/data/venv/lib/python3.12/site-packages/oslo_config/cfg.py:3560}}
Aug 20 01:56:13.455476 np0000007841 nova-scheduler[93497]: DEBUG cotyledon.oslo_config_glue [-] oslo_messaging_notifications.transport_url = **** {{(pid=93497) log_opt_values /opt/stack/data/venv/lib/python3.12/site-packages/oslo_config/cfg.py:3560}}
Aug 20 01:56:13.455746 np0000007841 nova-scheduler[93497]: DEBUG cotyledon.oslo_config_glue [-] oslo_limit.auth_section = None {{(pid=93497) log_opt_values /opt/stack/data/venv/lib/python3.12/site-packages/oslo_config/cfg.py:3560}}
Aug 20 01:56:13.455746 np0000007841 nova-scheduler[93497]: DEBUG cotyledon.oslo_config_glue [-] oslo_limit.auth_type = None {{(pid=93497) log_opt_values /opt/stack/data/venv/lib/python3.12/site-packages/oslo_config/cfg.py:3560}}
Aug 20 01:56:13.455746 np0000007841 nova-scheduler[93497]: DEBUG cotyledon.oslo_config_glue [-] oslo_limit.cafile = None {{(pid=93497) log_opt_values /opt/stack/data/venv/lib/python3.12/site-packages/oslo_config/cfg.py:3560}}
Aug 20 01:56:13.455746 np0000007841 nova-scheduler[93497]: DEBUG cotyledon.oslo_config_glue [-] oslo_limit.certfile = None {{(pid=93497) log_opt_values /opt/stack/data/venv/lib/python3.12/site-packages/oslo_config/cfg.py:3560}}
Aug 20 01:56:13.455746 np0000007841 nova-scheduler[93497]: DEBUG cotyledon.oslo_config_glue [-] oslo_limit.collect_timing = False {{(pid=93497) log_opt_values /opt/stack/data/venv/lib/python3.12/site-packages/oslo_config/cfg.py:3560}}
Aug 20 01:56:13.455746 np0000007841 nova-scheduler[93497]: DEBUG cotyledon.oslo_config_glue [-] oslo_limit.connect_retries = None {{(pid=93497) log_opt_values /opt/stack/data/venv/lib/python3.12/site-packages/oslo_config/cfg.py:3560}}
Aug 20 01:56:13.455746 np0000007841 nova-scheduler[93497]: DEBUG cotyledon.oslo_config_glue [-] oslo_limit.connect_retry_delay = None {{(pid=93497) log_opt_values /opt/stack/data/venv/lib/python3.12/site-packages/oslo_config/cfg.py:3560}}
Aug 20 01:56:13.455746 np0000007841 nova-scheduler[93497]: DEBUG cotyledon.oslo_config_glue [-] oslo_limit.endpoint_id = None {{(pid=93497) log_opt_values /opt/stack/data/venv/lib/python3.12/site-packages/oslo_config/cfg.py:3560}}
Aug 20 01:56:13.455746 np0000007841 nova-scheduler[93497]: DEBUG cotyledon.oslo_config_glue [-] oslo_limit.endpoint_interface = public {{(pid=93497) log_opt_values /opt/stack/data/venv/lib/python3.12/site-packages/oslo_config/cfg.py:3560}}
Aug 20 01:56:13.456023 np0000007841 nova-scheduler[93497]: DEBUG cotyledon.oslo_config_glue [-] oslo_limit.endpoint_override = None {{(pid=93497) log_opt_values /opt/stack/data/venv/lib/python3.12/site-packages/oslo_config/cfg.py:3560}}
Aug 20 01:56:13.456023 np0000007841 nova-scheduler[93497]: DEBUG cotyledon.oslo_config_glue [-] oslo_limit.endpoint_region_name = None {{(pid=93497) log_opt_values /opt/stack/data/venv/lib/python3.12/site-packages/oslo_config/cfg.py:3560}}
Aug 20 01:56:13.456023 np0000007841 nova-scheduler[93497]: DEBUG cotyledon.oslo_config_glue [-] oslo_limit.endpoint_service_name = None {{(pid=93497) log_opt_values /opt/stack/data/venv/lib/python3.12/site-packages/oslo_config/cfg.py:3560}}
Aug 20 01:56:13.456023 np0000007841 nova-scheduler[93497]: DEBUG cotyledon.oslo_config_glue [-] oslo_limit.endpoint_service_type = None {{(pid=93497) log_opt_values /opt/stack/data/venv/lib/python3.12/site-packages/oslo_config/cfg.py:3560}}
Aug 20 01:56:13.456023 np0000007841 nova-scheduler[93497]: DEBUG cotyledon.oslo_config_glue [-] oslo_limit.insecure = False {{(pid=93497) log_opt_values /opt/stack/data/venv/lib/python3.12/site-packages/oslo_config/cfg.py:3560}}
Aug 20 01:56:13.456023 np0000007841 nova-scheduler[93497]: DEBUG cotyledon.oslo_config_glue [-] oslo_limit.keyfile = None {{(pid=93497) log_opt_values /opt/stack/data/venv/lib/python3.12/site-packages/oslo_config/cfg.py:3560}}
Aug 20 01:56:13.456023 np0000007841 nova-scheduler[93497]: DEBUG cotyledon.oslo_config_glue [-] oslo_limit.max_version = None {{(pid=93497) log_opt_values /opt/stack/data/venv/lib/python3.12/site-packages/oslo_config/cfg.py:3560}}
Aug 20 01:56:13.456023 np0000007841 nova-scheduler[93497]: DEBUG cotyledon.oslo_config_glue [-] oslo_limit.min_version = None {{(pid=93497) log_opt_values /opt/stack/data/venv/lib/python3.12/site-packages/oslo_config/cfg.py:3560}}
Aug 20 01:56:13.456023 np0000007841 nova-scheduler[93497]: DEBUG cotyledon.oslo_config_glue [-] oslo_limit.region_name = None {{(pid=93497) log_opt_values /opt/stack/data/venv/lib/python3.12/site-packages/oslo_config/cfg.py:3560}}
Aug 20 01:56:13.456315 np0000007841 nova-scheduler[93497]: DEBUG cotyledon.oslo_config_glue [-] oslo_limit.retriable_status_codes = None {{(pid=93497) log_opt_values /opt/stack/data/venv/lib/python3.12/site-packages/oslo_config/cfg.py:3560}}
Aug 20 01:56:13.456315 np0000007841 nova-scheduler[93497]: DEBUG cotyledon.oslo_config_glue [-] oslo_limit.service_name = None {{(pid=93497) log_opt_values /opt/stack/data/venv/lib/python3.12/site-packages/oslo_config/cfg.py:3560}}
Aug 20 01:56:13.456315 np0000007841 nova-scheduler[93497]: DEBUG cotyledon.oslo_config_glue [-] oslo_limit.service_type = None {{(pid=93497) log_opt_values /opt/stack/data/venv/lib/python3.12/site-packages/oslo_config/cfg.py:3560}}
Aug 20 01:56:13.456315 np0000007841 nova-scheduler[93497]: DEBUG cotyledon.oslo_config_glue [-] oslo_limit.split_loggers = False {{(pid=93497) log_opt_values /opt/stack/data/venv/lib/python3.12/site-packages/oslo_config/cfg.py:3560}}
Aug 20 01:56:13.456315 np0000007841 nova-scheduler[93497]: DEBUG cotyledon.oslo_config_glue [-] oslo_limit.status_code_retries = None {{(pid=93497) log_opt_values /opt/stack/data/venv/lib/python3.12/site-packages/oslo_config/cfg.py:3560}}
Aug 20 01:56:13.456315 np0000007841 nova-scheduler[93497]: DEBUG cotyledon.oslo_config_glue [-] oslo_limit.status_code_retry_delay = None {{(pid=93497) log_opt_values /opt/stack/data/venv/lib/python3.12/site-packages/oslo_config/cfg.py:3560}}
Aug 20 01:56:13.456315 np0000007841 nova-scheduler[93497]: DEBUG cotyledon.oslo_config_glue [-] oslo_limit.timeout = None {{(pid=93497) log_opt_values /opt/stack/data/venv/lib/python3.12/site-packages/oslo_config/cfg.py:3560}}
Aug 20 01:56:13.456315 np0000007841 nova-scheduler[93497]: DEBUG cotyledon.oslo_config_glue [-] oslo_limit.valid_interfaces = None {{(pid=93497) log_opt_values /opt/stack/data/venv/lib/python3.12/site-packages/oslo_config/cfg.py:3560}}
Aug 20 01:56:13.456315 np0000007841 nova-scheduler[93497]: DEBUG cotyledon.oslo_config_glue [-] oslo_limit.version = None {{(pid=93497) log_opt_values /opt/stack/data/venv/lib/python3.12/site-packages/oslo_config/cfg.py:3560}}
Aug 20 01:56:13.456585 np0000007841 nova-scheduler[93497]: DEBUG cotyledon.oslo_config_glue [-] oslo_reports.file_event_handler = None {{(pid=93497) log_opt_values /opt/stack/data/venv/lib/python3.12/site-packages/oslo_config/cfg.py:3560}}
Aug 20 01:56:13.456585 np0000007841 nova-scheduler[93497]: DEBUG cotyledon.oslo_config_glue [-] oslo_reports.file_event_handler_interval = 1 {{(pid=93497) log_opt_values /opt/stack/data/venv/lib/python3.12/site-packages/oslo_config/cfg.py:3560}}
Aug 20 01:56:13.456585 np0000007841 nova-scheduler[93497]: DEBUG cotyledon.oslo_config_glue [-] oslo_reports.log_dir = None {{(pid=93497) log_opt_values /opt/stack/data/venv/lib/python3.12/site-packages/oslo_config/cfg.py:3560}}
Aug 20 01:56:13.456585 np0000007841 nova-scheduler[93497]: DEBUG cotyledon.oslo_config_glue [-] ******************************************************************************** {{(pid=93497) log_opt_values /opt/stack/data/venv/lib/python3.12/site-packages/oslo_config/cfg.py:3567}}
Aug 20 01:56:13.456585 np0000007841 nova-scheduler[93497]: DEBUG cotyledon._service_worker [-] Run service ServiceWrapper(2) [93497] {{(pid=93497) wait_forever /opt/stack/data/venv/lib/python3.12/site-packages/cotyledon/_service_worker.py:218}}
Aug 20 01:56:13.456585 np0000007841 nova-scheduler[93497]: INFO nova.service [-] Starting scheduler node (version 33.1.0)
Aug 20 01:56:13.456766 np0000007841 nova-scheduler[93493]: DEBUG oslo_db.sqlalchemy.engines [None req-75479c0e-d30d-4a8d-8856-d20dccb4064a None None] MySQL server mode set to STRICT_TRANS_TABLES,STRICT_ALL_TABLES,NO_ZERO_IN_DATE,NO_ZERO_DATE,ERROR_FOR_DIVISION_BY_ZERO,TRADITIONAL,NO_ENGINE_SUBSTITUTION {{(pid=93493) _check_effective_sql_mode /opt/stack/data/venv/lib/python3.12/site-packages/oslo_db/sqlalchemy/engines.py:325}}
Aug 20 01:56:13.456810 np0000007841 nova-scheduler[93497]: INFO dbcounter [None req-98b46c7c-98b3-4892-a667-ec340626221b None None] Registered counter for database nova_cell0
Aug 20 01:56:13.457096 np0000007841 nova-scheduler[93495]: DEBUG oslo_db.sqlalchemy.engines [None req-a45cb9f6-460a-4ea3-ba4c-63d6f43eb337 None None] MySQL server mode set to STRICT_TRANS_TABLES,STRICT_ALL_TABLES,NO_ZERO_IN_DATE,NO_ZERO_DATE,ERROR_FOR_DIVISION_BY_ZERO,TRADITIONAL,NO_ENGINE_SUBSTITUTION {{(pid=93495) _check_effective_sql_mode /opt/stack/data/venv/lib/python3.12/site-packages/oslo_db/sqlalchemy/engines.py:325}}
Aug 20 01:56:13.457278 np0000007841 nova-scheduler[93493]: DEBUG dbcounter [-] [93493] Writer thread running {{(pid=93493) stat_writer /opt/stack/data/venv/lib/python3.12/site-packages/dbcounter.py:102}}
Aug 20 01:56:13.467671 np0000007841 nova-scheduler[93495]: DEBUG dbcounter [-] [93495] Writer thread running {{(pid=93495) stat_writer /opt/stack/data/venv/lib/python3.12/site-packages/dbcounter.py:102}}
Aug 20 01:56:13.470522 np0000007841 nova-scheduler[93493]: DEBUG nova.service [None req-75479c0e-d30d-4a8d-8856-d20dccb4064a None None] Creating RPC server for service: nova-scheduler on topic: scheduler {{(pid=93493) start /opt/stack/nova/nova/service.py:262}}
Aug 20 01:56:13.484218 np0000007841 nova-scheduler[93497]: DEBUG oslo_db.sqlalchemy.engines [None req-98b46c7c-98b3-4892-a667-ec340626221b None None] MySQL server mode set to STRICT_TRANS_TABLES,STRICT_ALL_TABLES,NO_ZERO_IN_DATE,NO_ZERO_DATE,ERROR_FOR_DIVISION_BY_ZERO,TRADITIONAL,NO_ENGINE_SUBSTITUTION {{(pid=93497) _check_effective_sql_mode /opt/stack/data/venv/lib/python3.12/site-packages/oslo_db/sqlalchemy/engines.py:325}}
Aug 20 01:56:13.485577 np0000007841 nova-scheduler[93495]: DEBUG nova.service [None req-a45cb9f6-460a-4ea3-ba4c-63d6f43eb337 None None] Creating RPC server for service: nova-scheduler on topic: scheduler {{(pid=93495) start /opt/stack/nova/nova/service.py:262}}
Aug 20 01:56:13.494780 np0000007841 nova-scheduler[93497]: DEBUG dbcounter [-] [93497] Writer thread running {{(pid=93497) stat_writer /opt/stack/data/venv/lib/python3.12/site-packages/dbcounter.py:102}}
Aug 20 01:56:13.498046 np0000007841 nova-scheduler[93497]: DEBUG nova.service [None req-98b46c7c-98b3-4892-a667-ec340626221b None None] Creating RPC server for service: nova-scheduler on topic: scheduler {{(pid=93497) start /opt/stack/nova/nova/service.py:262}}
Aug 20 01:56:13.500963 np0000007841 nova-scheduler[93493]: DEBUG nova.service [None req-75479c0e-d30d-4a8d-8856-d20dccb4064a None None] Join ServiceGroup membership for this service scheduler {{(pid=93493) start /opt/stack/nova/nova/service.py:288}}
Aug 20 01:56:13.501243 np0000007841 nova-scheduler[93493]: DEBUG nova.servicegroup.drivers.db [None req-75479c0e-d30d-4a8d-8856-d20dccb4064a None None] DB_Driver: join new ServiceGroup member np0000007841 to the scheduler group, service = {{(pid=93493) join /opt/stack/nova/nova/servicegroup/drivers/db.py:44}}
Aug 20 01:56:13.502895 np0000007841 nova-scheduler[93495]: DEBUG nova.service [None req-a45cb9f6-460a-4ea3-ba4c-63d6f43eb337 None None] Join ServiceGroup membership for this service scheduler {{(pid=93495) start /opt/stack/nova/nova/service.py:288}}
Aug 20 01:56:13.503359 np0000007841 nova-scheduler[93495]: DEBUG nova.servicegroup.drivers.db [None req-a45cb9f6-460a-4ea3-ba4c-63d6f43eb337 None None] DB_Driver: join new ServiceGroup member np0000007841 to the scheduler group, service = {{(pid=93495) join /opt/stack/nova/nova/servicegroup/drivers/db.py:44}}
Aug 20 01:56:13.514361 np0000007841 nova-scheduler[93497]: DEBUG nova.service [None req-98b46c7c-98b3-4892-a667-ec340626221b None None] Join ServiceGroup membership for this service scheduler {{(pid=93497) start /opt/stack/nova/nova/service.py:288}}
Aug 20 01:56:13.514568 np0000007841 nova-scheduler[93497]: DEBUG nova.servicegroup.drivers.db [None req-98b46c7c-98b3-4892-a667-ec340626221b None None] DB_Driver: join new ServiceGroup member np0000007841 to the scheduler group, service = {{(pid=93497) join /opt/stack/nova/nova/servicegroup/drivers/db.py:44}}
Aug 20 01:56:18.520913 np0000007841 nova-scheduler[93495]: DEBUG oslo.service.backend._threading.loopingcall [-] Fixed interval looping call 'nova.servicegroup.drivers.db.DbDriver._report_state' sleeping for 119.98 seconds {{(pid=93495) _run_loop /opt/stack/data/venv/lib/python3.12/site-packages/oslo_service/backend/_threading/loopingcall.py:125}}
Aug 20 01:56:18.522881 np0000007841 nova-scheduler[93493]: DEBUG oslo.service.backend._threading.loopingcall [-] Fixed interval looping call 'nova.servicegroup.drivers.db.DbDriver._report_state' sleeping for 119.98 seconds {{(pid=93493) _run_loop /opt/stack/data/venv/lib/python3.12/site-packages/oslo_service/backend/_threading/loopingcall.py:125}}
Aug 20 01:56:18.529115 np0000007841 nova-scheduler[93497]: DEBUG oslo.service.backend._threading.loopingcall [-] Fixed interval looping call 'nova.servicegroup.drivers.db.DbDriver._report_state' sleeping for 119.99 seconds {{(pid=93497) _run_loop /opt/stack/data/venv/lib/python3.12/site-packages/oslo_service/backend/_threading/loopingcall.py:125}}
Aug 20 01:56:22.066370 np0000007841 nova-scheduler[92212]: DEBUG dbcounter [-] [92212] Writing DB stats nova_api:SELECT=3 {{(pid=92212) stat_writer /opt/stack/data/venv/lib/python3.12/site-packages/dbcounter.py:115}}
Aug 20 01:56:22.189231 np0000007841 nova-scheduler[92212]: DEBUG dbcounter [-] [92212] Writing DB stats nova_cell0:SELECT=1 {{(pid=92212) stat_writer /opt/stack/data/venv/lib/python3.12/site-packages/dbcounter.py:115}}
Aug 20 01:56:22.193216 np0000007841 nova-scheduler[92212]: DEBUG dbcounter [-] [92212] Writing DB stats nova_cell1:SELECT=1 {{(pid=92212) stat_writer /opt/stack/data/venv/lib/python3.12/site-packages/dbcounter.py:115}}
Aug 20 01:56:28.515205 np0000007841 nova-scheduler[93493]: DEBUG dbcounter [-] [93493] Writing DB stats nova_cell0:SELECT=4,nova_cell0:INSERT=1,nova_cell0:UPDATE=1 {{(pid=93493) stat_writer /opt/stack/data/venv/lib/python3.12/site-packages/dbcounter.py:115}}
Aug 20 01:56:28.515661 np0000007841 nova-scheduler[93495]: DEBUG dbcounter [-] [93495] Writing DB stats nova_cell0:SELECT=4,nova_cell0:INSERT=1,nova_cell0:UPDATE=1 {{(pid=93495) stat_writer /opt/stack/data/venv/lib/python3.12/site-packages/dbcounter.py:115}}
Aug 20 01:56:28.526429 np0000007841 nova-scheduler[93497]: DEBUG dbcounter [-] [93497] Writing DB stats nova_cell0:SELECT=3 {{(pid=93497) stat_writer /opt/stack/data/venv/lib/python3.12/site-packages/dbcounter.py:115}}
Aug 20 01:56:30.505310 np0000007841 nova-scheduler[93495]: DEBUG oslo.service.backend._threading.loopingcall [None req-db11aad6-dbd1-472d-9e17-3e21e3501eb9 None None] Dynamic interval looping call 'nova.service.Service.periodic_tasks' sleeping for 60.00 seconds {{(pid=93495) _run_loop /opt/stack/data/venv/lib/python3.12/site-packages/oslo_service/backend/_threading/loopingcall.py:125}}
Aug 20 01:56:30.516658 np0000007841 nova-scheduler[93497]: DEBUG oslo.service.backend._threading.loopingcall [None req-80441c48-1a33-459f-9a9d-e44fe934b3a6 None None] Dynamic interval looping call 'nova.service.Service.periodic_tasks' sleeping for 60.00 seconds {{(pid=93497) _run_loop /opt/stack/data/venv/lib/python3.12/site-packages/oslo_service/backend/_threading/loopingcall.py:125}}
Aug 20 01:56:31.504022 np0000007841 nova-scheduler[93493]: DEBUG oslo.service.backend._threading.loopingcall [None req-86787169-80ce-4413-be5d-0ce5e75aa4ed None None] Dynamic interval looping call 'nova.service.Service.periodic_tasks' sleeping for 60.00 seconds {{(pid=93493) _run_loop /opt/stack/data/venv/lib/python3.12/site-packages/oslo_service/backend/_threading/loopingcall.py:125}}
Aug 20 01:57:30.505869 np0000007841 nova-scheduler[93495]: DEBUG oslo.service.backend._threading.loopingcall [None req-db11aad6-dbd1-472d-9e17-3e21e3501eb9 None None] Dynamic interval looping call 'nova.service.Service.periodic_tasks' sleeping for 60.00 seconds {{(pid=93495) _run_loop /opt/stack/data/venv/lib/python3.12/site-packages/oslo_service/backend/_threading/loopingcall.py:125}}
Aug 20 01:57:30.517275 np0000007841 nova-scheduler[93497]: DEBUG oslo.service.backend._threading.loopingcall [None req-80441c48-1a33-459f-9a9d-e44fe934b3a6 None None] Dynamic interval looping call 'nova.service.Service.periodic_tasks' sleeping for 60.00 seconds {{(pid=93497) _run_loop /opt/stack/data/venv/lib/python3.12/site-packages/oslo_service/backend/_threading/loopingcall.py:125}}
Aug 20 01:57:31.504652 np0000007841 nova-scheduler[93493]: DEBUG oslo.service.backend._threading.loopingcall [None req-86787169-80ce-4413-be5d-0ce5e75aa4ed None None] Dynamic interval looping call 'nova.service.Service.periodic_tasks' sleeping for 60.00 seconds {{(pid=93493) _run_loop /opt/stack/data/venv/lib/python3.12/site-packages/oslo_service/backend/_threading/loopingcall.py:125}}
Aug 20 01:58:18.507265 np0000007841 nova-scheduler[93495]: DEBUG oslo.service.backend._threading.loopingcall [-] Fixed interval looping call 'nova.servicegroup.drivers.db.DbDriver._report_state' sleeping for 119.99 seconds {{(pid=93495) _run_loop /opt/stack/data/venv/lib/python3.12/site-packages/oslo_service/backend/_threading/loopingcall.py:125}}
Aug 20 01:58:18.507888 np0000007841 nova-scheduler[93493]: DEBUG oslo.service.backend._threading.loopingcall [-] Fixed interval looping call 'nova.servicegroup.drivers.db.DbDriver._report_state' sleeping for 120.00 seconds {{(pid=93493) _run_loop /opt/stack/data/venv/lib/python3.12/site-packages/oslo_service/backend/_threading/loopingcall.py:125}}
Aug 20 01:58:18.522485 np0000007841 nova-scheduler[93497]: DEBUG oslo.service.backend._threading.loopingcall [-] Fixed interval looping call 'nova.servicegroup.drivers.db.DbDriver._report_state' sleeping for 120.00 seconds {{(pid=93497) _run_loop /opt/stack/data/venv/lib/python3.12/site-packages/oslo_service/backend/_threading/loopingcall.py:125}}
Aug 20 01:58:28.504266 np0000007841 nova-scheduler[93495]: DEBUG dbcounter [-] [93495] Writing DB stats nova_cell0:SELECT=1,nova_cell0:UPDATE=1 {{(pid=93495) stat_writer /opt/stack/data/venv/lib/python3.12/site-packages/dbcounter.py:115}}
Aug 20 01:58:28.506857 np0000007841 nova-scheduler[93493]: DEBUG dbcounter [-] [93493] Writing DB stats nova_cell0:SELECT=1,nova_cell0:UPDATE=1 {{(pid=93493) stat_writer /opt/stack/data/venv/lib/python3.12/site-packages/dbcounter.py:115}}
Aug 20 01:58:28.521557 np0000007841 nova-scheduler[93497]: DEBUG dbcounter [-] [93497] Writing DB stats nova_cell0:SELECT=1 {{(pid=93497) stat_writer /opt/stack/data/venv/lib/python3.12/site-packages/dbcounter.py:115}}
Aug 20 01:58:30.506302 np0000007841 nova-scheduler[93495]: DEBUG oslo.service.backend._threading.loopingcall [None req-db11aad6-dbd1-472d-9e17-3e21e3501eb9 None None] Dynamic interval looping call 'nova.service.Service.periodic_tasks' sleeping for 60.00 seconds {{(pid=93495) _run_loop /opt/stack/data/venv/lib/python3.12/site-packages/oslo_service/backend/_threading/loopingcall.py:125}}
Aug 20 01:58:30.517892 np0000007841 nova-scheduler[93497]: DEBUG oslo.service.backend._threading.loopingcall [None req-80441c48-1a33-459f-9a9d-e44fe934b3a6 None None] Dynamic interval looping call 'nova.service.Service.periodic_tasks' sleeping for 60.00 seconds {{(pid=93497) _run_loop /opt/stack/data/venv/lib/python3.12/site-packages/oslo_service/backend/_threading/loopingcall.py:125}}
Aug 20 01:58:31.505160 np0000007841 nova-scheduler[93493]: DEBUG oslo.service.backend._threading.loopingcall [None req-86787169-80ce-4413-be5d-0ce5e75aa4ed None None] Dynamic interval looping call 'nova.service.Service.periodic_tasks' sleeping for 60.00 seconds {{(pid=93493) _run_loop /opt/stack/data/venv/lib/python3.12/site-packages/oslo_service/backend/_threading/loopingcall.py:125}}
Aug 20 01:58:43.677029 np0000007841 nova-scheduler[93493]: DEBUG nova.scheduler.manager [None req-9b7a856e-0e76-4143-9c46-ceba1a8f0ed8 tempest-ServerBootFromVolumeStableRescueTest-1102124428 tempest-ServerBootFromVolumeStableRescueTest-1102124428-project-member] Starting to schedule for instances: ['95b2c2b1-69a8-4c76-a20f-8a459bd4e427'] {{(pid=93493) select_destinations /opt/stack/nova/nova/scheduler/manager.py:197}}
Aug 20 01:58:43.678274 np0000007841 nova-scheduler[93493]: DEBUG nova.scheduler.request_filter [None req-9b7a856e-0e76-4143-9c46-ceba1a8f0ed8 tempest-ServerBootFromVolumeStableRescueTest-1102124428 tempest-ServerBootFromVolumeStableRescueTest-1102124428-project-member] compute_status_filter request filter added forbidden trait COMPUTE_STATUS_DISABLED {{(pid=93493) compute_status_filter /opt/stack/nova/nova/scheduler/request_filter.py:253}}
Aug 20 01:58:43.678528 np0000007841 nova-scheduler[93493]: DEBUG nova.scheduler.request_filter [None req-9b7a856e-0e76-4143-9c46-ceba1a8f0ed8 tempest-ServerBootFromVolumeStableRescueTest-1102124428 tempest-ServerBootFromVolumeStableRescueTest-1102124428-project-member] Request filter 'compute_status_filter' took 0.0 seconds {{(pid=93493) wrapper /opt/stack/nova/nova/scheduler/request_filter.py:46}}
Aug 20 01:58:43.678984 np0000007841 nova-scheduler[93493]: DEBUG nova.scheduler.request_filter [None req-9b7a856e-0e76-4143-9c46-ceba1a8f0ed8 tempest-ServerBootFromVolumeStableRescueTest-1102124428 tempest-ServerBootFromVolumeStableRescueTest-1102124428-project-member] Request filter 'accelerators_filter' took 0.0 seconds {{(pid=93493) wrapper /opt/stack/nova/nova/scheduler/request_filter.py:46}}
Aug 20 01:58:43.679047 np0000007841 nova-scheduler[93493]: DEBUG nova.scheduler.request_filter [None req-9b7a856e-0e76-4143-9c46-ceba1a8f0ed8 tempest-ServerBootFromVolumeStableRescueTest-1102124428 tempest-ServerBootFromVolumeStableRescueTest-1102124428-project-member] Request filter 'packed_virtqueue_filter' took 0.0 seconds {{(pid=93493) wrapper /opt/stack/nova/nova/scheduler/request_filter.py:46}}
Aug 20 01:58:43.679435 np0000007841 nova-scheduler[93493]: DEBUG nova.scheduler.request_filter [None req-9b7a856e-0e76-4143-9c46-ceba1a8f0ed8 tempest-ServerBootFromVolumeStableRescueTest-1102124428 tempest-ServerBootFromVolumeStableRescueTest-1102124428-project-member] Request filter 'remote_managed_ports_filter' took 0.0 seconds {{(pid=93493) wrapper /opt/stack/nova/nova/scheduler/request_filter.py:46}}
Aug 20 01:58:43.679734 np0000007841 nova-scheduler[93493]: DEBUG nova.scheduler.request_filter [None req-9b7a856e-0e76-4143-9c46-ceba1a8f0ed8 tempest-ServerBootFromVolumeStableRescueTest-1102124428 tempest-ServerBootFromVolumeStableRescueTest-1102124428-project-member] ephemeral_encryption_filter skipped {{(pid=93493) ephemeral_encryption_filter /opt/stack/nova/nova/scheduler/request_filter.py:426}}
Aug 20 01:58:43.679943 np0000007841 nova-scheduler[93493]: DEBUG nova.scheduler.request_filter [None req-9b7a856e-0e76-4143-9c46-ceba1a8f0ed8 tempest-ServerBootFromVolumeStableRescueTest-1102124428 tempest-ServerBootFromVolumeStableRescueTest-1102124428-project-member] virtio_sound_filter skipped {{(pid=93493) virtio_sound_filter /opt/stack/nova/nova/scheduler/request_filter.py:460}}
Aug 20 01:58:43.680483 np0000007841 nova-scheduler[93493]: DEBUG nova.scheduler.request_filter [None req-9b7a856e-0e76-4143-9c46-ceba1a8f0ed8 tempest-ServerBootFromVolumeStableRescueTest-1102124428 tempest-ServerBootFromVolumeStableRescueTest-1102124428-project-member] tpm_secret_security_filter skipped {{(pid=93493) tpm_secret_security_filter /opt/stack/nova/nova/scheduler/request_filter.py:477}}
Aug 20 01:58:44.133501 np0000007841 nova-scheduler[93493]: INFO nova.utils [None req-9b7a856e-0e76-4143-9c46-ceba1a8f0ed8 tempest-ServerBootFromVolumeStableRescueTest-1102124428 tempest-ServerBootFromVolumeStableRescueTest-1102124428-project-member] The cell worker thread pool ForkProcess-1.cell_worker is initialized
Aug 20 01:58:44.133817 np0000007841 nova-scheduler[93493]: DEBUG oslo_concurrency.lockutils [None req-9b7a856e-0e76-4143-9c46-ceba1a8f0ed8 tempest-ServerBootFromVolumeStableRescueTest-1102124428 tempest-ServerBootFromVolumeStableRescueTest-1102124428-project-member] Acquiring lock "ec5b81e0-fb0c-49fd-9b43-ac5a41ef8e51" by "nova.context.set_target_cell..get_or_set_cached_cell_and_set_connections" {{(pid=93493) inner /opt/stack/data/venv/lib/python3.12/site-packages/oslo_concurrency/lockutils.py:512}}
Aug 20 01:58:44.134005 np0000007841 nova-scheduler[93493]: DEBUG oslo_concurrency.lockutils [None req-9b7a856e-0e76-4143-9c46-ceba1a8f0ed8 tempest-ServerBootFromVolumeStableRescueTest-1102124428 tempest-ServerBootFromVolumeStableRescueTest-1102124428-project-member] Lock "ec5b81e0-fb0c-49fd-9b43-ac5a41ef8e51" acquired by "nova.context.set_target_cell..get_or_set_cached_cell_and_set_connections" :: waited 0.000s {{(pid=93493) inner /opt/stack/data/venv/lib/python3.12/site-packages/oslo_concurrency/lockutils.py:525}}
Aug 20 01:58:44.135104 np0000007841 nova-scheduler[93493]: DEBUG oslo_concurrency.lockutils [None req-9b7a856e-0e76-4143-9c46-ceba1a8f0ed8 tempest-ServerBootFromVolumeStableRescueTest-1102124428 tempest-ServerBootFromVolumeStableRescueTest-1102124428-project-member] Lock "ec5b81e0-fb0c-49fd-9b43-ac5a41ef8e51" "released" by "nova.context.set_target_cell..get_or_set_cached_cell_and_set_connections" :: held 0.001s {{(pid=93493) inner /opt/stack/data/venv/lib/python3.12/site-packages/oslo_concurrency/lockutils.py:544}}
Aug 20 01:58:44.136496 np0000007841 nova-scheduler[93493]: INFO dbcounter [None req-9b7a856e-0e76-4143-9c46-ceba1a8f0ed8 tempest-ServerBootFromVolumeStableRescueTest-1102124428 tempest-ServerBootFromVolumeStableRescueTest-1102124428-project-member] Registered counter for database nova_cell1
Aug 20 01:58:44.164754 np0000007841 nova-scheduler[93493]: DEBUG oslo_db.sqlalchemy.engines [None req-9b7a856e-0e76-4143-9c46-ceba1a8f0ed8 tempest-ServerBootFromVolumeStableRescueTest-1102124428 tempest-ServerBootFromVolumeStableRescueTest-1102124428-project-member] MySQL server mode set to STRICT_TRANS_TABLES,STRICT_ALL_TABLES,NO_ZERO_IN_DATE,NO_ZERO_DATE,ERROR_FOR_DIVISION_BY_ZERO,TRADITIONAL,NO_ENGINE_SUBSTITUTION {{(pid=93493) _check_effective_sql_mode /opt/stack/data/venv/lib/python3.12/site-packages/oslo_db/sqlalchemy/engines.py:325}}
Aug 20 01:58:44.171014 np0000007841 nova-scheduler[93493]: DEBUG dbcounter [-] [93493] Writer thread running {{(pid=93493) stat_writer /opt/stack/data/venv/lib/python3.12/site-packages/dbcounter.py:102}}
Aug 20 01:58:44.183891 np0000007841 nova-scheduler[93493]: DEBUG oslo_db.sqlalchemy.engines [None req-9b7a856e-0e76-4143-9c46-ceba1a8f0ed8 tempest-ServerBootFromVolumeStableRescueTest-1102124428 tempest-ServerBootFromVolumeStableRescueTest-1102124428-project-member] Parent process 92212 forked (93493) with an open database connection, which is being discarded and recreated. {{(pid=93493) checkout /opt/stack/data/venv/lib/python3.12/site-packages/oslo_db/sqlalchemy/engines.py:402}}
Aug 20 01:58:44.216161 np0000007841 nova-scheduler[93493]: DEBUG dbcounter [-] [93493] Writer thread running {{(pid=93493) stat_writer /opt/stack/data/venv/lib/python3.12/site-packages/dbcounter.py:102}}
Aug 20 01:58:44.217499 np0000007841 nova-scheduler[93493]: DEBUG oslo_concurrency.lockutils [None req-9b7a856e-0e76-4143-9c46-ceba1a8f0ed8 tempest-ServerBootFromVolumeStableRescueTest-1102124428 tempest-ServerBootFromVolumeStableRescueTest-1102124428-project-member] Acquiring lock "ec5b81e0-fb0c-49fd-9b43-ac5a41ef8e51" by "nova.context.set_target_cell..get_or_set_cached_cell_and_set_connections" {{(pid=93493) inner /opt/stack/data/venv/lib/python3.12/site-packages/oslo_concurrency/lockutils.py:512}}
Aug 20 01:58:44.217765 np0000007841 nova-scheduler[93493]: DEBUG oslo_concurrency.lockutils [None req-9b7a856e-0e76-4143-9c46-ceba1a8f0ed8 tempest-ServerBootFromVolumeStableRescueTest-1102124428 tempest-ServerBootFromVolumeStableRescueTest-1102124428-project-member] Lock "ec5b81e0-fb0c-49fd-9b43-ac5a41ef8e51" acquired by "nova.context.set_target_cell..get_or_set_cached_cell_and_set_connections" :: waited 0.000s {{(pid=93493) inner /opt/stack/data/venv/lib/python3.12/site-packages/oslo_concurrency/lockutils.py:525}}
Aug 20 01:58:44.217881 np0000007841 nova-scheduler[93493]: DEBUG oslo_concurrency.lockutils [None req-9b7a856e-0e76-4143-9c46-ceba1a8f0ed8 tempest-ServerBootFromVolumeStableRescueTest-1102124428 tempest-ServerBootFromVolumeStableRescueTest-1102124428-project-member] Lock "ec5b81e0-fb0c-49fd-9b43-ac5a41ef8e51" "released" by "nova.context.set_target_cell..get_or_set_cached_cell_and_set_connections" :: held 0.000s {{(pid=93493) inner /opt/stack/data/venv/lib/python3.12/site-packages/oslo_concurrency/lockutils.py:544}}
Aug 20 01:58:44.220683 np0000007841 nova-scheduler[93493]: DEBUG oslo_concurrency.lockutils [None req-9b7a856e-0e76-4143-9c46-ceba1a8f0ed8 tempest-ServerBootFromVolumeStableRescueTest-1102124428 tempest-ServerBootFromVolumeStableRescueTest-1102124428-project-member] Acquiring lock "np0000007841-np0000007841" by "nova.scheduler.host_manager.HostState.update.._locked_update" {{(pid=93493) inner /opt/stack/data/venv/lib/python3.12/site-packages/oslo_concurrency/lockutils.py:512}}
Aug 20 01:58:44.220783 np0000007841 nova-scheduler[93493]: DEBUG oslo_concurrency.lockutils [None req-9b7a856e-0e76-4143-9c46-ceba1a8f0ed8 tempest-ServerBootFromVolumeStableRescueTest-1102124428 tempest-ServerBootFromVolumeStableRescueTest-1102124428-project-member] Lock "np0000007841-np0000007841" acquired by "nova.scheduler.host_manager.HostState.update.._locked_update" :: waited 0.000s {{(pid=93493) inner /opt/stack/data/venv/lib/python3.12/site-packages/oslo_concurrency/lockutils.py:525}}
Aug 20 01:58:44.222021 np0000007841 nova-scheduler[93493]: DEBUG nova.scheduler.host_manager [None req-9b7a856e-0e76-4143-9c46-ceba1a8f0ed8 tempest-ServerBootFromVolumeStableRescueTest-1102124428 tempest-ServerBootFromVolumeStableRescueTest-1102124428-project-member] Update host state from compute node: ComputeNode(cpu_allocation_ratio=4.0,cpu_info='{"arch": "x86_64", "model": "EPYC-Milan", "vendor": "AMD", "topology": {"cells": 1, "sockets": 16, "cores": 1, "threads": 1}, "maxphysaddr": {"mode": "emulate", "bits": 40}, "features": ["pae", "topoext", "pse36", "fpu", "bmi1", "mmx", "abm", "cx8", "xgetbv1", "ssbd", "x2apic", "syscall", "pfthreshold", "pat", "rdseed", "virt-ssbd", "sse4a", "vme", "flushbyasid", "apic", "smep", "rdtscp", "sse", "3dnowprefetch", "stibp", "amd-psfd", "cr8legacy", "pdpe1gb", "tsc_adjust", "svme-addr-chk", "mmxext", "stibp-always-on", "hypervisor", "pcid", "wbnoinvd", "amd-ssbd", "fsgsbase", "misalignsse", "lfence-always-serializing", "xsaveopt", "clzero", "erms", "svm", "lm", "tsc-deadline", "tsc", "ibpb", "aes", "no-nested-data-bp", "pse", "xsaves", "de", "movbe", "fxsr_opt", "popcnt", "perfctr_core", "bmi2", "clwb", "pni", "f16c", "pge", "skip-l1dfl-vmentry", "vpclmulqdq", "sse2", "clflushopt", "adx", "arch-capabilities", "pause-filter", "mtrr", "ssse3", "arat", "cmp_legacy", "smap", "null-sel-clr-base", "pclmuldq", "clflush", "invpcid", "pku", "sse4.2", "lbrv", "avx", "osvw", "cx16", "rdpid", "mca", "vgif", "mce", "rdrand", "lahf_lm", "tsc-scale", "vaes", "vmcb-clean", "avx2", "cmov", "gds-no", "v-vmsave-vmload", "fma", "sep", "msr", "umip", "fxsr", "nx", "sha-ni", "fsrm", "xsaveerptr", "npt", "spec-ctrl", "mds-no", "sse4.1", "pschange-mc-no", "xsave", "nrip-save", "rdctl-no", "amd-stibp", "xsavec", "ibrs"]}',created_at=2026-08-20T01:56:34Z,current_workload=0,deleted=False,deleted_at=None,disk_allocation_ratio=1.0,disk_available_least=73,free_disk_gb=95,free_ram_mb=62765,host='np0000007841',host_ip=10.4.3.187,hypervisor_hostname='np0000007841',hypervisor_type='QEMU',hypervisor_version=8002002,id=1,local_gb=95,local_gb_used=0,mapped=1,memory_mb=63277,memory_mb_used=512,metrics='[]',numa_topology='{"nova_object.name": "NUMATopology", "nova_object.namespace": "nova", "nova_object.version": "1.2", "nova_object.data": {"cells": [{"nova_object.name": "NUMACell", "nova_object.namespace": "nova", "nova_object.version": "1.5", "nova_object.data": {"id": 0, "cpuset": [0, 1, 2, 3, 4, 5, 6, 7, 8, 9, 10, 11, 12, 13, 14, 15], "pcpuset": [0, 1, 2, 3, 4, 5, 6, 7, 8, 9, 10, 11, 12, 13, 14, 15], "memory": 63277, "cpu_usage": 0, "memory_usage": 0, "pinned_cpus": [], "siblings": [[6], [12], [2], [15], [5], [11], [8], [14], [4], [1], [7], [10], [0], [13], [3], [9]], "mempages": [{"nova_object.name": "NUMAPagesTopology", "nova_object.namespace": "nova", "nova_object.version": "1.1", "nova_object.data": {"size_kb": 4, "total": 16177930, "used": 0, "reserved": 0}, "nova_object.changes": ["total", "size_kb", "used", "reserved"]}, {"nova_object.name": "NUMAPagesTopology", "nova_object.namespace": "nova", "nova_object.version": "1.1", "nova_object.data": {"size_kb": 2048, "total": 41, "used": 0, "reserved": 0}, "nova_object.changes": ["total", "size_kb", "used", "reserved"]}, {"nova_object.name": "NUMAPagesTopology", "nova_object.namespace": "nova", "nova_object.version": "1.1", "nova_object.data": {"size_kb": 1048576, "total": 0, "used": 0, "reserved": 0}, "nova_object.changes": ["total", "size_kb", "used", "reserved"]}], "network_metadata": {"nova_object.name": "NetworkMetadata", "nova_object.namespace": "nova", "nova_object.version": "1.0", "nova_object.data": {"physnets": [], "tunneled": false}, "nova_object.changes": ["physnets", "tunneled"]}, "socket": null}, "nova_object.changes": ["pcpuset", "cpu_usage", "memory_usage", "cpuset", "socket", "siblings", "memory", "mempages", "network_metadata", "id", "pinned_cpus"]}]}, "nova_object.changes": ["cells"]}',pci_device_pools=PciDevicePoolList,ram_allocation_ratio=1.0,running_vms=0,service_id=2,stats={failed_builds='0',uptime=' 01:58:22 up 13 min, 2 users, load average: 1.26, 1.47, 0.87
Aug 20 01:58:44.222021 np0000007841 nova-scheduler[93493]: '},supported_hv_specs=[HVSpec,HVSpec,HVSpec,HVSpec,HVSpec,HVSpec,HVSpec,HVSpec,HVSpec,HVSpec,HVSpec,HVSpec,HVSpec,HVSpec,HVSpec,HVSpec,HVSpec,HVSpec,HVSpec,HVSpec,HVSpec,HVSpec,HVSpec,HVSpec,HVSpec],updated_at=2026-08-20T01:58:22Z,uuid=8ad7678e-82cd-442c-ac2a-eb39c62703e0,vcpus=16,vcpus_used=0) {{(pid=93493) _locked_update /opt/stack/nova/nova/scheduler/host_manager.py:168}}
Aug 20 01:58:44.222770 np0000007841 nova-scheduler[93493]: DEBUG nova.scheduler.host_manager [None req-9b7a856e-0e76-4143-9c46-ceba1a8f0ed8 tempest-ServerBootFromVolumeStableRescueTest-1102124428 tempest-ServerBootFromVolumeStableRescueTest-1102124428-project-member] Update host state with aggregates: [] {{(pid=93493) _locked_update /opt/stack/nova/nova/scheduler/host_manager.py:171}}
Aug 20 01:58:44.222770 np0000007841 nova-scheduler[93493]: DEBUG nova.scheduler.host_manager [None req-9b7a856e-0e76-4143-9c46-ceba1a8f0ed8 tempest-ServerBootFromVolumeStableRescueTest-1102124428 tempest-ServerBootFromVolumeStableRescueTest-1102124428-project-member] Update host state with service dict: {'id': 2, 'uuid': '497d2891-532c-43b8-93f9-33acd2f548ac', 'host': 'np0000007841', 'binary': 'nova-compute', 'topic': 'compute', 'report_count': 2, 'disabled': False, 'disabled_reason': None, 'last_seen_up': datetime.datetime(2026, 8, 20, 1, 58, 41, tzinfo=datetime.timezone.utc), 'forced_down': False, 'version': 72, 'created_at': datetime.datetime(2026, 8, 20, 1, 56, 34, tzinfo=datetime.timezone.utc), 'updated_at': datetime.datetime(2026, 8, 20, 1, 58, 41, tzinfo=datetime.timezone.utc), 'deleted_at': None, 'deleted': False} {{(pid=93493) _locked_update /opt/stack/nova/nova/scheduler/host_manager.py:174}}
Aug 20 01:58:44.222770 np0000007841 nova-scheduler[93493]: DEBUG nova.scheduler.host_manager [None req-9b7a856e-0e76-4143-9c46-ceba1a8f0ed8 tempest-ServerBootFromVolumeStableRescueTest-1102124428 tempest-ServerBootFromVolumeStableRescueTest-1102124428-project-member] Update host state with instances: [] {{(pid=93493) _locked_update /opt/stack/nova/nova/scheduler/host_manager.py:177}}
Aug 20 01:58:44.222905 np0000007841 nova-scheduler[93493]: DEBUG oslo_concurrency.lockutils [None req-9b7a856e-0e76-4143-9c46-ceba1a8f0ed8 tempest-ServerBootFromVolumeStableRescueTest-1102124428 tempest-ServerBootFromVolumeStableRescueTest-1102124428-project-member] Lock "np0000007841-np0000007841" "released" by "nova.scheduler.host_manager.HostState.update.._locked_update" :: held 0.002s {{(pid=93493) inner /opt/stack/data/venv/lib/python3.12/site-packages/oslo_concurrency/lockutils.py:544}}
Aug 20 01:58:44.223286 np0000007841 nova-scheduler[93493]: DEBUG nova.filters [None req-9b7a856e-0e76-4143-9c46-ceba1a8f0ed8 tempest-ServerBootFromVolumeStableRescueTest-1102124428 tempest-ServerBootFromVolumeStableRescueTest-1102124428-project-member] Starting with 1 host(s) {{(pid=93493) get_filtered_objects /opt/stack/nova/nova/filters.py:70}}
Aug 20 01:58:44.223504 np0000007841 nova-scheduler[93493]: DEBUG nova.filters [None req-9b7a856e-0e76-4143-9c46-ceba1a8f0ed8 tempest-ServerBootFromVolumeStableRescueTest-1102124428 tempest-ServerBootFromVolumeStableRescueTest-1102124428-project-member] Filter ComputeFilter returned 1 host(s) {{(pid=93493) get_filtered_objects /opt/stack/nova/nova/filters.py:102}}
Aug 20 01:58:44.223740 np0000007841 nova-scheduler[93493]: DEBUG nova.filters [None req-9b7a856e-0e76-4143-9c46-ceba1a8f0ed8 tempest-ServerBootFromVolumeStableRescueTest-1102124428 tempest-ServerBootFromVolumeStableRescueTest-1102124428-project-member] Filter ComputeCapabilitiesFilter returned 1 host(s) {{(pid=93493) get_filtered_objects /opt/stack/nova/nova/filters.py:102}}
Aug 20 01:58:44.223853 np0000007841 nova-scheduler[93493]: DEBUG nova.filters [None req-9b7a856e-0e76-4143-9c46-ceba1a8f0ed8 tempest-ServerBootFromVolumeStableRescueTest-1102124428 tempest-ServerBootFromVolumeStableRescueTest-1102124428-project-member] Filter ImagePropertiesFilter returned 1 host(s) {{(pid=93493) get_filtered_objects /opt/stack/nova/nova/filters.py:102}}
Aug 20 01:58:44.223853 np0000007841 nova-scheduler[93493]: DEBUG nova.filters [None req-9b7a856e-0e76-4143-9c46-ceba1a8f0ed8 tempest-ServerBootFromVolumeStableRescueTest-1102124428 tempest-ServerBootFromVolumeStableRescueTest-1102124428-project-member] Filter ServerGroupAntiAffinityFilter returned 1 host(s) {{(pid=93493) get_filtered_objects /opt/stack/nova/nova/filters.py:102}}
Aug 20 01:58:44.223853 np0000007841 nova-scheduler[93493]: DEBUG nova.filters [None req-9b7a856e-0e76-4143-9c46-ceba1a8f0ed8 tempest-ServerBootFromVolumeStableRescueTest-1102124428 tempest-ServerBootFromVolumeStableRescueTest-1102124428-project-member] Filter ServerGroupAffinityFilter returned 1 host(s) {{(pid=93493) get_filtered_objects /opt/stack/nova/nova/filters.py:102}}
Aug 20 01:58:44.223853 np0000007841 nova-scheduler[93493]: DEBUG nova.filters [None req-9b7a856e-0e76-4143-9c46-ceba1a8f0ed8 tempest-ServerBootFromVolumeStableRescueTest-1102124428 tempest-ServerBootFromVolumeStableRescueTest-1102124428-project-member] Filter SameHostFilter returned 1 host(s) {{(pid=93493) get_filtered_objects /opt/stack/nova/nova/filters.py:102}}
Aug 20 01:58:44.223853 np0000007841 nova-scheduler[93493]: DEBUG nova.filters [None req-9b7a856e-0e76-4143-9c46-ceba1a8f0ed8 tempest-ServerBootFromVolumeStableRescueTest-1102124428 tempest-ServerBootFromVolumeStableRescueTest-1102124428-project-member] Filter DifferentHostFilter returned 1 host(s) {{(pid=93493) get_filtered_objects /opt/stack/nova/nova/filters.py:102}}
Aug 20 01:58:44.223853 np0000007841 nova-scheduler[93493]: DEBUG nova.scheduler.manager [None req-9b7a856e-0e76-4143-9c46-ceba1a8f0ed8 tempest-ServerBootFromVolumeStableRescueTest-1102124428 tempest-ServerBootFromVolumeStableRescueTest-1102124428-project-member] Filtered [(np0000007841, np0000007841) ram: 62765MB disk: 74752MB io_ops: 0 instances: 0, allocation_candidates: 1] {{(pid=93493) _get_sorted_hosts /opt/stack/nova/nova/scheduler/manager.py:730}}
Aug 20 01:58:44.223853 np0000007841 nova-scheduler[93493]: DEBUG nova.scheduler.manager [None req-9b7a856e-0e76-4143-9c46-ceba1a8f0ed8 tempest-ServerBootFromVolumeStableRescueTest-1102124428 tempest-ServerBootFromVolumeStableRescueTest-1102124428-project-member] Weighed [WeighedHost [host: (np0000007841, np0000007841) ram: 62765MB disk: 74752MB io_ops: 0 instances: 0, allocation_candidates: 1, weight: 0.0]] {{(pid=93493) _get_sorted_hosts /opt/stack/nova/nova/scheduler/manager.py:752}}
Aug 20 01:58:44.223853 np0000007841 nova-scheduler[93493]: DEBUG nova.scheduler.utils [None req-9b7a856e-0e76-4143-9c46-ceba1a8f0ed8 tempest-ServerBootFromVolumeStableRescueTest-1102124428 tempest-ServerBootFromVolumeStableRescueTest-1102124428-project-member] Attempting to claim resources in the placement API for instance 95b2c2b1-69a8-4c76-a20f-8a459bd4e427 {{(pid=93493) claim_resources /opt/stack/nova/nova/scheduler/utils.py:1345}}
Aug 20 01:58:44.374426 np0000007841 nova-scheduler[93493]: DEBUG nova.scheduler.manager [None req-9b7a856e-0e76-4143-9c46-ceba1a8f0ed8 tempest-ServerBootFromVolumeStableRescueTest-1102124428 tempest-ServerBootFromVolumeStableRescueTest-1102124428-project-member] [instance: 95b2c2b1-69a8-4c76-a20f-8a459bd4e427] Selected host: (np0000007841, np0000007841) ram: 62765MB disk: 74752MB io_ops: 0 instances: 0, allocation_candidates: 1 {{(pid=93493) _consume_selected_host /opt/stack/nova/nova/scheduler/manager.py:612}}
Aug 20 01:58:44.374622 np0000007841 nova-scheduler[93493]: DEBUG oslo_concurrency.lockutils [None req-9b7a856e-0e76-4143-9c46-ceba1a8f0ed8 tempest-ServerBootFromVolumeStableRescueTest-1102124428 tempest-ServerBootFromVolumeStableRescueTest-1102124428-project-member] Acquiring lock "np0000007841-np0000007841" by "nova.scheduler.host_manager.HostState.consume_from_request.._locked" {{(pid=93493) inner /opt/stack/data/venv/lib/python3.12/site-packages/oslo_concurrency/lockutils.py:512}}
Aug 20 01:58:44.374748 np0000007841 nova-scheduler[93493]: DEBUG oslo_concurrency.lockutils [None req-9b7a856e-0e76-4143-9c46-ceba1a8f0ed8 tempest-ServerBootFromVolumeStableRescueTest-1102124428 tempest-ServerBootFromVolumeStableRescueTest-1102124428-project-member] Lock "np0000007841-np0000007841" acquired by "nova.scheduler.host_manager.HostState.consume_from_request.._locked" :: waited 0.000s {{(pid=93493) inner /opt/stack/data/venv/lib/python3.12/site-packages/oslo_concurrency/lockutils.py:525}}
Aug 20 01:58:44.375422 np0000007841 nova-scheduler[93493]: DEBUG oslo_concurrency.lockutils [None req-9b7a856e-0e76-4143-9c46-ceba1a8f0ed8 tempest-ServerBootFromVolumeStableRescueTest-1102124428 tempest-ServerBootFromVolumeStableRescueTest-1102124428-project-member] Lock "np0000007841-np0000007841" "released" by "nova.scheduler.host_manager.HostState.consume_from_request.._locked" :: held 0.000s {{(pid=93493) inner /opt/stack/data/venv/lib/python3.12/site-packages/oslo_concurrency/lockutils.py:544}}
Aug 20 01:58:50.483096 np0000007841 nova-scheduler[93495]: DEBUG nova.scheduler.manager [None req-903b2102-6b99-4538-852c-094fa90b820a tempest-ServerStableDeviceRescueTest-348841683 tempest-ServerStableDeviceRescueTest-348841683-project-member] Starting to schedule for instances: ['8d07369b-c3f5-4195-bf87-fa15be5bbd8e'] {{(pid=93495) select_destinations /opt/stack/nova/nova/scheduler/manager.py:197}}
Aug 20 01:58:50.483595 np0000007841 nova-scheduler[93495]: DEBUG nova.scheduler.request_filter [None req-903b2102-6b99-4538-852c-094fa90b820a tempest-ServerStableDeviceRescueTest-348841683 tempest-ServerStableDeviceRescueTest-348841683-project-member] compute_status_filter request filter added forbidden trait COMPUTE_STATUS_DISABLED {{(pid=93495) compute_status_filter /opt/stack/nova/nova/scheduler/request_filter.py:253}}
Aug 20 01:58:50.483595 np0000007841 nova-scheduler[93495]: DEBUG nova.scheduler.request_filter [None req-903b2102-6b99-4538-852c-094fa90b820a tempest-ServerStableDeviceRescueTest-348841683 tempest-ServerStableDeviceRescueTest-348841683-project-member] Request filter 'compute_status_filter' took 0.0 seconds {{(pid=93495) wrapper /opt/stack/nova/nova/scheduler/request_filter.py:46}}
Aug 20 01:58:50.483595 np0000007841 nova-scheduler[93495]: DEBUG nova.scheduler.request_filter [None req-903b2102-6b99-4538-852c-094fa90b820a tempest-ServerStableDeviceRescueTest-348841683 tempest-ServerStableDeviceRescueTest-348841683-project-member] Request filter 'accelerators_filter' took 0.0 seconds {{(pid=93495) wrapper /opt/stack/nova/nova/scheduler/request_filter.py:46}}
