May 28 07:27:18.447161 np0000001598 devstack@neutron-api.service[87020]: DEBUG ovsdbapp.backend.ovs_idl.transaction [None req-705e74a8-1897-473b-85b9-68962b634a2b None None] Running txn n=1 command(idx=1): PgAclAddCommand(_result=None, entity=pg_23cb066c_65d0_4bf0_9ce3_3fd880603f97, direction=from-lport, priority=1002, match=inport == @pg_23cb066c_65d0_4bf0_9ce3_3fd880603f97 && ip6, action=allow-related, log=False, may_exist=True, severity=[], name=[], meter=[], external_ids={'neutron:security_group_rule_id': '3c27b4ed-fc67-4d22-ae86-c91df9492fbc'}) {{(pid=87020) do_commit /opt/stack/data/venv/lib/python3.12/site-packages/ovsdbapp/backend/ovs_idl/transaction.py:89}}
May 28 07:27:18.447549 np0000001598 devstack@neutron-api.service[87020]: DEBUG ovsdbapp.backend.ovs_idl.transaction [None req-705e74a8-1897-473b-85b9-68962b634a2b None None] Running txn n=1 command(idx=2): PgAclAddCommand(_result=None, entity=pg_23cb066c_65d0_4bf0_9ce3_3fd880603f97, direction=from-lport, priority=1002, match=inport == @pg_23cb066c_65d0_4bf0_9ce3_3fd880603f97 && ip4, action=allow-related, log=False, may_exist=True, severity=[], name=[], meter=[], external_ids={'neutron:security_group_rule_id': '8fb4e947-1398-4317-9291-28fbe26dd350'}) {{(pid=87020) do_commit /opt/stack/data/venv/lib/python3.12/site-packages/ovsdbapp/backend/ovs_idl/transaction.py:89}}
May 28 07:27:18.447847 np0000001598 devstack@neutron-api.service[87020]: DEBUG ovsdbapp.backend.ovs_idl.transaction [None req-705e74a8-1897-473b-85b9-68962b634a2b None None] Running txn n=1 command(idx=3): PgAclAddCommand(_result=None, entity=pg_23cb066c_65d0_4bf0_9ce3_3fd880603f97, direction=to-lport, priority=1002, match=outport == @pg_23cb066c_65d0_4bf0_9ce3_3fd880603f97 && ip6 && ip6.src == $pg_23cb066c_65d0_4bf0_9ce3_3fd880603f97_ip6, action=allow-related, log=False, may_exist=True, severity=[], name=[], meter=[], external_ids={'neutron:security_group_rule_id': '92e7cbf8-390b-4329-9bc9-4332aa78ade9'}) {{(pid=87020) do_commit /opt/stack/data/venv/lib/python3.12/site-packages/ovsdbapp/backend/ovs_idl/transaction.py:89}}
May 28 07:27:18.447938 np0000001598 devstack@neutron-api.service[87021]: DEBUG neutron.api.rpc.handlers.resources_rpc [None req-90f56750-04a4-429b-b562-5bee75c7a7f7 admin admin] Pushing event updated for resources: {'Port': ['ID=b51ced4d-7245-4593-a908-d6ddb2aee9ff,revision_number=1']} {{(pid=87021) push /opt/stack/neutron/neutron/api/rpc/handlers/resources_rpc.py:237}}
May 28 07:27:18.448389 np0000001598 devstack@neutron-api.service[87020]: DEBUG ovsdbapp.backend.ovs_idl.transaction [None req-705e74a8-1897-473b-85b9-68962b634a2b None None] Running txn n=1 command(idx=4): PgAclAddCommand(_result=None, entity=pg_23cb066c_65d0_4bf0_9ce3_3fd880603f97, direction=to-lport, priority=1002, match=outport == @pg_23cb066c_65d0_4bf0_9ce3_3fd880603f97 && ip4 && ip4.src == $pg_23cb066c_65d0_4bf0_9ce3_3fd880603f97_ip4, action=allow-related, log=False, may_exist=True, severity=[], name=[], meter=[], external_ids={'neutron:security_group_rule_id': 'b750b34b-e5e2-4ea7-bafe-896e1f0ab85b'}) {{(pid=87020) do_commit /opt/stack/data/venv/lib/python3.12/site-packages/ovsdbapp/backend/ovs_idl/transaction.py:89}}
May 28 07:27:18.452433 np0000001598 devstack@neutron-api.service[87020]: DEBUG neutron.plugins.ml2.drivers.ovn.mech_driver.ovsdb.ovsdb_monitor [None req-705e74a8-1897-473b-85b9-68962b634a2b None None] Hash Ring: Node 99fc883b982152e08440275dad81273e (host: np0000001598) handling event "create" for row 1a1221b0-b47d-4e60-8ec0-8f363ab0ad22 (table: ACL) {{(pid=87020) notify /opt/stack/neutron/neutron/plugins/ml2/drivers/ovn/mech_driver/ovsdb/ovsdb_monitor.py:986}}
May 28 07:27:18.456509 np0000001598 devstack@neutron-api.service[87021]: DEBUG neutron.plugins.ml2.drivers.ovn.mech_driver.ovsdb.ovsdb_monitor [None req-ff5d6ef2-1daa-48c2-a58b-3aa272bdda90 None None] Touching Hash Ring node "de2a58c3f57859a1a839efb61d97614b" from IDL notify handler {{(pid=87021) notify /opt/stack/neutron/neutron/plugins/ml2/drivers/ovn/mech_driver/ovsdb/ovsdb_monitor.py:978}}
May 28 07:27:18.458862 np0000001598 devstack@neutron-api.service[87021]: DEBUG neutron.plugins.ml2.drivers.ovn.mech_driver.ovsdb.ovsdb_monitor [None req-ff5d6ef2-1daa-48c2-a58b-3aa272bdda90 None None] Hash Ring: Node de2a58c3f57859a1a839efb61d97614b (host: np0000001598) handling event "create" for row 172b2824-d2a7-49a8-995d-ab291413b756 (table: ACL) {{(pid=87021) notify /opt/stack/neutron/neutron/plugins/ml2/drivers/ovn/mech_driver/ovsdb/ovsdb_monitor.py:986}}
May 28 07:27:18.459912 np0000001598 devstack@neutron-api.service[87021]: DEBUG neutron.plugins.ml2.drivers.ovn.mech_driver.ovsdb.ovsdb_monitor [None req-ff5d6ef2-1daa-48c2-a58b-3aa272bdda90 None None] Touching Hash Ring node "de2a58c3f57859a1a839efb61d97614b" from IDL notify handler {{(pid=87021) notify /opt/stack/neutron/neutron/plugins/ml2/drivers/ovn/mech_driver/ovsdb/ovsdb_monitor.py:978}}
May 28 07:27:18.461789 np0000001598 devstack@neutron-api.service[87021]: DEBUG neutron.plugins.ml2.drivers.ovn.mech_driver.ovsdb.ovsdb_monitor [None req-ff5d6ef2-1daa-48c2-a58b-3aa272bdda90 None None] Hash Ring: Node de2a58c3f57859a1a839efb61d97614b (host: np0000001598) handling event "create" for row d411bb6b-6e09-4f7f-bdb0-82e75162330c (table: ACL) {{(pid=87021) notify /opt/stack/neutron/neutron/plugins/ml2/drivers/ovn/mech_driver/ovsdb/ovsdb_monitor.py:986}}
May 28 07:27:18.462425 np0000001598 devstack@neutron-api.service[87021]: DEBUG neutron.plugins.ml2.drivers.ovn.mech_driver.ovsdb.ovsdb_monitor [None req-ff5d6ef2-1daa-48c2-a58b-3aa272bdda90 None None] Touching Hash Ring node "de2a58c3f57859a1a839efb61d97614b" from IDL notify handler {{(pid=87021) notify /opt/stack/neutron/neutron/plugins/ml2/drivers/ovn/mech_driver/ovsdb/ovsdb_monitor.py:978}}
May 28 07:27:18.464163 np0000001598 devstack@neutron-api.service[87021]: DEBUG neutron.plugins.ml2.drivers.ovn.mech_driver.ovsdb.ovsdb_monitor [None req-ff5d6ef2-1daa-48c2-a58b-3aa272bdda90 None None] Hash Ring: Node de2a58c3f57859a1a839efb61d97614b (host: np0000001598) handling event "create" for row fda2f04c-ef2b-4567-bba7-6675996e8286 (table: ACL) {{(pid=87021) notify /opt/stack/neutron/neutron/plugins/ml2/drivers/ovn/mech_driver/ovsdb/ovsdb_monitor.py:986}}
May 28 07:27:18.464715 np0000001598 devstack@neutron-api.service[87021]: DEBUG neutron.plugins.ml2.drivers.ovn.mech_driver.ovsdb.ovsdb_monitor [None req-ff5d6ef2-1daa-48c2-a58b-3aa272bdda90 None None] Touching Hash Ring node "de2a58c3f57859a1a839efb61d97614b" from IDL notify handler {{(pid=87021) notify /opt/stack/neutron/neutron/plugins/ml2/drivers/ovn/mech_driver/ovsdb/ovsdb_monitor.py:978}}
May 28 07:27:18.466265 np0000001598 devstack@neutron-api.service[87021]: DEBUG neutron.plugins.ml2.drivers.ovn.mech_driver.ovsdb.ovsdb_monitor [None req-ff5d6ef2-1daa-48c2-a58b-3aa272bdda90 None None] Hash Ring: Node de2a58c3f57859a1a839efb61d97614b (host: np0000001598) handling event "create" for row acc52171-7192-4538-a3a8-cce948499253 (table: Port_Group) {{(pid=87021) notify /opt/stack/neutron/neutron/plugins/ml2/drivers/ovn/mech_driver/ovsdb/ovsdb_monitor.py:986}}
May 28 07:27:18.467108 np0000001598 devstack@neutron-api.service[87021]: DEBUG ovsdbapp.backend.ovs_idl.transaction [None req-ff5d6ef2-1daa-48c2-a58b-3aa272bdda90 None None] Running txn n=1 command(idx=0): AddLSwitchPortCommand(_result=None, lport=b51ced4d-7245-4593-a908-d6ddb2aee9ff, lswitch=neutron-7c9c1595-4a24-480e-9eb7-f24faf2d1dbd, may_exist=True, network_uuid=7c9c1595-4a24-480e-9eb7-f24faf2d1dbd, columns={'addresses': ['fa:16:3e:67:d9:c5'], 'external_ids': {'neutron:port_name': '', 'neutron:device_id': 'ovnmeta-7c9c1595-4a24-480e-9eb7-f24faf2d1dbd', 'neutron:project_id': 'e3350f48185d4e7f8c966ed50ce9ff3c', 'neutron:cidrs': '', 'neutron:device_owner': 'network:distributed', 'neutron:subnet_pool_addr_scope4': '', 'neutron:subnet_pool_addr_scope6': '', 'neutron:network_name': 'neutron-7c9c1595-4a24-480e-9eb7-f24faf2d1dbd', 'neutron:security_group_ids': '', 'neutron:revision_number': '1', 'neutron:vnic_type': 'normal', 'neutron:port_capabilities': '', 'neutron:mtu': '1372'}, 'parent_name': [], 'tag': [], 'enabled': True, 'options': {}, 'type': 'localport', 'port_security': [], 'dhcpv4_options': [], 'dhcpv6_options': []}) {{(pid=87021) do_commit /opt/stack/data/venv/lib/python3.12/site-packages/ovsdbapp/backend/ovs_idl/transaction.py:89}}
May 28 07:27:18.467503 np0000001598 devstack@neutron-api.service[87021]: DEBUG ovsdbapp.backend.ovs_idl.transaction [None req-ff5d6ef2-1daa-48c2-a58b-3aa272bdda90 None None] Running txn n=1 command(idx=1): QoSDelCommand(_result=None, switch=neutron-7c9c1595-4a24-480e-9eb7-f24faf2d1dbd, conditions=[('direction', '=', 'to-lport'), ('priority', '=', 2002), ('match', '=', 'outport == "b51ced4d-7245-4593-a908-d6ddb2aee9ff"')], if_exists=True) {{(pid=87021) do_commit /opt/stack/data/venv/lib/python3.12/site-packages/ovsdbapp/backend/ovs_idl/transaction.py:89}}
May 28 07:27:18.467687 np0000001598 devstack@neutron-api.service[87021]: DEBUG ovsdbapp.backend.ovs_idl.transaction [None req-ff5d6ef2-1daa-48c2-a58b-3aa272bdda90 None None] Running txn n=1 command(idx=2): QoSDelCommand(_result=None, switch=neutron-7c9c1595-4a24-480e-9eb7-f24faf2d1dbd, conditions=[('direction', '=', 'from-lport'), ('priority', '=', 2002), ('match', '=', 'inport == "b51ced4d-7245-4593-a908-d6ddb2aee9ff"')], if_exists=True) {{(pid=87021) do_commit /opt/stack/data/venv/lib/python3.12/site-packages/ovsdbapp/backend/ovs_idl/transaction.py:89}}
May 28 07:27:18.468201 np0000001598 devstack@neutron-api.service[87020]: INFO neutron.db.ovn_revision_numbers_db [None req-349edb24-6525-485c-8349-2da8e9bf8636 admin admin] Successfully bumped revision number for resource 23cb066c-65d0-4bf0-9ce3-3fd880603f97 (type: security_groups) to 1
May 28 07:27:18.472222 np0000001598 devstack@neutron-api.service[87021]: DEBUG neutron.plugins.ml2.drivers.ovn.mech_driver.ovsdb.ovsdb_monitor [None req-ff5d6ef2-1daa-48c2-a58b-3aa272bdda90 None None] Touching Hash Ring node "de2a58c3f57859a1a839efb61d97614b" from IDL notify handler {{(pid=87021) notify /opt/stack/neutron/neutron/plugins/ml2/drivers/ovn/mech_driver/ovsdb/ovsdb_monitor.py:978}}
May 28 07:27:18.474874 np0000001598 devstack@neutron-api.service[87021]: DEBUG neutron.plugins.ml2.drivers.ovn.mech_driver.ovsdb.ovsdb_monitor [None req-ff5d6ef2-1daa-48c2-a58b-3aa272bdda90 None None] Hash Ring: Node de2a58c3f57859a1a839efb61d97614b (host: np0000001598) handling event "update" for row 7c9c1595-4a24-480e-9eb7-f24faf2d1dbd (table: Logical_Switch) {{(pid=87021) notify /opt/stack/neutron/neutron/plugins/ml2/drivers/ovn/mech_driver/ovsdb/ovsdb_monitor.py:986}}
May 28 07:27:18.475504 np0000001598 devstack@neutron-api.service[87021]: DEBUG neutron.plugins.ml2.drivers.ovn.mech_driver.ovsdb.ovsdb_monitor [None req-ff5d6ef2-1daa-48c2-a58b-3aa272bdda90 None None] Touching Hash Ring node "de2a58c3f57859a1a839efb61d97614b" from IDL notify handler {{(pid=87021) notify /opt/stack/neutron/neutron/plugins/ml2/drivers/ovn/mech_driver/ovsdb/ovsdb_monitor.py:978}}
May 28 07:27:18.477098 np0000001598 devstack@neutron-api.service[87020]: DEBUG neutron.plugins.ml2.drivers.ovn.mech_driver.ovsdb.ovsdb_monitor [None req-97d0538f-ce39-4772-aa63-bde60ce9d89d None None] Hash Ring: Node 99fc883b982152e08440275dad81273e (host: np0000001598) handling event "create" for row 92cf71a3-b14e-4e41-b1a4-ba5b56795122 (table: Port_Binding) {{(pid=87020) notify /opt/stack/neutron/neutron/plugins/ml2/drivers/ovn/mech_driver/ovsdb/ovsdb_monitor.py:986}}
May 28 07:27:18.478574 np0000001598 devstack@neutron-api.service[87021]: DEBUG neutron.plugins.ml2.drivers.ovn.mech_driver.ovsdb.ovsdb_monitor [None req-ff5d6ef2-1daa-48c2-a58b-3aa272bdda90 None None] Hash Ring: Node de2a58c3f57859a1a839efb61d97614b (host: np0000001598) handling event "create" for row 181d87da-7a0f-489a-b333-d65359b2d83c (table: Logical_Switch_Port) {{(pid=87021) notify /opt/stack/neutron/neutron/plugins/ml2/drivers/ovn/mech_driver/ovsdb/ovsdb_monitor.py:986}}
May 28 07:27:18.479406 np0000001598 devstack@neutron-api.service[87021]: DEBUG ovsdbapp.backend.ovs_idl.event [None req-ff5d6ef2-1daa-48c2-a58b-3aa272bdda90 None None] Matched CREATE: LogicalSwitchPortCreateEvent(events=('create',), table='Logical_Switch_Port', conditions=[], old_conditions=None), priority=20 to row=Logical_Switch_Port(uuid=181d87da-7a0f-489a-b333-d65359b2d83c, addresses=['fa:16:3e:67:d9:c5'], dhcpv4_options=[], dhcpv6_options=[], dynamic_addresses=[], enabled=True, external_ids={'neutron:cidrs': '', 'neutron:device_id': 'ovnmeta-7c9c1595-4a24-480e-9eb7-f24faf2d1dbd', 'neutron:device_owner': 'network:distributed', 'neutron:mtu': '1372', 'neutron:network_name': 'neutron-7c9c1595-4a24-480e-9eb7-f24faf2d1dbd', 'neutron:port_capabilities': '', 'neutron:port_name': '', 'neutron:project_id': 'e3350f48185d4e7f8c966ed50ce9ff3c', 'neutron:revision_number': '1', 'neutron:security_group_ids': '', 'neutron:subnet_pool_addr_scope4': '', 'neutron:subnet_pool_addr_scope6': '', 'neutron:vnic_type': 'normal'}, ha_chassis_group=[], mirror_rules=[], name='b51ced4d-7245-4593-a908-d6ddb2aee9ff', options={}, parent_name=[], port_security=[], tag=[], tag_request=[], type='localport', up=[]) old= {{(pid=87021) matches /opt/stack/data/venv/lib/python3.12/site-packages/ovsdbapp/backend/ovs_idl/event.py:55}}
May 28 07:27:18.480175 np0000001598 devstack@neutron-api.service[87021]: INFO neutron.plugins.ml2.drivers.ovn.mech_driver.mech_driver [None req-2b2108aa-bc60-4ffb-be51-7c9da86e9023 None None] OVN reports status down for port: b51ced4d-7245-4593-a908-d6ddb2aee9ff
May 28 07:27:18.481117 np0000001598 devstack@neutron-api.service[87021]: DEBUG neutron.plugins.ml2.drivers.ovn.mech_driver.ovsdb.ovsdb_monitor [None req-ff5d6ef2-1daa-48c2-a58b-3aa272bdda90 None None] Touching Hash Ring node "de2a58c3f57859a1a839efb61d97614b" from IDL notify handler {{(pid=87021) notify /opt/stack/neutron/neutron/plugins/ml2/drivers/ovn/mech_driver/ovsdb/ovsdb_monitor.py:978}}
May 28 07:27:18.482386 np0000001598 devstack@neutron-api.service[87020]: INFO neutron.db.ovn_revision_numbers_db [None req-349edb24-6525-485c-8349-2da8e9bf8636 admin admin] Successfully bumped revision number for resource 3c27b4ed-fc67-4d22-ae86-c91df9492fbc (type: security_group_rules) to 0
May 28 07:27:18.483114 np0000001598 devstack@neutron-api.service[87021]: DEBUG neutron.plugins.ml2.drivers.ovn.mech_driver.ovsdb.ovsdb_monitor [None req-ff5d6ef2-1daa-48c2-a58b-3aa272bdda90 None None] Hash Ring: Node de2a58c3f57859a1a839efb61d97614b (host: np0000001598) handling event "update" for row 181d87da-7a0f-489a-b333-d65359b2d83c (table: Logical_Switch_Port) {{(pid=87021) notify /opt/stack/neutron/neutron/plugins/ml2/drivers/ovn/mech_driver/ovsdb/ovsdb_monitor.py:986}}
May 28 07:27:18.491768 np0000001598 devstack@neutron-api.service[87020]: INFO neutron.db.ovn_revision_numbers_db [None req-349edb24-6525-485c-8349-2da8e9bf8636 admin admin] Successfully bumped revision number for resource 8fb4e947-1398-4317-9291-28fbe26dd350 (type: security_group_rules) to 0
May 28 07:27:18.500633 np0000001598 devstack@neutron-api.service[87020]: INFO neutron.db.ovn_revision_numbers_db [None req-349edb24-6525-485c-8349-2da8e9bf8636 admin admin] Successfully bumped revision number for resource 92e7cbf8-390b-4329-9bc9-4332aa78ade9 (type: security_group_rules) to 0
May 28 07:27:18.511176 np0000001598 devstack@neutron-api.service[87020]: INFO neutron.db.ovn_revision_numbers_db [None req-349edb24-6525-485c-8349-2da8e9bf8636 admin admin] Successfully bumped revision number for resource b750b34b-e5e2-4ea7-bafe-896e1f0ab85b (type: security_group_rules) to 0
May 28 07:27:18.522370 np0000001598 devstack@neutron-api.service[87021]: INFO neutron.db.ovn_revision_numbers_db [None req-90f56750-04a4-429b-b562-5bee75c7a7f7 admin admin] Successfully bumped revision number for resource b51ced4d-7245-4593-a908-d6ddb2aee9ff (type: ports) to 1
May 28 07:27:18.523605 np0000001598 devstack@neutron-api.service[87021]: DEBUG neutron.db.provisioning_blocks [None req-2b2108aa-bc60-4ffb-be51-7c9da86e9023 None None] Transition to ACTIVE for port object b51ced4d-7245-4593-a908-d6ddb2aee9ff will not be triggered until provisioned by entity L2. {{(pid=87021) add_provisioning_component /opt/stack/neutron/neutron/db/provisioning_blocks.py:74}}
May 28 07:27:18.530797 np0000001598 devstack@neutron-api.service[87021]: DEBUG neutron.pecan_wsgi.hooks.policy_enforcement [None req-90f56750-04a4-429b-b562-5bee75c7a7f7 admin admin] Attributes excluded by policy engine: ['standard_attr_id'] {{(pid=87021) _exclude_attributes_by_policy /opt/stack/neutron/neutron/pecan_wsgi/hooks/policy_enforcement.py:256}}
May 28 07:27:18.531533 np0000001598 devstack@neutron-api.service[87021]: DEBUG neutron_lib.callbacks.manager [None req-90f56750-04a4-429b-b562-5bee75c7a7f7 admin admin] Publish callbacks [] for network (None), before_response {{(pid=87021) _notify_loop /opt/stack/data/venv/lib/python3.12/site-packages/neutron_lib/callbacks/manager.py:184}}
May 28 07:27:18.533983 np0000001598 devstack@neutron-api.service[87020]: DEBUG neutron.api.rpc.handlers.resources_rpc [None req-349edb24-6525-485c-8349-2da8e9bf8636 admin admin] Pushing event updated for resources: {'SecurityGroup': ['ID=23cb066c-65d0-4bf0-9ce3-3fd880603f97,revision_number=1']} {{(pid=87020) push /opt/stack/neutron/neutron/api/rpc/handlers/resources_rpc.py:237}}
May 28 07:27:18.548331 np0000001598 devstack@neutron-api.service[87021]: [pid: 87021|app: 0|req: 24/46] 10.4.3.51 () {68 vars in 1270 bytes} [Thu May 28 07:27:17 2026] POST /networking/v2.0/networks => generated 721 bytes in 644 msecs (HTTP/1.1 201) 4 headers in 162 bytes (1 switches on core 0)
May 28 07:27:18.553962 np0000001598 devstack@neutron-api.service[87021]: DEBUG neutron.plugins.ml2.plugin [None req-2b2108aa-bc60-4ffb-be51-7c9da86e9023 None None] Current status of the port b51ced4d-7245-4593-a908-d6ddb2aee9ff is: DOWN; New status is: DOWN {{(pid=87021) _update_individual_port_db_status /opt/stack/neutron/neutron/plugins/ml2/plugin.py:2469}}
May 28 07:27:18.555171 np0000001598 devstack@neutron-api.service[87021]: DEBUG ovsdbapp.backend.ovs_idl.transaction [None req-ff5d6ef2-1daa-48c2-a58b-3aa272bdda90 None None] Running txn n=1 command(idx=0): DbRemoveCommand(_result=None, table=Logical_Switch_Port, record=b51ced4d-7245-4593-a908-d6ddb2aee9ff, column=external_ids, values=('neutron:host_id',), keyvalues={}, if_exists=True) {{(pid=87021) do_commit /opt/stack/data/venv/lib/python3.12/site-packages/ovsdbapp/backend/ovs_idl/transaction.py:89}}
May 28 07:27:18.560185 np0000001598 devstack@neutron-api.service[87020]: DEBUG neutron.plugins.ml2.drivers.helpers [None req-349edb24-6525-485c-8349-2da8e9bf8636 admin admin] geneve segment allocate from pool success with {'geneve_vni': 16557} {{(pid=87020) allocate_partially_specified_segment /opt/stack/neutron/neutron/plugins/ml2/drivers/helpers.py:142}}
May 28 07:27:18.565375 np0000001598 devstack@neutron-api.service[87020]: DEBUG neutron_lib.callbacks.manager [None req-349edb24-6525-485c-8349-2da8e9bf8636 admin admin] Publish callbacks ['neutron.services.segments.db._add_segment_host_mapping_for_segment-7805330620890', 'neutron.plugins.ml2.plugin.Ml2Plugin._handle_segment_change-66407549'] for segment (32f70eab-1f41-41f1-bc9c-789c08b3c661), precommit_create {{(pid=87020) _notify_loop /opt/stack/data/venv/lib/python3.12/site-packages/neutron_lib/callbacks/manager.py:184}}
May 28 07:27:18.565502 np0000001598 devstack@neutron-api.service[87020]: INFO neutron.db.segments_db [None req-349edb24-6525-485c-8349-2da8e9bf8636 admin admin] Added segment 32f70eab-1f41-41f1-bc9c-789c08b3c661 of type geneve for network 28f10130-349d-40b9-a065-63612f74fcdb
May 28 07:27:18.575271 np0000001598 devstack@neutron-api.service[87020]: DEBUG neutron_lib.callbacks.manager [None req-349edb24-6525-485c-8349-2da8e9bf8636 admin admin] Publish callbacks ['neutron.services.auto_allocate.db._ensure_external_network_default_value_callback-7805328641838'] for network (28f10130-349d-40b9-a065-63612f74fcdb), precommit_create {{(pid=87020) _notify_loop /opt/stack/data/venv/lib/python3.12/site-packages/neutron_lib/callbacks/manager.py:184}}
May 28 07:27:18.582975 np0000001598 devstack@neutron-api.service[87020]: DEBUG neutron.plugins.ml2.drivers.ovn.mech_driver.mech_driver [None req-349edb24-6525-485c-8349-2da8e9bf8636 admin admin] Validating network segment with type geneve, segmentation ID 16557, physical network None {{(pid=87020) _validate_network_segments /opt/stack/neutron/neutron/plugins/ml2/drivers/ovn/mech_driver/mech_driver.py:643}}
May 28 07:27:18.583093 np0000001598 devstack@neutron-api.service[87020]: DEBUG neutron.db.ovn_revision_numbers_db [None req-349edb24-6525-485c-8349-2da8e9bf8636 admin admin] create_initial_revision uuid=28f10130-349d-40b9-a065-63612f74fcdb, type=networks, rev=-1 {{(pid=87020) create_initial_revision /opt/stack/neutron/neutron/db/ovn_revision_numbers_db.py:98}}
May 28 07:27:18.588089 np0000001598 devstack@neutron-api.service[87020]: DEBUG neutron_lib.callbacks.manager [None req-349edb24-6525-485c-8349-2da8e9bf8636 admin admin] Publish callbacks ['neutron.plugins.ml2.ovo_rpc._ObjectChangeHandler.handle_event-3104253'] for network (28f10130-349d-40b9-a065-63612f74fcdb), after_create {{(pid=87020) _notify_loop /opt/stack/data/venv/lib/python3.12/site-packages/neutron_lib/callbacks/manager.py:184}}
May 28 07:27:18.601391 np0000001598 devstack@neutron-api.service[87020]: DEBUG neutron.api.rpc.handlers.resources_rpc [None req-349edb24-6525-485c-8349-2da8e9bf8636 admin admin] Pushing event updated for resources: {'Network': ['ID=28f10130-349d-40b9-a065-63612f74fcdb,revision_number=1']} {{(pid=87020) push /opt/stack/neutron/neutron/api/rpc/handlers/resources_rpc.py:237}}
May 28 07:27:18.606919 np0000001598 devstack@neutron-api.service[87020]: DEBUG ovsdbapp.backend.ovs_idl.transaction [None req-705e74a8-1897-473b-85b9-68962b634a2b None None] Running txn n=1 command(idx=0): AddNetworkCommand(_result=None, network_uuid=28f10130-349d-40b9-a065-63612f74fcdb, may_exist=True, columns={'external_ids': {'neutron:network_name': 'tempest-ServerActionsTestOtherA-672788742-network', 'neutron:mtu': '1372', 'neutron:revision_number': '1', 'neutron:availability_zone_hints': '', 'neutron:provnet-network-type': 'geneve'}, 'other_config': {'mcast_snoop': 'false', 'mcast_flood_unregistered': 'false', 'vlan-passthru': 'false'}}) {{(pid=87020) do_commit /opt/stack/data/venv/lib/python3.12/site-packages/ovsdbapp/backend/ovs_idl/transaction.py:89}}
May 28 07:27:18.608619 np0000001598 devstack@neutron-api.service[87020]: DEBUG neutron.plugins.ml2.drivers.ovn.mech_driver.ovsdb.ovsdb_monitor [None req-705e74a8-1897-473b-85b9-68962b634a2b None None] Hash Ring: Node 99fc883b982152e08440275dad81273e (host: np0000001598) handling event "create" for row 28f10130-349d-40b9-a065-63612f74fcdb (table: Logical_Switch) {{(pid=87020) notify /opt/stack/neutron/neutron/plugins/ml2/drivers/ovn/mech_driver/ovsdb/ovsdb_monitor.py:986}}
May 28 07:27:18.613849 np0000001598 devstack@neutron-api.service[87021]: DEBUG neutron.plugins.ml2.drivers.ovn.mech_driver.ovsdb.ovsdb_monitor [None req-f5b14d22-342b-4075-9884-b5786af6e7ff None None] Touching Hash Ring node "de2a58c3f57859a1a839efb61d97614b" from IDL notify handler {{(pid=87021) notify /opt/stack/neutron/neutron/plugins/ml2/drivers/ovn/mech_driver/ovsdb/ovsdb_monitor.py:978}}
May 28 07:27:18.617776 np0000001598 devstack@neutron-api.service[87021]: DEBUG neutron.plugins.ml2.drivers.ovn.mech_driver.ovsdb.ovsdb_monitor [None req-f5b14d22-342b-4075-9884-b5786af6e7ff None None] Hash Ring: Node de2a58c3f57859a1a839efb61d97614b (host: np0000001598) handling event "create" for row ec36affe-d393-4a38-9a6c-9f6851751caf (table: Datapath_Binding) {{(pid=87021) notify /opt/stack/neutron/neutron/plugins/ml2/drivers/ovn/mech_driver/ovsdb/ovsdb_monitor.py:986}}
May 28 07:27:18.626987 np0000001598 devstack@neutron-api.service[87020]: INFO neutron.db.ovn_revision_numbers_db [None req-349edb24-6525-485c-8349-2da8e9bf8636 admin admin] Successfully bumped revision number for resource 28f10130-349d-40b9-a065-63612f74fcdb (type: networks) to 1
May 28 07:27:18.637250 np0000001598 devstack@neutron-api.service[87020]: DEBUG neutron_lib.callbacks.manager [None req-349edb24-6525-485c-8349-2da8e9bf8636 admin admin] Publish callbacks ['neutron.plugins.ml2.plugin.SecurityGroupDbMixin._ensure_default_security_group_handler-66104879'] for port (None), before_create {{(pid=87020) _notify_loop /opt/stack/data/venv/lib/python3.12/site-packages/neutron_lib/callbacks/manager.py:184}}
May 28 07:27:18.698926 np0000001598 devstack@neutron-api.service[87021]: DEBUG neutron.api.v2.base [None req-6960634a-d74e-421f-8b32-69ec8ad715b7 admin admin] Request body: {'network': {'name': 'tempest-AttachVolumeShelveTestJSON-79851715-network', 'project_id': 'd137f9bacb0048259fd2bcffc8d4dbfe'}} {{(pid=87021) prepare_request_body /opt/stack/neutron/neutron/api/v2/base.py:727}}
May 28 07:27:18.703591 np0000001598 devstack@neutron-api.service[87020]: DEBUG neutron_lib.callbacks.manager [None req-349edb24-6525-485c-8349-2da8e9bf8636 admin admin] Publish callbacks ['neutron.plugins.ml2.drivers.ovn.mech_driver.mech_driver.OVNMechanismDriver._validate_allowed_address_pairs-1883163'] for allowed_address_pair (1f5e1a03-d969-43bd-a7b7-237f804bc0e2), before_create {{(pid=87020) _notify_loop /opt/stack/data/venv/lib/python3.12/site-packages/neutron_lib/callbacks/manager.py:184}}
May 28 07:27:18.704151 np0000001598 devstack@neutron-api.service[87020]: DEBUG neutron_lib.callbacks.manager [None req-349edb24-6525-485c-8349-2da8e9bf8636 admin admin] Publish callbacks [] for port (1f5e1a03-d969-43bd-a7b7-237f804bc0e2), precommit_create {{(pid=87020) _notify_loop /opt/stack/data/venv/lib/python3.12/site-packages/neutron_lib/callbacks/manager.py:184}}
May 28 07:27:18.704309 np0000001598 devstack@neutron-api.service[87020]: DEBUG neutron.plugins.ml2.drivers.ovn.mech_driver.mech_driver [None req-349edb24-6525-485c-8349-2da8e9bf8636 admin admin] No provisioning block for port 1f5e1a03-d969-43bd-a7b7-237f804bc0e2 since it does not have a host {{(pid=87020) _is_port_provisioning_required /opt/stack/neutron/neutron/plugins/ml2/drivers/ovn/mech_driver/mech_driver.py:896}}
May 28 07:27:18.704414 np0000001598 devstack@neutron-api.service[87020]: DEBUG neutron.db.ovn_revision_numbers_db [None req-349edb24-6525-485c-8349-2da8e9bf8636 admin admin] create_initial_revision uuid=1f5e1a03-d969-43bd-a7b7-237f804bc0e2, type=ports, rev=-1 {{(pid=87020) create_initial_revision /opt/stack/neutron/neutron/db/ovn_revision_numbers_db.py:98}}
May 28 07:27:18.712243 np0000001598 devstack@neutron-api.service[87021]: DEBUG neutron.pecan_wsgi.hooks.quota_enforcement [None req-6960634a-d74e-421f-8b32-69ec8ad715b7 admin admin] Made reservation on behalf of d137f9bacb0048259fd2bcffc8d4dbfe for: {'network': 1} {{(pid=87021) before /opt/stack/neutron/neutron/pecan_wsgi/hooks/quota_enforcement.py:66}}
May 28 07:27:18.714693 np0000001598 devstack@neutron-api.service[87021]: DEBUG neutron_lib.callbacks.manager [None req-6960634a-d74e-421f-8b32-69ec8ad715b7 admin admin] Publish callbacks ['neutron.plugins.ml2.plugin.SecurityGroupDbMixin._ensure_default_security_group_handler-335709'] for network (None), before_create {{(pid=87021) _notify_loop /opt/stack/data/venv/lib/python3.12/site-packages/neutron_lib/callbacks/manager.py:184}}
May 28 07:27:18.718978 np0000001598 devstack@neutron-api.service[87021]: DEBUG neutron_lib.callbacks.manager [None req-6960634a-d74e-421f-8b32-69ec8ad715b7 admin admin] Publish callbacks [] for security_group (None), before_create {{(pid=87021) _notify_loop /opt/stack/data/venv/lib/python3.12/site-packages/neutron_lib/callbacks/manager.py:184}}
May 28 07:27:18.733711 np0000001598 devstack@neutron-api.service[87020]: DEBUG neutron_lib.callbacks.manager [None req-349edb24-6525-485c-8349-2da8e9bf8636 admin admin] Publish callbacks ['neutron.plugins.ml2.ovo_rpc._ObjectChangeHandler.handle_event-3104244'] for port (1f5e1a03-d969-43bd-a7b7-237f804bc0e2), after_create {{(pid=87020) _notify_loop /opt/stack/data/venv/lib/python3.12/site-packages/neutron_lib/callbacks/manager.py:184}}
May 28 07:27:18.762557 np0000001598 devstack@neutron-api.service[87020]: DEBUG neutron.api.rpc.handlers.resources_rpc [None req-349edb24-6525-485c-8349-2da8e9bf8636 admin admin] Pushing event updated for resources: {'Port': ['ID=1f5e1a03-d969-43bd-a7b7-237f804bc0e2,revision_number=1']} {{(pid=87020) push /opt/stack/neutron/neutron/api/rpc/handlers/resources_rpc.py:237}}
May 28 07:27:18.764759 np0000001598 devstack@neutron-api.service[87021]: DEBUG neutron_lib.callbacks.manager [None req-6960634a-d74e-421f-8b32-69ec8ad715b7 admin admin] Publish callbacks ['neutron.plugins.ml2.drivers.ovn.mech_driver.mech_driver.OVNMechanismDriver._create_security_group_precommit-1917559'] for security_group (8a7ba544-88be-4c25-8e4e-a7d2512084c8), precommit_create {{(pid=87021) _notify_loop /opt/stack/data/venv/lib/python3.12/site-packages/neutron_lib/callbacks/manager.py:184}}
May 28 07:27:18.764892 np0000001598 devstack@neutron-api.service[87021]: DEBUG neutron.db.ovn_revision_numbers_db [None req-6960634a-d74e-421f-8b32-69ec8ad715b7 admin admin] create_initial_revision uuid=8a7ba544-88be-4c25-8e4e-a7d2512084c8, type=security_groups, rev=-1 {{(pid=87021) create_initial_revision /opt/stack/neutron/neutron/db/ovn_revision_numbers_db.py:98}}
May 28 07:27:18.765807 np0000001598 devstack@neutron-api.service[87021]: DEBUG neutron.db.ovn_revision_numbers_db [None req-6960634a-d74e-421f-8b32-69ec8ad715b7 admin admin] create_initial_revision uuid=5a00ff7c-9f76-46d9-99fa-cd5d9f3c7718, type=security_group_rules, rev=-1 {{(pid=87021) create_initial_revision /opt/stack/neutron/neutron/db/ovn_revision_numbers_db.py:98}}
May 28 07:27:18.766672 np0000001598 devstack@neutron-api.service[87021]: DEBUG neutron.db.ovn_revision_numbers_db [None req-6960634a-d74e-421f-8b32-69ec8ad715b7 admin admin] create_initial_revision uuid=7896bffa-a1dc-477b-8da4-fc1e68822848, type=security_group_rules, rev=-1 {{(pid=87021) create_initial_revision /opt/stack/neutron/neutron/db/ovn_revision_numbers_db.py:98}}
May 28 07:27:18.767522 np0000001598 devstack@neutron-api.service[87021]: DEBUG neutron.db.ovn_revision_numbers_db [None req-6960634a-d74e-421f-8b32-69ec8ad715b7 admin admin] create_initial_revision uuid=a992adf7-5d31-436d-a547-1d6f3f6b0333, type=security_group_rules, rev=-1 {{(pid=87021) create_initial_revision /opt/stack/neutron/neutron/db/ovn_revision_numbers_db.py:98}}
May 28 07:27:18.767632 np0000001598 devstack@neutron-api.service[87020]: DEBUG ovsdbapp.backend.ovs_idl.transaction [None req-705e74a8-1897-473b-85b9-68962b634a2b None None] Running txn n=1 command(idx=0): AddLSwitchPortCommand(_result=None, lport=1f5e1a03-d969-43bd-a7b7-237f804bc0e2, lswitch=neutron-28f10130-349d-40b9-a065-63612f74fcdb, may_exist=True, network_uuid=28f10130-349d-40b9-a065-63612f74fcdb, columns={'addresses': ['fa:16:3e:4b:05:27'], 'external_ids': {'neutron:port_name': '', 'neutron:device_id': 'ovnmeta-28f10130-349d-40b9-a065-63612f74fcdb', 'neutron:project_id': '860fa1a9efd14d6790d0b01a8202a84a', 'neutron:cidrs': '', 'neutron:device_owner': 'network:distributed', 'neutron:subnet_pool_addr_scope4': '', 'neutron:subnet_pool_addr_scope6': '', 'neutron:network_name': 'neutron-28f10130-349d-40b9-a065-63612f74fcdb', 'neutron:security_group_ids': '', 'neutron:revision_number': '1', 'neutron:vnic_type': 'normal', 'neutron:port_capabilities': '', 'neutron:mtu': '1372'}, 'parent_name': [], 'tag': [], 'enabled': True, 'options': {}, 'type': 'localport', 'port_security': [], 'dhcpv4_options': [], 'dhcpv6_options': []}) {{(pid=87020) do_commit /opt/stack/data/venv/lib/python3.12/site-packages/ovsdbapp/backend/ovs_idl/transaction.py:89}}
May 28 07:27:18.768307 np0000001598 devstack@neutron-api.service[87020]: DEBUG ovsdbapp.backend.ovs_idl.transaction [None req-705e74a8-1897-473b-85b9-68962b634a2b None None] Running txn n=1 command(idx=1): QoSDelCommand(_result=None, switch=neutron-28f10130-349d-40b9-a065-63612f74fcdb, conditions=[('direction', '=', 'to-lport'), ('priority', '=', 2002), ('match', '=', 'outport == "1f5e1a03-d969-43bd-a7b7-237f804bc0e2"')], if_exists=True) {{(pid=87020) do_commit /opt/stack/data/venv/lib/python3.12/site-packages/ovsdbapp/backend/ovs_idl/transaction.py:89}}
May 28 07:27:18.768511 np0000001598 devstack@neutron-api.service[87021]: DEBUG neutron.db.ovn_revision_numbers_db [None req-6960634a-d74e-421f-8b32-69ec8ad715b7 admin admin] create_initial_revision uuid=b9a20c1b-6809-4bdd-b0bc-0c1b2bf056e6, type=security_group_rules, rev=-1 {{(pid=87021) create_initial_revision /opt/stack/neutron/neutron/db/ovn_revision_numbers_db.py:98}}
May 28 07:27:18.768563 np0000001598 devstack@neutron-api.service[87020]: DEBUG ovsdbapp.backend.ovs_idl.transaction [None req-705e74a8-1897-473b-85b9-68962b634a2b None None] Running txn n=1 command(idx=2): QoSDelCommand(_result=None, switch=neutron-28f10130-349d-40b9-a065-63612f74fcdb, conditions=[('direction', '=', 'from-lport'), ('priority', '=', 2002), ('match', '=', 'inport == "1f5e1a03-d969-43bd-a7b7-237f804bc0e2"')], if_exists=True) {{(pid=87020) do_commit /opt/stack/data/venv/lib/python3.12/site-packages/ovsdbapp/backend/ovs_idl/transaction.py:89}}
May 28 07:27:18.771125 np0000001598 devstack@neutron-api.service[87020]: DEBUG neutron.plugins.ml2.drivers.ovn.mech_driver.ovsdb.ovsdb_monitor [None req-705e74a8-1897-473b-85b9-68962b634a2b None None] Hash Ring: Node 99fc883b982152e08440275dad81273e (host: np0000001598) handling event "update" for row 28f10130-349d-40b9-a065-63612f74fcdb (table: Logical_Switch) {{(pid=87020) notify /opt/stack/neutron/neutron/plugins/ml2/drivers/ovn/mech_driver/ovsdb/ovsdb_monitor.py:986}}
May 28 07:27:18.772087 np0000001598 devstack@neutron-api.service[87021]: DEBUG neutron.plugins.ml2.drivers.ovn.mech_driver.ovsdb.ovsdb_monitor [None req-ff5d6ef2-1daa-48c2-a58b-3aa272bdda90 None None] Touching Hash Ring node "de2a58c3f57859a1a839efb61d97614b" from IDL notify handler {{(pid=87021) notify /opt/stack/neutron/neutron/plugins/ml2/drivers/ovn/mech_driver/ovsdb/ovsdb_monitor.py:978}}
May 28 07:27:18.777273 np0000001598 devstack@neutron-api.service[87021]: DEBUG neutron_lib.callbacks.manager [None req-6960634a-d74e-421f-8b32-69ec8ad715b7 admin admin] Publish callbacks ['neutron.plugins.ml2.drivers.ovn.mech_driver.mech_driver.OVNMechanismDriver._create_security_group-1917513', 'neutron.plugins.ml2.ovo_rpc._ObjectChangeHandler.handle_event-3097395'] for security_group (8a7ba544-88be-4c25-8e4e-a7d2512084c8), after_create {{(pid=87021) _notify_loop /opt/stack/data/venv/lib/python3.12/site-packages/neutron_lib/callbacks/manager.py:184}}
May 28 07:27:18.777698 np0000001598 devstack@neutron-api.service[87021]: DEBUG neutron.plugins.ml2.drivers.ovn.mech_driver.ovsdb.ovsdb_monitor [None req-f5b14d22-342b-4075-9884-b5786af6e7ff None None] Touching Hash Ring node "de2a58c3f57859a1a839efb61d97614b" from IDL notify handler {{(pid=87021) notify /opt/stack/neutron/neutron/plugins/ml2/drivers/ovn/mech_driver/ovsdb/ovsdb_monitor.py:978}}
May 28 07:27:18.778577 np0000001598 devstack@neutron-api.service[87021]: DEBUG neutron.plugins.ml2.drivers.ovn.mech_driver.ovsdb.ovsdb_monitor [None req-ff5d6ef2-1daa-48c2-a58b-3aa272bdda90 None None] Hash Ring: Node de2a58c3f57859a1a839efb61d97614b (host: np0000001598) handling event "create" for row 203a1a3c-2594-4d27-b4b3-5dcc9dacb991 (table: Logical_Switch_Port) {{(pid=87021) notify /opt/stack/neutron/neutron/plugins/ml2/drivers/ovn/mech_driver/ovsdb/ovsdb_monitor.py:986}}
May 28 07:27:18.779540 np0000001598 devstack@neutron-api.service[87021]: DEBUG ovsdbapp.backend.ovs_idl.event [None req-ff5d6ef2-1daa-48c2-a58b-3aa272bdda90 None None] Matched CREATE: LogicalSwitchPortCreateEvent(events=('create',), table='Logical_Switch_Port', conditions=[], old_conditions=None), priority=20 to row=Logical_Switch_Port(uuid=203a1a3c-2594-4d27-b4b3-5dcc9dacb991, addresses=['fa:16:3e:4b:05:27'], dhcpv4_options=[], dhcpv6_options=[], dynamic_addresses=[], enabled=True, external_ids={'neutron:cidrs': '', 'neutron:device_id': 'ovnmeta-28f10130-349d-40b9-a065-63612f74fcdb', 'neutron:device_owner': 'network:distributed', 'neutron:mtu': '1372', 'neutron:network_name': 'neutron-28f10130-349d-40b9-a065-63612f74fcdb', 'neutron:port_capabilities': '', 'neutron:port_name': '', 'neutron:project_id': '860fa1a9efd14d6790d0b01a8202a84a', 'neutron:revision_number': '1', 'neutron:security_group_ids': '', 'neutron:subnet_pool_addr_scope4': '', 'neutron:subnet_pool_addr_scope6': '', 'neutron:vnic_type': 'normal'}, ha_chassis_group=[], mirror_rules=[], name='1f5e1a03-d969-43bd-a7b7-237f804bc0e2', options={}, parent_name=[], port_security=[], tag=[], tag_request=[], type='localport', up=[]) old= {{(pid=87021) matches /opt/stack/data/venv/lib/python3.12/site-packages/ovsdbapp/backend/ovs_idl/event.py:55}}
May 28 07:27:18.780654 np0000001598 devstack@neutron-api.service[87021]: INFO neutron.plugins.ml2.drivers.ovn.mech_driver.mech_driver [None req-2b2108aa-bc60-4ffb-be51-7c9da86e9023 None None] OVN reports status down for port: 1f5e1a03-d969-43bd-a7b7-237f804bc0e2
May 28 07:27:18.782188 np0000001598 devstack@neutron-api.service[87021]: DEBUG neutron.plugins.ml2.drivers.ovn.mech_driver.ovsdb.ovsdb_monitor [None req-ff5d6ef2-1daa-48c2-a58b-3aa272bdda90 None None] Touching Hash Ring node "de2a58c3f57859a1a839efb61d97614b" from IDL notify handler {{(pid=87021) notify /opt/stack/neutron/neutron/plugins/ml2/drivers/ovn/mech_driver/ovsdb/ovsdb_monitor.py:978}}
May 28 07:27:18.782876 np0000001598 devstack@neutron-api.service[87021]: DEBUG neutron.plugins.ml2.drivers.ovn.mech_driver.ovsdb.ovsdb_monitor [None req-f5b14d22-342b-4075-9884-b5786af6e7ff None None] Hash Ring: Node de2a58c3f57859a1a839efb61d97614b (host: np0000001598) handling event "create" for row fe52e14e-36d1-4196-a472-260a20b1b71f (table: Port_Binding) {{(pid=87021) notify /opt/stack/neutron/neutron/plugins/ml2/drivers/ovn/mech_driver/ovsdb/ovsdb_monitor.py:986}}
May 28 07:27:18.784312 np0000001598 devstack@neutron-api.service[87021]: DEBUG neutron.plugins.ml2.drivers.ovn.mech_driver.ovsdb.ovsdb_monitor [None req-ff5d6ef2-1daa-48c2-a58b-3aa272bdda90 None None] Hash Ring: Node de2a58c3f57859a1a839efb61d97614b (host: np0000001598) handling event "update" for row 203a1a3c-2594-4d27-b4b3-5dcc9dacb991 (table: Logical_Switch_Port) {{(pid=87021) notify /opt/stack/neutron/neutron/plugins/ml2/drivers/ovn/mech_driver/ovsdb/ovsdb_monitor.py:986}}
May 28 07:27:18.785036 np0000001598 devstack@neutron-api.service[87021]: DEBUG ovsdbapp.backend.ovs_idl.transaction [None req-ff5d6ef2-1daa-48c2-a58b-3aa272bdda90 None None] Running txn n=1 command(idx=0): PgAddCommand(_result=None, name=pg_8a7ba544_88be_4c25_8e4e_a7d2512084c8, may_exist=False, columns={'acls': [], 'external_ids': {'neutron:security_group_id': '8a7ba544-88be-4c25-8e4e-a7d2512084c8'}}) {{(pid=87021) do_commit /opt/stack/data/venv/lib/python3.12/site-packages/ovsdbapp/backend/ovs_idl/transaction.py:89}}
May 28 07:27:18.785257 np0000001598 devstack@neutron-api.service[87021]: DEBUG ovsdbapp.backend.ovs_idl.transaction [None req-ff5d6ef2-1daa-48c2-a58b-3aa272bdda90 None None] Running txn n=1 command(idx=1): PgAclAddCommand(_result=None, entity=pg_8a7ba544_88be_4c25_8e4e_a7d2512084c8, direction=to-lport, priority=1002, match=outport == @pg_8a7ba544_88be_4c25_8e4e_a7d2512084c8 && ip4 && ip4.src == $pg_8a7ba544_88be_4c25_8e4e_a7d2512084c8_ip4, action=allow-related, log=False, may_exist=True, severity=[], name=[], meter=[], external_ids={'neutron:security_group_rule_id': '5a00ff7c-9f76-46d9-99fa-cd5d9f3c7718'}) {{(pid=87021) do_commit /opt/stack/data/venv/lib/python3.12/site-packages/ovsdbapp/backend/ovs_idl/transaction.py:89}}
May 28 07:27:18.785502 np0000001598 devstack@neutron-api.service[87021]: DEBUG ovsdbapp.backend.ovs_idl.transaction [None req-ff5d6ef2-1daa-48c2-a58b-3aa272bdda90 None None] Running txn n=1 command(idx=2): PgAclAddCommand(_result=None, entity=pg_8a7ba544_88be_4c25_8e4e_a7d2512084c8, direction=from-lport, priority=1002, match=inport == @pg_8a7ba544_88be_4c25_8e4e_a7d2512084c8 && ip4, action=allow-related, log=False, may_exist=True, severity=[], name=[], meter=[], external_ids={'neutron:security_group_rule_id': '7896bffa-a1dc-477b-8da4-fc1e68822848'}) {{(pid=87021) do_commit /opt/stack/data/venv/lib/python3.12/site-packages/ovsdbapp/backend/ovs_idl/transaction.py:89}}
May 28 07:27:18.785710 np0000001598 devstack@neutron-api.service[87021]: DEBUG ovsdbapp.backend.ovs_idl.transaction [None req-ff5d6ef2-1daa-48c2-a58b-3aa272bdda90 None None] Running txn n=1 command(idx=3): PgAclAddCommand(_result=None, entity=pg_8a7ba544_88be_4c25_8e4e_a7d2512084c8, direction=to-lport, priority=1002, match=outport == @pg_8a7ba544_88be_4c25_8e4e_a7d2512084c8 && ip6 && ip6.src == $pg_8a7ba544_88be_4c25_8e4e_a7d2512084c8_ip6, action=allow-related, log=False, may_exist=True, severity=[], name=[], meter=[], external_ids={'neutron:security_group_rule_id': 'a992adf7-5d31-436d-a547-1d6f3f6b0333'}) {{(pid=87021) do_commit /opt/stack/data/venv/lib/python3.12/site-packages/ovsdbapp/backend/ovs_idl/transaction.py:89}}
May 28 07:27:18.785947 np0000001598 devstack@neutron-api.service[87021]: DEBUG ovsdbapp.backend.ovs_idl.transaction [None req-ff5d6ef2-1daa-48c2-a58b-3aa272bdda90 None None] Running txn n=1 command(idx=4): PgAclAddCommand(_result=None, entity=pg_8a7ba544_88be_4c25_8e4e_a7d2512084c8, direction=from-lport, priority=1002, match=inport == @pg_8a7ba544_88be_4c25_8e4e_a7d2512084c8 && ip6, action=allow-related, log=False, may_exist=True, severity=[], name=[], meter=[], external_ids={'neutron:security_group_rule_id': 'b9a20c1b-6809-4bdd-b0bc-0c1b2bf056e6'}) {{(pid=87021) do_commit /opt/stack/data/venv/lib/python3.12/site-packages/ovsdbapp/backend/ovs_idl/transaction.py:89}}
May 28 07:27:18.789484 np0000001598 devstack@neutron-api.service[87021]: DEBUG neutron.plugins.ml2.drivers.ovn.mech_driver.ovsdb.ovsdb_monitor [None req-ff5d6ef2-1daa-48c2-a58b-3aa272bdda90 None None] Touching Hash Ring node "de2a58c3f57859a1a839efb61d97614b" from IDL notify handler {{(pid=87021) notify /opt/stack/neutron/neutron/plugins/ml2/drivers/ovn/mech_driver/ovsdb/ovsdb_monitor.py:978}}
May 28 07:27:18.791482 np0000001598 devstack@neutron-api.service[87021]: DEBUG neutron.plugins.ml2.drivers.ovn.mech_driver.ovsdb.ovsdb_monitor [None req-ff5d6ef2-1daa-48c2-a58b-3aa272bdda90 None None] Hash Ring: Node de2a58c3f57859a1a839efb61d97614b (host: np0000001598) handling event "create" for row 648e9e83-0ac1-4330-afb9-c8e53385913c (table: ACL) {{(pid=87021) notify /opt/stack/neutron/neutron/plugins/ml2/drivers/ovn/mech_driver/ovsdb/ovsdb_monitor.py:986}}
May 28 07:27:18.791993 np0000001598 devstack@neutron-api.service[87020]: DEBUG neutron.plugins.ml2.drivers.ovn.mech_driver.ovsdb.ovsdb_monitor [None req-705e74a8-1897-473b-85b9-68962b634a2b None None] Hash Ring: Node 99fc883b982152e08440275dad81273e (host: np0000001598) handling event "create" for row 6607575d-41e4-47b2-83c8-a5ae045d8e2e (table: ACL) {{(pid=87020) notify /opt/stack/neutron/neutron/plugins/ml2/drivers/ovn/mech_driver/ovsdb/ovsdb_monitor.py:986}}
May 28 07:27:18.792201 np0000001598 devstack@neutron-api.service[87020]: DEBUG neutron.plugins.ml2.drivers.ovn.mech_driver.ovsdb.ovsdb_monitor [None req-705e74a8-1897-473b-85b9-68962b634a2b None None] Hash Ring: Node 99fc883b982152e08440275dad81273e (host: np0000001598) handling event "create" for row 84791e92-4e92-4d8b-9d5e-86993fb78fd1 (table: ACL) {{(pid=87020) notify /opt/stack/neutron/neutron/plugins/ml2/drivers/ovn/mech_driver/ovsdb/ovsdb_monitor.py:986}}
May 28 07:27:18.792274 np0000001598 devstack@neutron-api.service[87021]: DEBUG neutron.plugins.ml2.drivers.ovn.mech_driver.ovsdb.ovsdb_monitor [None req-ff5d6ef2-1daa-48c2-a58b-3aa272bdda90 None None] Touching Hash Ring node "de2a58c3f57859a1a839efb61d97614b" from IDL notify handler {{(pid=87021) notify /opt/stack/neutron/neutron/plugins/ml2/drivers/ovn/mech_driver/ovsdb/ovsdb_monitor.py:978}}
May 28 07:27:18.792422 np0000001598 devstack@neutron-api.service[87020]: DEBUG neutron.plugins.ml2.drivers.ovn.mech_driver.ovsdb.ovsdb_monitor [None req-705e74a8-1897-473b-85b9-68962b634a2b None None] Hash Ring: Node 99fc883b982152e08440275dad81273e (host: np0000001598) handling event "create" for row 889cd86d-2a78-47d9-8542-69a2c97f541e (table: Port_Group) {{(pid=87020) notify /opt/stack/neutron/neutron/plugins/ml2/drivers/ovn/mech_driver/ovsdb/ovsdb_monitor.py:986}}
May 28 07:27:18.794329 np0000001598 devstack@neutron-api.service[87021]: DEBUG neutron.plugins.ml2.drivers.ovn.mech_driver.ovsdb.ovsdb_monitor [None req-ff5d6ef2-1daa-48c2-a58b-3aa272bdda90 None None] Hash Ring: Node de2a58c3f57859a1a839efb61d97614b (host: np0000001598) handling event "create" for row ab4dd612-a17e-41fb-b6bc-b293ea511e9a (table: ACL) {{(pid=87021) notify /opt/stack/neutron/neutron/plugins/ml2/drivers/ovn/mech_driver/ovsdb/ovsdb_monitor.py:986}}
May 28 07:27:18.800978 np0000001598 devstack@neutron-api.service[87020]: INFO neutron.db.ovn_revision_numbers_db [None req-349edb24-6525-485c-8349-2da8e9bf8636 admin admin] Successfully bumped revision number for resource 1f5e1a03-d969-43bd-a7b7-237f804bc0e2 (type: ports) to 1
May 28 07:27:18.808460 np0000001598 devstack@neutron-api.service[87020]: DEBUG neutron.pecan_wsgi.hooks.policy_enforcement [None req-349edb24-6525-485c-8349-2da8e9bf8636 admin admin] Attributes excluded by policy engine: ['standard_attr_id'] {{(pid=87020) _exclude_attributes_by_policy /opt/stack/neutron/neutron/pecan_wsgi/hooks/policy_enforcement.py:256}}
May 28 07:27:18.808733 np0000001598 devstack@neutron-api.service[87020]: DEBUG neutron_lib.callbacks.manager [None req-349edb24-6525-485c-8349-2da8e9bf8636 admin admin] Publish callbacks [] for network (None), before_response {{(pid=87020) _notify_loop /opt/stack/data/venv/lib/python3.12/site-packages/neutron_lib/callbacks/manager.py:184}}
May 28 07:27:18.816697 np0000001598 devstack@neutron-api.service[87020]: [pid: 87020|app: 0|req: 23/47] 10.4.3.51 () {68 vars in 1270 bytes} [Thu May 28 07:27:18 2026] POST /networking/v2.0/networks => generated 723 bytes in 591 msecs (HTTP/1.1 201) 4 headers in 162 bytes (1 switches on core 0)
May 28 07:27:18.817513 np0000001598 devstack@neutron-api.service[87021]: INFO neutron.db.ovn_revision_numbers_db [None req-6960634a-d74e-421f-8b32-69ec8ad715b7 admin admin] Successfully bumped revision number for resource 8a7ba544-88be-4c25-8e4e-a7d2512084c8 (type: security_groups) to 1
May 28 07:27:18.832527 np0000001598 devstack@neutron-api.service[87021]: INFO neutron.db.ovn_revision_numbers_db [None req-6960634a-d74e-421f-8b32-69ec8ad715b7 admin admin] Successfully bumped revision number for resource 5a00ff7c-9f76-46d9-99fa-cd5d9f3c7718 (type: security_group_rules) to 0
May 28 07:27:18.833916 np0000001598 devstack@neutron-api.service[87021]: DEBUG neutron.db.provisioning_blocks [None req-2b2108aa-bc60-4ffb-be51-7c9da86e9023 None None] Transition to ACTIVE for port object 1f5e1a03-d969-43bd-a7b7-237f804bc0e2 will not be triggered until provisioned by entity L2. {{(pid=87021) add_provisioning_component /opt/stack/neutron/neutron/db/provisioning_blocks.py:74}}
May 28 07:27:18.845379 np0000001598 devstack@neutron-api.service[87021]: INFO neutron.db.ovn_revision_numbers_db [None req-6960634a-d74e-421f-8b32-69ec8ad715b7 admin admin] Successfully bumped revision number for resource 7896bffa-a1dc-477b-8da4-fc1e68822848 (type: security_group_rules) to 0
May 28 07:27:18.863084 np0000001598 devstack@neutron-api.service[87021]: INFO neutron.db.ovn_revision_numbers_db [None req-6960634a-d74e-421f-8b32-69ec8ad715b7 admin admin] Successfully bumped revision number for resource a992adf7-5d31-436d-a547-1d6f3f6b0333 (type: security_group_rules) to 0
May 28 07:27:18.867023 np0000001598 devstack@neutron-api.service[87021]: DEBUG neutron.plugins.ml2.plugin [None req-2b2108aa-bc60-4ffb-be51-7c9da86e9023 None None] Current status of the port 1f5e1a03-d969-43bd-a7b7-237f804bc0e2 is: DOWN; New status is: DOWN {{(pid=87021) _update_individual_port_db_status /opt/stack/neutron/neutron/plugins/ml2/plugin.py:2469}}
May 28 07:27:18.868660 np0000001598 devstack@neutron-api.service[87021]: DEBUG ovsdbapp.backend.ovs_idl.transaction [None req-ff5d6ef2-1daa-48c2-a58b-3aa272bdda90 None None] Running txn n=1 command(idx=0): DbRemoveCommand(_result=None, table=Logical_Switch_Port, record=1f5e1a03-d969-43bd-a7b7-237f804bc0e2, column=external_ids, values=('neutron:host_id',), keyvalues={}, if_exists=True) {{(pid=87021) do_commit /opt/stack/data/venv/lib/python3.12/site-packages/ovsdbapp/backend/ovs_idl/transaction.py:89}}
May 28 07:27:18.873479 np0000001598 devstack@neutron-api.service[87021]: INFO neutron.db.ovn_revision_numbers_db [None req-6960634a-d74e-421f-8b32-69ec8ad715b7 admin admin] Successfully bumped revision number for resource b9a20c1b-6809-4bdd-b0bc-0c1b2bf056e6 (type: security_group_rules) to 0
May 28 07:27:18.891887 np0000001598 devstack@neutron-api.service[87021]: DEBUG neutron.api.rpc.handlers.resources_rpc [None req-6960634a-d74e-421f-8b32-69ec8ad715b7 admin admin] Pushing event updated for resources: {'SecurityGroup': ['ID=8a7ba544-88be-4c25-8e4e-a7d2512084c8,revision_number=1']} {{(pid=87021) push /opt/stack/neutron/neutron/api/rpc/handlers/resources_rpc.py:237}}
May 28 07:27:18.923979 np0000001598 devstack@neutron-api.service[87021]: DEBUG neutron.plugins.ml2.drivers.helpers [None req-6960634a-d74e-421f-8b32-69ec8ad715b7 admin admin] geneve segment allocate from pool success with {'geneve_vni': 25912} {{(pid=87021) allocate_partially_specified_segment /opt/stack/neutron/neutron/plugins/ml2/drivers/helpers.py:142}}
