Jul 03 00:18:30.004832 np0000004340 nova-scheduler[96448]: DEBUG cotyledon.oslo_config_glue [-] profiler.es_scroll_time = 2m {{(pid=96448) log_opt_values /opt/stack/data/venv/lib/python3.12/site-packages/oslo_config/cfg.py:3253}}
Jul 03 00:18:30.004832 np0000004340 nova-scheduler[96448]: DEBUG cotyledon.oslo_config_glue [-] profiler.filter_error_trace = False {{(pid=96448) log_opt_values /opt/stack/data/venv/lib/python3.12/site-packages/oslo_config/cfg.py:3253}}
Jul 03 00:18:30.004832 np0000004340 nova-scheduler[96448]: DEBUG cotyledon.oslo_config_glue [-] profiler.hmac_keys = **** {{(pid=96448) log_opt_values /opt/stack/data/venv/lib/python3.12/site-packages/oslo_config/cfg.py:3253}}
Jul 03 00:18:30.004832 np0000004340 nova-scheduler[96448]: DEBUG cotyledon.oslo_config_glue [-] profiler.sentinel_service_name = mymaster {{(pid=96448) log_opt_values /opt/stack/data/venv/lib/python3.12/site-packages/oslo_config/cfg.py:3253}}
Jul 03 00:18:30.005115 np0000004340 nova-scheduler[96448]: DEBUG cotyledon.oslo_config_glue [-] profiler.socket_timeout = 0.1 {{(pid=96448) log_opt_values /opt/stack/data/venv/lib/python3.12/site-packages/oslo_config/cfg.py:3253}}
Jul 03 00:18:30.005115 np0000004340 nova-scheduler[96448]: DEBUG cotyledon.oslo_config_glue [-] profiler.trace_requests = False {{(pid=96448) log_opt_values /opt/stack/data/venv/lib/python3.12/site-packages/oslo_config/cfg.py:3253}}
Jul 03 00:18:30.005115 np0000004340 nova-scheduler[96448]: DEBUG cotyledon.oslo_config_glue [-] profiler.trace_sqlalchemy = False {{(pid=96448) log_opt_values /opt/stack/data/venv/lib/python3.12/site-packages/oslo_config/cfg.py:3253}}
Jul 03 00:18:30.005115 np0000004340 nova-scheduler[96448]: DEBUG cotyledon.oslo_config_glue [-] profiler_jaeger.process_tags = {} {{(pid=96448) log_opt_values /opt/stack/data/venv/lib/python3.12/site-packages/oslo_config/cfg.py:3253}}
Jul 03 00:18:30.005115 np0000004340 nova-scheduler[96448]: DEBUG cotyledon.oslo_config_glue [-] profiler_jaeger.service_name_prefix = None {{(pid=96448) log_opt_values /opt/stack/data/venv/lib/python3.12/site-packages/oslo_config/cfg.py:3253}}
Jul 03 00:18:30.005115 np0000004340 nova-scheduler[96448]: DEBUG cotyledon.oslo_config_glue [-] profiler_otlp.service_name_prefix = None {{(pid=96448) log_opt_values /opt/stack/data/venv/lib/python3.12/site-packages/oslo_config/cfg.py:3253}}
Jul 03 00:18:30.005115 np0000004340 nova-scheduler[96448]: DEBUG cotyledon.oslo_config_glue [-] oslo_messaging_rabbit.amqp_auto_delete = False {{(pid=96448) log_opt_values /opt/stack/data/venv/lib/python3.12/site-packages/oslo_config/cfg.py:3253}}
Jul 03 00:18:30.005115 np0000004340 nova-scheduler[96448]: DEBUG cotyledon.oslo_config_glue [-] oslo_messaging_rabbit.amqp_durable_queues = False {{(pid=96448) log_opt_values /opt/stack/data/venv/lib/python3.12/site-packages/oslo_config/cfg.py:3253}}
Jul 03 00:18:30.005115 np0000004340 nova-scheduler[96448]: DEBUG cotyledon.oslo_config_glue [-] oslo_messaging_rabbit.conn_pool_min_size = 2 {{(pid=96448) log_opt_values /opt/stack/data/venv/lib/python3.12/site-packages/oslo_config/cfg.py:3253}}
Jul 03 00:18:30.005399 np0000004340 nova-scheduler[96448]: DEBUG cotyledon.oslo_config_glue [-] oslo_messaging_rabbit.conn_pool_ttl = 1200 {{(pid=96448) log_opt_values /opt/stack/data/venv/lib/python3.12/site-packages/oslo_config/cfg.py:3253}}
Jul 03 00:18:30.005399 np0000004340 nova-scheduler[96448]: DEBUG cotyledon.oslo_config_glue [-] oslo_messaging_rabbit.direct_mandatory_flag = True {{(pid=96448) log_opt_values /opt/stack/data/venv/lib/python3.12/site-packages/oslo_config/cfg.py:3253}}
Jul 03 00:18:30.005399 np0000004340 nova-scheduler[96448]: DEBUG cotyledon.oslo_config_glue [-] oslo_messaging_rabbit.enable_cancel_on_failover = False {{(pid=96448) log_opt_values /opt/stack/data/venv/lib/python3.12/site-packages/oslo_config/cfg.py:3253}}
Jul 03 00:18:30.005399 np0000004340 nova-scheduler[96448]: DEBUG cotyledon.oslo_config_glue [-] oslo_messaging_rabbit.heartbeat_rate = 3 {{(pid=96448) log_opt_values /opt/stack/data/venv/lib/python3.12/site-packages/oslo_config/cfg.py:3253}}
Jul 03 00:18:30.005399 np0000004340 nova-scheduler[96448]: DEBUG cotyledon.oslo_config_glue [-] oslo_messaging_rabbit.heartbeat_timeout_threshold = 60 {{(pid=96448) log_opt_values /opt/stack/data/venv/lib/python3.12/site-packages/oslo_config/cfg.py:3253}}
Jul 03 00:18:30.005399 np0000004340 nova-scheduler[96448]: DEBUG cotyledon.oslo_config_glue [-] oslo_messaging_rabbit.hostname = np0000004340 {{(pid=96448) log_opt_values /opt/stack/data/venv/lib/python3.12/site-packages/oslo_config/cfg.py:3253}}
Jul 03 00:18:30.005399 np0000004340 nova-scheduler[96448]: DEBUG cotyledon.oslo_config_glue [-] oslo_messaging_rabbit.kombu_compression = None {{(pid=96448) log_opt_values /opt/stack/data/venv/lib/python3.12/site-packages/oslo_config/cfg.py:3253}}
Jul 03 00:18:30.005399 np0000004340 nova-scheduler[96448]: DEBUG cotyledon.oslo_config_glue [-] oslo_messaging_rabbit.kombu_failover_strategy = round-robin {{(pid=96448) log_opt_values /opt/stack/data/venv/lib/python3.12/site-packages/oslo_config/cfg.py:3253}}
Jul 03 00:18:30.005399 np0000004340 nova-scheduler[96448]: DEBUG cotyledon.oslo_config_glue [-] oslo_messaging_rabbit.kombu_missing_consumer_retry_timeout = 60 {{(pid=96448) log_opt_values /opt/stack/data/venv/lib/python3.12/site-packages/oslo_config/cfg.py:3253}}
Jul 03 00:18:30.005675 np0000004340 nova-scheduler[96448]: DEBUG cotyledon.oslo_config_glue [-] oslo_messaging_rabbit.kombu_reconnect_delay = 1.0 {{(pid=96448) log_opt_values /opt/stack/data/venv/lib/python3.12/site-packages/oslo_config/cfg.py:3253}}
Jul 03 00:18:30.005675 np0000004340 nova-scheduler[96448]: DEBUG cotyledon.oslo_config_glue [-] oslo_messaging_rabbit.kombu_reconnect_splay = 0.0 {{(pid=96448) log_opt_values /opt/stack/data/venv/lib/python3.12/site-packages/oslo_config/cfg.py:3253}}
Jul 03 00:18:30.005675 np0000004340 nova-scheduler[96448]: DEBUG cotyledon.oslo_config_glue [-] oslo_messaging_rabbit.processname = nova-scheduler {{(pid=96448) log_opt_values /opt/stack/data/venv/lib/python3.12/site-packages/oslo_config/cfg.py:3253}}
Jul 03 00:18:30.005675 np0000004340 nova-scheduler[96448]: DEBUG cotyledon.oslo_config_glue [-] oslo_messaging_rabbit.rabbit_ha_queues = False {{(pid=96448) log_opt_values /opt/stack/data/venv/lib/python3.12/site-packages/oslo_config/cfg.py:3253}}
Jul 03 00:18:30.005675 np0000004340 nova-scheduler[96448]: DEBUG cotyledon.oslo_config_glue [-] oslo_messaging_rabbit.rabbit_interval_max = 30 {{(pid=96448) log_opt_values /opt/stack/data/venv/lib/python3.12/site-packages/oslo_config/cfg.py:3253}}
Jul 03 00:18:30.005675 np0000004340 nova-scheduler[96448]: DEBUG cotyledon.oslo_config_glue [-] oslo_messaging_rabbit.rabbit_login_method = AMQPLAIN {{(pid=96448) log_opt_values /opt/stack/data/venv/lib/python3.12/site-packages/oslo_config/cfg.py:3253}}
Jul 03 00:18:30.005675 np0000004340 nova-scheduler[96448]: DEBUG cotyledon.oslo_config_glue [-] oslo_messaging_rabbit.rabbit_qos_prefetch_count = 0 {{(pid=96448) log_opt_values /opt/stack/data/venv/lib/python3.12/site-packages/oslo_config/cfg.py:3253}}
Jul 03 00:18:30.005675 np0000004340 nova-scheduler[96448]: DEBUG cotyledon.oslo_config_glue [-] oslo_messaging_rabbit.rabbit_quorum_delivery_limit = 0 {{(pid=96448) log_opt_values /opt/stack/data/venv/lib/python3.12/site-packages/oslo_config/cfg.py:3253}}
Jul 03 00:18:30.005675 np0000004340 nova-scheduler[96448]: DEBUG cotyledon.oslo_config_glue [-] oslo_messaging_rabbit.rabbit_quorum_max_memory_bytes = 0 {{(pid=96448) log_opt_values /opt/stack/data/venv/lib/python3.12/site-packages/oslo_config/cfg.py:3253}}
Jul 03 00:18:30.005981 np0000004340 nova-scheduler[96448]: DEBUG cotyledon.oslo_config_glue [-] oslo_messaging_rabbit.rabbit_quorum_max_memory_length = 0 {{(pid=96448) log_opt_values /opt/stack/data/venv/lib/python3.12/site-packages/oslo_config/cfg.py:3253}}
Jul 03 00:18:30.005981 np0000004340 nova-scheduler[96448]: DEBUG cotyledon.oslo_config_glue [-] oslo_messaging_rabbit.rabbit_quorum_queue = False {{(pid=96448) log_opt_values /opt/stack/data/venv/lib/python3.12/site-packages/oslo_config/cfg.py:3253}}
Jul 03 00:18:30.005981 np0000004340 nova-scheduler[96448]: DEBUG cotyledon.oslo_config_glue [-] oslo_messaging_rabbit.rabbit_retry_backoff = 2 {{(pid=96448) log_opt_values /opt/stack/data/venv/lib/python3.12/site-packages/oslo_config/cfg.py:3253}}
Jul 03 00:18:30.005981 np0000004340 nova-scheduler[96448]: DEBUG cotyledon.oslo_config_glue [-] oslo_messaging_rabbit.rabbit_retry_interval = 1 {{(pid=96448) log_opt_values /opt/stack/data/venv/lib/python3.12/site-packages/oslo_config/cfg.py:3253}}
Jul 03 00:18:30.005981 np0000004340 nova-scheduler[96448]: DEBUG cotyledon.oslo_config_glue [-] oslo_messaging_rabbit.rabbit_stream_fanout = False {{(pid=96448) log_opt_values /opt/stack/data/venv/lib/python3.12/site-packages/oslo_config/cfg.py:3253}}
Jul 03 00:18:30.005981 np0000004340 nova-scheduler[96448]: DEBUG cotyledon.oslo_config_glue [-] oslo_messaging_rabbit.rabbit_transient_queues_ttl = 1800 {{(pid=96448) log_opt_values /opt/stack/data/venv/lib/python3.12/site-packages/oslo_config/cfg.py:3253}}
Jul 03 00:18:30.005981 np0000004340 nova-scheduler[96448]: DEBUG cotyledon.oslo_config_glue [-] oslo_messaging_rabbit.rabbit_transient_quorum_queue = False {{(pid=96448) log_opt_values /opt/stack/data/venv/lib/python3.12/site-packages/oslo_config/cfg.py:3253}}
Jul 03 00:18:30.005981 np0000004340 nova-scheduler[96448]: DEBUG cotyledon.oslo_config_glue [-] oslo_messaging_rabbit.rpc_conn_pool_size = 30 {{(pid=96448) log_opt_values /opt/stack/data/venv/lib/python3.12/site-packages/oslo_config/cfg.py:3253}}
Jul 03 00:18:30.005981 np0000004340 nova-scheduler[96448]: DEBUG cotyledon.oslo_config_glue [-] oslo_messaging_rabbit.ssl = False {{(pid=96448) log_opt_values /opt/stack/data/venv/lib/python3.12/site-packages/oslo_config/cfg.py:3253}}
Jul 03 00:18:30.006271 np0000004340 nova-scheduler[96448]: DEBUG cotyledon.oslo_config_glue [-] oslo_messaging_rabbit.ssl_ca_file = {{(pid=96448) log_opt_values /opt/stack/data/venv/lib/python3.12/site-packages/oslo_config/cfg.py:3253}}
Jul 03 00:18:30.006271 np0000004340 nova-scheduler[96448]: DEBUG cotyledon.oslo_config_glue [-] oslo_messaging_rabbit.ssl_cert_file = {{(pid=96448) log_opt_values /opt/stack/data/venv/lib/python3.12/site-packages/oslo_config/cfg.py:3253}}
Jul 03 00:18:30.006271 np0000004340 nova-scheduler[96448]: DEBUG cotyledon.oslo_config_glue [-] oslo_messaging_rabbit.ssl_enforce_fips_mode = False {{(pid=96448) log_opt_values /opt/stack/data/venv/lib/python3.12/site-packages/oslo_config/cfg.py:3253}}
Jul 03 00:18:30.006271 np0000004340 nova-scheduler[96448]: DEBUG cotyledon.oslo_config_glue [-] oslo_messaging_rabbit.ssl_enforce_hostname_verification = True {{(pid=96448) log_opt_values /opt/stack/data/venv/lib/python3.12/site-packages/oslo_config/cfg.py:3253}}
Jul 03 00:18:30.006271 np0000004340 nova-scheduler[96448]: DEBUG cotyledon.oslo_config_glue [-] oslo_messaging_rabbit.ssl_key_file = {{(pid=96448) log_opt_values /opt/stack/data/venv/lib/python3.12/site-packages/oslo_config/cfg.py:3253}}
Jul 03 00:18:30.006271 np0000004340 nova-scheduler[96448]: DEBUG cotyledon.oslo_config_glue [-] oslo_messaging_rabbit.ssl_version = {{(pid=96448) log_opt_values /opt/stack/data/venv/lib/python3.12/site-packages/oslo_config/cfg.py:3253}}
Jul 03 00:18:30.006271 np0000004340 nova-scheduler[96448]: DEBUG cotyledon.oslo_config_glue [-] oslo_messaging_rabbit.use_queue_manager = False {{(pid=96448) log_opt_values /opt/stack/data/venv/lib/python3.12/site-packages/oslo_config/cfg.py:3253}}
Jul 03 00:18:30.006271 np0000004340 nova-scheduler[96448]: DEBUG cotyledon.oslo_config_glue [-] oslo_messaging_notifications.driver = ['messagingv2'] {{(pid=96448) log_opt_values /opt/stack/data/venv/lib/python3.12/site-packages/oslo_config/cfg.py:3253}}
Jul 03 00:18:30.006271 np0000004340 nova-scheduler[96448]: DEBUG cotyledon.oslo_config_glue [-] oslo_messaging_notifications.retry = -1 {{(pid=96448) log_opt_values /opt/stack/data/venv/lib/python3.12/site-packages/oslo_config/cfg.py:3253}}
Jul 03 00:18:30.006619 np0000004340 nova-scheduler[96448]: DEBUG cotyledon.oslo_config_glue [-] oslo_messaging_notifications.topics = ['notifications'] {{(pid=96448) log_opt_values /opt/stack/data/venv/lib/python3.12/site-packages/oslo_config/cfg.py:3253}}
Jul 03 00:18:30.006619 np0000004340 nova-scheduler[96448]: DEBUG cotyledon.oslo_config_glue [-] oslo_messaging_notifications.transport_url = **** {{(pid=96448) log_opt_values /opt/stack/data/venv/lib/python3.12/site-packages/oslo_config/cfg.py:3253}}
Jul 03 00:18:30.006619 np0000004340 nova-scheduler[96448]: DEBUG cotyledon.oslo_config_glue [-] oslo_limit.auth_section = None {{(pid=96448) log_opt_values /opt/stack/data/venv/lib/python3.12/site-packages/oslo_config/cfg.py:3253}}
Jul 03 00:18:30.006619 np0000004340 nova-scheduler[96448]: DEBUG cotyledon.oslo_config_glue [-] oslo_limit.auth_type = None {{(pid=96448) log_opt_values /opt/stack/data/venv/lib/python3.12/site-packages/oslo_config/cfg.py:3253}}
Jul 03 00:18:30.006619 np0000004340 nova-scheduler[96448]: DEBUG cotyledon.oslo_config_glue [-] oslo_limit.cafile = None {{(pid=96448) log_opt_values /opt/stack/data/venv/lib/python3.12/site-packages/oslo_config/cfg.py:3253}}
Jul 03 00:18:30.006619 np0000004340 nova-scheduler[96448]: DEBUG cotyledon.oslo_config_glue [-] oslo_limit.certfile = None {{(pid=96448) log_opt_values /opt/stack/data/venv/lib/python3.12/site-packages/oslo_config/cfg.py:3253}}
Jul 03 00:18:30.006619 np0000004340 nova-scheduler[96448]: DEBUG cotyledon.oslo_config_glue [-] oslo_limit.collect_timing = False {{(pid=96448) log_opt_values /opt/stack/data/venv/lib/python3.12/site-packages/oslo_config/cfg.py:3253}}
Jul 03 00:18:30.006619 np0000004340 nova-scheduler[96448]: DEBUG cotyledon.oslo_config_glue [-] oslo_limit.connect_retries = None {{(pid=96448) log_opt_values /opt/stack/data/venv/lib/python3.12/site-packages/oslo_config/cfg.py:3253}}
Jul 03 00:18:30.006619 np0000004340 nova-scheduler[96448]: DEBUG cotyledon.oslo_config_glue [-] oslo_limit.connect_retry_delay = None {{(pid=96448) log_opt_values /opt/stack/data/venv/lib/python3.12/site-packages/oslo_config/cfg.py:3253}}
Jul 03 00:18:30.006900 np0000004340 nova-scheduler[96448]: DEBUG cotyledon.oslo_config_glue [-] oslo_limit.endpoint_id = None {{(pid=96448) log_opt_values /opt/stack/data/venv/lib/python3.12/site-packages/oslo_config/cfg.py:3253}}
Jul 03 00:18:30.006900 np0000004340 nova-scheduler[96448]: DEBUG cotyledon.oslo_config_glue [-] oslo_limit.endpoint_interface = public {{(pid=96448) log_opt_values /opt/stack/data/venv/lib/python3.12/site-packages/oslo_config/cfg.py:3253}}
Jul 03 00:18:30.006900 np0000004340 nova-scheduler[96448]: DEBUG cotyledon.oslo_config_glue [-] oslo_limit.endpoint_override = None {{(pid=96448) log_opt_values /opt/stack/data/venv/lib/python3.12/site-packages/oslo_config/cfg.py:3253}}
Jul 03 00:18:30.006900 np0000004340 nova-scheduler[96448]: DEBUG cotyledon.oslo_config_glue [-] oslo_limit.endpoint_region_name = None {{(pid=96448) log_opt_values /opt/stack/data/venv/lib/python3.12/site-packages/oslo_config/cfg.py:3253}}
Jul 03 00:18:30.006900 np0000004340 nova-scheduler[96448]: DEBUG cotyledon.oslo_config_glue [-] oslo_limit.endpoint_service_name = None {{(pid=96448) log_opt_values /opt/stack/data/venv/lib/python3.12/site-packages/oslo_config/cfg.py:3253}}
Jul 03 00:18:30.006900 np0000004340 nova-scheduler[96448]: DEBUG cotyledon.oslo_config_glue [-] oslo_limit.endpoint_service_type = None {{(pid=96448) log_opt_values /opt/stack/data/venv/lib/python3.12/site-packages/oslo_config/cfg.py:3253}}
Jul 03 00:18:30.006900 np0000004340 nova-scheduler[96448]: DEBUG cotyledon.oslo_config_glue [-] oslo_limit.insecure = False {{(pid=96448) log_opt_values /opt/stack/data/venv/lib/python3.12/site-packages/oslo_config/cfg.py:3253}}
Jul 03 00:18:30.006900 np0000004340 nova-scheduler[96448]: DEBUG cotyledon.oslo_config_glue [-] oslo_limit.keyfile = None {{(pid=96448) log_opt_values /opt/stack/data/venv/lib/python3.12/site-packages/oslo_config/cfg.py:3253}}
Jul 03 00:18:30.006900 np0000004340 nova-scheduler[96448]: DEBUG cotyledon.oslo_config_glue [-] oslo_limit.max_version = None {{(pid=96448) log_opt_values /opt/stack/data/venv/lib/python3.12/site-packages/oslo_config/cfg.py:3253}}
Jul 03 00:18:30.007156 np0000004340 nova-scheduler[96448]: DEBUG cotyledon.oslo_config_glue [-] oslo_limit.min_version = None {{(pid=96448) log_opt_values /opt/stack/data/venv/lib/python3.12/site-packages/oslo_config/cfg.py:3253}}
Jul 03 00:18:30.007156 np0000004340 nova-scheduler[96448]: DEBUG cotyledon.oslo_config_glue [-] oslo_limit.region_name = None {{(pid=96448) log_opt_values /opt/stack/data/venv/lib/python3.12/site-packages/oslo_config/cfg.py:3253}}
Jul 03 00:18:30.007156 np0000004340 nova-scheduler[96448]: DEBUG cotyledon.oslo_config_glue [-] oslo_limit.retriable_status_codes = None {{(pid=96448) log_opt_values /opt/stack/data/venv/lib/python3.12/site-packages/oslo_config/cfg.py:3253}}
Jul 03 00:18:30.007156 np0000004340 nova-scheduler[96448]: DEBUG cotyledon.oslo_config_glue [-] oslo_limit.service_name = None {{(pid=96448) log_opt_values /opt/stack/data/venv/lib/python3.12/site-packages/oslo_config/cfg.py:3253}}
Jul 03 00:18:30.007156 np0000004340 nova-scheduler[96448]: DEBUG cotyledon.oslo_config_glue [-] oslo_limit.service_type = None {{(pid=96448) log_opt_values /opt/stack/data/venv/lib/python3.12/site-packages/oslo_config/cfg.py:3253}}
Jul 03 00:18:30.007156 np0000004340 nova-scheduler[96448]: DEBUG cotyledon.oslo_config_glue [-] oslo_limit.split_loggers = False {{(pid=96448) log_opt_values /opt/stack/data/venv/lib/python3.12/site-packages/oslo_config/cfg.py:3253}}
Jul 03 00:18:30.007156 np0000004340 nova-scheduler[96448]: DEBUG cotyledon.oslo_config_glue [-] oslo_limit.status_code_retries = None {{(pid=96448) log_opt_values /opt/stack/data/venv/lib/python3.12/site-packages/oslo_config/cfg.py:3253}}
Jul 03 00:18:30.007156 np0000004340 nova-scheduler[96448]: DEBUG cotyledon.oslo_config_glue [-] oslo_limit.status_code_retry_delay = None {{(pid=96448) log_opt_values /opt/stack/data/venv/lib/python3.12/site-packages/oslo_config/cfg.py:3253}}
Jul 03 00:18:30.007156 np0000004340 nova-scheduler[96448]: DEBUG cotyledon.oslo_config_glue [-] oslo_limit.timeout = None {{(pid=96448) log_opt_values /opt/stack/data/venv/lib/python3.12/site-packages/oslo_config/cfg.py:3253}}
Jul 03 00:18:30.007427 np0000004340 nova-scheduler[96448]: DEBUG cotyledon.oslo_config_glue [-] oslo_limit.valid_interfaces = None {{(pid=96448) log_opt_values /opt/stack/data/venv/lib/python3.12/site-packages/oslo_config/cfg.py:3253}}
Jul 03 00:18:30.007427 np0000004340 nova-scheduler[96448]: DEBUG cotyledon.oslo_config_glue [-] oslo_limit.version = None {{(pid=96448) log_opt_values /opt/stack/data/venv/lib/python3.12/site-packages/oslo_config/cfg.py:3253}}
Jul 03 00:18:30.007427 np0000004340 nova-scheduler[96448]: DEBUG cotyledon.oslo_config_glue [-] oslo_reports.file_event_handler = None {{(pid=96448) log_opt_values /opt/stack/data/venv/lib/python3.12/site-packages/oslo_config/cfg.py:3253}}
Jul 03 00:18:30.007427 np0000004340 nova-scheduler[96448]: DEBUG cotyledon.oslo_config_glue [-] oslo_reports.file_event_handler_interval = 1 {{(pid=96448) log_opt_values /opt/stack/data/venv/lib/python3.12/site-packages/oslo_config/cfg.py:3253}}
Jul 03 00:18:30.007427 np0000004340 nova-scheduler[96448]: DEBUG cotyledon.oslo_config_glue [-] oslo_reports.log_dir = None {{(pid=96448) log_opt_values /opt/stack/data/venv/lib/python3.12/site-packages/oslo_config/cfg.py:3253}}
Jul 03 00:18:30.007427 np0000004340 nova-scheduler[96448]: DEBUG cotyledon.oslo_config_glue [-] ******************************************************************************** {{(pid=96448) log_opt_values /opt/stack/data/venv/lib/python3.12/site-packages/oslo_config/cfg.py:3260}}
Jul 03 00:18:30.007427 np0000004340 nova-scheduler[96448]: DEBUG cotyledon._service_worker [-] Run service ServiceWrapper(3) [96448] {{(pid=96448) wait_forever /opt/stack/data/venv/lib/python3.12/site-packages/cotyledon/_service_worker.py:218}}
Jul 03 00:18:30.007427 np0000004340 nova-scheduler[96448]: INFO nova.service [-] Starting scheduler node (version 33.1.0)
Jul 03 00:18:30.007560 np0000004340 nova-scheduler[96437]: DEBUG oslo_db.sqlalchemy.engines [None req-00451b37-6aa6-4b07-b0e3-9b71983dc3ad None None] MySQL server mode set to STRICT_TRANS_TABLES,STRICT_ALL_TABLES,NO_ZERO_IN_DATE,NO_ZERO_DATE,ERROR_FOR_DIVISION_BY_ZERO,TRADITIONAL,NO_ENGINE_SUBSTITUTION {{(pid=96437) _check_effective_sql_mode /opt/stack/data/venv/lib/python3.12/site-packages/oslo_db/sqlalchemy/engines.py:325}}
Jul 03 00:18:30.007592 np0000004340 nova-scheduler[96448]: INFO dbcounter [None req-2a82f739-e79d-492f-8672-e4387cfa682a None None] Registered counter for database nova_cell0
Jul 03 00:18:30.007614 np0000004340 nova-scheduler[96437]: DEBUG dbcounter [-] [96437] Writer thread running {{(pid=96437) stat_writer /opt/stack/data/venv/lib/python3.12/site-packages/dbcounter.py:102}}
Jul 03 00:18:30.008288 np0000004340 nova-scheduler[96442]: DEBUG oslo_db.sqlalchemy.engines [None req-6369ae4c-2eca-422b-b12b-794b87deffb8 None None] MySQL server mode set to STRICT_TRANS_TABLES,STRICT_ALL_TABLES,NO_ZERO_IN_DATE,NO_ZERO_DATE,ERROR_FOR_DIVISION_BY_ZERO,TRADITIONAL,NO_ENGINE_SUBSTITUTION {{(pid=96442) _check_effective_sql_mode /opt/stack/data/venv/lib/python3.12/site-packages/oslo_db/sqlalchemy/engines.py:325}}
Jul 03 00:18:30.021878 np0000004340 nova-scheduler[96442]: DEBUG dbcounter [-] [96442] Writer thread running {{(pid=96442) stat_writer /opt/stack/data/venv/lib/python3.12/site-packages/dbcounter.py:102}}
Jul 03 00:18:30.024834 np0000004340 nova-scheduler[96439]: DEBUG oslo_db.sqlalchemy.engines [None req-e60a714e-eac2-470e-9600-486152d9ac44 None None] MySQL server mode set to STRICT_TRANS_TABLES,STRICT_ALL_TABLES,NO_ZERO_IN_DATE,NO_ZERO_DATE,ERROR_FOR_DIVISION_BY_ZERO,TRADITIONAL,NO_ENGINE_SUBSTITUTION {{(pid=96439) _check_effective_sql_mode /opt/stack/data/venv/lib/python3.12/site-packages/oslo_db/sqlalchemy/engines.py:325}}
Jul 03 00:18:30.026092 np0000004340 nova-scheduler[96437]: DEBUG nova.service [None req-00451b37-6aa6-4b07-b0e3-9b71983dc3ad None None] Creating RPC server for service: nova-scheduler on topic: scheduler {{(pid=96437) start /opt/stack/nova/nova/service.py:196}}
Jul 03 00:18:30.028186 np0000004340 nova-scheduler[96448]: DEBUG oslo_db.sqlalchemy.engines [None req-2a82f739-e79d-492f-8672-e4387cfa682a None None] MySQL server mode set to STRICT_TRANS_TABLES,STRICT_ALL_TABLES,NO_ZERO_IN_DATE,NO_ZERO_DATE,ERROR_FOR_DIVISION_BY_ZERO,TRADITIONAL,NO_ENGINE_SUBSTITUTION {{(pid=96448) _check_effective_sql_mode /opt/stack/data/venv/lib/python3.12/site-packages/oslo_db/sqlalchemy/engines.py:325}}
Jul 03 00:18:30.033906 np0000004340 nova-scheduler[96439]: DEBUG dbcounter [-] [96439] Writer thread running {{(pid=96439) stat_writer /opt/stack/data/venv/lib/python3.12/site-packages/dbcounter.py:102}}
Jul 03 00:18:30.036650 np0000004340 nova-scheduler[96439]: DEBUG nova.service [None req-e60a714e-eac2-470e-9600-486152d9ac44 None None] Creating RPC server for service: nova-scheduler on topic: scheduler {{(pid=96439) start /opt/stack/nova/nova/service.py:196}}
Jul 03 00:18:30.039278 np0000004340 nova-scheduler[96448]: DEBUG dbcounter [-] [96448] Writer thread running {{(pid=96448) stat_writer /opt/stack/data/venv/lib/python3.12/site-packages/dbcounter.py:102}}
Jul 03 00:18:30.040220 np0000004340 nova-scheduler[96442]: DEBUG nova.service [None req-6369ae4c-2eca-422b-b12b-794b87deffb8 None None] Creating RPC server for service: nova-scheduler on topic: scheduler {{(pid=96442) start /opt/stack/nova/nova/service.py:196}}
Jul 03 00:18:30.042406 np0000004340 nova-scheduler[96448]: DEBUG nova.service [None req-2a82f739-e79d-492f-8672-e4387cfa682a None None] Creating RPC server for service: nova-scheduler on topic: scheduler {{(pid=96448) start /opt/stack/nova/nova/service.py:196}}
Jul 03 00:18:30.057361 np0000004340 nova-scheduler[96437]: DEBUG nova.service [None req-00451b37-6aa6-4b07-b0e3-9b71983dc3ad None None] Join ServiceGroup membership for this service scheduler {{(pid=96437) start /opt/stack/nova/nova/service.py:222}}
Jul 03 00:18:30.057525 np0000004340 nova-scheduler[96439]: DEBUG nova.service [None req-e60a714e-eac2-470e-9600-486152d9ac44 None None] Join ServiceGroup membership for this service scheduler {{(pid=96439) start /opt/stack/nova/nova/service.py:222}}
Jul 03 00:18:30.057574 np0000004340 nova-scheduler[96437]: DEBUG nova.servicegroup.drivers.db [None req-00451b37-6aa6-4b07-b0e3-9b71983dc3ad None None] DB_Driver: join new ServiceGroup member np0000004340 to the scheduler group, service = {{(pid=96437) join /opt/stack/nova/nova/servicegroup/drivers/db.py:44}}
Jul 03 00:18:30.057748 np0000004340 nova-scheduler[96439]: DEBUG nova.servicegroup.drivers.db [None req-e60a714e-eac2-470e-9600-486152d9ac44 None None] DB_Driver: join new ServiceGroup member np0000004340 to the scheduler group, service = {{(pid=96439) join /opt/stack/nova/nova/servicegroup/drivers/db.py:44}}
Jul 03 00:18:30.060742 np0000004340 nova-scheduler[96448]: DEBUG nova.service [None req-2a82f739-e79d-492f-8672-e4387cfa682a None None] Join ServiceGroup membership for this service scheduler {{(pid=96448) start /opt/stack/nova/nova/service.py:222}}
Jul 03 00:18:30.061026 np0000004340 nova-scheduler[96448]: DEBUG nova.servicegroup.drivers.db [None req-2a82f739-e79d-492f-8672-e4387cfa682a None None] DB_Driver: join new ServiceGroup member np0000004340 to the scheduler group, service = {{(pid=96448) join /opt/stack/nova/nova/servicegroup/drivers/db.py:44}}
Jul 03 00:18:30.061663 np0000004340 nova-scheduler[96442]: DEBUG nova.service [None req-6369ae4c-2eca-422b-b12b-794b87deffb8 None None] Join ServiceGroup membership for this service scheduler {{(pid=96442) start /opt/stack/nova/nova/service.py:222}}
Jul 03 00:18:30.061908 np0000004340 nova-scheduler[96442]: DEBUG nova.servicegroup.drivers.db [None req-6369ae4c-2eca-422b-b12b-794b87deffb8 None None] DB_Driver: join new ServiceGroup member np0000004340 to the scheduler group, service = {{(pid=96442) join /opt/stack/nova/nova/servicegroup/drivers/db.py:44}}
Jul 03 00:18:35.075175 np0000004340 nova-scheduler[96442]: DEBUG oslo.service.backend._threading.loopingcall [-] Fixed interval looping call 'nova.servicegroup.drivers.db.DbDriver._report_state' sleeping for 119.99 seconds {{(pid=96442) _run_loop /opt/stack/data/venv/lib/python3.12/site-packages/oslo_service/backend/_threading/loopingcall.py:125}}
Jul 03 00:18:35.076216 np0000004340 nova-scheduler[96437]: DEBUG oslo.service.backend._threading.loopingcall [-] Fixed interval looping call 'nova.servicegroup.drivers.db.DbDriver._report_state' sleeping for 119.98 seconds {{(pid=96437) _run_loop /opt/stack/data/venv/lib/python3.12/site-packages/oslo_service/backend/_threading/loopingcall.py:125}}
Jul 03 00:18:35.079787 np0000004340 nova-scheduler[96439]: DEBUG oslo.service.backend._threading.loopingcall [-] Fixed interval looping call 'nova.servicegroup.drivers.db.DbDriver._report_state' sleeping for 119.98 seconds {{(pid=96439) _run_loop /opt/stack/data/venv/lib/python3.12/site-packages/oslo_service/backend/_threading/loopingcall.py:125}}
Jul 03 00:18:35.080104 np0000004340 nova-scheduler[96448]: DEBUG oslo.service.backend._threading.loopingcall [-] Fixed interval looping call 'nova.servicegroup.drivers.db.DbDriver._report_state' sleeping for 119.98 seconds {{(pid=96448) _run_loop /opt/stack/data/venv/lib/python3.12/site-packages/oslo_service/backend/_threading/loopingcall.py:125}}
Jul 03 00:18:38.564908 np0000004340 nova-scheduler[95226]: DEBUG dbcounter [-] [95226] Writing DB stats nova_api:SELECT=3 {{(pid=95226) stat_writer /opt/stack/data/venv/lib/python3.12/site-packages/dbcounter.py:115}}
Jul 03 00:18:38.694509 np0000004340 nova-scheduler[95226]: DEBUG dbcounter [-] [95226] Writing DB stats nova_cell1:SELECT=1 {{(pid=95226) stat_writer /opt/stack/data/venv/lib/python3.12/site-packages/dbcounter.py:115}}
Jul 03 00:18:38.707374 np0000004340 nova-scheduler[95226]: DEBUG dbcounter [-] [95226] Writing DB stats nova_cell0:SELECT=1 {{(pid=95226) stat_writer /opt/stack/data/venv/lib/python3.12/site-packages/dbcounter.py:115}}
Jul 03 00:18:42.062958 np0000004340 nova-scheduler[96448]: DEBUG oslo.service.backend._threading.loopingcall [None req-3a8faf53-8e85-49a1-b357-9d5d0ff4b21c None None] Dynamic interval looping call 'nova.service.Service.periodic_tasks' sleeping for 60.00 seconds {{(pid=96448) _run_loop /opt/stack/data/venv/lib/python3.12/site-packages/oslo_service/backend/_threading/loopingcall.py:125}}
Jul 03 00:18:45.069488 np0000004340 nova-scheduler[96437]: DEBUG dbcounter [-] [96437] Writing DB stats nova_cell0:SELECT=4,nova_cell0:INSERT=1,nova_cell0:UPDATE=1 {{(pid=96437) stat_writer /opt/stack/data/venv/lib/python3.12/site-packages/dbcounter.py:115}}
Jul 03 00:18:45.069886 np0000004340 nova-scheduler[96442]: DEBUG dbcounter [-] [96442] Writing DB stats nova_cell0:SELECT=4,nova_cell0:INSERT=1,nova_cell0:UPDATE=1 {{(pid=96442) stat_writer /opt/stack/data/venv/lib/python3.12/site-packages/dbcounter.py:115}}
Jul 03 00:18:45.074066 np0000004340 nova-scheduler[96439]: DEBUG dbcounter [-] [96439] Writing DB stats nova_cell0:SELECT=3,nova_cell0:UPDATE=1 {{(pid=96439) stat_writer /opt/stack/data/venv/lib/python3.12/site-packages/dbcounter.py:115}}
Jul 03 00:18:45.074895 np0000004340 nova-scheduler[96448]: DEBUG dbcounter [-] [96448] Writing DB stats nova_cell0:SELECT=3,nova_cell0:UPDATE=1 {{(pid=96448) stat_writer /opt/stack/data/venv/lib/python3.12/site-packages/dbcounter.py:115}}
Jul 03 00:18:46.059508 np0000004340 nova-scheduler[96437]: DEBUG oslo.service.backend._threading.loopingcall [None req-9cb9599e-ec4b-467e-87ce-eca9185f85ba None None] Dynamic interval looping call 'nova.service.Service.periodic_tasks' sleeping for 60.00 seconds {{(pid=96437) _run_loop /opt/stack/data/venv/lib/python3.12/site-packages/oslo_service/backend/_threading/loopingcall.py:125}}
Jul 03 00:19:03.060005 np0000004340 nova-scheduler[96439]: DEBUG oslo.service.backend._threading.loopingcall [None req-d2dc9866-0eb0-490b-9a1e-0c0cbb5e38ec None None] Dynamic interval looping call 'nova.service.Service.periodic_tasks' sleeping for 60.00 seconds {{(pid=96439) _run_loop /opt/stack/data/venv/lib/python3.12/site-packages/oslo_service/backend/_threading/loopingcall.py:125}}
Jul 03 00:19:17.064296 np0000004340 nova-scheduler[96442]: DEBUG oslo.service.backend._threading.loopingcall [None req-7b642cc6-7b13-4e17-8ae7-1daa37c6cda9 None None] Dynamic interval looping call 'nova.service.Service.periodic_tasks' sleeping for 60.00 seconds {{(pid=96442) _run_loop /opt/stack/data/venv/lib/python3.12/site-packages/oslo_service/backend/_threading/loopingcall.py:125}}
Jul 03 00:19:42.063454 np0000004340 nova-scheduler[96448]: DEBUG oslo.service.backend._threading.loopingcall [None req-3a8faf53-8e85-49a1-b357-9d5d0ff4b21c None None] Dynamic interval looping call 'nova.service.Service.periodic_tasks' sleeping for 60.00 seconds {{(pid=96448) _run_loop /opt/stack/data/venv/lib/python3.12/site-packages/oslo_service/backend/_threading/loopingcall.py:125}}
Jul 03 00:19:46.059966 np0000004340 nova-scheduler[96437]: DEBUG oslo.service.backend._threading.loopingcall [None req-9cb9599e-ec4b-467e-87ce-eca9185f85ba None None] Dynamic interval looping call 'nova.service.Service.periodic_tasks' sleeping for 60.00 seconds {{(pid=96437) _run_loop /opt/stack/data/venv/lib/python3.12/site-packages/oslo_service/backend/_threading/loopingcall.py:125}}
Jul 03 00:20:03.060761 np0000004340 nova-scheduler[96439]: DEBUG oslo.service.backend._threading.loopingcall [None req-d2dc9866-0eb0-490b-9a1e-0c0cbb5e38ec None None] Dynamic interval looping call 'nova.service.Service.periodic_tasks' sleeping for 60.00 seconds {{(pid=96439) _run_loop /opt/stack/data/venv/lib/python3.12/site-packages/oslo_service/backend/_threading/loopingcall.py:125}}
Jul 03 00:20:17.064895 np0000004340 nova-scheduler[96442]: DEBUG oslo.service.backend._threading.loopingcall [None req-7b642cc6-7b13-4e17-8ae7-1daa37c6cda9 None None] Dynamic interval looping call 'nova.service.Service.periodic_tasks' sleeping for 60.00 seconds {{(pid=96442) _run_loop /opt/stack/data/venv/lib/python3.12/site-packages/oslo_service/backend/_threading/loopingcall.py:125}}
Jul 03 00:20:35.064044 np0000004340 nova-scheduler[96437]: DEBUG oslo.service.backend._threading.loopingcall [-] Fixed interval looping call 'nova.servicegroup.drivers.db.DbDriver._report_state' sleeping for 119.99 seconds {{(pid=96437) _run_loop /opt/stack/data/venv/lib/python3.12/site-packages/oslo_service/backend/_threading/loopingcall.py:125}}
Jul 03 00:20:35.064886 np0000004340 nova-scheduler[96448]: DEBUG oslo.service.backend._threading.loopingcall [-] Fixed interval looping call 'nova.servicegroup.drivers.db.DbDriver._report_state' sleeping for 120.00 seconds {{(pid=96448) _run_loop /opt/stack/data/venv/lib/python3.12/site-packages/oslo_service/backend/_threading/loopingcall.py:125}}
Jul 03 00:20:35.065922 np0000004340 nova-scheduler[96439]: DEBUG oslo.service.backend._threading.loopingcall [-] Fixed interval looping call 'nova.servicegroup.drivers.db.DbDriver._report_state' sleeping for 119.99 seconds {{(pid=96439) _run_loop /opt/stack/data/venv/lib/python3.12/site-packages/oslo_service/backend/_threading/loopingcall.py:125}}
Jul 03 00:20:35.068976 np0000004340 nova-scheduler[96442]: DEBUG oslo.service.backend._threading.loopingcall [-] Fixed interval looping call 'nova.servicegroup.drivers.db.DbDriver._report_state' sleeping for 120.00 seconds {{(pid=96442) _run_loop /opt/stack/data/venv/lib/python3.12/site-packages/oslo_service/backend/_threading/loopingcall.py:125}}
Jul 03 00:20:42.063934 np0000004340 nova-scheduler[96448]: DEBUG oslo.service.backend._threading.loopingcall [None req-3a8faf53-8e85-49a1-b357-9d5d0ff4b21c None None] Dynamic interval looping call 'nova.service.Service.periodic_tasks' sleeping for 60.00 seconds {{(pid=96448) _run_loop /opt/stack/data/venv/lib/python3.12/site-packages/oslo_service/backend/_threading/loopingcall.py:125}}
Jul 03 00:20:45.060955 np0000004340 nova-scheduler[96437]: DEBUG dbcounter [-] [96437] Writing DB stats nova_cell0:SELECT=1,nova_cell0:UPDATE=1 {{(pid=96437) stat_writer /opt/stack/data/venv/lib/python3.12/site-packages/dbcounter.py:115}}
Jul 03 00:20:45.063700 np0000004340 nova-scheduler[96448]: DEBUG dbcounter [-] [96448] Writing DB stats nova_cell0:SELECT=1,nova_cell0:UPDATE=1 {{(pid=96448) stat_writer /opt/stack/data/venv/lib/python3.12/site-packages/dbcounter.py:115}}
Jul 03 00:20:45.064319 np0000004340 nova-scheduler[96439]: DEBUG dbcounter [-] [96439] Writing DB stats nova_cell0:SELECT=1,nova_cell0:UPDATE=1 {{(pid=96439) stat_writer /opt/stack/data/venv/lib/python3.12/site-packages/dbcounter.py:115}}
Jul 03 00:20:45.067374 np0000004340 nova-scheduler[96442]: DEBUG dbcounter [-] [96442] Writing DB stats nova_cell0:SELECT=1 {{(pid=96442) stat_writer /opt/stack/data/venv/lib/python3.12/site-packages/dbcounter.py:115}}
Jul 03 00:20:46.060451 np0000004340 nova-scheduler[96437]: DEBUG oslo.service.backend._threading.loopingcall [None req-9cb9599e-ec4b-467e-87ce-eca9185f85ba None None] Dynamic interval looping call 'nova.service.Service.periodic_tasks' sleeping for 60.00 seconds {{(pid=96437) _run_loop /opt/stack/data/venv/lib/python3.12/site-packages/oslo_service/backend/_threading/loopingcall.py:125}}
Jul 03 00:21:03.062092 np0000004340 nova-scheduler[96439]: DEBUG oslo.service.backend._threading.loopingcall [None req-d2dc9866-0eb0-490b-9a1e-0c0cbb5e38ec None None] Dynamic interval looping call 'nova.service.Service.periodic_tasks' sleeping for 60.00 seconds {{(pid=96439) _run_loop /opt/stack/data/venv/lib/python3.12/site-packages/oslo_service/backend/_threading/loopingcall.py:125}}
Jul 03 00:21:06.374738 np0000004340 nova-scheduler[96437]: DEBUG nova.scheduler.manager [None req-a712a231-b54a-4522-9751-d04f6473c740 tempest-ServerActionsV293TestJSON-121612099 tempest-ServerActionsV293TestJSON-121612099-project-member] Starting to schedule for instances: ['9b689970-e892-46b0-a9b1-ba1f2d7d9719'] {{(pid=96437) select_destinations /opt/stack/nova/nova/scheduler/manager.py:209}}
Jul 03 00:21:06.375290 np0000004340 nova-scheduler[96437]: DEBUG nova.scheduler.request_filter [None req-a712a231-b54a-4522-9751-d04f6473c740 tempest-ServerActionsV293TestJSON-121612099 tempest-ServerActionsV293TestJSON-121612099-project-member] compute_status_filter request filter added forbidden trait COMPUTE_STATUS_DISABLED {{(pid=96437) compute_status_filter /opt/stack/nova/nova/scheduler/request_filter.py:253}}
Jul 03 00:21:06.375290 np0000004340 nova-scheduler[96437]: DEBUG nova.scheduler.request_filter [None req-a712a231-b54a-4522-9751-d04f6473c740 tempest-ServerActionsV293TestJSON-121612099 tempest-ServerActionsV293TestJSON-121612099-project-member] Request filter 'compute_status_filter' took 0.0 seconds {{(pid=96437) wrapper /opt/stack/nova/nova/scheduler/request_filter.py:46}}
Jul 03 00:21:06.375563 np0000004340 nova-scheduler[96437]: DEBUG nova.scheduler.request_filter [None req-a712a231-b54a-4522-9751-d04f6473c740 tempest-ServerActionsV293TestJSON-121612099 tempest-ServerActionsV293TestJSON-121612099-project-member] Request filter 'accelerators_filter' took 0.0 seconds {{(pid=96437) wrapper /opt/stack/nova/nova/scheduler/request_filter.py:46}}
Jul 03 00:21:06.375765 np0000004340 nova-scheduler[96437]: DEBUG nova.scheduler.request_filter [None req-a712a231-b54a-4522-9751-d04f6473c740 tempest-ServerActionsV293TestJSON-121612099 tempest-ServerActionsV293TestJSON-121612099-project-member] Request filter 'packed_virtqueue_filter' took 0.0 seconds {{(pid=96437) wrapper /opt/stack/nova/nova/scheduler/request_filter.py:46}}
Jul 03 00:21:06.375989 np0000004340 nova-scheduler[96437]: DEBUG nova.scheduler.request_filter [None req-a712a231-b54a-4522-9751-d04f6473c740 tempest-ServerActionsV293TestJSON-121612099 tempest-ServerActionsV293TestJSON-121612099-project-member] Request filter 'remote_managed_ports_filter' took 0.0 seconds {{(pid=96437) wrapper /opt/stack/nova/nova/scheduler/request_filter.py:46}}
Jul 03 00:21:06.376190 np0000004340 nova-scheduler[96437]: DEBUG nova.scheduler.request_filter [None req-a712a231-b54a-4522-9751-d04f6473c740 tempest-ServerActionsV293TestJSON-121612099 tempest-ServerActionsV293TestJSON-121612099-project-member] ephemeral_encryption_filter skipped {{(pid=96437) ephemeral_encryption_filter /opt/stack/nova/nova/scheduler/request_filter.py:426}}
Jul 03 00:21:06.376380 np0000004340 nova-scheduler[96437]: DEBUG nova.scheduler.request_filter [None req-a712a231-b54a-4522-9751-d04f6473c740 tempest-ServerActionsV293TestJSON-121612099 tempest-ServerActionsV293TestJSON-121612099-project-member] virtio_sound_filter skipped {{(pid=96437) virtio_sound_filter /opt/stack/nova/nova/scheduler/request_filter.py:460}}
Jul 03 00:21:06.376534 np0000004340 nova-scheduler[96437]: DEBUG nova.scheduler.request_filter [None req-a712a231-b54a-4522-9751-d04f6473c740 tempest-ServerActionsV293TestJSON-121612099 tempest-ServerActionsV293TestJSON-121612099-project-member] tpm_secret_security_filter skipped {{(pid=96437) tpm_secret_security_filter /opt/stack/nova/nova/scheduler/request_filter.py:477}}
Jul 03 00:21:06.885260 np0000004340 nova-scheduler[96437]: INFO nova.utils [None req-a712a231-b54a-4522-9751-d04f6473c740 tempest-ServerActionsV293TestJSON-121612099 tempest-ServerActionsV293TestJSON-121612099-project-member] The cell worker thread pool ForkProcess-1.cell_worker is initialized
Jul 03 00:21:06.885683 np0000004340 nova-scheduler[96437]: DEBUG oslo_concurrency.lockutils [None req-a712a231-b54a-4522-9751-d04f6473c740 tempest-ServerActionsV293TestJSON-121612099 tempest-ServerActionsV293TestJSON-121612099-project-member] Acquiring lock "d09ec062-809a-421b-852d-bf0100bbede3" by "nova.context.set_target_cell..get_or_set_cached_cell_and_set_connections" {{(pid=96437) inner /opt/stack/data/venv/lib/python3.12/site-packages/oslo_concurrency/lockutils.py:511}}
Jul 03 00:21:06.885956 np0000004340 nova-scheduler[96437]: DEBUG oslo_concurrency.lockutils [None req-a712a231-b54a-4522-9751-d04f6473c740 tempest-ServerActionsV293TestJSON-121612099 tempest-ServerActionsV293TestJSON-121612099-project-member] Lock "d09ec062-809a-421b-852d-bf0100bbede3" acquired by "nova.context.set_target_cell..get_or_set_cached_cell_and_set_connections" :: waited 0.000s {{(pid=96437) inner /opt/stack/data/venv/lib/python3.12/site-packages/oslo_concurrency/lockutils.py:524}}
Jul 03 00:21:06.887392 np0000004340 nova-scheduler[96437]: DEBUG oslo_concurrency.lockutils [None req-a712a231-b54a-4522-9751-d04f6473c740 tempest-ServerActionsV293TestJSON-121612099 tempest-ServerActionsV293TestJSON-121612099-project-member] Lock "d09ec062-809a-421b-852d-bf0100bbede3" "released" by "nova.context.set_target_cell..get_or_set_cached_cell_and_set_connections" :: held 0.001s {{(pid=96437) inner /opt/stack/data/venv/lib/python3.12/site-packages/oslo_concurrency/lockutils.py:543}}
Jul 03 00:21:06.889273 np0000004340 nova-scheduler[96437]: INFO dbcounter [None req-a712a231-b54a-4522-9751-d04f6473c740 tempest-ServerActionsV293TestJSON-121612099 tempest-ServerActionsV293TestJSON-121612099-project-member] Registered counter for database nova_cell1
Jul 03 00:21:06.931421 np0000004340 nova-scheduler[96437]: DEBUG oslo_db.sqlalchemy.engines [None req-a712a231-b54a-4522-9751-d04f6473c740 tempest-ServerActionsV293TestJSON-121612099 tempest-ServerActionsV293TestJSON-121612099-project-member] MySQL server mode set to STRICT_TRANS_TABLES,STRICT_ALL_TABLES,NO_ZERO_IN_DATE,NO_ZERO_DATE,ERROR_FOR_DIVISION_BY_ZERO,TRADITIONAL,NO_ENGINE_SUBSTITUTION {{(pid=96437) _check_effective_sql_mode /opt/stack/data/venv/lib/python3.12/site-packages/oslo_db/sqlalchemy/engines.py:325}}
Jul 03 00:21:06.940886 np0000004340 nova-scheduler[96437]: DEBUG dbcounter [-] [96437] Writer thread running {{(pid=96437) stat_writer /opt/stack/data/venv/lib/python3.12/site-packages/dbcounter.py:102}}
Jul 03 00:21:06.959696 np0000004340 nova-scheduler[96437]: DEBUG oslo_db.sqlalchemy.engines [None req-a712a231-b54a-4522-9751-d04f6473c740 tempest-ServerActionsV293TestJSON-121612099 tempest-ServerActionsV293TestJSON-121612099-project-member] Parent process 95226 forked (96437) with an open database connection, which is being discarded and recreated. {{(pid=96437) checkout /opt/stack/data/venv/lib/python3.12/site-packages/oslo_db/sqlalchemy/engines.py:402}}
Jul 03 00:21:07.009230 np0000004340 nova-scheduler[96437]: DEBUG dbcounter [-] [96437] Writer thread running {{(pid=96437) stat_writer /opt/stack/data/venv/lib/python3.12/site-packages/dbcounter.py:102}}
Jul 03 00:21:07.019301 np0000004340 nova-scheduler[96437]: DEBUG oslo_concurrency.lockutils [None req-a712a231-b54a-4522-9751-d04f6473c740 tempest-ServerActionsV293TestJSON-121612099 tempest-ServerActionsV293TestJSON-121612099-project-member] Acquiring lock "d09ec062-809a-421b-852d-bf0100bbede3" by "nova.context.set_target_cell..get_or_set_cached_cell_and_set_connections" {{(pid=96437) inner /opt/stack/data/venv/lib/python3.12/site-packages/oslo_concurrency/lockutils.py:511}}
Jul 03 00:21:07.019462 np0000004340 nova-scheduler[96437]: DEBUG oslo_concurrency.lockutils [None req-a712a231-b54a-4522-9751-d04f6473c740 tempest-ServerActionsV293TestJSON-121612099 tempest-ServerActionsV293TestJSON-121612099-project-member] Lock "d09ec062-809a-421b-852d-bf0100bbede3" acquired by "nova.context.set_target_cell..get_or_set_cached_cell_and_set_connections" :: waited 0.000s {{(pid=96437) inner /opt/stack/data/venv/lib/python3.12/site-packages/oslo_concurrency/lockutils.py:524}}
Jul 03 00:21:07.019592 np0000004340 nova-scheduler[96437]: DEBUG oslo_concurrency.lockutils [None req-a712a231-b54a-4522-9751-d04f6473c740 tempest-ServerActionsV293TestJSON-121612099 tempest-ServerActionsV293TestJSON-121612099-project-member] Lock "d09ec062-809a-421b-852d-bf0100bbede3" "released" by "nova.context.set_target_cell..get_or_set_cached_cell_and_set_connections" :: held 0.000s {{(pid=96437) inner /opt/stack/data/venv/lib/python3.12/site-packages/oslo_concurrency/lockutils.py:543}}
Jul 03 00:21:07.029266 np0000004340 nova-scheduler[96437]: DEBUG oslo_concurrency.lockutils [None req-a712a231-b54a-4522-9751-d04f6473c740 tempest-ServerActionsV293TestJSON-121612099 tempest-ServerActionsV293TestJSON-121612099-project-member] Acquiring lock "np0000004340-np0000004340" by "nova.scheduler.host_manager.HostState.update.._locked_update" {{(pid=96437) inner /opt/stack/data/venv/lib/python3.12/site-packages/oslo_concurrency/lockutils.py:511}}
Jul 03 00:21:07.029495 np0000004340 nova-scheduler[96437]: DEBUG oslo_concurrency.lockutils [None req-a712a231-b54a-4522-9751-d04f6473c740 tempest-ServerActionsV293TestJSON-121612099 tempest-ServerActionsV293TestJSON-121612099-project-member] Lock "np0000004340-np0000004340" acquired by "nova.scheduler.host_manager.HostState.update.._locked_update" :: waited 0.000s {{(pid=96437) inner /opt/stack/data/venv/lib/python3.12/site-packages/oslo_concurrency/lockutils.py:524}}
Jul 03 00:21:07.030965 np0000004340 nova-scheduler[96437]: DEBUG nova.scheduler.host_manager [None req-a712a231-b54a-4522-9751-d04f6473c740 tempest-ServerActionsV293TestJSON-121612099 tempest-ServerActionsV293TestJSON-121612099-project-member] Update host state from compute node: ComputeNode(cpu_allocation_ratio=4.0,cpu_info='{"arch": "x86_64", "model": "EPYC-Milan", "vendor": "AMD", "topology": {"cells": 1, "sockets": 16, "cores": 1, "threads": 1}, "maxphysaddr": {"mode": "emulate", "bits": 40}, "features": ["popcnt", "sse4.1", "pni", "sha-ni", "xsaveopt", "ibpb", "clzero", "vmcb-clean", "svme-addr-chk", "stibp", "mmxext", "svm", "pse", "lahf_lm", "amd-ssbd", "sep", "arch-capabilities", "aes", "invpcid", "abm", "adx", "ssse3", "nrip-save", "gds-no", "erms", "syscall", "sse", "sse4a", "clwb", "misalignsse", "topoext", "null-sel-clr-base", "perfctr_core", "pdpe1gb", "rdpid", "fsrm", "tsc", "cmp_legacy", "pcid", "sse4.2", "tsc_adjust", "3dnowprefetch", "nx", "sse2", "amd-stibp", "pfthreshold", "mtrr", "xsaveerptr", "vpclmulqdq", "rdseed", "avx", "pschange-mc-no", "pause-filter", "v-vmsave-vmload", "bmi1", "movbe", "npt", "pse36", "rdctl-no", "umip", "skip-l1dfl-vmentry", "pku", "pge", "fpu", "avx2", "smep", "cx16", "hypervisor", "fxsr_opt", "lbrv", "cx8", "smap", "f16c", "clflush", "xgetbv1", "bmi2", "ssbd", "apic", "osvw", "tsc-scale", "mca", "mds-no", "vme", "vgif", "fma", "mce", "msr", "amd-psfd", "pat", "pclmuldq", "x2apic", "ibrs", "lm", "pae", "xsaves", "flushbyasid", "rdtscp", "rdrand", "lfence-always-serializing", "spec-ctrl", "virt-ssbd", "wbnoinvd", "cmov", "stibp-always-on", "vaes", "clflushopt", "mmx", "fsgsbase", "tsc-deadline", "de", "cr8legacy", "xsave", "no-nested-data-bp", "arat", "fxsr", "xsavec"]}',created_at=2026-07-03T00:18:54Z,current_workload=0,deleted=False,deleted_at=None,disk_allocation_ratio=1.0,disk_available_least=75,free_disk_gb=95,free_ram_mb=63789,host='np0000004340',host_ip=10.4.3.219,hypervisor_hostname='np0000004340',hypervisor_type='QEMU',hypervisor_version=8002002,id=1,local_gb=95,local_gb_used=0,mapped=1,memory_mb=64301,memory_mb_used=512,metrics='[]',numa_topology='{"nova_object.name": "NUMATopology", "nova_object.namespace": "nova", "nova_object.version": "1.2", "nova_object.data": {"cells": [{"nova_object.name": "NUMACell", "nova_object.namespace": "nova", "nova_object.version": "1.5", "nova_object.data": {"id": 0, "cpuset": [0, 1, 2, 3, 4, 5, 6, 7, 8, 9, 10, 11, 12, 13, 14, 15], "pcpuset": [0, 1, 2, 3, 4, 5, 6, 7, 8, 9, 10, 11, 12, 13, 14, 15], "memory": 64301, "cpu_usage": 0, "memory_usage": 0, "pinned_cpus": [], "siblings": [[6], [12], [2], [15], [5], [11], [8], [14], [4], [1], [7], [10], [0], [13], [3], [9]], "mempages": [{"nova_object.name": "NUMAPagesTopology", "nova_object.namespace": "nova", "nova_object.version": "1.1", "nova_object.data": {"size_kb": 4, "total": 16461069, "used": 0, "reserved": 0}, "nova_object.changes": ["size_kb", "used", "total", "reserved"]}, {"nova_object.name": "NUMAPagesTopology", "nova_object.namespace": "nova", "nova_object.version": "1.1", "nova_object.data": {"size_kb": 2048, "total": 0, "used": 0, "reserved": 0}, "nova_object.changes": ["size_kb", "used", "total", "reserved"]}, {"nova_object.name": "NUMAPagesTopology", "nova_object.namespace": "nova", "nova_object.version": "1.1", "nova_object.data": {"size_kb": 1048576, "total": 0, "used": 0, "reserved": 0}, "nova_object.changes": ["size_kb", "used", "total", "reserved"]}], "network_metadata": {"nova_object.name": "NetworkMetadata", "nova_object.namespace": "nova", "nova_object.version": "1.0", "nova_object.data": {"physnets": [], "tunneled": false}, "nova_object.changes": ["physnets", "tunneled"]}, "socket": null}, "nova_object.changes": ["cpu_usage", "pinned_cpus", "pcpuset", "network_metadata", "id", "socket", "mempages", "memory_usage", "siblings", "memory", "cpuset"]}]}, "nova_object.changes": ["cells"]}',pci_device_pools=PciDevicePoolList,ram_allocation_ratio=1.0,running_vms=0,service_id=4,stats={failed_builds='0',uptime=' 00:20:40 up 26 min, 2 users, load average: 1.53, 1.46, 0.85
Jul 03 00:21:07.030965 np0000004340 nova-scheduler[96437]: '},supported_hv_specs=[HVSpec,HVSpec,HVSpec,HVSpec,HVSpec,HVSpec,HVSpec,HVSpec,HVSpec,HVSpec,HVSpec,HVSpec,HVSpec,HVSpec,HVSpec,HVSpec,HVSpec,HVSpec,HVSpec,HVSpec,HVSpec,HVSpec,HVSpec,HVSpec,HVSpec],updated_at=2026-07-03T00:20:43Z,uuid=a74bdac7-fbf3-4073-8c76-b92972f378df,vcpus=16,vcpus_used=0) {{(pid=96437) _locked_update /opt/stack/nova/nova/scheduler/host_manager.py:168}}
