Jul 10 06:25:03.266418 np0000004964 nova-conductor[98933]: DEBUG cotyledon.oslo_config_glue [-] workarounds.reserve_disk_resource_for_image_cache = False {{(pid=98933) log_opt_values /opt/stack/data/venv/lib/python3.12/site-packages/oslo_config/cfg.py:3253}}
Jul 10 06:25:03.266418 np0000004964 nova-conductor[98933]: DEBUG cotyledon.oslo_config_glue [-] workarounds.skip_cpu_compare_at_startup = False {{(pid=98933) log_opt_values /opt/stack/data/venv/lib/python3.12/site-packages/oslo_config/cfg.py:3253}}
Jul 10 06:25:03.266418 np0000004964 nova-conductor[98933]: DEBUG cotyledon.oslo_config_glue [-] workarounds.skip_cpu_compare_on_dest = False {{(pid=98933) log_opt_values /opt/stack/data/venv/lib/python3.12/site-packages/oslo_config/cfg.py:3253}}
Jul 10 06:25:03.266418 np0000004964 nova-conductor[98933]: DEBUG cotyledon.oslo_config_glue [-] workarounds.skip_hypervisor_version_check_on_lm = False {{(pid=98933) log_opt_values /opt/stack/data/venv/lib/python3.12/site-packages/oslo_config/cfg.py:3253}}
Jul 10 06:25:03.266418 np0000004964 nova-conductor[98933]: DEBUG cotyledon.oslo_config_glue [-] workarounds.skip_reserve_in_use_ironic_nodes = False {{(pid=98933) log_opt_values /opt/stack/data/venv/lib/python3.12/site-packages/oslo_config/cfg.py:3253}}
Jul 10 06:25:03.266749 np0000004964 nova-conductor[98933]: DEBUG cotyledon.oslo_config_glue [-] workarounds.unified_limits_count_pcpu_as_vcpu = False {{(pid=98933) log_opt_values /opt/stack/data/venv/lib/python3.12/site-packages/oslo_config/cfg.py:3253}}
Jul 10 06:25:03.266749 np0000004964 nova-conductor[98933]: DEBUG cotyledon.oslo_config_glue [-] workarounds.wait_for_vif_plugged_event_during_hard_reboot = [] {{(pid=98933) log_opt_values /opt/stack/data/venv/lib/python3.12/site-packages/oslo_config/cfg.py:3253}}
Jul 10 06:25:03.266749 np0000004964 nova-conductor[98933]: DEBUG cotyledon.oslo_config_glue [-] wsgi.api_paste_config = /etc/nova/api-paste.ini {{(pid=98933) log_opt_values /opt/stack/data/venv/lib/python3.12/site-packages/oslo_config/cfg.py:3253}}
Jul 10 06:25:03.266749 np0000004964 nova-conductor[98933]: DEBUG cotyledon.oslo_config_glue [-] wsgi.secure_proxy_ssl_header = None {{(pid=98933) log_opt_values /opt/stack/data/venv/lib/python3.12/site-packages/oslo_config/cfg.py:3253}}
Jul 10 06:25:03.266749 np0000004964 nova-conductor[98933]: DEBUG cotyledon.oslo_config_glue [-] zvm.ca_file = None {{(pid=98933) log_opt_values /opt/stack/data/venv/lib/python3.12/site-packages/oslo_config/cfg.py:3253}}
Jul 10 06:25:03.266749 np0000004964 nova-conductor[98933]: DEBUG cotyledon.oslo_config_glue [-] zvm.cloud_connector_url = None {{(pid=98933) log_opt_values /opt/stack/data/venv/lib/python3.12/site-packages/oslo_config/cfg.py:3253}}
Jul 10 06:25:03.266749 np0000004964 nova-conductor[98933]: DEBUG cotyledon.oslo_config_glue [-] zvm.image_tmp_path = /opt/stack/data/nova/images {{(pid=98933) log_opt_values /opt/stack/data/venv/lib/python3.12/site-packages/oslo_config/cfg.py:3253}}
Jul 10 06:25:03.266749 np0000004964 nova-conductor[98933]: DEBUG cotyledon.oslo_config_glue [-] zvm.reachable_timeout = 300 {{(pid=98933) log_opt_values /opt/stack/data/venv/lib/python3.12/site-packages/oslo_config/cfg.py:3253}}
Jul 10 06:25:03.266749 np0000004964 nova-conductor[98933]: DEBUG cotyledon.oslo_config_glue [-] oslo_versionedobjects.fatal_exception_format_errors = False {{(pid=98933) log_opt_values /opt/stack/data/venv/lib/python3.12/site-packages/oslo_config/cfg.py:3253}}
Jul 10 06:25:03.267083 np0000004964 nova-conductor[98933]: DEBUG cotyledon.oslo_config_glue [-] oslo_middleware.http_basic_auth_user_file = /etc/htpasswd {{(pid=98933) log_opt_values /opt/stack/data/venv/lib/python3.12/site-packages/oslo_config/cfg.py:3253}}
Jul 10 06:25:03.267083 np0000004964 nova-conductor[98933]: DEBUG cotyledon.oslo_config_glue [-] profiler.connection_string = messaging:// {{(pid=98933) log_opt_values /opt/stack/data/venv/lib/python3.12/site-packages/oslo_config/cfg.py:3253}}
Jul 10 06:25:03.267083 np0000004964 nova-conductor[98933]: DEBUG cotyledon.oslo_config_glue [-] profiler.enabled = False {{(pid=98933) log_opt_values /opt/stack/data/venv/lib/python3.12/site-packages/oslo_config/cfg.py:3253}}
Jul 10 06:25:03.267083 np0000004964 nova-conductor[98933]: DEBUG cotyledon.oslo_config_glue [-] profiler.es_doc_type = notification {{(pid=98933) log_opt_values /opt/stack/data/venv/lib/python3.12/site-packages/oslo_config/cfg.py:3253}}
Jul 10 06:25:03.267083 np0000004964 nova-conductor[98933]: DEBUG cotyledon.oslo_config_glue [-] profiler.es_scroll_size = 10000 {{(pid=98933) log_opt_values /opt/stack/data/venv/lib/python3.12/site-packages/oslo_config/cfg.py:3253}}
Jul 10 06:25:03.267083 np0000004964 nova-conductor[98933]: DEBUG cotyledon.oslo_config_glue [-] profiler.es_scroll_time = 2m {{(pid=98933) log_opt_values /opt/stack/data/venv/lib/python3.12/site-packages/oslo_config/cfg.py:3253}}
Jul 10 06:25:03.267083 np0000004964 nova-conductor[98933]: DEBUG cotyledon.oslo_config_glue [-] profiler.filter_error_trace = False {{(pid=98933) log_opt_values /opt/stack/data/venv/lib/python3.12/site-packages/oslo_config/cfg.py:3253}}
Jul 10 06:25:03.267083 np0000004964 nova-conductor[98933]: DEBUG cotyledon.oslo_config_glue [-] profiler.hmac_keys = **** {{(pid=98933) log_opt_values /opt/stack/data/venv/lib/python3.12/site-packages/oslo_config/cfg.py:3253}}
Jul 10 06:25:03.267083 np0000004964 nova-conductor[98933]: DEBUG cotyledon.oslo_config_glue [-] profiler.sentinel_service_name = mymaster {{(pid=98933) log_opt_values /opt/stack/data/venv/lib/python3.12/site-packages/oslo_config/cfg.py:3253}}
Jul 10 06:25:03.267417 np0000004964 nova-conductor[98933]: DEBUG cotyledon.oslo_config_glue [-] profiler.socket_timeout = 0.1 {{(pid=98933) log_opt_values /opt/stack/data/venv/lib/python3.12/site-packages/oslo_config/cfg.py:3253}}
Jul 10 06:25:03.267417 np0000004964 nova-conductor[98933]: DEBUG cotyledon.oslo_config_glue [-] profiler.trace_requests = False {{(pid=98933) log_opt_values /opt/stack/data/venv/lib/python3.12/site-packages/oslo_config/cfg.py:3253}}
Jul 10 06:25:03.267417 np0000004964 nova-conductor[98933]: DEBUG cotyledon.oslo_config_glue [-] profiler.trace_sqlalchemy = False {{(pid=98933) log_opt_values /opt/stack/data/venv/lib/python3.12/site-packages/oslo_config/cfg.py:3253}}
Jul 10 06:25:03.267417 np0000004964 nova-conductor[98933]: DEBUG cotyledon.oslo_config_glue [-] profiler_jaeger.process_tags = {} {{(pid=98933) log_opt_values /opt/stack/data/venv/lib/python3.12/site-packages/oslo_config/cfg.py:3253}}
Jul 10 06:25:03.267417 np0000004964 nova-conductor[98933]: DEBUG cotyledon.oslo_config_glue [-] profiler_jaeger.service_name_prefix = None {{(pid=98933) log_opt_values /opt/stack/data/venv/lib/python3.12/site-packages/oslo_config/cfg.py:3253}}
Jul 10 06:25:03.267417 np0000004964 nova-conductor[98933]: DEBUG cotyledon.oslo_config_glue [-] profiler_otlp.service_name_prefix = None {{(pid=98933) log_opt_values /opt/stack/data/venv/lib/python3.12/site-packages/oslo_config/cfg.py:3253}}
Jul 10 06:25:03.267417 np0000004964 nova-conductor[98933]: DEBUG cotyledon.oslo_config_glue [-] oslo_messaging_rabbit.amqp_auto_delete = False {{(pid=98933) log_opt_values /opt/stack/data/venv/lib/python3.12/site-packages/oslo_config/cfg.py:3253}}
Jul 10 06:25:03.267417 np0000004964 nova-conductor[98933]: DEBUG cotyledon.oslo_config_glue [-] oslo_messaging_rabbit.amqp_durable_queues = False {{(pid=98933) log_opt_values /opt/stack/data/venv/lib/python3.12/site-packages/oslo_config/cfg.py:3253}}
Jul 10 06:25:03.267417 np0000004964 nova-conductor[98933]: DEBUG cotyledon.oslo_config_glue [-] oslo_messaging_rabbit.conn_pool_min_size = 2 {{(pid=98933) log_opt_values /opt/stack/data/venv/lib/python3.12/site-packages/oslo_config/cfg.py:3253}}
Jul 10 06:25:03.267774 np0000004964 nova-conductor[98933]: DEBUG cotyledon.oslo_config_glue [-] oslo_messaging_rabbit.conn_pool_ttl = 1200 {{(pid=98933) log_opt_values /opt/stack/data/venv/lib/python3.12/site-packages/oslo_config/cfg.py:3253}}
Jul 10 06:25:03.267774 np0000004964 nova-conductor[98933]: DEBUG cotyledon.oslo_config_glue [-] oslo_messaging_rabbit.direct_mandatory_flag = True {{(pid=98933) log_opt_values /opt/stack/data/venv/lib/python3.12/site-packages/oslo_config/cfg.py:3253}}
Jul 10 06:25:03.267774 np0000004964 nova-conductor[98933]: DEBUG cotyledon.oslo_config_glue [-] oslo_messaging_rabbit.enable_cancel_on_failover = False {{(pid=98933) log_opt_values /opt/stack/data/venv/lib/python3.12/site-packages/oslo_config/cfg.py:3253}}
Jul 10 06:25:03.267774 np0000004964 nova-conductor[98933]: DEBUG cotyledon.oslo_config_glue [-] oslo_messaging_rabbit.heartbeat_rate = 3 {{(pid=98933) log_opt_values /opt/stack/data/venv/lib/python3.12/site-packages/oslo_config/cfg.py:3253}}
Jul 10 06:25:03.267774 np0000004964 nova-conductor[98933]: DEBUG cotyledon.oslo_config_glue [-] oslo_messaging_rabbit.heartbeat_timeout_threshold = 60 {{(pid=98933) log_opt_values /opt/stack/data/venv/lib/python3.12/site-packages/oslo_config/cfg.py:3253}}
Jul 10 06:25:03.267774 np0000004964 nova-conductor[98933]: DEBUG cotyledon.oslo_config_glue [-] oslo_messaging_rabbit.hostname = np0000004964 {{(pid=98933) log_opt_values /opt/stack/data/venv/lib/python3.12/site-packages/oslo_config/cfg.py:3253}}
Jul 10 06:25:03.267774 np0000004964 nova-conductor[98933]: DEBUG cotyledon.oslo_config_glue [-] oslo_messaging_rabbit.kombu_compression = None {{(pid=98933) log_opt_values /opt/stack/data/venv/lib/python3.12/site-packages/oslo_config/cfg.py:3253}}
Jul 10 06:25:03.267774 np0000004964 nova-conductor[98933]: DEBUG cotyledon.oslo_config_glue [-] oslo_messaging_rabbit.kombu_failover_strategy = round-robin {{(pid=98933) log_opt_values /opt/stack/data/venv/lib/python3.12/site-packages/oslo_config/cfg.py:3253}}
Jul 10 06:25:03.267774 np0000004964 nova-conductor[98933]: DEBUG cotyledon.oslo_config_glue [-] oslo_messaging_rabbit.kombu_missing_consumer_retry_timeout = 60 {{(pid=98933) log_opt_values /opt/stack/data/venv/lib/python3.12/site-packages/oslo_config/cfg.py:3253}}
Jul 10 06:25:03.268090 np0000004964 nova-conductor[98933]: DEBUG cotyledon.oslo_config_glue [-] oslo_messaging_rabbit.kombu_reconnect_delay = 1.0 {{(pid=98933) log_opt_values /opt/stack/data/venv/lib/python3.12/site-packages/oslo_config/cfg.py:3253}}
Jul 10 06:25:03.268090 np0000004964 nova-conductor[98933]: DEBUG cotyledon.oslo_config_glue [-] oslo_messaging_rabbit.kombu_reconnect_splay = 0.0 {{(pid=98933) log_opt_values /opt/stack/data/venv/lib/python3.12/site-packages/oslo_config/cfg.py:3253}}
Jul 10 06:25:03.268090 np0000004964 nova-conductor[98933]: DEBUG cotyledon.oslo_config_glue [-] oslo_messaging_rabbit.processname = nova-conductor {{(pid=98933) log_opt_values /opt/stack/data/venv/lib/python3.12/site-packages/oslo_config/cfg.py:3253}}
Jul 10 06:25:03.268090 np0000004964 nova-conductor[98933]: DEBUG cotyledon.oslo_config_glue [-] oslo_messaging_rabbit.rabbit_ha_queues = False {{(pid=98933) log_opt_values /opt/stack/data/venv/lib/python3.12/site-packages/oslo_config/cfg.py:3253}}
Jul 10 06:25:03.268090 np0000004964 nova-conductor[98933]: DEBUG cotyledon.oslo_config_glue [-] oslo_messaging_rabbit.rabbit_interval_max = 30 {{(pid=98933) log_opt_values /opt/stack/data/venv/lib/python3.12/site-packages/oslo_config/cfg.py:3253}}
Jul 10 06:25:03.268090 np0000004964 nova-conductor[98933]: DEBUG cotyledon.oslo_config_glue [-] oslo_messaging_rabbit.rabbit_login_method = AMQPLAIN {{(pid=98933) log_opt_values /opt/stack/data/venv/lib/python3.12/site-packages/oslo_config/cfg.py:3253}}
Jul 10 06:25:03.268090 np0000004964 nova-conductor[98933]: DEBUG cotyledon.oslo_config_glue [-] oslo_messaging_rabbit.rabbit_qos_prefetch_count = 0 {{(pid=98933) log_opt_values /opt/stack/data/venv/lib/python3.12/site-packages/oslo_config/cfg.py:3253}}
Jul 10 06:25:03.268090 np0000004964 nova-conductor[98933]: DEBUG cotyledon.oslo_config_glue [-] oslo_messaging_rabbit.rabbit_quorum_delivery_limit = 0 {{(pid=98933) log_opt_values /opt/stack/data/venv/lib/python3.12/site-packages/oslo_config/cfg.py:3253}}
Jul 10 06:25:03.268090 np0000004964 nova-conductor[98933]: DEBUG cotyledon.oslo_config_glue [-] oslo_messaging_rabbit.rabbit_quorum_max_memory_bytes = 0 {{(pid=98933) log_opt_values /opt/stack/data/venv/lib/python3.12/site-packages/oslo_config/cfg.py:3253}}
Jul 10 06:25:03.268367 np0000004964 nova-conductor[98933]: DEBUG cotyledon.oslo_config_glue [-] oslo_messaging_rabbit.rabbit_quorum_max_memory_length = 0 {{(pid=98933) log_opt_values /opt/stack/data/venv/lib/python3.12/site-packages/oslo_config/cfg.py:3253}}
Jul 10 06:25:03.268367 np0000004964 nova-conductor[98933]: DEBUG cotyledon.oslo_config_glue [-] oslo_messaging_rabbit.rabbit_quorum_queue = False {{(pid=98933) log_opt_values /opt/stack/data/venv/lib/python3.12/site-packages/oslo_config/cfg.py:3253}}
Jul 10 06:25:03.268367 np0000004964 nova-conductor[98933]: DEBUG cotyledon.oslo_config_glue [-] oslo_messaging_rabbit.rabbit_retry_backoff = 2 {{(pid=98933) log_opt_values /opt/stack/data/venv/lib/python3.12/site-packages/oslo_config/cfg.py:3253}}
Jul 10 06:25:03.268367 np0000004964 nova-conductor[98933]: DEBUG cotyledon.oslo_config_glue [-] oslo_messaging_rabbit.rabbit_retry_interval = 1 {{(pid=98933) log_opt_values /opt/stack/data/venv/lib/python3.12/site-packages/oslo_config/cfg.py:3253}}
Jul 10 06:25:03.268367 np0000004964 nova-conductor[98933]: DEBUG cotyledon.oslo_config_glue [-] oslo_messaging_rabbit.rabbit_stream_fanout = False {{(pid=98933) log_opt_values /opt/stack/data/venv/lib/python3.12/site-packages/oslo_config/cfg.py:3253}}
Jul 10 06:25:03.268367 np0000004964 nova-conductor[98933]: DEBUG cotyledon.oslo_config_glue [-] oslo_messaging_rabbit.rabbit_transient_queues_ttl = 1800 {{(pid=98933) log_opt_values /opt/stack/data/venv/lib/python3.12/site-packages/oslo_config/cfg.py:3253}}
Jul 10 06:25:03.268367 np0000004964 nova-conductor[98933]: DEBUG cotyledon.oslo_config_glue [-] oslo_messaging_rabbit.rabbit_transient_quorum_queue = False {{(pid=98933) log_opt_values /opt/stack/data/venv/lib/python3.12/site-packages/oslo_config/cfg.py:3253}}
Jul 10 06:25:03.268367 np0000004964 nova-conductor[98933]: DEBUG cotyledon.oslo_config_glue [-] oslo_messaging_rabbit.rpc_conn_pool_size = 30 {{(pid=98933) log_opt_values /opt/stack/data/venv/lib/python3.12/site-packages/oslo_config/cfg.py:3253}}
Jul 10 06:25:03.268367 np0000004964 nova-conductor[98933]: DEBUG cotyledon.oslo_config_glue [-] oslo_messaging_rabbit.ssl = False {{(pid=98933) log_opt_values /opt/stack/data/venv/lib/python3.12/site-packages/oslo_config/cfg.py:3253}}
Jul 10 06:25:03.268707 np0000004964 nova-conductor[98933]: DEBUG cotyledon.oslo_config_glue [-] oslo_messaging_rabbit.ssl_ca_file = {{(pid=98933) log_opt_values /opt/stack/data/venv/lib/python3.12/site-packages/oslo_config/cfg.py:3253}}
Jul 10 06:25:03.268707 np0000004964 nova-conductor[98933]: DEBUG cotyledon.oslo_config_glue [-] oslo_messaging_rabbit.ssl_cert_file = {{(pid=98933) log_opt_values /opt/stack/data/venv/lib/python3.12/site-packages/oslo_config/cfg.py:3253}}
Jul 10 06:25:03.268707 np0000004964 nova-conductor[98933]: DEBUG cotyledon.oslo_config_glue [-] oslo_messaging_rabbit.ssl_enforce_fips_mode = False {{(pid=98933) log_opt_values /opt/stack/data/venv/lib/python3.12/site-packages/oslo_config/cfg.py:3253}}
Jul 10 06:25:03.268707 np0000004964 nova-conductor[98933]: DEBUG cotyledon.oslo_config_glue [-] oslo_messaging_rabbit.ssl_enforce_hostname_verification = True {{(pid=98933) log_opt_values /opt/stack/data/venv/lib/python3.12/site-packages/oslo_config/cfg.py:3253}}
Jul 10 06:25:03.268707 np0000004964 nova-conductor[98933]: DEBUG cotyledon.oslo_config_glue [-] oslo_messaging_rabbit.ssl_key_file = {{(pid=98933) log_opt_values /opt/stack/data/venv/lib/python3.12/site-packages/oslo_config/cfg.py:3253}}
Jul 10 06:25:03.268707 np0000004964 nova-conductor[98933]: DEBUG cotyledon.oslo_config_glue [-] oslo_messaging_rabbit.ssl_version = {{(pid=98933) log_opt_values /opt/stack/data/venv/lib/python3.12/site-packages/oslo_config/cfg.py:3253}}
Jul 10 06:25:03.268707 np0000004964 nova-conductor[98933]: DEBUG cotyledon.oslo_config_glue [-] oslo_messaging_rabbit.use_queue_manager = False {{(pid=98933) log_opt_values /opt/stack/data/venv/lib/python3.12/site-packages/oslo_config/cfg.py:3253}}
Jul 10 06:25:03.268707 np0000004964 nova-conductor[98933]: DEBUG cotyledon.oslo_config_glue [-] oslo_messaging_notifications.driver = ['messagingv2'] {{(pid=98933) log_opt_values /opt/stack/data/venv/lib/python3.12/site-packages/oslo_config/cfg.py:3253}}
Jul 10 06:25:03.268707 np0000004964 nova-conductor[98933]: DEBUG cotyledon.oslo_config_glue [-] oslo_messaging_notifications.retry = -1 {{(pid=98933) log_opt_values /opt/stack/data/venv/lib/python3.12/site-packages/oslo_config/cfg.py:3253}}
Jul 10 06:25:03.269085 np0000004964 nova-conductor[98933]: DEBUG cotyledon.oslo_config_glue [-] oslo_messaging_notifications.topics = ['notifications'] {{(pid=98933) log_opt_values /opt/stack/data/venv/lib/python3.12/site-packages/oslo_config/cfg.py:3253}}
Jul 10 06:25:03.269085 np0000004964 nova-conductor[98933]: DEBUG cotyledon.oslo_config_glue [-] oslo_messaging_notifications.transport_url = **** {{(pid=98933) log_opt_values /opt/stack/data/venv/lib/python3.12/site-packages/oslo_config/cfg.py:3253}}
Jul 10 06:25:03.269085 np0000004964 nova-conductor[98933]: DEBUG cotyledon.oslo_config_glue [-] oslo_limit.auth_section = None {{(pid=98933) log_opt_values /opt/stack/data/venv/lib/python3.12/site-packages/oslo_config/cfg.py:3253}}
Jul 10 06:25:03.269085 np0000004964 nova-conductor[98933]: DEBUG cotyledon.oslo_config_glue [-] oslo_limit.auth_type = None {{(pid=98933) log_opt_values /opt/stack/data/venv/lib/python3.12/site-packages/oslo_config/cfg.py:3253}}
Jul 10 06:25:03.269085 np0000004964 nova-conductor[98933]: DEBUG cotyledon.oslo_config_glue [-] oslo_limit.cafile = None {{(pid=98933) log_opt_values /opt/stack/data/venv/lib/python3.12/site-packages/oslo_config/cfg.py:3253}}
Jul 10 06:25:03.269085 np0000004964 nova-conductor[98933]: DEBUG cotyledon.oslo_config_glue [-] oslo_limit.certfile = None {{(pid=98933) log_opt_values /opt/stack/data/venv/lib/python3.12/site-packages/oslo_config/cfg.py:3253}}
Jul 10 06:25:03.269085 np0000004964 nova-conductor[98933]: DEBUG cotyledon.oslo_config_glue [-] oslo_limit.collect_timing = False {{(pid=98933) log_opt_values /opt/stack/data/venv/lib/python3.12/site-packages/oslo_config/cfg.py:3253}}
Jul 10 06:25:03.269085 np0000004964 nova-conductor[98933]: DEBUG cotyledon.oslo_config_glue [-] oslo_limit.connect_retries = None {{(pid=98933) log_opt_values /opt/stack/data/venv/lib/python3.12/site-packages/oslo_config/cfg.py:3253}}
Jul 10 06:25:03.269085 np0000004964 nova-conductor[98933]: DEBUG cotyledon.oslo_config_glue [-] oslo_limit.connect_retry_delay = None {{(pid=98933) log_opt_values /opt/stack/data/venv/lib/python3.12/site-packages/oslo_config/cfg.py:3253}}
Jul 10 06:25:03.269371 np0000004964 nova-conductor[98933]: DEBUG cotyledon.oslo_config_glue [-] oslo_limit.endpoint_id = None {{(pid=98933) log_opt_values /opt/stack/data/venv/lib/python3.12/site-packages/oslo_config/cfg.py:3253}}
Jul 10 06:25:03.269371 np0000004964 nova-conductor[98933]: DEBUG cotyledon.oslo_config_glue [-] oslo_limit.endpoint_interface = public {{(pid=98933) log_opt_values /opt/stack/data/venv/lib/python3.12/site-packages/oslo_config/cfg.py:3253}}
Jul 10 06:25:03.269371 np0000004964 nova-conductor[98933]: DEBUG cotyledon.oslo_config_glue [-] oslo_limit.endpoint_override = None {{(pid=98933) log_opt_values /opt/stack/data/venv/lib/python3.12/site-packages/oslo_config/cfg.py:3253}}
Jul 10 06:25:03.269371 np0000004964 nova-conductor[98933]: DEBUG cotyledon.oslo_config_glue [-] oslo_limit.endpoint_region_name = None {{(pid=98933) log_opt_values /opt/stack/data/venv/lib/python3.12/site-packages/oslo_config/cfg.py:3253}}
Jul 10 06:25:03.269371 np0000004964 nova-conductor[98933]: DEBUG cotyledon.oslo_config_glue [-] oslo_limit.endpoint_service_name = None {{(pid=98933) log_opt_values /opt/stack/data/venv/lib/python3.12/site-packages/oslo_config/cfg.py:3253}}
Jul 10 06:25:03.269371 np0000004964 nova-conductor[98933]: DEBUG cotyledon.oslo_config_glue [-] oslo_limit.endpoint_service_type = None {{(pid=98933) log_opt_values /opt/stack/data/venv/lib/python3.12/site-packages/oslo_config/cfg.py:3253}}
Jul 10 06:25:03.269371 np0000004964 nova-conductor[98933]: DEBUG cotyledon.oslo_config_glue [-] oslo_limit.insecure = False {{(pid=98933) log_opt_values /opt/stack/data/venv/lib/python3.12/site-packages/oslo_config/cfg.py:3253}}
Jul 10 06:25:03.269371 np0000004964 nova-conductor[98933]: DEBUG cotyledon.oslo_config_glue [-] oslo_limit.keyfile = None {{(pid=98933) log_opt_values /opt/stack/data/venv/lib/python3.12/site-packages/oslo_config/cfg.py:3253}}
Jul 10 06:25:03.269371 np0000004964 nova-conductor[98933]: DEBUG cotyledon.oslo_config_glue [-] oslo_limit.max_version = None {{(pid=98933) log_opt_values /opt/stack/data/venv/lib/python3.12/site-packages/oslo_config/cfg.py:3253}}
Jul 10 06:25:03.269680 np0000004964 nova-conductor[98933]: DEBUG cotyledon.oslo_config_glue [-] oslo_limit.min_version = None {{(pid=98933) log_opt_values /opt/stack/data/venv/lib/python3.12/site-packages/oslo_config/cfg.py:3253}}
Jul 10 06:25:03.269680 np0000004964 nova-conductor[98933]: DEBUG cotyledon.oslo_config_glue [-] oslo_limit.region_name = None {{(pid=98933) log_opt_values /opt/stack/data/venv/lib/python3.12/site-packages/oslo_config/cfg.py:3253}}
Jul 10 06:25:03.269680 np0000004964 nova-conductor[98933]: DEBUG cotyledon.oslo_config_glue [-] oslo_limit.retriable_status_codes = None {{(pid=98933) log_opt_values /opt/stack/data/venv/lib/python3.12/site-packages/oslo_config/cfg.py:3253}}
Jul 10 06:25:03.269680 np0000004964 nova-conductor[98933]: DEBUG cotyledon.oslo_config_glue [-] oslo_limit.service_name = None {{(pid=98933) log_opt_values /opt/stack/data/venv/lib/python3.12/site-packages/oslo_config/cfg.py:3253}}
Jul 10 06:25:03.269680 np0000004964 nova-conductor[98933]: DEBUG cotyledon.oslo_config_glue [-] oslo_limit.service_type = None {{(pid=98933) log_opt_values /opt/stack/data/venv/lib/python3.12/site-packages/oslo_config/cfg.py:3253}}
Jul 10 06:25:03.269680 np0000004964 nova-conductor[98933]: DEBUG cotyledon.oslo_config_glue [-] oslo_limit.split_loggers = False {{(pid=98933) log_opt_values /opt/stack/data/venv/lib/python3.12/site-packages/oslo_config/cfg.py:3253}}
Jul 10 06:25:03.269680 np0000004964 nova-conductor[98933]: DEBUG cotyledon.oslo_config_glue [-] oslo_limit.status_code_retries = None {{(pid=98933) log_opt_values /opt/stack/data/venv/lib/python3.12/site-packages/oslo_config/cfg.py:3253}}
Jul 10 06:25:03.269680 np0000004964 nova-conductor[98933]: DEBUG cotyledon.oslo_config_glue [-] oslo_limit.status_code_retry_delay = None {{(pid=98933) log_opt_values /opt/stack/data/venv/lib/python3.12/site-packages/oslo_config/cfg.py:3253}}
Jul 10 06:25:03.269680 np0000004964 nova-conductor[98933]: DEBUG cotyledon.oslo_config_glue [-] oslo_limit.timeout = None {{(pid=98933) log_opt_values /opt/stack/data/venv/lib/python3.12/site-packages/oslo_config/cfg.py:3253}}
Jul 10 06:25:03.269985 np0000004964 nova-conductor[98933]: DEBUG cotyledon.oslo_config_glue [-] oslo_limit.valid_interfaces = None {{(pid=98933) log_opt_values /opt/stack/data/venv/lib/python3.12/site-packages/oslo_config/cfg.py:3253}}
Jul 10 06:25:03.269985 np0000004964 nova-conductor[98933]: DEBUG cotyledon.oslo_config_glue [-] oslo_limit.version = None {{(pid=98933) log_opt_values /opt/stack/data/venv/lib/python3.12/site-packages/oslo_config/cfg.py:3253}}
Jul 10 06:25:03.269985 np0000004964 nova-conductor[98933]: DEBUG cotyledon.oslo_config_glue [-] oslo_reports.file_event_handler = None {{(pid=98933) log_opt_values /opt/stack/data/venv/lib/python3.12/site-packages/oslo_config/cfg.py:3253}}
Jul 10 06:25:03.269985 np0000004964 nova-conductor[98933]: DEBUG cotyledon.oslo_config_glue [-] oslo_reports.file_event_handler_interval = 1 {{(pid=98933) log_opt_values /opt/stack/data/venv/lib/python3.12/site-packages/oslo_config/cfg.py:3253}}
Jul 10 06:25:03.269985 np0000004964 nova-conductor[98933]: DEBUG cotyledon.oslo_config_glue [-] oslo_reports.log_dir = None {{(pid=98933) log_opt_values /opt/stack/data/venv/lib/python3.12/site-packages/oslo_config/cfg.py:3253}}
Jul 10 06:25:03.269985 np0000004964 nova-conductor[98933]: DEBUG cotyledon.oslo_config_glue [-] ******************************************************************************** {{(pid=98933) log_opt_values /opt/stack/data/venv/lib/python3.12/site-packages/oslo_config/cfg.py:3260}}
Jul 10 06:25:03.269985 np0000004964 nova-conductor[98933]: DEBUG cotyledon._service_worker [-] Run service ServiceWrapper(3) [98933] {{(pid=98933) wait_forever /opt/stack/data/venv/lib/python3.12/site-packages/cotyledon/_service_worker.py:218}}
Jul 10 06:25:03.269985 np0000004964 nova-conductor[98933]: INFO nova.service [-] Starting conductor node (version 33.1.0)
Jul 10 06:25:03.269985 np0000004964 nova-conductor[98933]: INFO dbcounter [None req-08e403e8-6bbd-4d1e-9757-1f1572f2c733 None None] Registered counter for database nova_cell0
Jul 10 06:25:03.270315 np0000004964 nova-conductor[98882]: DEBUG oslo_db.sqlalchemy.engines [None req-442e9d6f-fda7-4078-850e-f4ac3240d7e6 None None] MySQL server mode set to STRICT_TRANS_TABLES,STRICT_ALL_TABLES,NO_ZERO_IN_DATE,NO_ZERO_DATE,ERROR_FOR_DIVISION_BY_ZERO,TRADITIONAL,NO_ENGINE_SUBSTITUTION {{(pid=98882) _check_effective_sql_mode /opt/stack/data/venv/lib/python3.12/site-packages/oslo_db/sqlalchemy/engines.py:325}}
Jul 10 06:25:03.270366 np0000004964 nova-conductor[98904]: DEBUG oslo_db.sqlalchemy.engines [None req-903ab840-2a3c-4a72-85e3-45646958f554 None None] MySQL server mode set to STRICT_TRANS_TABLES,STRICT_ALL_TABLES,NO_ZERO_IN_DATE,NO_ZERO_DATE,ERROR_FOR_DIVISION_BY_ZERO,TRADITIONAL,NO_ENGINE_SUBSTITUTION {{(pid=98904) _check_effective_sql_mode /opt/stack/data/venv/lib/python3.12/site-packages/oslo_db/sqlalchemy/engines.py:325}}
Jul 10 06:25:03.270411 np0000004964 nova-conductor[98884]: DEBUG oslo_db.sqlalchemy.engines [None req-072d86d7-7929-4971-9ad4-b5140862c297 None None] MySQL server mode set to STRICT_TRANS_TABLES,STRICT_ALL_TABLES,NO_ZERO_IN_DATE,NO_ZERO_DATE,ERROR_FOR_DIVISION_BY_ZERO,TRADITIONAL,NO_ENGINE_SUBSTITUTION {{(pid=98884) _check_effective_sql_mode /opt/stack/data/venv/lib/python3.12/site-packages/oslo_db/sqlalchemy/engines.py:325}}
Jul 10 06:25:03.271931 np0000004964 nova-conductor[98882]: DEBUG dbcounter [-] [98882] Writer thread running {{(pid=98882) stat_writer /opt/stack/data/venv/lib/python3.12/site-packages/dbcounter.py:102}}
Jul 10 06:25:03.273730 np0000004964 nova-conductor[98904]: DEBUG dbcounter [-] [98904] Writer thread running {{(pid=98904) stat_writer /opt/stack/data/venv/lib/python3.12/site-packages/dbcounter.py:102}}
Jul 10 06:25:03.275249 np0000004964 nova-conductor[98884]: DEBUG dbcounter [-] [98884] Writer thread running {{(pid=98884) stat_writer /opt/stack/data/venv/lib/python3.12/site-packages/dbcounter.py:102}}
Jul 10 06:25:03.288887 np0000004964 nova-conductor[98882]: DEBUG nova.service [None req-442e9d6f-fda7-4078-850e-f4ac3240d7e6 None None] Creating RPC server for service: nova-conductor on topic: conductor {{(pid=98882) start /opt/stack/nova/nova/service.py:196}}
Jul 10 06:25:03.293047 np0000004964 nova-conductor[98884]: DEBUG nova.service [None req-072d86d7-7929-4971-9ad4-b5140862c297 None None] Creating RPC server for service: nova-conductor on topic: conductor {{(pid=98884) start /opt/stack/nova/nova/service.py:196}}
Jul 10 06:25:03.293411 np0000004964 nova-conductor[98904]: DEBUG nova.service [None req-903ab840-2a3c-4a72-85e3-45646958f554 None None] Creating RPC server for service: nova-conductor on topic: conductor {{(pid=98904) start /opt/stack/nova/nova/service.py:196}}
Jul 10 06:25:03.310023 np0000004964 nova-conductor[98933]: DEBUG oslo_db.sqlalchemy.engines [None req-08e403e8-6bbd-4d1e-9757-1f1572f2c733 None None] MySQL server mode set to STRICT_TRANS_TABLES,STRICT_ALL_TABLES,NO_ZERO_IN_DATE,NO_ZERO_DATE,ERROR_FOR_DIVISION_BY_ZERO,TRADITIONAL,NO_ENGINE_SUBSTITUTION {{(pid=98933) _check_effective_sql_mode /opt/stack/data/venv/lib/python3.12/site-packages/oslo_db/sqlalchemy/engines.py:325}}
Jul 10 06:25:03.316924 np0000004964 nova-conductor[98884]: DEBUG nova.service [None req-072d86d7-7929-4971-9ad4-b5140862c297 None None] Join ServiceGroup membership for this service conductor {{(pid=98884) start /opt/stack/nova/nova/service.py:222}}
Jul 10 06:25:03.317112 np0000004964 nova-conductor[98884]: DEBUG nova.servicegroup.drivers.db [None req-072d86d7-7929-4971-9ad4-b5140862c297 None None] DB_Driver: join new ServiceGroup member np0000004964 to the conductor group, service = {{(pid=98884) join /opt/stack/nova/nova/servicegroup/drivers/db.py:44}}
Jul 10 06:25:03.320957 np0000004964 nova-conductor[98933]: DEBUG dbcounter [-] [98933] Writer thread running {{(pid=98933) stat_writer /opt/stack/data/venv/lib/python3.12/site-packages/dbcounter.py:102}}
Jul 10 06:25:03.322655 np0000004964 nova-conductor[98904]: DEBUG nova.service [None req-903ab840-2a3c-4a72-85e3-45646958f554 None None] Join ServiceGroup membership for this service conductor {{(pid=98904) start /opt/stack/nova/nova/service.py:222}}
Jul 10 06:25:03.322859 np0000004964 nova-conductor[98904]: DEBUG nova.servicegroup.drivers.db [None req-903ab840-2a3c-4a72-85e3-45646958f554 None None] DB_Driver: join new ServiceGroup member np0000004964 to the conductor group, service = {{(pid=98904) join /opt/stack/nova/nova/servicegroup/drivers/db.py:44}}
Jul 10 06:25:03.324131 np0000004964 nova-conductor[98933]: DEBUG nova.service [None req-08e403e8-6bbd-4d1e-9757-1f1572f2c733 None None] Creating RPC server for service: nova-conductor on topic: conductor {{(pid=98933) start /opt/stack/nova/nova/service.py:196}}
Jul 10 06:25:03.325885 np0000004964 nova-conductor[98882]: DEBUG nova.service [None req-442e9d6f-fda7-4078-850e-f4ac3240d7e6 None None] Join ServiceGroup membership for this service conductor {{(pid=98882) start /opt/stack/nova/nova/service.py:222}}
Jul 10 06:25:03.326112 np0000004964 nova-conductor[98882]: DEBUG nova.servicegroup.drivers.db [None req-442e9d6f-fda7-4078-850e-f4ac3240d7e6 None None] DB_Driver: join new ServiceGroup member np0000004964 to the conductor group, service = {{(pid=98882) join /opt/stack/nova/nova/servicegroup/drivers/db.py:44}}
Jul 10 06:25:03.342013 np0000004964 nova-conductor[98933]: DEBUG nova.service [None req-08e403e8-6bbd-4d1e-9757-1f1572f2c733 None None] Join ServiceGroup membership for this service conductor {{(pid=98933) start /opt/stack/nova/nova/service.py:222}}
Jul 10 06:25:03.342209 np0000004964 nova-conductor[98933]: DEBUG nova.servicegroup.drivers.db [None req-08e403e8-6bbd-4d1e-9757-1f1572f2c733 None None] DB_Driver: join new ServiceGroup member np0000004964 to the conductor group, service = {{(pid=98933) join /opt/stack/nova/nova/servicegroup/drivers/db.py:44}}
Jul 10 06:25:04.344288 np0000004964 nova-conductor[98933]: DEBUG oslo.service.backend._threading.loopingcall [None req-89fcb61b-2c2e-4e88-868a-7170325fada8 None None] Dynamic interval looping call 'nova.service.Service.periodic_tasks' sleeping for 60.00 seconds {{(pid=98933) _run_loop /opt/stack/data/venv/lib/python3.12/site-packages/oslo_service/backend/_threading/loopingcall.py:125}}
Jul 10 06:25:08.336607 np0000004964 nova-conductor[98884]: DEBUG oslo.service.backend._threading.loopingcall [-] Fixed interval looping call 'nova.servicegroup.drivers.db.DbDriver._report_state' sleeping for 119.98 seconds {{(pid=98884) _run_loop /opt/stack/data/venv/lib/python3.12/site-packages/oslo_service/backend/_threading/loopingcall.py:125}}
Jul 10 06:25:08.337311 np0000004964 nova-conductor[98904]: DEBUG oslo.service.backend._threading.loopingcall [-] Fixed interval looping call 'nova.servicegroup.drivers.db.DbDriver._report_state' sleeping for 119.99 seconds {{(pid=98904) _run_loop /opt/stack/data/venv/lib/python3.12/site-packages/oslo_service/backend/_threading/loopingcall.py:125}}
Jul 10 06:25:08.342694 np0000004964 nova-conductor[98882]: DEBUG oslo.service.backend._threading.loopingcall [-] Fixed interval looping call 'nova.servicegroup.drivers.db.DbDriver._report_state' sleeping for 119.99 seconds {{(pid=98882) _run_loop /opt/stack/data/venv/lib/python3.12/site-packages/oslo_service/backend/_threading/loopingcall.py:125}}
Jul 10 06:25:08.357677 np0000004964 nova-conductor[98933]: DEBUG oslo.service.backend._threading.loopingcall [-] Fixed interval looping call 'nova.servicegroup.drivers.db.DbDriver._report_state' sleeping for 119.99 seconds {{(pid=98933) _run_loop /opt/stack/data/venv/lib/python3.12/site-packages/oslo_service/backend/_threading/loopingcall.py:125}}
Jul 10 06:25:11.886221 np0000004964 nova-conductor[97368]: DEBUG dbcounter [-] [97368] Writing DB stats nova_api:SELECT=1 {{(pid=97368) stat_writer /opt/stack/data/venv/lib/python3.12/site-packages/dbcounter.py:115}}
Jul 10 06:25:12.014712 np0000004964 nova-conductor[97368]: DEBUG dbcounter [-] [97368] Writing DB stats nova_cell0:SELECT=1 {{(pid=97368) stat_writer /opt/stack/data/venv/lib/python3.12/site-packages/dbcounter.py:115}}
Jul 10 06:25:12.022532 np0000004964 nova-conductor[97368]: DEBUG dbcounter [-] [97368] Writing DB stats nova_cell1:SELECT=1 {{(pid=97368) stat_writer /opt/stack/data/venv/lib/python3.12/site-packages/dbcounter.py:115}}
Jul 10 06:25:18.328741 np0000004964 nova-conductor[98884]: DEBUG dbcounter [-] [98884] Writing DB stats nova_cell0:SELECT=5,nova_cell0:INSERT=1,nova_cell0:UPDATE=1 {{(pid=98884) stat_writer /opt/stack/data/venv/lib/python3.12/site-packages/dbcounter.py:115}}
Jul 10 06:25:18.337698 np0000004964 nova-conductor[98904]: DEBUG dbcounter [-] [98904] Writing DB stats nova_cell0:SELECT=5,nova_cell0:INSERT=1,nova_cell0:UPDATE=1 {{(pid=98904) stat_writer /opt/stack/data/venv/lib/python3.12/site-packages/dbcounter.py:115}}
Jul 10 06:25:18.339832 np0000004964 nova-conductor[98882]: DEBUG dbcounter [-] [98882] Writing DB stats nova_cell0:SELECT=4,nova_cell0:INSERT=1,nova_cell0:UPDATE=1 {{(pid=98882) stat_writer /opt/stack/data/venv/lib/python3.12/site-packages/dbcounter.py:115}}
Jul 10 06:25:18.354653 np0000004964 nova-conductor[98933]: DEBUG dbcounter [-] [98933] Writing DB stats nova_cell0:SELECT=3 {{(pid=98933) stat_writer /opt/stack/data/venv/lib/python3.12/site-packages/dbcounter.py:115}}
Jul 10 06:25:25.324877 np0000004964 nova-conductor[98904]: DEBUG oslo.service.backend._threading.loopingcall [None req-cea69417-a194-4eb8-86ca-cdc2bd124a11 None None] Dynamic interval looping call 'nova.service.Service.periodic_tasks' sleeping for 60.00 seconds {{(pid=98904) _run_loop /opt/stack/data/venv/lib/python3.12/site-packages/oslo_service/backend/_threading/loopingcall.py:125}}
Jul 10 06:25:30.328234 np0000004964 nova-conductor[98882]: DEBUG oslo.service.backend._threading.loopingcall [None req-3ab00227-4299-4754-8537-0883109aa242 None None] Dynamic interval looping call 'nova.service.Service.periodic_tasks' sleeping for 60.00 seconds {{(pid=98882) _run_loop /opt/stack/data/venv/lib/python3.12/site-packages/oslo_service/backend/_threading/loopingcall.py:125}}
Jul 10 06:25:47.319158 np0000004964 nova-conductor[98884]: DEBUG oslo.service.backend._threading.loopingcall [None req-865efdd2-a1a4-4580-9d2e-470e82132849 None None] Dynamic interval looping call 'nova.service.Service.periodic_tasks' sleeping for 60.00 seconds {{(pid=98884) _run_loop /opt/stack/data/venv/lib/python3.12/site-packages/oslo_service/backend/_threading/loopingcall.py:125}}
Jul 10 06:26:04.344762 np0000004964 nova-conductor[98933]: DEBUG oslo.service.backend._threading.loopingcall [None req-89fcb61b-2c2e-4e88-868a-7170325fada8 None None] Dynamic interval looping call 'nova.service.Service.periodic_tasks' sleeping for 60.00 seconds {{(pid=98933) _run_loop /opt/stack/data/venv/lib/python3.12/site-packages/oslo_service/backend/_threading/loopingcall.py:125}}
Jul 10 06:26:25.325361 np0000004964 nova-conductor[98904]: DEBUG oslo.service.backend._threading.loopingcall [None req-cea69417-a194-4eb8-86ca-cdc2bd124a11 None None] Dynamic interval looping call 'nova.service.Service.periodic_tasks' sleeping for 60.00 seconds {{(pid=98904) _run_loop /opt/stack/data/venv/lib/python3.12/site-packages/oslo_service/backend/_threading/loopingcall.py:125}}
Jul 10 06:26:30.328709 np0000004964 nova-conductor[98882]: DEBUG oslo.service.backend._threading.loopingcall [None req-3ab00227-4299-4754-8537-0883109aa242 None None] Dynamic interval looping call 'nova.service.Service.periodic_tasks' sleeping for 60.00 seconds {{(pid=98882) _run_loop /opt/stack/data/venv/lib/python3.12/site-packages/oslo_service/backend/_threading/loopingcall.py:125}}
Jul 10 06:26:47.319744 np0000004964 nova-conductor[98884]: DEBUG oslo.service.backend._threading.loopingcall [None req-865efdd2-a1a4-4580-9d2e-470e82132849 None None] Dynamic interval looping call 'nova.service.Service.periodic_tasks' sleeping for 60.00 seconds {{(pid=98884) _run_loop /opt/stack/data/venv/lib/python3.12/site-packages/oslo_service/backend/_threading/loopingcall.py:125}}
Jul 10 06:27:04.345521 np0000004964 nova-conductor[98933]: DEBUG oslo.service.backend._threading.loopingcall [None req-89fcb61b-2c2e-4e88-868a-7170325fada8 None None] Dynamic interval looping call 'nova.service.Service.periodic_tasks' sleeping for 60.00 seconds {{(pid=98933) _run_loop /opt/stack/data/venv/lib/python3.12/site-packages/oslo_service/backend/_threading/loopingcall.py:125}}
Jul 10 06:27:08.323461 np0000004964 nova-conductor[98884]: DEBUG oslo.service.backend._threading.loopingcall [-] Fixed interval looping call 'nova.servicegroup.drivers.db.DbDriver._report_state' sleeping for 119.99 seconds {{(pid=98884) _run_loop /opt/stack/data/venv/lib/python3.12/site-packages/oslo_service/backend/_threading/loopingcall.py:125}}
Jul 10 06:27:08.331046 np0000004964 nova-conductor[98904]: DEBUG oslo.service.backend._threading.loopingcall [-] Fixed interval looping call 'nova.servicegroup.drivers.db.DbDriver._report_state' sleeping for 120.00 seconds {{(pid=98904) _run_loop /opt/stack/data/venv/lib/python3.12/site-packages/oslo_service/backend/_threading/loopingcall.py:125}}
Jul 10 06:27:08.335820 np0000004964 nova-conductor[98882]: DEBUG oslo.service.backend._threading.loopingcall [-] Fixed interval looping call 'nova.servicegroup.drivers.db.DbDriver._report_state' sleeping for 120.00 seconds {{(pid=98882) _run_loop /opt/stack/data/venv/lib/python3.12/site-packages/oslo_service/backend/_threading/loopingcall.py:125}}
Jul 10 06:27:08.351052 np0000004964 nova-conductor[98933]: DEBUG oslo.service.backend._threading.loopingcall [-] Fixed interval looping call 'nova.servicegroup.drivers.db.DbDriver._report_state' sleeping for 120.00 seconds {{(pid=98933) _run_loop /opt/stack/data/venv/lib/python3.12/site-packages/oslo_service/backend/_threading/loopingcall.py:125}}
Jul 10 06:27:18.320461 np0000004964 nova-conductor[98884]: DEBUG dbcounter [-] [98884] Writing DB stats nova_cell0:SELECT=1,nova_cell0:UPDATE=1 {{(pid=98884) stat_writer /opt/stack/data/venv/lib/python3.12/site-packages/dbcounter.py:115}}
Jul 10 06:27:18.329492 np0000004964 nova-conductor[98904]: DEBUG dbcounter [-] [98904] Writing DB stats nova_cell0:SELECT=1 {{(pid=98904) stat_writer /opt/stack/data/venv/lib/python3.12/site-packages/dbcounter.py:115}}
Jul 10 06:27:18.334456 np0000004964 nova-conductor[98882]: DEBUG dbcounter [-] [98882] Writing DB stats nova_cell0:SELECT=1 {{(pid=98882) stat_writer /opt/stack/data/venv/lib/python3.12/site-packages/dbcounter.py:115}}
Jul 10 06:27:18.349188 np0000004964 nova-conductor[98933]: DEBUG dbcounter [-] [98933] Writing DB stats nova_cell0:SELECT=1 {{(pid=98933) stat_writer /opt/stack/data/venv/lib/python3.12/site-packages/dbcounter.py:115}}
Jul 10 06:27:24.506780 np0000004964 nova-conductor[98884]: DEBUG oslo_db.sqlalchemy.engines [None req-0b9fcb83-9d77-4a3f-9c45-6e0d0ce730a0 tempest-ServerBootFromVolumeStableRescueTest-1682255202 tempest-ServerBootFromVolumeStableRescueTest-1682255202-project-member] Parent process 97368 forked (98884) with an open database connection, which is being discarded and recreated. {{(pid=98884) checkout /opt/stack/data/venv/lib/python3.12/site-packages/oslo_db/sqlalchemy/engines.py:402}}
Jul 10 06:27:24.551131 np0000004964 nova-conductor[98884]: DEBUG dbcounter [-] [98884] Writer thread running {{(pid=98884) stat_writer /opt/stack/data/venv/lib/python3.12/site-packages/dbcounter.py:102}}
Jul 10 06:27:25.327022 np0000004964 nova-conductor[98904]: DEBUG oslo.service.backend._threading.loopingcall [None req-cea69417-a194-4eb8-86ca-cdc2bd124a11 None None] Dynamic interval looping call 'nova.service.Service.periodic_tasks' sleeping for 60.00 seconds {{(pid=98904) _run_loop /opt/stack/data/venv/lib/python3.12/site-packages/oslo_service/backend/_threading/loopingcall.py:125}}
Jul 10 06:27:25.575595 np0000004964 nova-conductor[98884]: DEBUG nova.conductor.manager [None req-0b9fcb83-9d77-4a3f-9c45-6e0d0ce730a0 tempest-ServerBootFromVolumeStableRescueTest-1682255202 tempest-ServerBootFromVolumeStableRescueTest-1682255202-project-member] Took 1.02 seconds to select destinations for 1 instance(s). {{(pid=98884) _schedule_instances /opt/stack/nova/nova/conductor/manager.py:968}}
Jul 10 06:27:25.606156 np0000004964 nova-conductor[98884]: DEBUG oslo_concurrency.lockutils [None req-0b9fcb83-9d77-4a3f-9c45-6e0d0ce730a0 tempest-ServerBootFromVolumeStableRescueTest-1682255202 tempest-ServerBootFromVolumeStableRescueTest-1682255202-project-member] Acquiring lock "c879cfbf-7b75-479c-9cc5-75d6d2e0bf86" by "nova.context.set_target_cell..get_or_set_cached_cell_and_set_connections" {{(pid=98884) inner /opt/stack/data/venv/lib/python3.12/site-packages/oslo_concurrency/lockutils.py:511}}
Jul 10 06:27:25.606433 np0000004964 nova-conductor[98884]: DEBUG oslo_concurrency.lockutils [None req-0b9fcb83-9d77-4a3f-9c45-6e0d0ce730a0 tempest-ServerBootFromVolumeStableRescueTest-1682255202 tempest-ServerBootFromVolumeStableRescueTest-1682255202-project-member] Lock "c879cfbf-7b75-479c-9cc5-75d6d2e0bf86" acquired by "nova.context.set_target_cell..get_or_set_cached_cell_and_set_connections" :: waited 0.000s {{(pid=98884) inner /opt/stack/data/venv/lib/python3.12/site-packages/oslo_concurrency/lockutils.py:524}}
Jul 10 06:27:25.608474 np0000004964 nova-conductor[98884]: DEBUG oslo_concurrency.lockutils [None req-0b9fcb83-9d77-4a3f-9c45-6e0d0ce730a0 tempest-ServerBootFromVolumeStableRescueTest-1682255202 tempest-ServerBootFromVolumeStableRescueTest-1682255202-project-member] Lock "c879cfbf-7b75-479c-9cc5-75d6d2e0bf86" "released" by "nova.context.set_target_cell..get_or_set_cached_cell_and_set_connections" :: held 0.002s {{(pid=98884) inner /opt/stack/data/venv/lib/python3.12/site-packages/oslo_concurrency/lockutils.py:543}}
Jul 10 06:27:25.611404 np0000004964 nova-conductor[98884]: INFO dbcounter [None req-0b9fcb83-9d77-4a3f-9c45-6e0d0ce730a0 tempest-ServerBootFromVolumeStableRescueTest-1682255202 tempest-ServerBootFromVolumeStableRescueTest-1682255202-project-member] Registered counter for database nova_cell1
Jul 10 06:27:25.663373 np0000004964 nova-conductor[98884]: DEBUG oslo_db.sqlalchemy.engines [None req-0b9fcb83-9d77-4a3f-9c45-6e0d0ce730a0 tempest-ServerBootFromVolumeStableRescueTest-1682255202 tempest-ServerBootFromVolumeStableRescueTest-1682255202-project-member] MySQL server mode set to STRICT_TRANS_TABLES,STRICT_ALL_TABLES,NO_ZERO_IN_DATE,NO_ZERO_DATE,ERROR_FOR_DIVISION_BY_ZERO,TRADITIONAL,NO_ENGINE_SUBSTITUTION {{(pid=98884) _check_effective_sql_mode /opt/stack/data/venv/lib/python3.12/site-packages/oslo_db/sqlalchemy/engines.py:325}}
Jul 10 06:27:25.672057 np0000004964 nova-conductor[98884]: DEBUG dbcounter [-] [98884] Writer thread running {{(pid=98884) stat_writer /opt/stack/data/venv/lib/python3.12/site-packages/dbcounter.py:102}}
Jul 10 06:27:25.751422 np0000004964 nova-conductor[98884]: INFO nova.utils [None req-0b9fcb83-9d77-4a3f-9c45-6e0d0ce730a0 tempest-ServerBootFromVolumeStableRescueTest-1682255202 tempest-ServerBootFromVolumeStableRescueTest-1682255202-project-member] The cell worker thread pool ForkProcess-2.cell_worker is initialized
Jul 10 06:27:25.751868 np0000004964 nova-conductor[98884]: DEBUG oslo_concurrency.lockutils [None req-0b9fcb83-9d77-4a3f-9c45-6e0d0ce730a0 tempest-ServerBootFromVolumeStableRescueTest-1682255202 tempest-ServerBootFromVolumeStableRescueTest-1682255202-project-member] Acquiring lock "00000000-0000-0000-0000-000000000000" by "nova.context.set_target_cell..get_or_set_cached_cell_and_set_connections" {{(pid=98884) inner /opt/stack/data/venv/lib/python3.12/site-packages/oslo_concurrency/lockutils.py:511}}
Jul 10 06:27:25.752109 np0000004964 nova-conductor[98884]: DEBUG oslo_concurrency.lockutils [None req-0b9fcb83-9d77-4a3f-9c45-6e0d0ce730a0 tempest-ServerBootFromVolumeStableRescueTest-1682255202 tempest-ServerBootFromVolumeStableRescueTest-1682255202-project-member] Lock "00000000-0000-0000-0000-000000000000" acquired by "nova.context.set_target_cell..get_or_set_cached_cell_and_set_connections" :: waited 0.000s {{(pid=98884) inner /opt/stack/data/venv/lib/python3.12/site-packages/oslo_concurrency/lockutils.py:524}}
Jul 10 06:27:25.753048 np0000004964 nova-conductor[98884]: DEBUG oslo_concurrency.lockutils [None req-0b9fcb83-9d77-4a3f-9c45-6e0d0ce730a0 tempest-ServerBootFromVolumeStableRescueTest-1682255202 tempest-ServerBootFromVolumeStableRescueTest-1682255202-project-member] Lock "00000000-0000-0000-0000-000000000000" "released" by "nova.context.set_target_cell..get_or_set_cached_cell_and_set_connections" :: held 0.000s {{(pid=98884) inner /opt/stack/data/venv/lib/python3.12/site-packages/oslo_concurrency/lockutils.py:543}}
Jul 10 06:27:25.755081 np0000004964 nova-conductor[98884]: DEBUG oslo_concurrency.lockutils [None req-0b9fcb83-9d77-4a3f-9c45-6e0d0ce730a0 tempest-ServerBootFromVolumeStableRescueTest-1682255202 tempest-ServerBootFromVolumeStableRescueTest-1682255202-project-member] Acquiring lock "c879cfbf-7b75-479c-9cc5-75d6d2e0bf86" by "nova.context.set_target_cell..get_or_set_cached_cell_and_set_connections" {{(pid=98884) inner /opt/stack/data/venv/lib/python3.12/site-packages/oslo_concurrency/lockutils.py:511}}
Jul 10 06:27:25.755081 np0000004964 nova-conductor[98884]: DEBUG oslo_concurrency.lockutils [None req-0b9fcb83-9d77-4a3f-9c45-6e0d0ce730a0 tempest-ServerBootFromVolumeStableRescueTest-1682255202 tempest-ServerBootFromVolumeStableRescueTest-1682255202-project-member] Lock "c879cfbf-7b75-479c-9cc5-75d6d2e0bf86" acquired by "nova.context.set_target_cell..get_or_set_cached_cell_and_set_connections" :: waited 0.000s {{(pid=98884) inner /opt/stack/data/venv/lib/python3.12/site-packages/oslo_concurrency/lockutils.py:524}}
Jul 10 06:27:25.755554 np0000004964 nova-conductor[98884]: DEBUG oslo_concurrency.lockutils [None req-0b9fcb83-9d77-4a3f-9c45-6e0d0ce730a0 tempest-ServerBootFromVolumeStableRescueTest-1682255202 tempest-ServerBootFromVolumeStableRescueTest-1682255202-project-member] Lock "c879cfbf-7b75-479c-9cc5-75d6d2e0bf86" "released" by "nova.context.set_target_cell..get_or_set_cached_cell_and_set_connections" :: held 0.000s {{(pid=98884) inner /opt/stack/data/venv/lib/python3.12/site-packages/oslo_concurrency/lockutils.py:543}}
Jul 10 06:27:25.757068 np0000004964 nova-conductor[98884]: INFO dbcounter [None req-0b9fcb83-9d77-4a3f-9c45-6e0d0ce730a0 tempest-ServerBootFromVolumeStableRescueTest-1682255202 tempest-ServerBootFromVolumeStableRescueTest-1682255202-project-member] Registered counter for database nova_cell0
Jul 10 06:27:25.811602 np0000004964 nova-conductor[98884]: DEBUG oslo_db.sqlalchemy.engines [None req-0b9fcb83-9d77-4a3f-9c45-6e0d0ce730a0 tempest-ServerBootFromVolumeStableRescueTest-1682255202 tempest-ServerBootFromVolumeStableRescueTest-1682255202-project-member] MySQL server mode set to STRICT_TRANS_TABLES,STRICT_ALL_TABLES,NO_ZERO_IN_DATE,NO_ZERO_DATE,ERROR_FOR_DIVISION_BY_ZERO,TRADITIONAL,NO_ENGINE_SUBSTITUTION {{(pid=98884) _check_effective_sql_mode /opt/stack/data/venv/lib/python3.12/site-packages/oslo_db/sqlalchemy/engines.py:325}}
Jul 10 06:27:25.818541 np0000004964 nova-conductor[98884]: DEBUG dbcounter [-] [98884] Writer thread running {{(pid=98884) stat_writer /opt/stack/data/venv/lib/python3.12/site-packages/dbcounter.py:102}}
Jul 10 06:27:25.833053 np0000004964 nova-conductor[98884]: DEBUG nova.quota [None req-0b9fcb83-9d77-4a3f-9c45-6e0d0ce730a0 tempest-ServerBootFromVolumeStableRescueTest-1682255202 tempest-ServerBootFromVolumeStableRescueTest-1682255202-project-member] Getting quotas for project d9fa828abcaa41978b0bc2d222aa5faf. Resources: {'instances', 'cores', 'ram'} {{(pid=98884) _get_quotas /opt/stack/nova/nova/quota.py:389}}
Jul 10 06:27:25.836990 np0000004964 nova-conductor[98884]: DEBUG nova.quota [None req-0b9fcb83-9d77-4a3f-9c45-6e0d0ce730a0 tempest-ServerBootFromVolumeStableRescueTest-1682255202 tempest-ServerBootFromVolumeStableRescueTest-1682255202-project-member] Getting quotas for user 056a734bfaa64631930194c04349c232 and project d9fa828abcaa41978b0bc2d222aa5faf. Resources: {'instances', 'cores', 'ram'} {{(pid=98884) _get_quotas /opt/stack/nova/nova/quota.py:379}}
Jul 10 06:27:25.846804 np0000004964 nova-conductor[98884]: DEBUG nova.conductor.manager [None req-0b9fcb83-9d77-4a3f-9c45-6e0d0ce730a0 tempest-ServerBootFromVolumeStableRescueTest-1682255202 tempest-ServerBootFromVolumeStableRescueTest-1682255202-project-member] [instance: d20f6b1a-4e99-4ef9-8382-d4e30358d732] Selected host: np0000004964; Selected node: np0000004964; Alternates: [] {{(pid=98884) schedule_and_build_instances /opt/stack/nova/nova/conductor/manager.py:1784}}
