Aug 03 15:43:34.216236 np0000006359 devstack@neutron-api.service[87938]: DEBUG neutron.api.rpc.handlers.resources_rpc [None req-52e1607f-86af-442b-baf6-134f4a99bcb9 admin admin] Pushing event updated for resources: {'Subnet': ['ID=586558f9-d231-457b-b02f-9268d438e372,revision_number=0']} {{(pid=87938) push /opt/stack/neutron/neutron/api/rpc/handlers/resources_rpc.py:237}}
Aug 03 15:43:34.253735 np0000006359 devstack@neutron-api.service[87938]: DEBUG neutron.api.rpc.handlers.resources_rpc [None req-23913031-55fa-40b9-8ca0-412bcbcec5f3 None None] Pushing event updated for resources: {'Port': ['ID=5974b192-8231-4fc2-aab3-7cb14e0fac57,revision_number=6']} {{(pid=87938) push /opt/stack/neutron/neutron/api/rpc/handlers/resources_rpc.py:237}}
Aug 03 15:43:34.256296 np0000006359 devstack@neutron-api.service[87938]: INFO neutron.db.ovn_revision_numbers_db [None req-52e1607f-86af-442b-baf6-134f4a99bcb9 admin admin] Successfully bumped revision number for resource 586558f9-d231-457b-b02f-9268d438e372 (type: subnets) to 0
Aug 03 15:43:34.257455 np0000006359 devstack@neutron-api.service[87938]: DEBUG neutron.pecan_wsgi.hooks.policy_enforcement [None req-52e1607f-86af-442b-baf6-134f4a99bcb9 admin admin] Attributes excluded by policy engine: ['standard_attr_id', 'shared', 'network'] {{(pid=87938) _exclude_attributes_by_policy /opt/stack/neutron/neutron/pecan_wsgi/hooks/policy_enforcement.py:259}}
Aug 03 15:43:34.257757 np0000006359 devstack@neutron-api.service[87938]: DEBUG neutron_lib.callbacks.manager [None req-52e1607f-86af-442b-baf6-134f4a99bcb9 admin admin] Publish callbacks [] for subnet (None), before_response {{(pid=87938) _notify_loop /opt/stack/data/venv/lib/python3.12/site-packages/neutron_lib/callbacks/manager.py:184}}
Aug 03 15:43:34.277022 np0000006359 devstack@neutron-api.service[87938]: [pid: 87938|app: 0|req: 10/31] 10.4.3.244 () {68 vars in 1324 bytes} [Mon Aug 3 15:43:32 2026] POST /networking/v2.0/subnets => generated 708 bytes in 1342 msecs (HTTP/1.1 201) 4 headers in 162 bytes (1 switches on core 0)
Aug 03 15:43:34.331415 np0000006359 devstack@neutron-api.service[87938]: DEBUG neutron.plugins.ml2.drivers.ovn.mech_driver.ovsdb.commands [None req-23913031-55fa-40b9-8ca0-412bcbcec5f3 None None] Converting tag [] to a tag_request {{(pid=87938) _tag_column_to_tag_request /opt/stack/neutron/neutron/plugins/ml2/drivers/ovn/mech_driver/ovsdb/commands.py:227}}
Aug 03 15:43:34.332203 np0000006359 devstack@neutron-api.service[87938]: DEBUG ovsdbapp.backend.ovs_idl.transaction [None req-1183197c-b865-493d-befa-f23f72d93e91 None None] Running txn n=1 command(idx=0): CheckRevisionNumberCommand(_result=None, name=5974b192-8231-4fc2-aab3-7cb14e0fac57, resource={'id': '5974b192-8231-4fc2-aab3-7cb14e0fac57', 'name': '', 'network_id': '1c33c681-3a5f-4f83-9b4f-50e80204485c', 'project_id': '', 'mac_address': 'fa:16:3e:30:78:c7', 'admin_state_up': True, 'status': 'ACTIVE', 'device_id': 'b7949f82-d9dd-4d3e-800e-4278bcc48651', 'device_owner': 'network:router_gateway', 'standard_attr_id': 23, 'fixed_ips': [{'subnet_id': '87c73d9d-a10e-476b-88ec-f9a90a4f3c54', 'ip_address': '172.24.5.7'}, {'subnet_id': '586558f9-d231-457b-b02f-9268d438e372', 'ip_address': '2001:db8::1'}], 'allowed_address_pairs': [], 'extra_dhcp_opts': [], 'security_groups': [], 'description': '', 'binding:vnic_type': 'normal', 'binding:profile': {}, 'binding:host_id': 'np0000006359', 'binding:vif_type': 'ovs', 'binding:vif_details': {'port_filter': True, 'connectivity': 'l2', 'ovs_create_tap': True, 'bridge_name': 'br-int', 'datapath_type': 'system'}, 'port_security_enabled': False, 'tags': [], 'created_at': '2026-08-03T15:43:29Z', 'updated_at': '2026-08-03T15:43:33Z', 'revision_number': 6, 'tenant_id': '', 'network': {'id': '1c33c681-3a5f-4f83-9b4f-50e80204485c', 'name': 'public', 'tenant_id': '88e77a4cf00a4625a1e82f9ef94425fa', 'project_id': '88e77a4cf00a4625a1e82f9ef94425fa', 'admin_state_up': True, 'mtu': 1430, 'status': 'ACTIVE', 'subnets': ['586558f9-d231-457b-b02f-9268d438e372', '87c73d9d-a10e-476b-88ec-f9a90a4f3c54'], 'standard_attr_id': 18, 'shared': False, 'availability_zone_hints': [], 'availability_zones': [], 'ipv4_address_scope': None, 'ipv6_address_scope': None, 'router:external': True, 'qinq': False, 'vlan_transparent': False, 'description': '', 'port_security_enabled': True, 'is_default': True, 'tags': [], 'created_at': '2026-08-03T15:43:26Z', 'updated_at': '2026-08-03T15:43:32Z', 'revision_number': 3, 'provider:network_type': 'flat', 'provider:physical_network': 'public', 'provider:segmentation_id': None}}, resource_type=ports, if_exists=True) {{(pid=87938) do_commit /opt/stack/data/venv/lib/python3.12/site-packages/ovsdbapp/backend/ovs_idl/transaction.py:89}}
Aug 03 15:43:34.332593 np0000006359 devstack@neutron-api.service[87938]: DEBUG ovsdbapp.backend.ovs_idl.transaction [None req-1183197c-b865-493d-befa-f23f72d93e91 None None] Running txn n=1 command(idx=1): SetLSwitchPortCommand(_result=None, lport=5974b192-8231-4fc2-aab3-7cb14e0fac57, external_ids_update=None, columns={'external_ids': {'neutron:port_name': '', 'neutron:device_id': 'b7949f82-d9dd-4d3e-800e-4278bcc48651', 'neutron:project_id': '', 'neutron:cidrs': '172.24.5.7/24 2001:db8::1/64', 'neutron:device_owner': 'network:router_gateway', 'neutron:subnet_pool_addr_scope4': '', 'neutron:subnet_pool_addr_scope6': '', 'neutron:network_name': 'neutron-1c33c681-3a5f-4f83-9b4f-50e80204485c', 'neutron:security_group_ids': '', 'neutron:revision_number': '6', 'neutron:vnic_type': 'normal', 'neutron:port_capabilities': '', 'neutron:mtu': '', 'neutron:host_id': 'np0000006359'}, 'parent_name': [], 'options': {'requested-chassis': 'np0000006359', 'exclude-lb-vips-from-garp': 'true', 'nat-addresses': 'router', 'router-port': 'lrp-5974b192-8231-4fc2-aab3-7cb14e0fac57'}, 'enabled': True, 'port_security': [], 'dhcpv4_options': [], 'dhcpv6_options': [], 'type': 'router', 'ha_chassis_group': [], 'tag_request': []}, if_exists=False) {{(pid=87938) do_commit /opt/stack/data/venv/lib/python3.12/site-packages/ovsdbapp/backend/ovs_idl/transaction.py:89}}
Aug 03 15:43:34.333179 np0000006359 devstack@neutron-api.service[87938]: DEBUG ovsdbapp.backend.ovs_idl.transaction [None req-1183197c-b865-493d-befa-f23f72d93e91 None None] Running txn n=1 command(idx=2): PgDelPortCommand(_result=None, port_group=neutron_pg_drop, lsp=['5974b192-8231-4fc2-aab3-7cb14e0fac57'], if_exists=False) {{(pid=87938) do_commit /opt/stack/data/venv/lib/python3.12/site-packages/ovsdbapp/backend/ovs_idl/transaction.py:89}}
Aug 03 15:43:34.355013 np0000006359 devstack@neutron-api.service[87938]: DEBUG ovsdbapp.backend.ovs_idl.transaction [None req-1183197c-b865-493d-befa-f23f72d93e91 None None] Running txn n=1 command(idx=0): DbSetCommand(_result=None, table=Logical_Switch_Port, record=5974b192-8231-4fc2-aab3-7cb14e0fac57, col_values=(('external_ids', {'neutron:host_id': 'np0000006359'}),), if_exists=True) {{(pid=87938) do_commit /opt/stack/data/venv/lib/python3.12/site-packages/ovsdbapp/backend/ovs_idl/transaction.py:89}}
Aug 03 15:43:34.356358 np0000006359 devstack@neutron-api.service[87938]: DEBUG ovsdbapp.backend.ovs_idl.transaction [None req-1183197c-b865-493d-befa-f23f72d93e91 None None] Transaction caused no change {{(pid=87938) do_commit /opt/stack/data/venv/lib/python3.12/site-packages/ovsdbapp/backend/ovs_idl/transaction.py:129}}
Aug 03 15:43:34.594979 np0000006359 devstack@neutron-api.service[87937]: DEBUG neutron.api.wsgi [None req-2664b8ca-18be-4bac-976f-57593ea90a44 admin admin] Missing Content-Type {{(pid=87937) get_content_type /opt/stack/neutron/neutron/api/wsgi.py:80}}
Aug 03 15:43:34.632918 np0000006359 devstack@neutron-api.service[87937]: [pid: 87937|app: 0|req: 12/32] 10.4.3.244 () {64 vars in 1381 bytes} [Mon Aug 3 15:43:34 2026] GET /networking/v2.0/routers/b7949f82-d9dd-4d3e-800e-4278bcc48651 => generated 1106 bytes in 40 msecs (HTTP/1.1 200) 4 headers in 158 bytes (1 switches on core 0)
Aug 03 15:43:34.684486 np0000006359 devstack@neutron-api.service[87936]: DEBUG neutron.pecan_wsgi.hooks.policy_enforcement [None req-80b09a27-5d95-4e74-9e83-e18d2d002bbb admin admin] Attributes excluded by policy engine: ['standard_attr_id'] {{(pid=87936) _exclude_attributes_by_policy /opt/stack/neutron/neutron/pecan_wsgi/hooks/policy_enforcement.py:259}}
Aug 03 15:43:34.686317 np0000006359 devstack@neutron-api.service[87936]: [pid: 87936|app: 0|req: 11/33] 10.4.3.244 () {64 vars in 1370 bytes} [Mon Aug 3 15:43:34 2026] GET /networking/v2.0/ports?device_id=b7949f82-d9dd-4d3e-800e-4278bcc48651 => generated 2592 bytes in 46 msecs (HTTP/1.1 200) 4 headers in 158 bytes (1 switches on core 0)
Aug 03 15:43:37.867232 np0000006359 devstack@neutron-api.service[87937]: DEBUG neutron.plugins.ml2.drivers.ovn.mech_driver.ovsdb.ovsdb_monitor [None req-fad11ebf-48d1-4f28-98c7-f9a226af1dfd None None] Touching Hash Ring node "30b13f1cdfe55f679efd6bde7e87a4ed" from IDL notify handler {{(pid=87937) notify /opt/stack/neutron/neutron/plugins/ml2/drivers/ovn/mech_driver/ovsdb/ovsdb_monitor.py:1091}}
Aug 03 15:43:37.875089 np0000006359 devstack@neutron-api.service[87937]: DEBUG neutron.plugins.ml2.drivers.ovn.mech_driver.ovsdb.ovsdb_monitor [None req-fad11ebf-48d1-4f28-98c7-f9a226af1dfd None None] Hash Ring: Node 30b13f1cdfe55f679efd6bde7e87a4ed (host: np0000006359) handling event "update" for row e8867f90-5992-4550-b616-a99cf5e73195 (table: Connection) {{(pid=87937) notify /opt/stack/neutron/neutron/plugins/ml2/drivers/ovn/mech_driver/ovsdb/ovsdb_monitor.py:1099}}
Aug 03 15:43:38.321553 np0000006359 devstack@neutron-api.service[87937]: DEBUG neutron.plugins.ml2.drivers.ovn.mech_driver.ovsdb.ovsdb_monitor [None req-fad11ebf-48d1-4f28-98c7-f9a226af1dfd None None] Touching Hash Ring node "30b13f1cdfe55f679efd6bde7e87a4ed" from IDL notify handler {{(pid=87937) notify /opt/stack/neutron/neutron/plugins/ml2/drivers/ovn/mech_driver/ovsdb/ovsdb_monitor.py:1091}}
Aug 03 15:43:38.325114 np0000006359 devstack@neutron-api.service[87937]: DEBUG neutron.plugins.ml2.drivers.ovn.mech_driver.ovsdb.ovsdb_monitor [None req-fad11ebf-48d1-4f28-98c7-f9a226af1dfd None None] Hash Ring: Node 30b13f1cdfe55f679efd6bde7e87a4ed (host: np0000006359) handling event "update" for row 144baaff-718d-4754-bf98-86f977e207ad (table: NB_Global) {{(pid=87937) notify /opt/stack/neutron/neutron/plugins/ml2/drivers/ovn/mech_driver/ovsdb/ovsdb_monitor.py:1099}}
Aug 03 15:43:38.527752 np0000006359 devstack@neutron-api.service[87937]: DEBUG neutron.plugins.ml2.drivers.ovn.mech_driver.ovsdb.ovsdb_monitor [None req-fad11ebf-48d1-4f28-98c7-f9a226af1dfd None None] Touching Hash Ring node "30b13f1cdfe55f679efd6bde7e87a4ed" from IDL notify handler {{(pid=87937) notify /opt/stack/neutron/neutron/plugins/ml2/drivers/ovn/mech_driver/ovsdb/ovsdb_monitor.py:1091}}
Aug 03 15:43:38.535348 np0000006359 devstack@neutron-api.service[87937]: DEBUG neutron.plugins.ml2.drivers.ovn.mech_driver.ovsdb.ovsdb_monitor [None req-fad11ebf-48d1-4f28-98c7-f9a226af1dfd None None] Hash Ring: Node 30b13f1cdfe55f679efd6bde7e87a4ed (host: np0000006359) handling event "update" for row 144baaff-718d-4754-bf98-86f977e207ad (table: NB_Global) {{(pid=87937) notify /opt/stack/neutron/neutron/plugins/ml2/drivers/ovn/mech_driver/ovsdb/ovsdb_monitor.py:1099}}
Aug 03 15:43:38.537854 np0000006359 devstack@neutron-api.service[87937]: DEBUG neutron.plugins.ml2.drivers.ovn.mech_driver.ovsdb.ovsdb_monitor [None req-fad11ebf-48d1-4f28-98c7-f9a226af1dfd None None] Touching Hash Ring node "30b13f1cdfe55f679efd6bde7e87a4ed" from IDL notify handler {{(pid=87937) notify /opt/stack/neutron/neutron/plugins/ml2/drivers/ovn/mech_driver/ovsdb/ovsdb_monitor.py:1091}}
Aug 03 15:43:38.542232 np0000006359 devstack@neutron-api.service[87937]: DEBUG neutron.plugins.ml2.drivers.ovn.mech_driver.ovsdb.ovsdb_monitor [None req-fad11ebf-48d1-4f28-98c7-f9a226af1dfd None None] Hash Ring: Node 30b13f1cdfe55f679efd6bde7e87a4ed (host: np0000006359) handling event "update" for row 144baaff-718d-4754-bf98-86f977e207ad (table: NB_Global) {{(pid=87937) notify /opt/stack/neutron/neutron/plugins/ml2/drivers/ovn/mech_driver/ovsdb/ovsdb_monitor.py:1099}}
Aug 03 15:43:38.551927 np0000006359 devstack@neutron-api.service[87937]: DEBUG neutron.plugins.ml2.drivers.ovn.mech_driver.ovsdb.ovsdb_monitor [None req-fad11ebf-48d1-4f28-98c7-f9a226af1dfd None None] Touching Hash Ring node "30b13f1cdfe55f679efd6bde7e87a4ed" from IDL notify handler {{(pid=87937) notify /opt/stack/neutron/neutron/plugins/ml2/drivers/ovn/mech_driver/ovsdb/ovsdb_monitor.py:1091}}
Aug 03 15:43:38.556426 np0000006359 devstack@neutron-api.service[87937]: DEBUG neutron.plugins.ml2.drivers.ovn.mech_driver.ovsdb.ovsdb_monitor [None req-fad11ebf-48d1-4f28-98c7-f9a226af1dfd None None] Hash Ring: Node 30b13f1cdfe55f679efd6bde7e87a4ed (host: np0000006359) handling event "update" for row 144baaff-718d-4754-bf98-86f977e207ad (table: NB_Global) {{(pid=87937) notify /opt/stack/neutron/neutron/plugins/ml2/drivers/ovn/mech_driver/ovsdb/ovsdb_monitor.py:1099}}
Aug 03 15:43:40.367589 np0000006359 devstack@neutron-api.service[87937]: DEBUG neutron.plugins.ml2.drivers.ovn.mech_driver.ovsdb.ovsdb_monitor [None req-fad11ebf-48d1-4f28-98c7-f9a226af1dfd None None] Touching Hash Ring node "30b13f1cdfe55f679efd6bde7e87a4ed" from IDL notify handler {{(pid=87937) notify /opt/stack/neutron/neutron/plugins/ml2/drivers/ovn/mech_driver/ovsdb/ovsdb_monitor.py:1091}}
Aug 03 15:43:40.373902 np0000006359 devstack@neutron-api.service[87937]: DEBUG neutron.plugins.ml2.drivers.ovn.mech_driver.ovsdb.ovsdb_monitor [None req-fad11ebf-48d1-4f28-98c7-f9a226af1dfd None None] Hash Ring: Node 30b13f1cdfe55f679efd6bde7e87a4ed (host: np0000006359) handling event "update" for row e8867f90-5992-4550-b616-a99cf5e73195 (table: Connection) {{(pid=87937) notify /opt/stack/neutron/neutron/plugins/ml2/drivers/ovn/mech_driver/ovsdb/ovsdb_monitor.py:1099}}
Aug 03 15:43:44.353861 np0000006359 devstack@neutron-api.service[87938]: DEBUG dbcounter [-] [87938] Writing DB stats neutron:SELECT=2211,neutron:INSERT=55,neutron:DELETE=9,neutron:UPDATE=59 {{(pid=87938) stat_writer /opt/stack/data/venv/lib/python3.12/site-packages/dbcounter.py:115}}
Aug 03 15:43:44.680942 np0000006359 devstack@neutron-api.service[87936]: DEBUG dbcounter [-] [87936] Writing DB stats neutron:SELECT=250,neutron:INSERT=19,neutron:DELETE=5,neutron:UPDATE=8 {{(pid=87936) stat_writer /opt/stack/data/venv/lib/python3.12/site-packages/dbcounter.py:115}}
Aug 03 15:43:45.496696 np0000006359 devstack@neutron-api.service[87937]: DEBUG futurist.periodics [-] Submitting periodic callback 'neutron.plugins.ml2.drivers.ovn.mech_driver.ovsdb.maintenance.HashRingHealthCheckPeriodics.touch_hash_ring_node' {{(pid=87937) _process_scheduled /opt/stack/data/venv/lib/python3.12/site-packages/futurist/periodics.py:784}}
Aug 03 15:43:45.499852 np0000006359 devstack@neutron-api.service[87937]: DEBUG neutron.plugins.ml2.drivers.ovn.mech_driver.ovsdb.maintenance [-] Touching Hash Ring node "30b13f1cdfe55f679efd6bde7e87a4ed" from periodic health check thread {{(pid=87937) touch_hash_ring_node /opt/stack/neutron/neutron/plugins/ml2/drivers/ovn/mech_driver/ovsdb/maintenance.py:1416}}
Aug 03 15:43:46.348897 np0000006359 devstack@neutron-api.service[87936]: DEBUG futurist.periodics [-] Submitting periodic callback 'neutron.plugins.ml2.drivers.ovn.mech_driver.ovsdb.maintenance.HashRingHealthCheckPeriodics.touch_hash_ring_node' {{(pid=87936) _process_scheduled /opt/stack/data/venv/lib/python3.12/site-packages/futurist/periodics.py:784}}
Aug 03 15:43:46.349429 np0000006359 devstack@neutron-api.service[87936]: DEBUG neutron.plugins.ml2.drivers.ovn.mech_driver.ovsdb.maintenance [-] Touching Hash Ring node "56c136d1beb357b2a8bd56323c5a2829" from periodic health check thread {{(pid=87936) touch_hash_ring_node /opt/stack/neutron/neutron/plugins/ml2/drivers/ovn/mech_driver/ovsdb/maintenance.py:1416}}
Aug 03 15:43:46.375611 np0000006359 devstack@neutron-api.service[87938]: DEBUG futurist.periodics [-] Submitting periodic callback 'neutron.plugins.ml2.drivers.ovn.mech_driver.ovsdb.maintenance.HashRingHealthCheckPeriodics.touch_hash_ring_node' {{(pid=87938) _process_scheduled /opt/stack/data/venv/lib/python3.12/site-packages/futurist/periodics.py:784}}
Aug 03 15:43:46.376948 np0000006359 devstack@neutron-api.service[87938]: DEBUG neutron.plugins.ml2.drivers.ovn.mech_driver.ovsdb.maintenance [-] Touching Hash Ring node "4b888f4b7b2c59c48dd5687f307c5333" from periodic health check thread {{(pid=87938) touch_hash_ring_node /opt/stack/neutron/neutron/plugins/ml2/drivers/ovn/mech_driver/ovsdb/maintenance.py:1416}}
Aug 03 15:43:55.506125 np0000006359 devstack@neutron-api.service[87937]: DEBUG dbcounter [-] [87937] Writing DB stats neutron:SELECT=2832,neutron:INSERT=729,neutron:DELETE=12,neutron:UPDATE=116 {{(pid=87937) stat_writer /opt/stack/data/venv/lib/python3.12/site-packages/dbcounter.py:115}}
Aug 03 15:43:56.359700 np0000006359 devstack@neutron-api.service[87936]: DEBUG dbcounter [-] [87936] Writing DB stats neutron:UPDATE=1,neutron:SELECT=1 {{(pid=87936) stat_writer /opt/stack/data/venv/lib/python3.12/site-packages/dbcounter.py:115}}
Aug 03 15:43:56.381130 np0000006359 devstack@neutron-api.service[87938]: DEBUG dbcounter [-] [87938] Writing DB stats neutron:UPDATE=1,neutron:SELECT=1 {{(pid=87938) stat_writer /opt/stack/data/venv/lib/python3.12/site-packages/dbcounter.py:115}}
Aug 03 15:44:00.500658 np0000006359 devstack@neutron-api.service[87937]: DEBUG futurist.periodics [-] Submitting periodic callback 'neutron.plugins.ml2.drivers.ovn.mech_driver.ovsdb.maintenance.HashRingHealthCheckPeriodics.touch_hash_ring_node' {{(pid=87937) _process_scheduled /opt/stack/data/venv/lib/python3.12/site-packages/futurist/periodics.py:784}}
Aug 03 15:44:00.500991 np0000006359 devstack@neutron-api.service[87937]: DEBUG neutron.plugins.ml2.drivers.ovn.mech_driver.ovsdb.maintenance [-] Touching Hash Ring node "30b13f1cdfe55f679efd6bde7e87a4ed" from periodic health check thread {{(pid=87937) touch_hash_ring_node /opt/stack/neutron/neutron/plugins/ml2/drivers/ovn/mech_driver/ovsdb/maintenance.py:1416}}
Aug 03 15:44:01.349527 np0000006359 devstack@neutron-api.service[87936]: DEBUG futurist.periodics [-] Submitting periodic callback 'neutron.plugins.ml2.drivers.ovn.mech_driver.ovsdb.maintenance.HashRingHealthCheckPeriodics.touch_hash_ring_node' {{(pid=87936) _process_scheduled /opt/stack/data/venv/lib/python3.12/site-packages/futurist/periodics.py:784}}
Aug 03 15:44:01.349929 np0000006359 devstack@neutron-api.service[87936]: DEBUG neutron.plugins.ml2.drivers.ovn.mech_driver.ovsdb.maintenance [-] Touching Hash Ring node "56c136d1beb357b2a8bd56323c5a2829" from periodic health check thread {{(pid=87936) touch_hash_ring_node /opt/stack/neutron/neutron/plugins/ml2/drivers/ovn/mech_driver/ovsdb/maintenance.py:1416}}
Aug 03 15:44:01.376346 np0000006359 devstack@neutron-api.service[87938]: DEBUG futurist.periodics [-] Submitting periodic callback 'neutron.plugins.ml2.drivers.ovn.mech_driver.ovsdb.maintenance.HashRingHealthCheckPeriodics.touch_hash_ring_node' {{(pid=87938) _process_scheduled /opt/stack/data/venv/lib/python3.12/site-packages/futurist/periodics.py:784}}
Aug 03 15:44:01.376715 np0000006359 devstack@neutron-api.service[87938]: DEBUG neutron.plugins.ml2.drivers.ovn.mech_driver.ovsdb.maintenance [-] Touching Hash Ring node "4b888f4b7b2c59c48dd5687f307c5333" from periodic health check thread {{(pid=87938) touch_hash_ring_node /opt/stack/neutron/neutron/plugins/ml2/drivers/ovn/mech_driver/ovsdb/maintenance.py:1416}}
Aug 03 15:44:10.507160 np0000006359 devstack@neutron-api.service[87937]: DEBUG dbcounter [-] [87937] Writing DB stats neutron:UPDATE=1,neutron:SELECT=1 {{(pid=87937) stat_writer /opt/stack/data/venv/lib/python3.12/site-packages/dbcounter.py:115}}
Aug 03 15:44:11.355696 np0000006359 devstack@neutron-api.service[87936]: DEBUG dbcounter [-] [87936] Writing DB stats neutron:UPDATE=1,neutron:SELECT=1 {{(pid=87936) stat_writer /opt/stack/data/venv/lib/python3.12/site-packages/dbcounter.py:115}}
Aug 03 15:44:11.381698 np0000006359 devstack@neutron-api.service[87938]: DEBUG dbcounter [-] [87938] Writing DB stats neutron:UPDATE=1,neutron:SELECT=1 {{(pid=87938) stat_writer /opt/stack/data/venv/lib/python3.12/site-packages/dbcounter.py:115}}
Aug 03 15:44:15.501133 np0000006359 devstack@neutron-api.service[87937]: DEBUG futurist.periodics [-] Submitting periodic callback 'neutron.plugins.ml2.drivers.ovn.mech_driver.ovsdb.maintenance.HashRingHealthCheckPeriodics.touch_hash_ring_node' {{(pid=87937) _process_scheduled /opt/stack/data/venv/lib/python3.12/site-packages/futurist/periodics.py:784}}
Aug 03 15:44:15.501527 np0000006359 devstack@neutron-api.service[87937]: DEBUG neutron.plugins.ml2.drivers.ovn.mech_driver.ovsdb.maintenance [-] Touching Hash Ring node "30b13f1cdfe55f679efd6bde7e87a4ed" from periodic health check thread {{(pid=87937) touch_hash_ring_node /opt/stack/neutron/neutron/plugins/ml2/drivers/ovn/mech_driver/ovsdb/maintenance.py:1416}}
Aug 03 15:44:16.349956 np0000006359 devstack@neutron-api.service[87936]: DEBUG futurist.periodics [-] Submitting periodic callback 'neutron.plugins.ml2.drivers.ovn.mech_driver.ovsdb.maintenance.HashRingHealthCheckPeriodics.touch_hash_ring_node' {{(pid=87936) _process_scheduled /opt/stack/data/venv/lib/python3.12/site-packages/futurist/periodics.py:784}}
Aug 03 15:44:16.350348 np0000006359 devstack@neutron-api.service[87936]: DEBUG neutron.plugins.ml2.drivers.ovn.mech_driver.ovsdb.maintenance [-] Touching Hash Ring node "56c136d1beb357b2a8bd56323c5a2829" from periodic health check thread {{(pid=87936) touch_hash_ring_node /opt/stack/neutron/neutron/plugins/ml2/drivers/ovn/mech_driver/ovsdb/maintenance.py:1416}}
Aug 03 15:44:16.376794 np0000006359 devstack@neutron-api.service[87938]: DEBUG futurist.periodics [-] Submitting periodic callback 'neutron.plugins.ml2.drivers.ovn.mech_driver.ovsdb.maintenance.HashRingHealthCheckPeriodics.touch_hash_ring_node' {{(pid=87938) _process_scheduled /opt/stack/data/venv/lib/python3.12/site-packages/futurist/periodics.py:784}}
Aug 03 15:44:16.377146 np0000006359 devstack@neutron-api.service[87938]: DEBUG neutron.plugins.ml2.drivers.ovn.mech_driver.ovsdb.maintenance [-] Touching Hash Ring node "4b888f4b7b2c59c48dd5687f307c5333" from periodic health check thread {{(pid=87938) touch_hash_ring_node /opt/stack/neutron/neutron/plugins/ml2/drivers/ovn/mech_driver/ovsdb/maintenance.py:1416}}
Aug 03 15:44:25.509944 np0000006359 devstack@neutron-api.service[87937]: DEBUG dbcounter [-] [87937] Writing DB stats neutron:UPDATE=1,neutron:SELECT=1 {{(pid=87937) stat_writer /opt/stack/data/venv/lib/python3.12/site-packages/dbcounter.py:115}}
Aug 03 15:44:26.358641 np0000006359 devstack@neutron-api.service[87936]: DEBUG dbcounter [-] [87936] Writing DB stats neutron:UPDATE=1,neutron:SELECT=1 {{(pid=87936) stat_writer /opt/stack/data/venv/lib/python3.12/site-packages/dbcounter.py:115}}
Aug 03 15:44:26.384415 np0000006359 devstack@neutron-api.service[87938]: DEBUG dbcounter [-] [87938] Writing DB stats neutron:UPDATE=1,neutron:SELECT=1 {{(pid=87938) stat_writer /opt/stack/data/venv/lib/python3.12/site-packages/dbcounter.py:115}}
Aug 03 15:44:30.057727 np0000006359 devstack@neutron-api.service[87938]: DEBUG neutron.api.wsgi [None req-6f25f9db-6bfd-4a9d-9df2-4ce7a27adad2 admin admin] Missing Content-Type {{(pid=87938) get_content_type /opt/stack/neutron/neutron/api/wsgi.py:80}}
Aug 03 15:44:30.058258 np0000006359 devstack@neutron-api.service[87938]: DEBUG neutron.api.wsgi [None req-6f25f9db-6bfd-4a9d-9df2-4ce7a27adad2 admin admin] https://10.4.3.244/networking/v2.0/extensions returned with HTTP 200 {{(pid=87938) __call__ /opt/stack/neutron/neutron/api/wsgi.py:540}}
Aug 03 15:44:30.058392 np0000006359 devstack@neutron-api.service[87938]: [pid: 87938|app: 0|req: 11/34] 10.4.3.244 () {64 vars in 1292 bytes} [Mon Aug 3 15:44:30 2026] GET /networking/v2.0/extensions => generated 16171 bytes in 3 msecs (HTTP/1.1 200) 4 headers in 159 bytes (1 switches on core 0)
Aug 03 15:44:30.304671 np0000006359 devstack@neutron-api.service[87937]: INFO neutron.pecan_wsgi.hooks.translation [None req-af88b643-3585-4227-9b30-eda18694207f admin admin] GET failed (client error): The resource could not be found.
Aug 03 15:44:30.305300 np0000006359 devstack@neutron-api.service[87937]: [pid: 87937|app: 0|req: 13/35] 10.4.3.244 () {64 vars in 1294 bytes} [Mon Aug 3 15:44:30 2026] GET /networking/v2.0/networks/public => generated 108 bytes in 7 msecs (HTTP/1.1 404) 4 headers in 164 bytes (1 switches on core 0)
Aug 03 15:44:30.343557 np0000006359 devstack@neutron-api.service[87936]: DEBUG neutron.pecan_wsgi.hooks.policy_enforcement [None req-cef7462b-ba86-4046-87d3-0e4bec96cd84 admin admin] Attributes excluded by policy engine: ['standard_attr_id'] {{(pid=87936) _exclude_attributes_by_policy /opt/stack/neutron/neutron/pecan_wsgi/hooks/policy_enforcement.py:259}}
Aug 03 15:44:30.344549 np0000006359 devstack@neutron-api.service[87936]: [pid: 87936|app: 0|req: 12/36] 10.4.3.244 () {64 vars in 1309 bytes} [Mon Aug 3 15:44:30 2026] GET /networking/v2.0/networks?name=public => generated 759 bytes in 33 msecs (HTTP/1.1 200) 4 headers in 157 bytes (1 switches on core 0)
Aug 03 15:44:30.501660 np0000006359 devstack@neutron-api.service[87937]: DEBUG futurist.periodics [-] Submitting periodic callback 'neutron.plugins.ml2.drivers.ovn.mech_driver.ovsdb.maintenance.HashRingHealthCheckPeriodics.touch_hash_ring_node' {{(pid=87937) _process_scheduled /opt/stack/data/venv/lib/python3.12/site-packages/futurist/periodics.py:784}}
Aug 03 15:44:30.502172 np0000006359 devstack@neutron-api.service[87937]: DEBUG neutron.plugins.ml2.drivers.ovn.mech_driver.ovsdb.maintenance [-] Touching Hash Ring node "30b13f1cdfe55f679efd6bde7e87a4ed" from periodic health check thread {{(pid=87937) touch_hash_ring_node /opt/stack/neutron/neutron/plugins/ml2/drivers/ovn/mech_driver/ovsdb/maintenance.py:1416}}
Aug 03 15:44:30.515584 np0000006359 devstack@neutron-api.service[87938]: DEBUG neutron.api.v2.base [None req-d655806d-3d96-41f0-af68-fd2dfa16eaf2 admin admin] Request body: {'network': {'name': 'shared', 'shared': True, 'admin_state_up': True}} {{(pid=87938) prepare_request_body /opt/stack/neutron/neutron/api/v2/base.py:727}}
Aug 03 15:44:30.528669 np0000006359 devstack@neutron-api.service[87938]: DEBUG neutron.pecan_wsgi.hooks.quota_enforcement [None req-d655806d-3d96-41f0-af68-fd2dfa16eaf2 admin admin] Made reservation on behalf of 88e77a4cf00a4625a1e82f9ef94425fa for: {'network': 1} {{(pid=87938) before /opt/stack/neutron/neutron/pecan_wsgi/hooks/quota_enforcement.py:66}}
Aug 03 15:44:30.531070 np0000006359 devstack@neutron-api.service[87938]: DEBUG neutron_lib.callbacks.manager [None req-d655806d-3d96-41f0-af68-fd2dfa16eaf2 admin admin] Publish callbacks ['neutron.plugins.ml2.plugin.SecurityGroupDbMixin._ensure_default_security_group_handler-5893'] for network (None), before_create {{(pid=87938) _notify_loop /opt/stack/data/venv/lib/python3.12/site-packages/neutron_lib/callbacks/manager.py:184}}
Aug 03 15:44:30.554215 np0000006359 devstack@neutron-api.service[87938]: WARNING neutron.services.revisions.revision_plugin [None req-d655806d-3d96-41f0-af68-fd2dfa16eaf2 admin admin] Could not find related network for resource to bump revision.
Aug 03 15:44:30.578718 np0000006359 devstack@neutron-api.service[87938]: DEBUG neutron.plugins.ml2.drivers.helpers [None req-d655806d-3d96-41f0-af68-fd2dfa16eaf2 admin admin] geneve segment allocate from pool success with {'geneve_vni': 24519} {{(pid=87938) allocate_partially_specified_segment /opt/stack/neutron/neutron/plugins/ml2/drivers/helpers.py:142}}
Aug 03 15:44:30.584808 np0000006359 devstack@neutron-api.service[87938]: DEBUG neutron_lib.callbacks.manager [None req-d655806d-3d96-41f0-af68-fd2dfa16eaf2 admin admin] Publish callbacks ['neutron.plugins.ml2.plugin.Ml2Plugin._handle_segment_change-280545'] for segment (a034b575-f910-4e6f-8be9-d88ba95724f9), precommit_create {{(pid=87938) _notify_loop /opt/stack/data/venv/lib/python3.12/site-packages/neutron_lib/callbacks/manager.py:184}}
Aug 03 15:44:30.584984 np0000006359 devstack@neutron-api.service[87938]: INFO neutron.db.segments_db [None req-d655806d-3d96-41f0-af68-fd2dfa16eaf2 admin admin] Added segment a034b575-f910-4e6f-8be9-d88ba95724f9 of type geneve for network 9bf5bcf6-6715-4936-a2ef-70e7b6cc1cf9
Aug 03 15:44:30.596728 np0000006359 devstack@neutron-api.service[87938]: DEBUG neutron_lib.callbacks.manager [None req-d655806d-3d96-41f0-af68-fd2dfa16eaf2 admin admin] Publish callbacks ['neutron.services.auto_allocate.db._ensure_external_network_default_value_callback-8090289970910'] for network (9bf5bcf6-6715-4936-a2ef-70e7b6cc1cf9), precommit_create {{(pid=87938) _notify_loop /opt/stack/data/venv/lib/python3.12/site-packages/neutron_lib/callbacks/manager.py:184}}
Aug 03 15:44:30.605964 np0000006359 devstack@neutron-api.service[87938]: DEBUG neutron.plugins.ml2.drivers.ovn.mech_driver.mech_driver [None req-d655806d-3d96-41f0-af68-fd2dfa16eaf2 admin admin] Validating network segment with type geneve, segmentation ID 24519, physical network None {{(pid=87938) _validate_network_segments /opt/stack/neutron/neutron/plugins/ml2/drivers/ovn/mech_driver/mech_driver.py:646}}
Aug 03 15:44:30.606160 np0000006359 devstack@neutron-api.service[87938]: DEBUG neutron.db.ovn_revision_numbers_db [None req-d655806d-3d96-41f0-af68-fd2dfa16eaf2 admin admin] create_initial_revision uuid=9bf5bcf6-6715-4936-a2ef-70e7b6cc1cf9, type=networks, rev=-1 {{(pid=87938) create_initial_revision /opt/stack/neutron/neutron/db/ovn_revision_numbers_db.py:98}}
Aug 03 15:44:30.612378 np0000006359 devstack@neutron-api.service[87938]: DEBUG neutron_lib.callbacks.manager [None req-d655806d-3d96-41f0-af68-fd2dfa16eaf2 admin admin] Publish callbacks ['neutron.plugins.ml2.ovo_rpc._ObjectChangeHandler.handle_event-3508574'] for network (9bf5bcf6-6715-4936-a2ef-70e7b6cc1cf9), after_create {{(pid=87938) _notify_loop /opt/stack/data/venv/lib/python3.12/site-packages/neutron_lib/callbacks/manager.py:184}}
Aug 03 15:44:30.623921 np0000006359 devstack@neutron-api.service[87938]: DEBUG neutron.api.rpc.handlers.resources_rpc [None req-d655806d-3d96-41f0-af68-fd2dfa16eaf2 admin admin] Pushing event updated for resources: {'Network': ['ID=9bf5bcf6-6715-4936-a2ef-70e7b6cc1cf9,revision_number=1']} {{(pid=87938) push /opt/stack/neutron/neutron/api/rpc/handlers/resources_rpc.py:237}}
Aug 03 15:44:30.627629 np0000006359 devstack@neutron-api.service[87938]: DEBUG ovsdbapp.backend.ovs_idl.transaction [None req-1183197c-b865-493d-befa-f23f72d93e91 None None] Running txn n=1 command(idx=0): CheckLivenessCommand(_result=None) {{(pid=87938) do_commit /opt/stack/data/venv/lib/python3.12/site-packages/ovsdbapp/backend/ovs_idl/transaction.py:89}}
Aug 03 15:44:30.633136 np0000006359 devstack@neutron-api.service[87937]: DEBUG ovsdbapp.backend.ovs_idl.event [None req-50a8e254-1cc9-4113-9b95-96c5ef4c9770 None None] Matched UPDATE: ChassisAgentWriteEvent(events=('create', 'update'), table='Chassis_Private', conditions=None, old_conditions=None), priority=20 to row=Chassis_Private(uuid=75de38c0-494f-495c-97fe-0e08186b8eeb, chassis=5f996c9a-0286-4157-a53b-ed1095ad897d, external_ids={'neutron:ovn-bridge': 'br-int', 'neutron:ovn-neutron-agent-id': '63ead3ad-fa43-5461-8b9b-3649c34d8457', 'neutron:ovn-neutron-agent-sb-cfg': '1'}, name='1539d402-ebe5-4711-88cb-35aefefd1607', nb_cfg=2, nb_cfg_timestamp=1785771870629) old=Chassis_Private(uuid=75de38c0-494f-495c-97fe-0e08186b8eeb, nb_cfg=1, nb_cfg_timestamp=1785771801933) {{(pid=87937) matches /opt/stack/data/venv/lib/python3.12/site-packages/ovsdbapp/backend/ovs_idl/event.py:55}}
Aug 03 15:44:30.633331 np0000006359 devstack@neutron-api.service[87938]: DEBUG ovsdbapp.backend.ovs_idl.event [None req-a2f563f5-2976-4e84-b737-f976c5a0a286 None None] Matched UPDATE: ChassisAgentWriteEvent(events=('create', 'update'), table='Chassis_Private', conditions=None, old_conditions=None), priority=20 to row=Chassis_Private(uuid=75de38c0-494f-495c-97fe-0e08186b8eeb, chassis=5f996c9a-0286-4157-a53b-ed1095ad897d, external_ids={'neutron:ovn-bridge': 'br-int', 'neutron:ovn-neutron-agent-id': '63ead3ad-fa43-5461-8b9b-3649c34d8457', 'neutron:ovn-neutron-agent-sb-cfg': '1'}, name='1539d402-ebe5-4711-88cb-35aefefd1607', nb_cfg=2, nb_cfg_timestamp=1785771870629) old=Chassis_Private(uuid=75de38c0-494f-495c-97fe-0e08186b8eeb, nb_cfg=1, nb_cfg_timestamp=1785771801933) {{(pid=87938) matches /opt/stack/data/venv/lib/python3.12/site-packages/ovsdbapp/backend/ovs_idl/event.py:55}}
Aug 03 15:44:30.636024 np0000006359 devstack@neutron-api.service[87936]: DEBUG ovsdbapp.backend.ovs_idl.event [None req-c8fb1351-7900-4a7e-8046-1010fb4f18b4 None None] Matched UPDATE: ChassisAgentWriteEvent(events=('create', 'update'), table='Chassis_Private', conditions=None, old_conditions=None), priority=20 to row=Chassis_Private(uuid=75de38c0-494f-495c-97fe-0e08186b8eeb, chassis=5f996c9a-0286-4157-a53b-ed1095ad897d, external_ids={'neutron:ovn-bridge': 'br-int', 'neutron:ovn-neutron-agent-id': '63ead3ad-fa43-5461-8b9b-3649c34d8457', 'neutron:ovn-neutron-agent-sb-cfg': '1'}, name='1539d402-ebe5-4711-88cb-35aefefd1607', nb_cfg=2, nb_cfg_timestamp=1785771870629) old=Chassis_Private(uuid=75de38c0-494f-495c-97fe-0e08186b8eeb, nb_cfg=1, nb_cfg_timestamp=1785771801933) {{(pid=87936) matches /opt/stack/data/venv/lib/python3.12/site-packages/ovsdbapp/backend/ovs_idl/event.py:55}}
Aug 03 15:44:30.642567 np0000006359 devstack@neutron-api.service[87937]: DEBUG neutron.common.ovn.hash_ring_manager [None req-fad11ebf-48d1-4f28-98c7-f9a226af1dfd None None] Hash Ring loaded. 3 active nodes. 0 offline nodes {{(pid=87937) _load_hash_ring /opt/stack/neutron/neutron/common/ovn/hash_ring_manager.py:110}}
Aug 03 15:44:30.642685 np0000006359 devstack@neutron-api.service[87938]: DEBUG neutron.common.ovn.hash_ring_manager [None req-1183197c-b865-493d-befa-f23f72d93e91 None None] Hash Ring loaded. 3 active nodes. 0 offline nodes {{(pid=87938) _load_hash_ring /opt/stack/neutron/neutron/common/ovn/hash_ring_manager.py:110}}
Aug 03 15:44:30.642868 np0000006359 devstack@neutron-api.service[87937]: DEBUG neutron.plugins.ml2.drivers.ovn.mech_driver.ovsdb.ovsdb_monitor [None req-fad11ebf-48d1-4f28-98c7-f9a226af1dfd None None] Hash Ring: Node 30b13f1cdfe55f679efd6bde7e87a4ed (host: np0000006359) handling event "update" for row 144baaff-718d-4754-bf98-86f977e207ad (table: NB_Global) {{(pid=87937) notify /opt/stack/neutron/neutron/plugins/ml2/drivers/ovn/mech_driver/ovsdb/ovsdb_monitor.py:1099}}
Aug 03 15:44:30.643215 np0000006359 devstack@neutron-api.service[87936]: DEBUG neutron.common.ovn.hash_ring_manager [None req-b066596d-4809-4102-b80a-7964e6ce1497 None None] Hash Ring loaded. 3 active nodes. 0 offline nodes {{(pid=87936) _load_hash_ring /opt/stack/neutron/neutron/common/ovn/hash_ring_manager.py:110}}
Aug 03 15:44:30.643526 np0000006359 devstack@neutron-api.service[87937]: DEBUG neutron.plugins.ml2.drivers.ovn.mech_driver.ovsdb.ovsdb_monitor [None req-fad11ebf-48d1-4f28-98c7-f9a226af1dfd None None] Hash Ring: Node 30b13f1cdfe55f679efd6bde7e87a4ed (host: np0000006359) handling event "update" for row 144baaff-718d-4754-bf98-86f977e207ad (table: NB_Global) {{(pid=87937) notify /opt/stack/neutron/neutron/plugins/ml2/drivers/ovn/mech_driver/ovsdb/ovsdb_monitor.py:1099}}
Aug 03 15:44:30.643855 np0000006359 devstack@neutron-api.service[87937]: DEBUG neutron.common.ovn.hash_ring_manager [None req-50a8e254-1cc9-4113-9b95-96c5ef4c9770 None None] Hash Ring loaded. 3 active nodes. 0 offline nodes {{(pid=87937) _load_hash_ring /opt/stack/neutron/neutron/common/ovn/hash_ring_manager.py:110}}
Aug 03 15:44:30.644074 np0000006359 devstack@neutron-api.service[87937]: DEBUG neutron.plugins.ml2.drivers.ovn.mech_driver.ovsdb.ovsdb_monitor [None req-50a8e254-1cc9-4113-9b95-96c5ef4c9770 None None] Hash Ring: Node 30b13f1cdfe55f679efd6bde7e87a4ed (host: np0000006359) handling event "update" for row 75de38c0-494f-495c-97fe-0e08186b8eeb (table: Chassis_Private) {{(pid=87937) notify /opt/stack/neutron/neutron/plugins/ml2/drivers/ovn/mech_driver/ovsdb/ovsdb_monitor.py:1099}}
Aug 03 15:44:30.644570 np0000006359 devstack@neutron-api.service[87938]: DEBUG neutron.common.ovn.hash_ring_manager [None req-a2f563f5-2976-4e84-b737-f976c5a0a286 None None] Hash Ring loaded. 3 active nodes. 0 offline nodes {{(pid=87938) _load_hash_ring /opt/stack/neutron/neutron/common/ovn/hash_ring_manager.py:110}}
Aug 03 15:44:30.645238 np0000006359 devstack@neutron-api.service[87937]: DEBUG neutron.plugins.ml2.drivers.ovn.mech_driver.ovsdb.ovsdb_monitor [None req-fad11ebf-48d1-4f28-98c7-f9a226af1dfd None None] Hash Ring: Node 30b13f1cdfe55f679efd6bde7e87a4ed (host: np0000006359) handling event "update" for row 144baaff-718d-4754-bf98-86f977e207ad (table: NB_Global) {{(pid=87937) notify /opt/stack/neutron/neutron/plugins/ml2/drivers/ovn/mech_driver/ovsdb/ovsdb_monitor.py:1099}}
Aug 03 15:44:30.645325 np0000006359 devstack@neutron-api.service[87936]: DEBUG neutron.common.ovn.hash_ring_manager [None req-c8fb1351-7900-4a7e-8046-1010fb4f18b4 None None] Hash Ring loaded. 3 active nodes. 0 offline nodes {{(pid=87936) _load_hash_ring /opt/stack/neutron/neutron/common/ovn/hash_ring_manager.py:110}}
Aug 03 15:44:30.645640 np0000006359 devstack@neutron-api.service[87937]: DEBUG neutron.plugins.ml2.drivers.ovn.mech_driver.ovsdb.ovsdb_monitor [None req-fad11ebf-48d1-4f28-98c7-f9a226af1dfd None None] Hash Ring: Node 30b13f1cdfe55f679efd6bde7e87a4ed (host: np0000006359) handling event "update" for row 144baaff-718d-4754-bf98-86f977e207ad (table: NB_Global) {{(pid=87937) notify /opt/stack/neutron/neutron/plugins/ml2/drivers/ovn/mech_driver/ovsdb/ovsdb_monitor.py:1099}}
Aug 03 15:44:30.653550 np0000006359 devstack@neutron-api.service[87938]: DEBUG ovsdbapp.backend.ovs_idl.transaction [None req-1183197c-b865-493d-befa-f23f72d93e91 None None] Running txn n=1 command(idx=0): AddNetworkCommand(_result=None, network_uuid=9bf5bcf6-6715-4936-a2ef-70e7b6cc1cf9, may_exist=True, columns={'external_ids': {'neutron:network_name': 'shared', 'neutron:mtu': '1372', 'neutron:revision_number': '1', 'neutron:availability_zone_hints': '', 'neutron:provnet-network-type': 'geneve'}, 'other_config': {'mcast_snoop': 'false', 'mcast_flood_unregistered': 'false', 'vlan-passthru': 'false'}}) {{(pid=87938) do_commit /opt/stack/data/venv/lib/python3.12/site-packages/ovsdbapp/backend/ovs_idl/transaction.py:89}}
Aug 03 15:44:30.656627 np0000006359 devstack@neutron-api.service[87937]: DEBUG neutron.plugins.ml2.drivers.ovn.mech_driver.ovsdb.ovsdb_monitor [None req-fad11ebf-48d1-4f28-98c7-f9a226af1dfd None None] Hash Ring: Node 30b13f1cdfe55f679efd6bde7e87a4ed (host: np0000006359) handling event "create" for row 9bf5bcf6-6715-4936-a2ef-70e7b6cc1cf9 (table: Logical_Switch) {{(pid=87937) notify /opt/stack/neutron/neutron/plugins/ml2/drivers/ovn/mech_driver/ovsdb/ovsdb_monitor.py:1099}}
Aug 03 15:44:30.660206 np0000006359 devstack@neutron-api.service[87936]: DEBUG neutron.plugins.ml2.drivers.ovn.mech_driver.ovsdb.ovsdb_monitor [None req-c8fb1351-7900-4a7e-8046-1010fb4f18b4 None None] Hash Ring: Node 56c136d1beb357b2a8bd56323c5a2829 (host: np0000006359) handling event "create" for row 6d30191b-47ed-4a19-be1c-59d50482ffbb (table: Datapath_Binding) {{(pid=87936) notify /opt/stack/neutron/neutron/plugins/ml2/drivers/ovn/mech_driver/ovsdb/ovsdb_monitor.py:1099}}
Aug 03 15:44:30.677327 np0000006359 devstack@neutron-api.service[87938]: INFO neutron.db.ovn_revision_numbers_db [None req-d655806d-3d96-41f0-af68-fd2dfa16eaf2 admin admin] Successfully bumped revision number for resource 9bf5bcf6-6715-4936-a2ef-70e7b6cc1cf9 (type: networks) to 1
Aug 03 15:44:30.687277 np0000006359 devstack@neutron-api.service[87938]: DEBUG neutron_lib.callbacks.manager [None req-d655806d-3d96-41f0-af68-fd2dfa16eaf2 admin admin] Publish callbacks ['neutron.plugins.ml2.plugin.SecurityGroupDbMixin._ensure_default_security_group_handler-5893'] for port (None), before_create {{(pid=87938) _notify_loop /opt/stack/data/venv/lib/python3.12/site-packages/neutron_lib/callbacks/manager.py:184}}
Aug 03 15:44:30.742840 np0000006359 devstack@neutron-api.service[87938]: DEBUG neutron_lib.callbacks.manager [None req-d655806d-3d96-41f0-af68-fd2dfa16eaf2 admin admin] Publish callbacks ['neutron.plugins.ml2.drivers.ovn.mech_driver.mech_driver.OVNMechanismDriver._validate_allowed_address_pairs-898072'] for allowed_address_pair (2e6ff014-f272-4422-9c8c-1a34c73052c8), before_create {{(pid=87938) _notify_loop /opt/stack/data/venv/lib/python3.12/site-packages/neutron_lib/callbacks/manager.py:184}}
Aug 03 15:44:30.743265 np0000006359 devstack@neutron-api.service[87938]: DEBUG neutron_lib.callbacks.manager [None req-d655806d-3d96-41f0-af68-fd2dfa16eaf2 admin admin] Publish callbacks [] for port (2e6ff014-f272-4422-9c8c-1a34c73052c8), precommit_create {{(pid=87938) _notify_loop /opt/stack/data/venv/lib/python3.12/site-packages/neutron_lib/callbacks/manager.py:184}}
Aug 03 15:44:30.743397 np0000006359 devstack@neutron-api.service[87938]: DEBUG neutron.plugins.ml2.drivers.ovn.mech_driver.mech_driver [None req-d655806d-3d96-41f0-af68-fd2dfa16eaf2 admin admin] No provisioning block for port 2e6ff014-f272-4422-9c8c-1a34c73052c8 since it does not have a host {{(pid=87938) _is_port_provisioning_required /opt/stack/neutron/neutron/plugins/ml2/drivers/ovn/mech_driver/mech_driver.py:899}}
Aug 03 15:44:30.743574 np0000006359 devstack@neutron-api.service[87938]: DEBUG neutron.db.ovn_revision_numbers_db [None req-d655806d-3d96-41f0-af68-fd2dfa16eaf2 admin admin] create_initial_revision uuid=2e6ff014-f272-4422-9c8c-1a34c73052c8, type=ports, rev=-1 {{(pid=87938) create_initial_revision /opt/stack/neutron/neutron/db/ovn_revision_numbers_db.py:98}}
Aug 03 15:44:30.768754 np0000006359 devstack@neutron-api.service[87938]: DEBUG neutron_lib.callbacks.manager [None req-d655806d-3d96-41f0-af68-fd2dfa16eaf2 admin admin] Publish callbacks ['neutron.plugins.ml2.ovo_rpc._ObjectChangeHandler.handle_event-3508405'] for port (2e6ff014-f272-4422-9c8c-1a34c73052c8), after_create {{(pid=87938) _notify_loop /opt/stack/data/venv/lib/python3.12/site-packages/neutron_lib/callbacks/manager.py:184}}
Aug 03 15:44:30.792482 np0000006359 devstack@neutron-api.service[87938]: DEBUG neutron.api.rpc.handlers.resources_rpc [None req-d655806d-3d96-41f0-af68-fd2dfa16eaf2 admin admin] Pushing event updated for resources: {'Port': ['ID=2e6ff014-f272-4422-9c8c-1a34c73052c8,revision_number=1']} {{(pid=87938) push /opt/stack/neutron/neutron/api/rpc/handlers/resources_rpc.py:237}}
Aug 03 15:44:30.796955 np0000006359 devstack@neutron-api.service[87938]: DEBUG neutron.plugins.ml2.drivers.ovn.mech_driver.ovsdb.commands [None req-d655806d-3d96-41f0-af68-fd2dfa16eaf2 admin admin] Converting tag [] to a tag_request {{(pid=87938) _tag_column_to_tag_request /opt/stack/neutron/neutron/plugins/ml2/drivers/ovn/mech_driver/ovsdb/commands.py:227}}
Aug 03 15:44:30.797498 np0000006359 devstack@neutron-api.service[87938]: DEBUG ovsdbapp.backend.ovs_idl.transaction [None req-1183197c-b865-493d-befa-f23f72d93e91 None None] Running txn n=1 command(idx=0): AddLSwitchPortCommand(_result=None, lport=2e6ff014-f272-4422-9c8c-1a34c73052c8, lswitch=neutron-9bf5bcf6-6715-4936-a2ef-70e7b6cc1cf9, may_exist=True, network_uuid=9bf5bcf6-6715-4936-a2ef-70e7b6cc1cf9, columns={'addresses': ['fa:16:3e:da:ce:67'], 'external_ids': {'neutron:port_name': '', 'neutron:device_id': 'ovnmeta-9bf5bcf6-6715-4936-a2ef-70e7b6cc1cf9', 'neutron:project_id': '88e77a4cf00a4625a1e82f9ef94425fa', 'neutron:cidrs': '', 'neutron:device_owner': 'network:distributed', 'neutron:subnet_pool_addr_scope4': '', 'neutron:subnet_pool_addr_scope6': '', 'neutron:network_name': 'neutron-9bf5bcf6-6715-4936-a2ef-70e7b6cc1cf9', 'neutron:security_group_ids': '', 'neutron:revision_number': '1', 'neutron:vnic_type': 'normal', 'neutron:port_capabilities': '', 'neutron:mtu': '1372'}, 'parent_name': [], 'enabled': True, 'options': {}, 'type': 'localport', 'port_security': [], 'dhcpv4_options': [], 'dhcpv6_options': [], 'tag_request': []}) {{(pid=87938) do_commit /opt/stack/data/venv/lib/python3.12/site-packages/ovsdbapp/backend/ovs_idl/transaction.py:89}}
Aug 03 15:44:30.797972 np0000006359 devstack@neutron-api.service[87938]: DEBUG ovsdbapp.backend.ovs_idl.transaction [None req-1183197c-b865-493d-befa-f23f72d93e91 None None] Running txn n=1 command(idx=1): QoSDelCommand(_result=None, switch=neutron-9bf5bcf6-6715-4936-a2ef-70e7b6cc1cf9, conditions=[('direction', '=', 'to-lport'), ('priority', '=', 2002), ('match', '=', 'outport == "2e6ff014-f272-4422-9c8c-1a34c73052c8"')], if_exists=True) {{(pid=87938) do_commit /opt/stack/data/venv/lib/python3.12/site-packages/ovsdbapp/backend/ovs_idl/transaction.py:89}}
Aug 03 15:44:30.798193 np0000006359 devstack@neutron-api.service[87938]: DEBUG ovsdbapp.backend.ovs_idl.transaction [None req-1183197c-b865-493d-befa-f23f72d93e91 None None] Running txn n=1 command(idx=2): QoSDelCommand(_result=None, switch=neutron-9bf5bcf6-6715-4936-a2ef-70e7b6cc1cf9, conditions=[('direction', '=', 'from-lport'), ('priority', '=', 2002), ('match', '=', 'inport == "2e6ff014-f272-4422-9c8c-1a34c73052c8"')], if_exists=True) {{(pid=87938) do_commit /opt/stack/data/venv/lib/python3.12/site-packages/ovsdbapp/backend/ovs_idl/transaction.py:89}}
Aug 03 15:44:30.805887 np0000006359 devstack@neutron-api.service[87937]: DEBUG neutron.plugins.ml2.drivers.ovn.mech_driver.ovsdb.ovsdb_monitor [None req-fad11ebf-48d1-4f28-98c7-f9a226af1dfd None None] Hash Ring: Node 30b13f1cdfe55f679efd6bde7e87a4ed (host: np0000006359) handling event "update" for row 9bf5bcf6-6715-4936-a2ef-70e7b6cc1cf9 (table: Logical_Switch) {{(pid=87937) notify /opt/stack/neutron/neutron/plugins/ml2/drivers/ovn/mech_driver/ovsdb/ovsdb_monitor.py:1099}}
Aug 03 15:44:30.807234 np0000006359 devstack@neutron-api.service[87937]: DEBUG neutron.plugins.ml2.drivers.ovn.mech_driver.ovsdb.ovsdb_monitor [None req-50a8e254-1cc9-4113-9b95-96c5ef4c9770 None None] Hash Ring: Node 30b13f1cdfe55f679efd6bde7e87a4ed (host: np0000006359) handling event "create" for row 51ac9c08-b61b-4361-9edb-f629f2c61418 (table: Port_Binding) {{(pid=87937) notify /opt/stack/neutron/neutron/plugins/ml2/drivers/ovn/mech_driver/ovsdb/ovsdb_monitor.py:1099}}
Aug 03 15:44:30.807429 np0000006359 devstack@neutron-api.service[87937]: DEBUG neutron.plugins.ml2.drivers.ovn.mech_driver.ovsdb.ovsdb_monitor [None req-fad11ebf-48d1-4f28-98c7-f9a226af1dfd None None] Hash Ring: Node 30b13f1cdfe55f679efd6bde7e87a4ed (host: np0000006359) handling event "create" for row 393a541e-5084-47f8-8b86-b49d600182ab (table: Logical_Switch_Port) {{(pid=87937) notify /opt/stack/neutron/neutron/plugins/ml2/drivers/ovn/mech_driver/ovsdb/ovsdb_monitor.py:1099}}
Aug 03 15:44:30.808375 np0000006359 devstack@neutron-api.service[87937]: DEBUG ovsdbapp.backend.ovs_idl.event [None req-fad11ebf-48d1-4f28-98c7-f9a226af1dfd None None] Matched CREATE: LogicalSwitchPortCreateEvent(events=('create',), table='Logical_Switch_Port', conditions=[], old_conditions=None), priority=20 to row=Logical_Switch_Port(uuid=393a541e-5084-47f8-8b86-b49d600182ab, addresses=['fa:16:3e:da:ce:67'], dhcpv4_options=[], dhcpv6_options=[], dynamic_addresses=[], enabled=True, external_ids={'neutron:cidrs': '', 'neutron:device_id': 'ovnmeta-9bf5bcf6-6715-4936-a2ef-70e7b6cc1cf9', 'neutron:device_owner': 'network:distributed', 'neutron:mtu': '1372', 'neutron:network_name': 'neutron-9bf5bcf6-6715-4936-a2ef-70e7b6cc1cf9', 'neutron:port_capabilities': '', 'neutron:port_name': '', 'neutron:project_id': '88e77a4cf00a4625a1e82f9ef94425fa', 'neutron:revision_number': '1', 'neutron:security_group_ids': '', 'neutron:subnet_pool_addr_scope4': '', 'neutron:subnet_pool_addr_scope6': '', 'neutron:vnic_type': 'normal'}, ha_chassis_group=[], mirror_rules=[], name='2e6ff014-f272-4422-9c8c-1a34c73052c8', options={}, parent_name=[], port_security=[], tag=[], tag_request=[], type='localport', up=[]) old= {{(pid=87937) matches /opt/stack/data/venv/lib/python3.12/site-packages/ovsdbapp/backend/ovs_idl/event.py:55}}
Aug 03 15:44:30.809004 np0000006359 devstack@neutron-api.service[87937]: INFO neutron.plugins.ml2.drivers.ovn.mech_driver.mech_driver [None req-711e2517-06cf-458c-a3b4-a6c0b87e178f None None] OVN reports status down for port: 2e6ff014-f272-4422-9c8c-1a34c73052c8
Aug 03 15:44:30.809610 np0000006359 devstack@neutron-api.service[87937]: DEBUG neutron.plugins.ml2.drivers.ovn.mech_driver.ovsdb.ovsdb_monitor [None req-fad11ebf-48d1-4f28-98c7-f9a226af1dfd None None] Hash Ring: Node 30b13f1cdfe55f679efd6bde7e87a4ed (host: np0000006359) handling event "update" for row 393a541e-5084-47f8-8b86-b49d600182ab (table: Logical_Switch_Port) {{(pid=87937) notify /opt/stack/neutron/neutron/plugins/ml2/drivers/ovn/mech_driver/ovsdb/ovsdb_monitor.py:1099}}
Aug 03 15:44:30.829798 np0000006359 devstack@neutron-api.service[87937]: DEBUG neutron.db.provisioning_blocks [None req-711e2517-06cf-458c-a3b4-a6c0b87e178f None None] Transition to ACTIVE for port object 2e6ff014-f272-4422-9c8c-1a34c73052c8 will not be triggered until provisioned by entity L2. {{(pid=87937) add_provisioning_component /opt/stack/neutron/neutron/db/provisioning_blocks.py:74}}
Aug 03 15:44:30.834023 np0000006359 devstack@neutron-api.service[87938]: INFO neutron.db.ovn_revision_numbers_db [None req-d655806d-3d96-41f0-af68-fd2dfa16eaf2 admin admin] Successfully bumped revision number for resource 2e6ff014-f272-4422-9c8c-1a34c73052c8 (type: ports) to 1
Aug 03 15:44:30.843151 np0000006359 devstack@neutron-api.service[87938]: DEBUG neutron.pecan_wsgi.hooks.policy_enforcement [None req-d655806d-3d96-41f0-af68-fd2dfa16eaf2 admin admin] Attributes excluded by policy engine: ['standard_attr_id'] {{(pid=87938) _exclude_attributes_by_policy /opt/stack/neutron/neutron/pecan_wsgi/hooks/policy_enforcement.py:259}}
