Aug 03 15:43:25.304348 np0000006359 devstack@neutron-api.service[87937]: DEBUG neutron_lib.callbacks.manager [None req-d4e3622a-2493-4b16-8338-a17e051bf16f admin admin] Publish callbacks ['neutron.services.ovn_l3.service_providers.ovn.OVN_L3_HA_db_mixin._precommit_router_create-38684', 'neutron.services.ovn_l3.plugin.RouterAvailabilityZoneMixin._process_az_request-3154666', 'neutron.services.ovn_l3.plugin.ExtraGatewaysDbOnlyMixin._process_bfd_ecmp_create-614506', 'neutron.services.ovn_l3.service_providers.ovn.OvnDriver._process_router_create_precommit-38872', 'neutron.services.ovn_l3.service_providers.driver_controller.DriverController._set_router_provider-45261'] for router (b7949f82-d9dd-4d3e-800e-4278bcc48651), precommit_create {{(pid=87937) _notify_loop /opt/stack/data/venv/lib/python3.12/site-packages/neutron_lib/callbacks/manager.py:184}}
Aug 03 15:43:25.314798 np0000006359 devstack@neutron-api.service[87937]: DEBUG neutron.db.ovn_revision_numbers_db [None req-d4e3622a-2493-4b16-8338-a17e051bf16f admin admin] create_initial_revision uuid=b7949f82-d9dd-4d3e-800e-4278bcc48651, type=routers, rev=-1 {{(pid=87937) create_initial_revision /opt/stack/neutron/neutron/db/ovn_revision_numbers_db.py:98}}
Aug 03 15:43:25.376005 np0000006359 devstack@neutron-api.service[87937]: DEBUG neutron_lib.callbacks.manager [None req-d4e3622a-2493-4b16-8338-a17e051bf16f admin admin] Publish callbacks [] for router_controller (b7949f82-d9dd-4d3e-800e-4278bcc48651), precommit_add_association {{(pid=87937) _notify_loop /opt/stack/data/venv/lib/python3.12/site-packages/neutron_lib/callbacks/manager.py:184}}
Aug 03 15:43:25.379320 np0000006359 devstack@neutron-api.service[87937]: DEBUG neutron_lib.callbacks.manager [None req-d4e3622a-2493-4b16-8338-a17e051bf16f admin admin] Publish callbacks ['neutron.services.ovn_l3.service_providers.ovn.OvnDriver._process_router_create-38772'] for router (b7949f82-d9dd-4d3e-800e-4278bcc48651), after_create {{(pid=87937) _notify_loop /opt/stack/data/venv/lib/python3.12/site-packages/neutron_lib/callbacks/manager.py:184}}
Aug 03 15:43:25.379517 np0000006359 devstack@neutron-api.service[87937]: INFO neutron.plugins.ml2.drivers.ovn.mech_driver.ovsdb.extensions.qos [None req-d4e3622a-2493-4b16-8338-a17e051bf16f admin admin] Starting OVNClientQosExtension
Aug 03 15:43:25.379829 np0000006359 devstack@neutron-api.service[87937]: DEBUG neutron.plugins.ml2.drivers.ovn.mech_driver.ovsdb.extensions.qos [None req-d4e3622a-2493-4b16-8338-a17e051bf16f admin admin] Router b7949f82-d9dd-4d3e-800e-4278bcc48651 does not have ID or gateway assigned {{(pid=87937) update_router /opt/stack/neutron/neutron/plugins/ml2/drivers/ovn/mech_driver/ovsdb/extensions/qos.py:527}}
Aug 03 15:43:25.380410 np0000006359 devstack@neutron-api.service[87937]: DEBUG ovsdbapp.backend.ovs_idl.transaction [-] Running txn n=1 command(idx=0): LrAddCommand(_result=None, router=neutron-b7949f82-d9dd-4d3e-800e-4278bcc48651, may_exist=True, columns={'external_ids': {'neutron:router_name': 'router1', 'neutron:revision_number': '1', 'neutron:availability_zone_hints': ''}, 'enabled': True, 'options': {'always_learn_from_arp_request': 'false', 'dynamic_neigh_routers': 'true', 'mac_binding_age_threshold': '300'}}) {{(pid=87937) do_commit /opt/stack/data/venv/lib/python3.12/site-packages/ovsdbapp/backend/ovs_idl/transaction.py:89}}
Aug 03 15:43:25.383443 np0000006359 devstack@neutron-api.service[87937]: DEBUG neutron.plugins.ml2.drivers.ovn.mech_driver.ovsdb.ovsdb_monitor [-] Hash Ring: Node 30b13f1cdfe55f679efd6bde7e87a4ed (host: np0000006359) handling event "create" for row 6515ea23-2584-42f6-b479-29a34d1ae5e3 (table: Logical_Router) {{(pid=87937) notify /opt/stack/neutron/neutron/plugins/ml2/drivers/ovn/mech_driver/ovsdb/ovsdb_monitor.py:1099}}
Aug 03 15:43:25.383623 np0000006359 devstack@neutron-api.service[87936]: DEBUG neutron.plugins.ml2.drivers.ovn.mech_driver.ovsdb.ovsdb_monitor [-] Hash Ring: Node 56c136d1beb357b2a8bd56323c5a2829 (host: np0000006359) handling event "create" for row 6515ea23-2584-42f6-b479-29a34d1ae5e3 (table: Logical_Router) {{(pid=87936) notify /opt/stack/neutron/neutron/plugins/ml2/drivers/ovn/mech_driver/ovsdb/ovsdb_monitor.py:1099}}
Aug 03 15:43:25.389273 np0000006359 devstack@neutron-api.service[87936]: DEBUG neutron.plugins.ml2.drivers.ovn.mech_driver.ovsdb.ovsdb_monitor [-] Hash Ring: Node 56c136d1beb357b2a8bd56323c5a2829 (host: np0000006359) handling event "create" for row 37d65ce2-d203-48a1-94e5-f9806f5a4b44 (table: Datapath_Binding) {{(pid=87936) notify /opt/stack/neutron/neutron/plugins/ml2/drivers/ovn/mech_driver/ovsdb/ovsdb_monitor.py:1099}}
Aug 03 15:43:25.402731 np0000006359 devstack@neutron-api.service[87937]: DEBUG neutron.plugins.ml2.drivers.ovn.mech_driver.ovsdb.ovsdb_monitor [-] Hash Ring: Node 30b13f1cdfe55f679efd6bde7e87a4ed (host: np0000006359) handling event "create" for row 37d65ce2-d203-48a1-94e5-f9806f5a4b44 (table: Datapath_Binding) {{(pid=87937) notify /opt/stack/neutron/neutron/plugins/ml2/drivers/ovn/mech_driver/ovsdb/ovsdb_monitor.py:1099}}
Aug 03 15:43:25.469275 np0000006359 devstack@neutron-api.service[87937]: INFO neutron.db.ovn_revision_numbers_db [None req-d4e3622a-2493-4b16-8338-a17e051bf16f admin admin] Successfully bumped revision number for resource b7949f82-d9dd-4d3e-800e-4278bcc48651 (type: routers) to 1
Aug 03 15:43:25.477896 np0000006359 devstack@neutron-api.service[87937]: DEBUG neutron_lib.callbacks.manager [None req-d4e3622a-2493-4b16-8338-a17e051bf16f admin admin] Publish callbacks [] for router (None), before_response {{(pid=87937) _notify_loop /opt/stack/data/venv/lib/python3.12/site-packages/neutron_lib/callbacks/manager.py:184}}
Aug 03 15:43:25.478359 np0000006359 devstack@neutron-api.service[87937]: [pid: 87937|app: 0|req: 6/14] 10.4.3.244 () {68 vars in 1323 bytes} [Mon Aug 3 15:43:25 2026] POST /networking/v2.0/routers => generated 599 bytes in 191 msecs (HTTP/1.1 201) 4 headers in 162 bytes (1 switches on core 0)
Aug 03 15:43:25.700602 np0000006359 devstack@neutron-api.service[87936]: DEBUG neutron.api.wsgi [None req-15709bf1-4605-4222-b371-5ac39e3d78f3 admin admin] Missing Content-Type {{(pid=87936) get_content_type /opt/stack/neutron/neutron/api/wsgi.py:80}}
Aug 03 15:43:25.700971 np0000006359 devstack@neutron-api.service[87936]: DEBUG neutron.api.wsgi [None req-15709bf1-4605-4222-b371-5ac39e3d78f3 admin admin] https://10.4.3.244/networking/v2.0/extensions returned with HTTP 200 {{(pid=87936) __call__ /opt/stack/neutron/neutron/api/wsgi.py:540}}
Aug 03 15:43:25.701288 np0000006359 devstack@neutron-api.service[87936]: [pid: 87936|app: 0|req: 5/15] 10.4.3.244 () {64 vars in 1292 bytes} [Mon Aug 3 15:43:25 2026] GET /networking/v2.0/extensions => generated 16171 bytes in 3 msecs (HTTP/1.1 200) 4 headers in 159 bytes (1 switches on core 0)
Aug 03 15:43:25.951676 np0000006359 devstack@neutron-api.service[87938]: DEBUG neutron.api.v2.base [None req-aeb45a61-6943-4ef3-b243-bd1e1b9bf2af admin admin] Request body: {'network': {'is_default': True, 'name': 'public', 'provider:network_type': 'flat', 'admin_state_up': True, 'router:external': True, 'provider:physical_network': 'public'}} {{(pid=87938) prepare_request_body /opt/stack/neutron/neutron/api/v2/base.py:727}}
Aug 03 15:43:25.965425 np0000006359 devstack@neutron-api.service[87938]: DEBUG neutron.pecan_wsgi.hooks.quota_enforcement [None req-aeb45a61-6943-4ef3-b243-bd1e1b9bf2af admin admin] Made reservation on behalf of 88e77a4cf00a4625a1e82f9ef94425fa for: {'network': 1} {{(pid=87938) before /opt/stack/neutron/neutron/pecan_wsgi/hooks/quota_enforcement.py:66}}
Aug 03 15:43:25.968751 np0000006359 devstack@neutron-api.service[87938]: DEBUG neutron_lib.callbacks.manager [None req-aeb45a61-6943-4ef3-b243-bd1e1b9bf2af admin admin] Publish callbacks ['neutron.plugins.ml2.plugin.SecurityGroupDbMixin._ensure_default_security_group_handler-5893'] for network (None), before_create {{(pid=87938) _notify_loop /opt/stack/data/venv/lib/python3.12/site-packages/neutron_lib/callbacks/manager.py:184}}
Aug 03 15:43:26.003808 np0000006359 devstack@neutron-api.service[87938]: DEBUG neutron.plugins.ml2.drivers.type_flat [None req-aeb45a61-6943-4ef3-b243-bd1e1b9bf2af admin admin] Reserving flat network on physical network public {{(pid=87938) reserve_provider_segment /opt/stack/neutron/neutron/plugins/ml2/drivers/type_flat.py:100}}
Aug 03 15:43:26.014682 np0000006359 devstack@neutron-api.service[87938]: DEBUG neutron_lib.callbacks.manager [None req-aeb45a61-6943-4ef3-b243-bd1e1b9bf2af admin admin] Publish callbacks ['neutron.services.segments.db._add_segment_host_mapping_for_segment-8090291116066', 'neutron.plugins.ml2.plugin.Ml2Plugin._handle_segment_change-280545'] for segment (8e19b8bb-561c-4e6b-9b83-438f7aa44b18), precommit_create {{(pid=87938) _notify_loop /opt/stack/data/venv/lib/python3.12/site-packages/neutron_lib/callbacks/manager.py:184}}
Aug 03 15:43:26.014913 np0000006359 devstack@neutron-api.service[87938]: DEBUG neutron_lib.callbacks.manager [None req-aeb45a61-6943-4ef3-b243-bd1e1b9bf2af admin admin] Unsubscribe: segment precommit_create {{(pid=87938) unsubscribe /opt/stack/data/venv/lib/python3.12/site-packages/neutron_lib/callbacks/manager.py:90}}
Aug 03 15:43:26.015114 np0000006359 devstack@neutron-api.service[87938]: INFO neutron.db.segments_db [None req-aeb45a61-6943-4ef3-b243-bd1e1b9bf2af admin admin] Added segment 8e19b8bb-561c-4e6b-9b83-438f7aa44b18 of type flat for network 1c33c681-3a5f-4f83-9b4f-50e80204485c
Aug 03 15:43:26.056022 np0000006359 devstack@neutron-api.service[87938]: DEBUG neutron_lib.callbacks.manager [None req-aeb45a61-6943-4ef3-b243-bd1e1b9bf2af admin admin] Publish callbacks ['neutron.services.auto_allocate.db._ensure_external_network_default_value_callback-8090289970910'] for network (1c33c681-3a5f-4f83-9b4f-50e80204485c), precommit_create {{(pid=87938) _notify_loop /opt/stack/data/venv/lib/python3.12/site-packages/neutron_lib/callbacks/manager.py:184}}
Aug 03 15:43:26.077759 np0000006359 devstack@neutron-api.service[87938]: DEBUG neutron.plugins.ml2.drivers.ovn.mech_driver.mech_driver [None req-aeb45a61-6943-4ef3-b243-bd1e1b9bf2af admin admin] Validating network segment with type flat, segmentation ID None, physical network public {{(pid=87938) _validate_network_segments /opt/stack/neutron/neutron/plugins/ml2/drivers/ovn/mech_driver/mech_driver.py:646}}
Aug 03 15:43:26.077898 np0000006359 devstack@neutron-api.service[87938]: DEBUG neutron.db.ovn_revision_numbers_db [None req-aeb45a61-6943-4ef3-b243-bd1e1b9bf2af admin admin] create_initial_revision uuid=1c33c681-3a5f-4f83-9b4f-50e80204485c, type=networks, rev=-1 {{(pid=87938) create_initial_revision /opt/stack/neutron/neutron/db/ovn_revision_numbers_db.py:98}}
Aug 03 15:43:26.096158 np0000006359 devstack@neutron-api.service[87938]: DEBUG neutron_lib.callbacks.manager [None req-aeb45a61-6943-4ef3-b243-bd1e1b9bf2af admin admin] Publish callbacks ['neutron.plugins.ml2.ovo_rpc._ObjectChangeHandler.handle_event-3508574'] for network (1c33c681-3a5f-4f83-9b4f-50e80204485c), after_create {{(pid=87938) _notify_loop /opt/stack/data/venv/lib/python3.12/site-packages/neutron_lib/callbacks/manager.py:184}}
Aug 03 15:43:26.142849 np0000006359 devstack@neutron-api.service[87938]: DEBUG neutron.api.rpc.handlers.resources_rpc [None req-aeb45a61-6943-4ef3-b243-bd1e1b9bf2af admin admin] Pushing event updated for resources: {'Network': ['ID=1c33c681-3a5f-4f83-9b4f-50e80204485c,revision_number=1']} {{(pid=87938) push /opt/stack/neutron/neutron/api/rpc/handlers/resources_rpc.py:237}}
Aug 03 15:43:26.147823 np0000006359 devstack@neutron-api.service[87938]: DEBUG neutron.api.rpc.callbacks.version_manager [None req-aeb45a61-6943-4ef3-b243-bd1e1b9bf2af admin admin] Tracked resource versions report:
Aug 03 15:43:26.147823 np0000006359 devstack@neutron-api.service[87938]: pushed versions:
Aug 03 15:43:26.147823 np0000006359 devstack@neutron-api.service[87938]: { 'AddressGroup': {'1.2'},
Aug 03 15:43:26.147823 np0000006359 devstack@neutron-api.service[87938]: 'Agent': {'1.1'},
Aug 03 15:43:26.147823 np0000006359 devstack@neutron-api.service[87938]: 'ConntrackHelper': {'1.0'},
Aug 03 15:43:26.147823 np0000006359 devstack@neutron-api.service[87938]: 'LocalIPAssociation': {'1.0'},
Aug 03 15:43:26.147823 np0000006359 devstack@neutron-api.service[87938]: 'Log': {'1.0'},
Aug 03 15:43:26.147823 np0000006359 devstack@neutron-api.service[87938]: 'NDPProxy': {'1.0'},
Aug 03 15:43:26.147823 np0000006359 devstack@neutron-api.service[87938]: 'Network': {'1.3'},
Aug 03 15:43:26.147823 np0000006359 devstack@neutron-api.service[87938]: 'Port': {'1.11'},
Aug 03 15:43:26.147823 np0000006359 devstack@neutron-api.service[87938]: 'PortForwarding': {'1.3'},
Aug 03 15:43:26.147823 np0000006359 devstack@neutron-api.service[87938]: 'QosPolicy': {'1.10'},
Aug 03 15:43:26.147823 np0000006359 devstack@neutron-api.service[87938]: 'SecurityGroup': {'1.6'},
Aug 03 15:43:26.147823 np0000006359 devstack@neutron-api.service[87938]: 'SecurityGroupRule': {'1.3'},
Aug 03 15:43:26.147823 np0000006359 devstack@neutron-api.service[87938]: 'SubPort': {'1.0'},
Aug 03 15:43:26.147823 np0000006359 devstack@neutron-api.service[87938]: 'Subnet': {'1.2'},
Aug 03 15:43:26.147823 np0000006359 devstack@neutron-api.service[87938]: 'Trunk': {'1.1'}}
Aug 03 15:43:26.147823 np0000006359 devstack@neutron-api.service[87938]: consumer versions:
Aug 03 15:43:26.147823 np0000006359 devstack@neutron-api.service[87938]: { OVN Controller Gateway agent@np0000006359: {},
Aug 03 15:43:26.147823 np0000006359 devstack@neutron-api.service[87938]: OVN Neutron agent@np0000006359: {}}
Aug 03 15:43:26.147823 np0000006359 devstack@neutron-api.service[87938]: {{(pid=87938) report /opt/stack/neutron/neutron/api/rpc/callbacks/version_manager.py:183}}
Aug 03 15:43:26.163918 np0000006359 devstack@neutron-api.service[87938]: DEBUG ovsdbapp.backend.ovs_idl.transaction [-] Running txn n=1 command(idx=0): AddNetworkCommand(_result=None, network_uuid=1c33c681-3a5f-4f83-9b4f-50e80204485c, may_exist=True, columns={'external_ids': {'neutron:network_name': 'public', 'neutron:mtu': '1430', 'neutron:revision_number': '1', 'neutron:availability_zone_hints': '', 'neutron:provnet-network-type': 'flat', 'neutron:provnet-physical-network': 'public'}, 'other_config': {'mcast_snoop': 'false', 'mcast_flood_unregistered': 'false', 'vlan-passthru': 'false', 'fdb_age_threshold': '300', 'broadcast-arps-to-all-routers': 'true'}}) {{(pid=87938) do_commit /opt/stack/data/venv/lib/python3.12/site-packages/ovsdbapp/backend/ovs_idl/transaction.py:89}}
Aug 03 15:43:26.164348 np0000006359 devstack@neutron-api.service[87938]: DEBUG neutron.common.ovn.utils [-] OVS persist_uuid supported=True {{(pid=87938) ovs_persist_uuid_supported /opt/stack/neutron/neutron/common/ovn/utils.py:1565}}
Aug 03 15:43:26.164722 np0000006359 devstack@neutron-api.service[87938]: DEBUG ovsdbapp.backend.ovs_idl.transaction [-] Running txn n=1 command(idx=1): AddLSwitchPortCommand(_result=None, lport=provnet-8e19b8bb-561c-4e6b-9b83-438f7aa44b18, lswitch=neutron-1c33c681-3a5f-4f83-9b4f-50e80204485c, may_exist=True, network_uuid=1c33c681-3a5f-4f83-9b4f-50e80204485c, columns={'addresses': ['unknown'], 'external_ids': {'neutron:provnet-physical-network': 'public'}, 'type': 'localnet', 'tag_request': [], 'options': {'network_name': 'public', 'mcast_flood_reports': 'true', 'mcast_flood': 'false', 'localnet_learn_fdb': 'false'}}) {{(pid=87938) do_commit /opt/stack/data/venv/lib/python3.12/site-packages/ovsdbapp/backend/ovs_idl/transaction.py:89}}
Aug 03 15:43:26.168145 np0000006359 devstack@neutron-api.service[87937]: DEBUG neutron.plugins.ml2.drivers.ovn.mech_driver.ovsdb.ovsdb_monitor [-] Hash Ring: Node 30b13f1cdfe55f679efd6bde7e87a4ed (host: np0000006359) handling event "create" for row 1c33c681-3a5f-4f83-9b4f-50e80204485c (table: Logical_Switch) {{(pid=87937) notify /opt/stack/neutron/neutron/plugins/ml2/drivers/ovn/mech_driver/ovsdb/ovsdb_monitor.py:1099}}
Aug 03 15:43:26.168355 np0000006359 devstack@neutron-api.service[87938]: DEBUG neutron.plugins.ml2.drivers.ovn.mech_driver.ovsdb.ovsdb_monitor [-] Hash Ring: Node 4b888f4b7b2c59c48dd5687f307c5333 (host: np0000006359) handling event "create" for row 85415a46-44d5-4d19-b904-486cff13daf6 (table: Logical_Switch_Port) {{(pid=87938) notify /opt/stack/neutron/neutron/plugins/ml2/drivers/ovn/mech_driver/ovsdb/ovsdb_monitor.py:1099}}
Aug 03 15:43:26.168469 np0000006359 devstack@neutron-api.service[87937]: DEBUG neutron.plugins.ml2.drivers.ovn.mech_driver.ovsdb.ovsdb_monitor [-] Hash Ring: Node 30b13f1cdfe55f679efd6bde7e87a4ed (host: np0000006359) handling event "create" for row 85415a46-44d5-4d19-b904-486cff13daf6 (table: Logical_Switch_Port) {{(pid=87937) notify /opt/stack/neutron/neutron/plugins/ml2/drivers/ovn/mech_driver/ovsdb/ovsdb_monitor.py:1099}}
Aug 03 15:43:26.169362 np0000006359 devstack@neutron-api.service[87937]: DEBUG neutron.plugins.ml2.drivers.ovn.mech_driver.ovsdb.ovsdb_monitor [-] Hash Ring: Node 30b13f1cdfe55f679efd6bde7e87a4ed (host: np0000006359) handling event "update" for row 85415a46-44d5-4d19-b904-486cff13daf6 (table: Logical_Switch_Port) {{(pid=87937) notify /opt/stack/neutron/neutron/plugins/ml2/drivers/ovn/mech_driver/ovsdb/ovsdb_monitor.py:1099}}
Aug 03 15:43:26.174305 np0000006359 devstack@neutron-api.service[87937]: DEBUG neutron.plugins.ml2.drivers.ovn.mech_driver.ovsdb.ovsdb_monitor [-] Hash Ring: Node 30b13f1cdfe55f679efd6bde7e87a4ed (host: np0000006359) handling event "create" for row 8b15166b-cc1a-45e9-973b-b92d76a44729 (table: Datapath_Binding) {{(pid=87937) notify /opt/stack/neutron/neutron/plugins/ml2/drivers/ovn/mech_driver/ovsdb/ovsdb_monitor.py:1099}}
Aug 03 15:43:26.174519 np0000006359 devstack@neutron-api.service[87937]: DEBUG neutron.plugins.ml2.drivers.ovn.mech_driver.ovsdb.ovsdb_monitor [-] Hash Ring: Node 30b13f1cdfe55f679efd6bde7e87a4ed (host: np0000006359) handling event "create" for row 8e5f18c9-42c4-406e-a292-9ea8fd246313 (table: Port_Binding) {{(pid=87937) notify /opt/stack/neutron/neutron/plugins/ml2/drivers/ovn/mech_driver/ovsdb/ovsdb_monitor.py:1099}}
Aug 03 15:43:26.175547 np0000006359 devstack@neutron-api.service[87936]: DEBUG neutron.plugins.ml2.drivers.ovn.mech_driver.ovsdb.ovsdb_monitor [-] Hash Ring: Node 56c136d1beb357b2a8bd56323c5a2829 (host: np0000006359) handling event "create" for row 8b15166b-cc1a-45e9-973b-b92d76a44729 (table: Datapath_Binding) {{(pid=87936) notify /opt/stack/neutron/neutron/plugins/ml2/drivers/ovn/mech_driver/ovsdb/ovsdb_monitor.py:1099}}
Aug 03 15:43:26.175968 np0000006359 devstack@neutron-api.service[87936]: DEBUG neutron.plugins.ml2.drivers.ovn.mech_driver.ovsdb.ovsdb_monitor [-] Hash Ring: Node 56c136d1beb357b2a8bd56323c5a2829 (host: np0000006359) handling event "create" for row 8e5f18c9-42c4-406e-a292-9ea8fd246313 (table: Port_Binding) {{(pid=87936) notify /opt/stack/neutron/neutron/plugins/ml2/drivers/ovn/mech_driver/ovsdb/ovsdb_monitor.py:1099}}
Aug 03 15:43:26.181140 np0000006359 devstack@neutron-api.service[87938]: DEBUG neutron.plugins.ml2.drivers.ovn.mech_driver.ovsdb.ovsdb_monitor [-] Hash Ring: Node 4b888f4b7b2c59c48dd5687f307c5333 (host: np0000006359) handling event "update" for row 85415a46-44d5-4d19-b904-486cff13daf6 (table: Logical_Switch_Port) {{(pid=87938) notify /opt/stack/neutron/neutron/plugins/ml2/drivers/ovn/mech_driver/ovsdb/ovsdb_monitor.py:1099}}
Aug 03 15:43:26.197682 np0000006359 devstack@neutron-api.service[87938]: INFO neutron.db.ovn_revision_numbers_db [None req-aeb45a61-6943-4ef3-b243-bd1e1b9bf2af admin admin] Successfully bumped revision number for resource 1c33c681-3a5f-4f83-9b4f-50e80204485c (type: networks) to 1
Aug 03 15:43:26.241382 np0000006359 devstack@neutron-api.service[87938]: DEBUG neutron_lib.callbacks.manager [None req-aeb45a61-6943-4ef3-b243-bd1e1b9bf2af admin admin] Publish callbacks ['neutron.plugins.ml2.plugin.SecurityGroupDbMixin._ensure_default_security_group_handler-5893'] for port (None), before_create {{(pid=87938) _notify_loop /opt/stack/data/venv/lib/python3.12/site-packages/neutron_lib/callbacks/manager.py:184}}
Aug 03 15:43:26.317358 np0000006359 devstack@neutron-api.service[87938]: DEBUG neutron_lib.callbacks.manager [None req-aeb45a61-6943-4ef3-b243-bd1e1b9bf2af admin admin] Publish callbacks ['neutron.plugins.ml2.drivers.ovn.mech_driver.mech_driver.OVNMechanismDriver._validate_allowed_address_pairs-898072'] for allowed_address_pair (57ce7ded-68a2-4b7b-80e3-546bc7e49e98), before_create {{(pid=87938) _notify_loop /opt/stack/data/venv/lib/python3.12/site-packages/neutron_lib/callbacks/manager.py:184}}
Aug 03 15:43:26.317836 np0000006359 devstack@neutron-api.service[87938]: DEBUG neutron_lib.callbacks.manager [None req-aeb45a61-6943-4ef3-b243-bd1e1b9bf2af admin admin] Publish callbacks [] for port (57ce7ded-68a2-4b7b-80e3-546bc7e49e98), precommit_create {{(pid=87938) _notify_loop /opt/stack/data/venv/lib/python3.12/site-packages/neutron_lib/callbacks/manager.py:184}}
Aug 03 15:43:26.318012 np0000006359 devstack@neutron-api.service[87938]: DEBUG neutron.plugins.ml2.drivers.ovn.mech_driver.mech_driver [None req-aeb45a61-6943-4ef3-b243-bd1e1b9bf2af admin admin] No provisioning block for port 57ce7ded-68a2-4b7b-80e3-546bc7e49e98 since it does not have a host {{(pid=87938) _is_port_provisioning_required /opt/stack/neutron/neutron/plugins/ml2/drivers/ovn/mech_driver/mech_driver.py:899}}
Aug 03 15:43:26.318131 np0000006359 devstack@neutron-api.service[87938]: DEBUG neutron.db.ovn_revision_numbers_db [None req-aeb45a61-6943-4ef3-b243-bd1e1b9bf2af admin admin] create_initial_revision uuid=57ce7ded-68a2-4b7b-80e3-546bc7e49e98, type=ports, rev=-1 {{(pid=87938) create_initial_revision /opt/stack/neutron/neutron/db/ovn_revision_numbers_db.py:98}}
Aug 03 15:43:26.540595 np0000006359 devstack@neutron-api.service[87938]: DEBUG neutron_lib.callbacks.manager [None req-aeb45a61-6943-4ef3-b243-bd1e1b9bf2af admin admin] Publish callbacks ['neutron.plugins.ml2.ovo_rpc._ObjectChangeHandler.handle_event-3508405'] for port (57ce7ded-68a2-4b7b-80e3-546bc7e49e98), after_create {{(pid=87938) _notify_loop /opt/stack/data/venv/lib/python3.12/site-packages/neutron_lib/callbacks/manager.py:184}}
Aug 03 15:43:26.588613 np0000006359 devstack@neutron-api.service[87938]: DEBUG neutron.api.rpc.handlers.resources_rpc [None req-aeb45a61-6943-4ef3-b243-bd1e1b9bf2af admin admin] Pushing event updated for resources: {'Port': ['ID=57ce7ded-68a2-4b7b-80e3-546bc7e49e98,revision_number=1']} {{(pid=87938) push /opt/stack/neutron/neutron/api/rpc/handlers/resources_rpc.py:237}}
Aug 03 15:43:26.616066 np0000006359 devstack@neutron-api.service[87938]: DEBUG neutron.plugins.ml2.drivers.ovn.mech_driver.ovsdb.commands [None req-aeb45a61-6943-4ef3-b243-bd1e1b9bf2af admin admin] Converting tag [] to a tag_request {{(pid=87938) _tag_column_to_tag_request /opt/stack/neutron/neutron/plugins/ml2/drivers/ovn/mech_driver/ovsdb/commands.py:227}}
Aug 03 15:43:26.616812 np0000006359 devstack@neutron-api.service[87938]: DEBUG ovsdbapp.backend.ovs_idl.transaction [-] Running txn n=1 command(idx=0): AddLSwitchPortCommand(_result=None, lport=57ce7ded-68a2-4b7b-80e3-546bc7e49e98, lswitch=neutron-1c33c681-3a5f-4f83-9b4f-50e80204485c, may_exist=True, network_uuid=1c33c681-3a5f-4f83-9b4f-50e80204485c, columns={'addresses': ['fa:16:3e:ba:c3:2e'], 'external_ids': {'neutron:port_name': '', 'neutron:device_id': 'ovnmeta-1c33c681-3a5f-4f83-9b4f-50e80204485c', 'neutron:project_id': '88e77a4cf00a4625a1e82f9ef94425fa', 'neutron:cidrs': '', 'neutron:device_owner': 'network:distributed', 'neutron:subnet_pool_addr_scope4': '', 'neutron:subnet_pool_addr_scope6': '', 'neutron:network_name': 'neutron-1c33c681-3a5f-4f83-9b4f-50e80204485c', 'neutron:security_group_ids': '', 'neutron:revision_number': '1', 'neutron:vnic_type': 'normal', 'neutron:port_capabilities': '', 'neutron:mtu': '1430'}, 'parent_name': [], 'enabled': True, 'options': {}, 'type': 'localport', 'port_security': [], 'dhcpv4_options': [], 'dhcpv6_options': [], 'tag_request': []}) {{(pid=87938) do_commit /opt/stack/data/venv/lib/python3.12/site-packages/ovsdbapp/backend/ovs_idl/transaction.py:89}}
Aug 03 15:43:26.617299 np0000006359 devstack@neutron-api.service[87938]: DEBUG ovsdbapp.backend.ovs_idl.transaction [-] Running txn n=1 command(idx=1): QoSDelCommand(_result=None, switch=neutron-1c33c681-3a5f-4f83-9b4f-50e80204485c, conditions=[('direction', '=', 'to-lport'), ('priority', '=', 2002), ('match', '=', 'outport == "57ce7ded-68a2-4b7b-80e3-546bc7e49e98"')], if_exists=True) {{(pid=87938) do_commit /opt/stack/data/venv/lib/python3.12/site-packages/ovsdbapp/backend/ovs_idl/transaction.py:89}}
Aug 03 15:43:26.617485 np0000006359 devstack@neutron-api.service[87938]: DEBUG ovsdbapp.backend.ovs_idl.transaction [-] Running txn n=1 command(idx=2): QoSDelCommand(_result=None, switch=neutron-1c33c681-3a5f-4f83-9b4f-50e80204485c, conditions=[('direction', '=', 'from-lport'), ('priority', '=', 2002), ('match', '=', 'inport == "57ce7ded-68a2-4b7b-80e3-546bc7e49e98"')], if_exists=True) {{(pid=87938) do_commit /opt/stack/data/venv/lib/python3.12/site-packages/ovsdbapp/backend/ovs_idl/transaction.py:89}}
Aug 03 15:43:26.617659 np0000006359 devstack@neutron-api.service[87938]: DEBUG ovsdbapp.backend.ovs_idl.transaction [-] Running txn n=1 command(idx=3): UpdateLSwitchPortQosOptionsCommand(_result=None, lport=AddLSwitchPortCommand(_result=a087bfb6-5101-47f8-9b0a-38e2af0c2834, lport=57ce7ded-68a2-4b7b-80e3-546bc7e49e98, lswitch=neutron-1c33c681-3a5f-4f83-9b4f-50e80204485c, may_exist=True, network_uuid=1c33c681-3a5f-4f83-9b4f-50e80204485c, columns={'addresses': ['fa:16:3e:ba:c3:2e'], 'external_ids': {'neutron:port_name': '', 'neutron:device_id': 'ovnmeta-1c33c681-3a5f-4f83-9b4f-50e80204485c', 'neutron:project_id': '88e77a4cf00a4625a1e82f9ef94425fa', 'neutron:cidrs': '', 'neutron:device_owner': 'network:distributed', 'neutron:subnet_pool_addr_scope4': '', 'neutron:subnet_pool_addr_scope6': '', 'neutron:network_name': 'neutron-1c33c681-3a5f-4f83-9b4f-50e80204485c', 'neutron:security_group_ids': '', 'neutron:revision_number': '1', 'neutron:vnic_type': 'normal', 'neutron:port_capabilities': '', 'neutron:mtu': '1430'}, 'parent_name': [], 'enabled': True, 'options': {}, 'type': 'localport', 'port_security': [], 'tag_request': []}), if_exists=True, qos={'qos_max_rate': None, 'qos_burst': None, 'qos_min_rate': None}) {{(pid=87938) do_commit /opt/stack/data/venv/lib/python3.12/site-packages/ovsdbapp/backend/ovs_idl/transaction.py:89}}
Aug 03 15:43:26.621253 np0000006359 devstack@neutron-api.service[87937]: DEBUG neutron.plugins.ml2.drivers.ovn.mech_driver.ovsdb.ovsdb_monitor [-] Hash Ring: Node 30b13f1cdfe55f679efd6bde7e87a4ed (host: np0000006359) handling event "update" for row 1c33c681-3a5f-4f83-9b4f-50e80204485c (table: Logical_Switch) {{(pid=87937) notify /opt/stack/neutron/neutron/plugins/ml2/drivers/ovn/mech_driver/ovsdb/ovsdb_monitor.py:1099}}
Aug 03 15:43:26.621620 np0000006359 devstack@neutron-api.service[87937]: DEBUG neutron.plugins.ml2.drivers.ovn.mech_driver.ovsdb.ovsdb_monitor [-] Hash Ring: Node 30b13f1cdfe55f679efd6bde7e87a4ed (host: np0000006359) handling event "create" for row c21e16df-24d7-40b3-846a-e910d6cf5e6b (table: Logical_Switch_Port) {{(pid=87937) notify /opt/stack/neutron/neutron/plugins/ml2/drivers/ovn/mech_driver/ovsdb/ovsdb_monitor.py:1099}}
Aug 03 15:43:26.622230 np0000006359 devstack@neutron-api.service[87936]: DEBUG neutron.plugins.ml2.drivers.ovn.mech_driver.ovsdb.ovsdb_monitor [-] Hash Ring: Node 56c136d1beb357b2a8bd56323c5a2829 (host: np0000006359) handling event "create" for row c21e16df-24d7-40b3-846a-e910d6cf5e6b (table: Logical_Switch_Port) {{(pid=87936) notify /opt/stack/neutron/neutron/plugins/ml2/drivers/ovn/mech_driver/ovsdb/ovsdb_monitor.py:1099}}
Aug 03 15:43:26.622842 np0000006359 devstack@neutron-api.service[87937]: DEBUG ovsdbapp.backend.ovs_idl.event [-] Matched CREATE: LogicalSwitchPortCreateEvent(events=('create',), table='Logical_Switch_Port', conditions=[], old_conditions=None), priority=20 to row=Logical_Switch_Port(uuid=c21e16df-24d7-40b3-846a-e910d6cf5e6b, addresses=['fa:16:3e:ba:c3:2e'], dhcpv4_options=[], dhcpv6_options=[], dynamic_addresses=[], enabled=True, external_ids={'neutron:cidrs': '', 'neutron:device_id': 'ovnmeta-1c33c681-3a5f-4f83-9b4f-50e80204485c', 'neutron:device_owner': 'network:distributed', 'neutron:mtu': '1430', 'neutron:network_name': 'neutron-1c33c681-3a5f-4f83-9b4f-50e80204485c', 'neutron:port_capabilities': '', 'neutron:port_name': '', 'neutron:project_id': '88e77a4cf00a4625a1e82f9ef94425fa', 'neutron:revision_number': '1', 'neutron:security_group_ids': '', 'neutron:subnet_pool_addr_scope4': '', 'neutron:subnet_pool_addr_scope6': '', 'neutron:vnic_type': 'normal'}, ha_chassis_group=[], mirror_rules=[], name='57ce7ded-68a2-4b7b-80e3-546bc7e49e98', options={}, parent_name=[], port_security=[], tag=[], tag_request=[], type='localport', up=[]) old= {{(pid=87937) matches /opt/stack/data/venv/lib/python3.12/site-packages/ovsdbapp/backend/ovs_idl/event.py:55}}
Aug 03 15:43:26.623152 np0000006359 devstack@neutron-api.service[87936]: DEBUG ovsdbapp.backend.ovs_idl.event [-] Matched CREATE: LogicalSwitchPortCreateEvent(events=('create',), table='Logical_Switch_Port', conditions=[], old_conditions=None), priority=20 to row=Logical_Switch_Port(uuid=c21e16df-24d7-40b3-846a-e910d6cf5e6b, addresses=['fa:16:3e:ba:c3:2e'], dhcpv4_options=[], dhcpv6_options=[], dynamic_addresses=[], enabled=True, external_ids={'neutron:cidrs': '', 'neutron:device_id': 'ovnmeta-1c33c681-3a5f-4f83-9b4f-50e80204485c', 'neutron:device_owner': 'network:distributed', 'neutron:mtu': '1430', 'neutron:network_name': 'neutron-1c33c681-3a5f-4f83-9b4f-50e80204485c', 'neutron:port_capabilities': '', 'neutron:port_name': '', 'neutron:project_id': '88e77a4cf00a4625a1e82f9ef94425fa', 'neutron:revision_number': '1', 'neutron:security_group_ids': '', 'neutron:subnet_pool_addr_scope4': '', 'neutron:subnet_pool_addr_scope6': '', 'neutron:vnic_type': 'normal'}, ha_chassis_group=[], mirror_rules=[], name='57ce7ded-68a2-4b7b-80e3-546bc7e49e98', options={}, parent_name=[], port_security=[], tag=[], tag_request=[], type='localport', up=[]) old= {{(pid=87936) matches /opt/stack/data/venv/lib/python3.12/site-packages/ovsdbapp/backend/ovs_idl/event.py:55}}
Aug 03 15:43:26.624856 np0000006359 devstack@neutron-api.service[87937]: INFO neutron.plugins.ml2.drivers.ovn.mech_driver.mech_driver [None req-114d98af-326f-4391-a38f-02eed4852302 None None] OVN reports status down for port: 57ce7ded-68a2-4b7b-80e3-546bc7e49e98
Aug 03 15:43:26.624942 np0000006359 devstack@neutron-api.service[87936]: INFO neutron.plugins.ml2.drivers.ovn.mech_driver.mech_driver [None req-1f488ceb-767f-416e-8731-b84fb32820d2 None None] OVN reports status down for port: 57ce7ded-68a2-4b7b-80e3-546bc7e49e98
Aug 03 15:43:26.624942 np0000006359 devstack@neutron-api.service[87936]: DEBUG neutron.plugins.ml2.drivers.ovn.mech_driver.ovsdb.ovsdb_monitor [-] Hash Ring: Node 56c136d1beb357b2a8bd56323c5a2829 (host: np0000006359) handling event "update" for row c21e16df-24d7-40b3-846a-e910d6cf5e6b (table: Logical_Switch_Port) {{(pid=87936) notify /opt/stack/neutron/neutron/plugins/ml2/drivers/ovn/mech_driver/ovsdb/ovsdb_monitor.py:1099}}
Aug 03 15:43:26.625185 np0000006359 devstack@neutron-api.service[87937]: DEBUG neutron.plugins.ml2.drivers.ovn.mech_driver.ovsdb.ovsdb_monitor [-] Hash Ring: Node 30b13f1cdfe55f679efd6bde7e87a4ed (host: np0000006359) handling event "create" for row 90139aa9-e240-44d0-86b4-a61fca5befd9 (table: Port_Binding) {{(pid=87937) notify /opt/stack/neutron/neutron/plugins/ml2/drivers/ovn/mech_driver/ovsdb/ovsdb_monitor.py:1099}}
Aug 03 15:43:26.625507 np0000006359 devstack@neutron-api.service[87937]: DEBUG neutron.plugins.ml2.drivers.ovn.mech_driver.ovsdb.ovsdb_monitor [-] Hash Ring: Node 30b13f1cdfe55f679efd6bde7e87a4ed (host: np0000006359) handling event "update" for row c21e16df-24d7-40b3-846a-e910d6cf5e6b (table: Logical_Switch_Port) {{(pid=87937) notify /opt/stack/neutron/neutron/plugins/ml2/drivers/ovn/mech_driver/ovsdb/ovsdb_monitor.py:1099}}
Aug 03 15:43:26.644274 np0000006359 devstack@neutron-api.service[87936]: DEBUG neutron.db.provisioning_blocks [None req-1f488ceb-767f-416e-8731-b84fb32820d2 None None] Transition to ACTIVE for port object 57ce7ded-68a2-4b7b-80e3-546bc7e49e98 will not be triggered until provisioned by entity L2. {{(pid=87936) add_provisioning_component /opt/stack/neutron/neutron/db/provisioning_blocks.py:74}}
Aug 03 15:43:26.647419 np0000006359 devstack@neutron-api.service[87937]: DEBUG neutron_lib.db.api [None req-114d98af-326f-4391-a38f-02eed4852302 None None] Retry wrapper got retriable exception: Failed to create a duplicate ProvisioningBlock: for attribute(s) ['provisioningblocks.PRIMARY'] with value(s) 20-L2 {{(pid=87937) wrapped /opt/stack/data/venv/lib/python3.12/site-packages/neutron_lib/db/api.py:185}}
Aug 03 15:43:26.647588 np0000006359 devstack@neutron-api.service[87937]: DEBUG oslo_db.api [None req-114d98af-326f-4391-a38f-02eed4852302 None None] Performing DB retry for function neutron.db.provisioning_blocks.add_provisioning_component {{(pid=87937) wrapper /opt/stack/data/venv/lib/python3.12/site-packages/oslo_db/api.py:155}}
Aug 03 15:43:26.659846 np0000006359 devstack@neutron-api.service[87938]: INFO neutron.db.ovn_revision_numbers_db [None req-aeb45a61-6943-4ef3-b243-bd1e1b9bf2af admin admin] Successfully bumped revision number for resource 57ce7ded-68a2-4b7b-80e3-546bc7e49e98 (type: ports) to 1
Aug 03 15:43:26.660142 np0000006359 devstack@neutron-api.service[87936]: DEBUG neutron.plugins.ml2.plugin [None req-1f488ceb-767f-416e-8731-b84fb32820d2 None None] Current status of the port 57ce7ded-68a2-4b7b-80e3-546bc7e49e98 is: DOWN; New status is: DOWN {{(pid=87936) _update_individual_port_db_status /opt/stack/neutron/neutron/plugins/ml2/plugin.py:2473}}
Aug 03 15:43:26.660893 np0000006359 devstack@neutron-api.service[87936]: DEBUG ovsdbapp.backend.ovs_idl.transaction [-] Running txn n=1 command(idx=0): DbRemoveCommand(_result=None, table=Logical_Switch_Port, record=57ce7ded-68a2-4b7b-80e3-546bc7e49e98, column=external_ids, values=('neutron:host_id',), keyvalues={}, if_exists=True) {{(pid=87936) do_commit /opt/stack/data/venv/lib/python3.12/site-packages/ovsdbapp/backend/ovs_idl/transaction.py:89}}
Aug 03 15:43:26.669494 np0000006359 devstack@neutron-api.service[87938]: DEBUG neutron.pecan_wsgi.hooks.policy_enforcement [None req-aeb45a61-6943-4ef3-b243-bd1e1b9bf2af admin admin] Attributes excluded by policy engine: ['standard_attr_id'] {{(pid=87938) _exclude_attributes_by_policy /opt/stack/neutron/neutron/pecan_wsgi/hooks/policy_enforcement.py:259}}
Aug 03 15:43:26.669799 np0000006359 devstack@neutron-api.service[87938]: DEBUG neutron_lib.callbacks.manager [None req-aeb45a61-6943-4ef3-b243-bd1e1b9bf2af admin admin] Publish callbacks [] for network (None), before_response {{(pid=87938) _notify_loop /opt/stack/data/venv/lib/python3.12/site-packages/neutron_lib/callbacks/manager.py:184}}
Aug 03 15:43:26.677630 np0000006359 devstack@neutron-api.service[87938]: [pid: 87938|app: 0|req: 5/16] 10.4.3.244 () {68 vars in 1327 bytes} [Mon Aug 3 15:43:25 2026] POST /networking/v2.0/networks => generated 679 bytes in 728 msecs (HTTP/1.1 201) 4 headers in 162 bytes (1 switches on core 0)
Aug 03 15:43:26.890153 np0000006359 devstack@neutron-api.service[87937]: DEBUG neutron.pecan_wsgi.hooks.policy_enforcement [None req-60bf9ce8-2eac-4b5d-8c42-2e9308da931d admin admin] Attributes excluded by policy engine: ['standard_attr_id', 'shared'] {{(pid=87937) _exclude_attributes_by_policy /opt/stack/neutron/neutron/pecan_wsgi/hooks/policy_enforcement.py:259}}
Aug 03 15:43:26.891120 np0000006359 devstack@neutron-api.service[87937]: [pid: 87937|app: 0|req: 7/17] 10.4.3.244 () {64 vars in 1381 bytes} [Mon Aug 3 15:43:26 2026] GET /networking/v2.0/subnets/9853ae4f-9a8c-4a41-ad87-9eed2ad2d830 => generated 666 bytes in 18 msecs (HTTP/1.1 200) 4 headers in 157 bytes (1 switches on core 0)
Aug 03 15:43:26.900716 np0000006359 devstack@neutron-api.service[87936]: DEBUG neutron.api.wsgi [None req-736d4f0c-9af3-4216-b008-5353c3289125 admin admin] Missing Content-Type {{(pid=87936) get_content_type /opt/stack/neutron/neutron/api/wsgi.py:80}}
Aug 03 15:43:27.151202 np0000006359 devstack@neutron-api.service[87937]: DEBUG neutron.db.provisioning_blocks [None req-114d98af-326f-4391-a38f-02eed4852302 None None] Ignored duplicate provisioning block setup for port 57ce7ded-68a2-4b7b-80e3-546bc7e49e98 by entity L2. {{(pid=87937) add_provisioning_component /opt/stack/neutron/neutron/db/provisioning_blocks.py:69}}
Aug 03 15:43:27.155839 np0000006359 devstack@neutron-api.service[87936]: [pid: 87936|app: 0|req: 6/18] 10.4.3.244 () {64 vars in 1381 bytes} [Mon Aug 3 15:43:26 2026] GET /networking/v2.0/routers/b7949f82-d9dd-4d3e-800e-4278bcc48651 => generated 599 bytes in 257 msecs (HTTP/1.1 200) 4 headers in 157 bytes (1 switches on core 0)
Aug 03 15:43:27.168654 np0000006359 devstack@neutron-api.service[87937]: DEBUG neutron.plugins.ml2.plugin [None req-114d98af-326f-4391-a38f-02eed4852302 None None] Current status of the port 57ce7ded-68a2-4b7b-80e3-546bc7e49e98 is: DOWN; New status is: DOWN {{(pid=87937) _update_individual_port_db_status /opt/stack/neutron/neutron/plugins/ml2/plugin.py:2473}}
Aug 03 15:43:27.169638 np0000006359 devstack@neutron-api.service[87937]: DEBUG ovsdbapp.backend.ovs_idl.transaction [-] Running txn n=1 command(idx=0): DbRemoveCommand(_result=None, table=Logical_Switch_Port, record=57ce7ded-68a2-4b7b-80e3-546bc7e49e98, column=external_ids, values=('neutron:host_id',), keyvalues={}, if_exists=True) {{(pid=87937) do_commit /opt/stack/data/venv/lib/python3.12/site-packages/ovsdbapp/backend/ovs_idl/transaction.py:89}}
Aug 03 15:43:27.286421 np0000006359 devstack@neutron-api.service[87938]: DEBUG neutron_lib.callbacks.manager [None req-126deca2-6f2b-4693-a835-ed5ca31dc5d1 admin admin] Publish callbacks ['neutron.plugins.ml2.plugin.SecurityGroupDbMixin._ensure_default_security_group_handler-5893'] for port (None), before_create {{(pid=87938) _notify_loop /opt/stack/data/venv/lib/python3.12/site-packages/neutron_lib/callbacks/manager.py:184}}
Aug 03 15:43:27.379545 np0000006359 devstack@neutron-api.service[87938]: DEBUG neutron.db.db_base_plugin_common [None req-126deca2-6f2b-4693-a835-ed5ca31dc5d1 admin admin] Allocated IP 10.1.0.1 (557b7f0f-aaab-4e45-a165-51756cbba87b/9853ae4f-9a8c-4a41-ad87-9eed2ad2d830/fe204455-8628-41c7-925e-99b67459b85e) {{(pid=87938) _store_ip_allocation /opt/stack/neutron/neutron/db/db_base_plugin_common.py:131}}
Aug 03 15:43:27.435347 np0000006359 devstack@neutron-api.service[87938]: DEBUG neutron_lib.callbacks.manager [None req-126deca2-6f2b-4693-a835-ed5ca31dc5d1 admin admin] Publish callbacks ['neutron.plugins.ml2.drivers.ovn.mech_driver.mech_driver.OVNMechanismDriver._validate_allowed_address_pairs-898072'] for allowed_address_pair (fe204455-8628-41c7-925e-99b67459b85e), before_create {{(pid=87938) _notify_loop /opt/stack/data/venv/lib/python3.12/site-packages/neutron_lib/callbacks/manager.py:184}}
Aug 03 15:43:27.435746 np0000006359 devstack@neutron-api.service[87938]: DEBUG neutron_lib.callbacks.manager [None req-126deca2-6f2b-4693-a835-ed5ca31dc5d1 admin admin] Publish callbacks [] for port (fe204455-8628-41c7-925e-99b67459b85e), precommit_create {{(pid=87938) _notify_loop /opt/stack/data/venv/lib/python3.12/site-packages/neutron_lib/callbacks/manager.py:184}}
Aug 03 15:43:27.435920 np0000006359 devstack@neutron-api.service[87938]: DEBUG neutron.plugins.ml2.drivers.ovn.mech_driver.mech_driver [None req-126deca2-6f2b-4693-a835-ed5ca31dc5d1 admin admin] No provisioning block for port fe204455-8628-41c7-925e-99b67459b85e since it does not have a host {{(pid=87938) _is_port_provisioning_required /opt/stack/neutron/neutron/plugins/ml2/drivers/ovn/mech_driver/mech_driver.py:899}}
Aug 03 15:43:27.436043 np0000006359 devstack@neutron-api.service[87938]: DEBUG neutron.db.ovn_revision_numbers_db [None req-126deca2-6f2b-4693-a835-ed5ca31dc5d1 admin admin] create_initial_revision uuid=fe204455-8628-41c7-925e-99b67459b85e, type=ports, rev=-1 {{(pid=87938) create_initial_revision /opt/stack/neutron/neutron/db/ovn_revision_numbers_db.py:98}}
Aug 03 15:43:27.493840 np0000006359 devstack@neutron-api.service[87938]: DEBUG neutron.db.ovn_revision_numbers_db [None req-126deca2-6f2b-4693-a835-ed5ca31dc5d1 admin admin] create_initial_revision uuid=fe204455-8628-41c7-925e-99b67459b85e, type=router_ports, rev=-1 {{(pid=87938) create_initial_revision /opt/stack/neutron/neutron/db/ovn_revision_numbers_db.py:98}}
Aug 03 15:43:27.516623 np0000006359 devstack@neutron-api.service[87938]: DEBUG neutron_lib.callbacks.manager [None req-126deca2-6f2b-4693-a835-ed5ca31dc5d1 admin admin] Publish callbacks ['neutron.plugins.ml2.ovo_rpc._ObjectChangeHandler.handle_event-3508405'] for port (fe204455-8628-41c7-925e-99b67459b85e), after_create {{(pid=87938) _notify_loop /opt/stack/data/venv/lib/python3.12/site-packages/neutron_lib/callbacks/manager.py:184}}
Aug 03 15:43:27.536562 np0000006359 devstack@neutron-api.service[87938]: DEBUG neutron.api.rpc.handlers.resources_rpc [None req-126deca2-6f2b-4693-a835-ed5ca31dc5d1 admin admin] Pushing event updated for resources: {'Port': ['ID=fe204455-8628-41c7-925e-99b67459b85e,revision_number=1']} {{(pid=87938) push /opt/stack/neutron/neutron/api/rpc/handlers/resources_rpc.py:237}}
Aug 03 15:43:27.589824 np0000006359 devstack@neutron-api.service[87938]: DEBUG neutron.plugins.ml2.drivers.ovn.mech_driver.ovsdb.commands [None req-126deca2-6f2b-4693-a835-ed5ca31dc5d1 admin admin] Converting tag [] to a tag_request {{(pid=87938) _tag_column_to_tag_request /opt/stack/neutron/neutron/plugins/ml2/drivers/ovn/mech_driver/ovsdb/commands.py:227}}
Aug 03 15:43:27.590498 np0000006359 devstack@neutron-api.service[87938]: DEBUG ovsdbapp.backend.ovs_idl.transaction [-] Running txn n=1 command(idx=0): AddLSwitchPortCommand(_result=None, lport=fe204455-8628-41c7-925e-99b67459b85e, lswitch=neutron-557b7f0f-aaab-4e45-a165-51756cbba87b, may_exist=True, network_uuid=557b7f0f-aaab-4e45-a165-51756cbba87b, columns={'addresses': ['unknown'], 'external_ids': {'neutron:port_name': '', 'neutron:device_id': 'b7949f82-d9dd-4d3e-800e-4278bcc48651', 'neutron:project_id': '88e77a4cf00a4625a1e82f9ef94425fa', 'neutron:cidrs': '10.1.0.1/26', 'neutron:device_owner': 'network:router_interface', 'neutron:subnet_pool_addr_scope4': '', 'neutron:subnet_pool_addr_scope6': '', 'neutron:network_name': 'neutron-557b7f0f-aaab-4e45-a165-51756cbba87b', 'neutron:security_group_ids': '', 'neutron:revision_number': '1', 'neutron:vnic_type': 'normal', 'neutron:port_capabilities': '', 'neutron:mtu': ''}, 'parent_name': [], 'enabled': True, 'options': {}, 'type': '', 'port_security': [], 'dhcpv4_options': [], 'dhcpv6_options': [], 'tag_request': []}) {{(pid=87938) do_commit /opt/stack/data/venv/lib/python3.12/site-packages/ovsdbapp/backend/ovs_idl/transaction.py:89}}
Aug 03 15:43:27.590971 np0000006359 devstack@neutron-api.service[87938]: DEBUG ovsdbapp.backend.ovs_idl.transaction [-] Running txn n=1 command(idx=1): QoSDelCommand(_result=None, switch=neutron-557b7f0f-aaab-4e45-a165-51756cbba87b, conditions=[('direction', '=', 'to-lport'), ('priority', '=', 2002), ('match', '=', 'outport == "fe204455-8628-41c7-925e-99b67459b85e"')], if_exists=True) {{(pid=87938) do_commit /opt/stack/data/venv/lib/python3.12/site-packages/ovsdbapp/backend/ovs_idl/transaction.py:89}}
Aug 03 15:43:27.591135 np0000006359 devstack@neutron-api.service[87938]: DEBUG ovsdbapp.backend.ovs_idl.transaction [-] Running txn n=1 command(idx=2): QoSDelCommand(_result=None, switch=neutron-557b7f0f-aaab-4e45-a165-51756cbba87b, conditions=[('direction', '=', 'from-lport'), ('priority', '=', 2002), ('match', '=', 'inport == "fe204455-8628-41c7-925e-99b67459b85e"')], if_exists=True) {{(pid=87938) do_commit /opt/stack/data/venv/lib/python3.12/site-packages/ovsdbapp/backend/ovs_idl/transaction.py:89}}
Aug 03 15:43:27.593969 np0000006359 devstack@neutron-api.service[87937]: DEBUG neutron.plugins.ml2.drivers.ovn.mech_driver.ovsdb.ovsdb_monitor [-] Hash Ring: Node 30b13f1cdfe55f679efd6bde7e87a4ed (host: np0000006359) handling event "update" for row 557b7f0f-aaab-4e45-a165-51756cbba87b (table: Logical_Switch) {{(pid=87937) notify /opt/stack/neutron/neutron/plugins/ml2/drivers/ovn/mech_driver/ovsdb/ovsdb_monitor.py:1099}}
Aug 03 15:43:27.594202 np0000006359 devstack@neutron-api.service[87937]: DEBUG neutron.plugins.ml2.drivers.ovn.mech_driver.ovsdb.ovsdb_monitor [-] Hash Ring: Node 30b13f1cdfe55f679efd6bde7e87a4ed (host: np0000006359) handling event "create" for row 185a2711-82a3-4f27-b5af-a5a3c772e525 (table: Logical_Switch_Port) {{(pid=87937) notify /opt/stack/neutron/neutron/plugins/ml2/drivers/ovn/mech_driver/ovsdb/ovsdb_monitor.py:1099}}
Aug 03 15:43:27.594586 np0000006359 devstack@neutron-api.service[87938]: DEBUG neutron.plugins.ml2.drivers.ovn.mech_driver.ovsdb.ovsdb_monitor [-] Hash Ring: Node 4b888f4b7b2c59c48dd5687f307c5333 (host: np0000006359) handling event "update" for row 557b7f0f-aaab-4e45-a165-51756cbba87b (table: Logical_Switch) {{(pid=87938) notify /opt/stack/neutron/neutron/plugins/ml2/drivers/ovn/mech_driver/ovsdb/ovsdb_monitor.py:1099}}
Aug 03 15:43:27.595201 np0000006359 devstack@neutron-api.service[87937]: DEBUG ovsdbapp.backend.ovs_idl.event [-] Matched CREATE: LogicalSwitchPortCreateEvent(events=('create',), table='Logical_Switch_Port', conditions=[], old_conditions=None), priority=20 to row=Logical_Switch_Port(uuid=185a2711-82a3-4f27-b5af-a5a3c772e525, addresses=['unknown'], dhcpv4_options=[], dhcpv6_options=[], dynamic_addresses=[], enabled=True, external_ids={'neutron:cidrs': '10.1.0.1/26', 'neutron:device_id': 'b7949f82-d9dd-4d3e-800e-4278bcc48651', 'neutron:device_owner': 'network:router_interface', 'neutron:mtu': '', 'neutron:network_name': 'neutron-557b7f0f-aaab-4e45-a165-51756cbba87b', 'neutron:port_capabilities': '', 'neutron:port_name': '', 'neutron:project_id': '88e77a4cf00a4625a1e82f9ef94425fa', 'neutron:revision_number': '1', 'neutron:security_group_ids': '', 'neutron:subnet_pool_addr_scope4': '', 'neutron:subnet_pool_addr_scope6': '', 'neutron:vnic_type': 'normal'}, ha_chassis_group=[], mirror_rules=[], name='fe204455-8628-41c7-925e-99b67459b85e', options={}, parent_name=[], port_security=[], tag=[], tag_request=[], type='', up=[]) old= {{(pid=87937) matches /opt/stack/data/venv/lib/python3.12/site-packages/ovsdbapp/backend/ovs_idl/event.py:55}}
Aug 03 15:43:27.595949 np0000006359 devstack@neutron-api.service[87937]: INFO neutron.plugins.ml2.drivers.ovn.mech_driver.mech_driver [None req-114d98af-326f-4391-a38f-02eed4852302 None None] OVN reports status down for port: fe204455-8628-41c7-925e-99b67459b85e
Aug 03 15:43:27.598397 np0000006359 devstack@neutron-api.service[87937]: DEBUG neutron.plugins.ml2.drivers.ovn.mech_driver.ovsdb.ovsdb_monitor [-] Hash Ring: Node 30b13f1cdfe55f679efd6bde7e87a4ed (host: np0000006359) handling event "update" for row 185a2711-82a3-4f27-b5af-a5a3c772e525 (table: Logical_Switch_Port) {{(pid=87937) notify /opt/stack/neutron/neutron/plugins/ml2/drivers/ovn/mech_driver/ovsdb/ovsdb_monitor.py:1099}}
Aug 03 15:43:27.598397 np0000006359 devstack@neutron-api.service[87937]: DEBUG neutron.plugins.ml2.drivers.ovn.mech_driver.ovsdb.ovsdb_monitor [-] Hash Ring: Node 30b13f1cdfe55f679efd6bde7e87a4ed (host: np0000006359) handling event "create" for row 6fc6190e-c79e-4758-9e7d-23694297167e (table: Port_Binding) {{(pid=87937) notify /opt/stack/neutron/neutron/plugins/ml2/drivers/ovn/mech_driver/ovsdb/ovsdb_monitor.py:1099}}
Aug 03 15:43:27.617618 np0000006359 devstack@neutron-api.service[87937]: DEBUG neutron.db.provisioning_blocks [None req-114d98af-326f-4391-a38f-02eed4852302 None None] Transition to ACTIVE for port object fe204455-8628-41c7-925e-99b67459b85e will not be triggered until provisioned by entity L2. {{(pid=87937) add_provisioning_component /opt/stack/neutron/neutron/db/provisioning_blocks.py:74}}
Aug 03 15:43:27.621314 np0000006359 devstack@neutron-api.service[87938]: INFO neutron.db.ovn_revision_numbers_db [None req-126deca2-6f2b-4693-a835-ed5ca31dc5d1 admin admin] Successfully bumped revision number for resource fe204455-8628-41c7-925e-99b67459b85e (type: ports) to 1
Aug 03 15:43:27.628202 np0000006359 devstack@neutron-api.service[87938]: DEBUG neutron_lib.callbacks.manager [None req-126deca2-6f2b-4693-a835-ed5ca31dc5d1 admin admin] Publish callbacks [] for router_interface (b7949f82-d9dd-4d3e-800e-4278bcc48651), before_create {{(pid=87938) _notify_loop /opt/stack/data/venv/lib/python3.12/site-packages/neutron_lib/callbacks/manager.py:184}}
Aug 03 15:43:27.633610 np0000006359 devstack@neutron-api.service[87937]: DEBUG neutron.plugins.ml2.plugin [None req-114d98af-326f-4391-a38f-02eed4852302 None None] Current status of the port fe204455-8628-41c7-925e-99b67459b85e is: DOWN; New status is: DOWN {{(pid=87937) _update_individual_port_db_status /opt/stack/neutron/neutron/plugins/ml2/plugin.py:2473}}
Aug 03 15:43:27.802147 np0000006359 devstack@neutron-api.service[87938]: DEBUG neutron_lib.callbacks.manager [None req-126deca2-6f2b-4693-a835-ed5ca31dc5d1 admin admin] Publish callbacks ['neutron.plugins.ml2.plugin.SecurityGroupDbMixin._ensure_default_security_group_handler-5893', 'neutron.services.ovn_l3.plugin.OVNL3RouterPlugin._port_update-8090289970280', 'neutron.db.l3_db.L3_NAT_dbonly_mixin._prevent_internal_ip_change_for_fip-8090290981942'] for port (fe204455-8628-41c7-925e-99b67459b85e), before_update {{(pid=87938) _notify_loop /opt/stack/data/venv/lib/python3.12/site-packages/neutron_lib/callbacks/manager.py:184}}
