Jul 05 18:49:33.471386 np0000004589 devstack@g-api.service[99485]: DEBUG glance.api.middleware.version_negotiation [None req-e54c8d9f-a5f1-47bc-9c9e-7816729c9779 tempest-TaggedBootDevicesTest-1980194037 tempest-TaggedBootDevicesTest-1980194037-project-member] Determining version of request: GET /v2/schemas/image Accept: */* {{(pid=99485) process_request /opt/stack/glance/glance/api/middleware/version_negotiation.py:44}}
Jul 05 18:49:33.471386 np0000004589 devstack@g-api.service[99485]: DEBUG glance.api.middleware.version_negotiation [None req-e54c8d9f-a5f1-47bc-9c9e-7816729c9779 tempest-TaggedBootDevicesTest-1980194037 tempest-TaggedBootDevicesTest-1980194037-project-member] Using url versioning {{(pid=99485) process_request /opt/stack/glance/glance/api/middleware/version_negotiation.py:57}}
Jul 05 18:49:33.471386 np0000004589 devstack@g-api.service[99485]: DEBUG glance.api.middleware.version_negotiation [None req-e54c8d9f-a5f1-47bc-9c9e-7816729c9779 tempest-TaggedBootDevicesTest-1980194037 tempest-TaggedBootDevicesTest-1980194037-project-member] Matched version: v2 {{(pid=99485) process_request /opt/stack/glance/glance/api/middleware/version_negotiation.py:69}}
Jul 05 18:49:33.472458 np0000004589 devstack@g-api.service[99485]: DEBUG glance.api.middleware.version_negotiation [None req-e54c8d9f-a5f1-47bc-9c9e-7816729c9779 tempest-TaggedBootDevicesTest-1980194037 tempest-TaggedBootDevicesTest-1980194037-project-member] new path /v2/schemas/image {{(pid=99485) process_request /opt/stack/glance/glance/api/middleware/version_negotiation.py:70}}
Jul 05 18:49:33.474201 np0000004589 devstack@g-api.service[99485]: [pid: 99485|app: 0|req: 12/33] 127.0.0.1 () {44 vars in 1051 bytes} [Sun Jul 5 18:49:33 2026] GET /v2/schemas/image => generated 6083 bytes in 3 msecs (HTTP/1.1 200) 4 headers in 158 bytes (1 switches on core 0)
Jul 05 18:49:34.146291 np0000004589 devstack@g-api.service[99484]: DEBUG glance.api.middleware.version_negotiation [None req-e54c8d9f-a5f1-47bc-9c9e-7816729c9779 tempest-TaggedBootDevicesTest-1980194037 tempest-TaggedBootDevicesTest-1980194037-project-member] Determining version of request: GET /versions Accept: */* {{(pid=99484) process_request /opt/stack/glance/glance/api/middleware/version_negotiation.py:44}}
Jul 05 18:49:34.146861 np0000004589 devstack@g-api.service[99484]: [pid: 99484|app: 0|req: 11/34] 127.0.0.1 () {44 vars in 1035 bytes} [Sun Jul 5 18:49:34 2026] GET /versions => generated 1501 bytes in 1 msecs (HTTP/1.1 200) 3 headers in 92 bytes (1 switches on core 0)
Jul 05 18:49:34.153987 np0000004589 devstack@g-api.service[99483]: DEBUG glance.api.middleware.version_negotiation [None req-e54c8d9f-a5f1-47bc-9c9e-7816729c9779 tempest-TaggedBootDevicesTest-1980194037 tempest-TaggedBootDevicesTest-1980194037-project-member] Determining version of request: GET /v2/images/8670c86c-871c-4fbb-acd6-1be2222748ea/locations Accept: */* {{(pid=99483) process_request /opt/stack/glance/glance/api/middleware/version_negotiation.py:44}}
Jul 05 18:49:34.154132 np0000004589 devstack@g-api.service[99483]: DEBUG glance.api.middleware.version_negotiation [None req-e54c8d9f-a5f1-47bc-9c9e-7816729c9779 tempest-TaggedBootDevicesTest-1980194037 tempest-TaggedBootDevicesTest-1980194037-project-member] Using url versioning {{(pid=99483) process_request /opt/stack/glance/glance/api/middleware/version_negotiation.py:57}}
Jul 05 18:49:34.154312 np0000004589 devstack@g-api.service[99483]: DEBUG glance.api.middleware.version_negotiation [None req-e54c8d9f-a5f1-47bc-9c9e-7816729c9779 tempest-TaggedBootDevicesTest-1980194037 tempest-TaggedBootDevicesTest-1980194037-project-member] Matched version: v2 {{(pid=99483) process_request /opt/stack/glance/glance/api/middleware/version_negotiation.py:69}}
Jul 05 18:49:34.154415 np0000004589 devstack@g-api.service[99483]: DEBUG glance.api.middleware.version_negotiation [None req-e54c8d9f-a5f1-47bc-9c9e-7816729c9779 tempest-TaggedBootDevicesTest-1980194037 tempest-TaggedBootDevicesTest-1980194037-project-member] new path /v2/images/8670c86c-871c-4fbb-acd6-1be2222748ea/locations {{(pid=99483) process_request /opt/stack/glance/glance/api/middleware/version_negotiation.py:70}}
Jul 05 18:49:34.729564 np0000004589 devstack@g-api.service[99483]: [pid: 99483|app: 0|req: 12/35] 127.0.0.1 () {44 vars in 1131 bytes} [Sun Jul 5 18:49:34 2026] GET /v2/images/8670c86c-871c-4fbb-acd6-1be2222748ea/locations => generated 92 bytes in 576 msecs (HTTP/1.1 200) 4 headers in 156 bytes (1 switches on core 0)
Jul 05 18:49:34.740689 np0000004589 devstack@g-api.service[99485]: DEBUG glance.api.middleware.version_negotiation [None req-e54c8d9f-a5f1-47bc-9c9e-7816729c9779 tempest-TaggedBootDevicesTest-1980194037 tempest-TaggedBootDevicesTest-1980194037-project-member] Determining version of request: GET /v2/images/8670c86c-871c-4fbb-acd6-1be2222748ea Accept: */* {{(pid=99485) process_request /opt/stack/glance/glance/api/middleware/version_negotiation.py:44}}
Jul 05 18:49:34.741018 np0000004589 devstack@g-api.service[99485]: DEBUG glance.api.middleware.version_negotiation [None req-e54c8d9f-a5f1-47bc-9c9e-7816729c9779 tempest-TaggedBootDevicesTest-1980194037 tempest-TaggedBootDevicesTest-1980194037-project-member] Using url versioning {{(pid=99485) process_request /opt/stack/glance/glance/api/middleware/version_negotiation.py:57}}
Jul 05 18:49:34.741107 np0000004589 devstack@g-api.service[99485]: DEBUG glance.api.middleware.version_negotiation [None req-e54c8d9f-a5f1-47bc-9c9e-7816729c9779 tempest-TaggedBootDevicesTest-1980194037 tempest-TaggedBootDevicesTest-1980194037-project-member] Matched version: v2 {{(pid=99485) process_request /opt/stack/glance/glance/api/middleware/version_negotiation.py:69}}
Jul 05 18:49:34.741260 np0000004589 devstack@g-api.service[99485]: DEBUG glance.api.middleware.version_negotiation [None req-e54c8d9f-a5f1-47bc-9c9e-7816729c9779 tempest-TaggedBootDevicesTest-1980194037 tempest-TaggedBootDevicesTest-1980194037-project-member] new path /v2/images/8670c86c-871c-4fbb-acd6-1be2222748ea {{(pid=99485) process_request /opt/stack/glance/glance/api/middleware/version_negotiation.py:70}}
Jul 05 18:49:34.772651 np0000004589 devstack@g-api.service[99485]: [pid: 99485|app: 0|req: 13/36] 127.0.0.1 () {44 vars in 1111 bytes} [Sun Jul 5 18:49:34 2026] GET /v2/images/8670c86c-871c-4fbb-acd6-1be2222748ea => generated 1044 bytes in 29 msecs (HTTP/1.1 200) 4 headers in 158 bytes (1 switches on core 0)
Jul 05 18:49:34.779369 np0000004589 devstack@g-api.service[99484]: DEBUG glance.api.middleware.version_negotiation [None req-e54c8d9f-a5f1-47bc-9c9e-7816729c9779 tempest-TaggedBootDevicesTest-1980194037 tempest-TaggedBootDevicesTest-1980194037-project-member] Determining version of request: GET /v2/schemas/image Accept: */* {{(pid=99484) process_request /opt/stack/glance/glance/api/middleware/version_negotiation.py:44}}
Jul 05 18:49:34.779503 np0000004589 devstack@g-api.service[99484]: DEBUG glance.api.middleware.version_negotiation [None req-e54c8d9f-a5f1-47bc-9c9e-7816729c9779 tempest-TaggedBootDevicesTest-1980194037 tempest-TaggedBootDevicesTest-1980194037-project-member] Using url versioning {{(pid=99484) process_request /opt/stack/glance/glance/api/middleware/version_negotiation.py:57}}
Jul 05 18:49:34.780365 np0000004589 devstack@g-api.service[99484]: DEBUG glance.api.middleware.version_negotiation [None req-e54c8d9f-a5f1-47bc-9c9e-7816729c9779 tempest-TaggedBootDevicesTest-1980194037 tempest-TaggedBootDevicesTest-1980194037-project-member] Matched version: v2 {{(pid=99484) process_request /opt/stack/glance/glance/api/middleware/version_negotiation.py:69}}
Jul 05 18:49:34.780365 np0000004589 devstack@g-api.service[99484]: DEBUG glance.api.middleware.version_negotiation [None req-e54c8d9f-a5f1-47bc-9c9e-7816729c9779 tempest-TaggedBootDevicesTest-1980194037 tempest-TaggedBootDevicesTest-1980194037-project-member] new path /v2/schemas/image {{(pid=99484) process_request /opt/stack/glance/glance/api/middleware/version_negotiation.py:70}}
Jul 05 18:49:34.788310 np0000004589 devstack@g-api.service[99484]: [pid: 99484|app: 0|req: 12/37] 127.0.0.1 () {44 vars in 1051 bytes} [Sun Jul 5 18:49:34 2026] GET /v2/schemas/image => generated 6083 bytes in 9 msecs (HTTP/1.1 200) 4 headers in 158 bytes (1 switches on core 0)
Jul 05 18:49:34.797122 np0000004589 devstack@g-api.service[99483]: DEBUG glance.api.middleware.version_negotiation [None req-e54c8d9f-a5f1-47bc-9c9e-7816729c9779 service glance] Determining version of request: GET /v2/schemas/image Accept: */* {{(pid=99483) process_request /opt/stack/glance/glance/api/middleware/version_negotiation.py:44}}
Jul 05 18:49:34.797263 np0000004589 devstack@g-api.service[99483]: DEBUG glance.api.middleware.version_negotiation [None req-e54c8d9f-a5f1-47bc-9c9e-7816729c9779 service glance] Using url versioning {{(pid=99483) process_request /opt/stack/glance/glance/api/middleware/version_negotiation.py:57}}
Jul 05 18:49:34.797378 np0000004589 devstack@g-api.service[99483]: DEBUG glance.api.middleware.version_negotiation [None req-e54c8d9f-a5f1-47bc-9c9e-7816729c9779 service glance] Matched version: v2 {{(pid=99483) process_request /opt/stack/glance/glance/api/middleware/version_negotiation.py:69}}
Jul 05 18:49:34.797487 np0000004589 devstack@g-api.service[99483]: DEBUG glance.api.middleware.version_negotiation [None req-e54c8d9f-a5f1-47bc-9c9e-7816729c9779 service glance] new path /v2/schemas/image {{(pid=99483) process_request /opt/stack/glance/glance/api/middleware/version_negotiation.py:70}}
Jul 05 18:49:34.800008 np0000004589 devstack@g-api.service[99483]: [pid: 99483|app: 0|req: 13/38] 127.0.0.1 () {44 vars in 1051 bytes} [Sun Jul 5 18:49:34 2026] GET /v2/schemas/image => generated 6083 bytes in 3 msecs (HTTP/1.1 200) 4 headers in 158 bytes (1 switches on core 0)
Jul 05 18:49:34.831378 np0000004589 devstack@g-api.service[99485]: DEBUG glance.api.middleware.version_negotiation [None req-e54c8d9f-a5f1-47bc-9c9e-7816729c9779 tempest-TaggedBootDevicesTest-1980194037 tempest-TaggedBootDevicesTest-1980194037-project-member] Determining version of request: GET /v2/images/8670c86c-871c-4fbb-acd6-1be2222748ea Accept: */* {{(pid=99485) process_request /opt/stack/glance/glance/api/middleware/version_negotiation.py:44}}
Jul 05 18:49:34.831513 np0000004589 devstack@g-api.service[99485]: DEBUG glance.api.middleware.version_negotiation [None req-e54c8d9f-a5f1-47bc-9c9e-7816729c9779 tempest-TaggedBootDevicesTest-1980194037 tempest-TaggedBootDevicesTest-1980194037-project-member] Using url versioning {{(pid=99485) process_request /opt/stack/glance/glance/api/middleware/version_negotiation.py:57}}
Jul 05 18:49:34.831664 np0000004589 devstack@g-api.service[99485]: DEBUG glance.api.middleware.version_negotiation [None req-e54c8d9f-a5f1-47bc-9c9e-7816729c9779 tempest-TaggedBootDevicesTest-1980194037 tempest-TaggedBootDevicesTest-1980194037-project-member] Matched version: v2 {{(pid=99485) process_request /opt/stack/glance/glance/api/middleware/version_negotiation.py:69}}
Jul 05 18:49:34.831782 np0000004589 devstack@g-api.service[99485]: DEBUG glance.api.middleware.version_negotiation [None req-e54c8d9f-a5f1-47bc-9c9e-7816729c9779 tempest-TaggedBootDevicesTest-1980194037 tempest-TaggedBootDevicesTest-1980194037-project-member] new path /v2/images/8670c86c-871c-4fbb-acd6-1be2222748ea {{(pid=99485) process_request /opt/stack/glance/glance/api/middleware/version_negotiation.py:70}}
Jul 05 18:49:34.844074 np0000004589 devstack@g-api.service[99485]: [pid: 99485|app: 0|req: 14/39] 127.0.0.1 () {44 vars in 1111 bytes} [Sun Jul 5 18:49:34 2026] GET /v2/images/8670c86c-871c-4fbb-acd6-1be2222748ea => generated 1044 bytes in 13 msecs (HTTP/1.1 200) 4 headers in 158 bytes (1 switches on core 0)
Jul 05 18:49:34.850863 np0000004589 devstack@g-api.service[99484]: DEBUG glance.api.middleware.version_negotiation [None req-e54c8d9f-a5f1-47bc-9c9e-7816729c9779 tempest-TaggedBootDevicesTest-1980194037 tempest-TaggedBootDevicesTest-1980194037-project-member] Determining version of request: GET /v2/images/8670c86c-871c-4fbb-acd6-1be2222748ea/file Accept: */* {{(pid=99484) process_request /opt/stack/glance/glance/api/middleware/version_negotiation.py:44}}
Jul 05 18:49:34.851065 np0000004589 devstack@g-api.service[99484]: DEBUG glance.api.middleware.version_negotiation [None req-e54c8d9f-a5f1-47bc-9c9e-7816729c9779 tempest-TaggedBootDevicesTest-1980194037 tempest-TaggedBootDevicesTest-1980194037-project-member] Using url versioning {{(pid=99484) process_request /opt/stack/glance/glance/api/middleware/version_negotiation.py:57}}
Jul 05 18:49:34.851134 np0000004589 devstack@g-api.service[99484]: DEBUG glance.api.middleware.version_negotiation [None req-e54c8d9f-a5f1-47bc-9c9e-7816729c9779 tempest-TaggedBootDevicesTest-1980194037 tempest-TaggedBootDevicesTest-1980194037-project-member] Matched version: v2 {{(pid=99484) process_request /opt/stack/glance/glance/api/middleware/version_negotiation.py:69}}
Jul 05 18:49:34.851267 np0000004589 devstack@g-api.service[99484]: DEBUG glance.api.middleware.version_negotiation [None req-e54c8d9f-a5f1-47bc-9c9e-7816729c9779 tempest-TaggedBootDevicesTest-1980194037 tempest-TaggedBootDevicesTest-1980194037-project-member] new path /v2/images/8670c86c-871c-4fbb-acd6-1be2222748ea/file {{(pid=99484) process_request /opt/stack/glance/glance/api/middleware/version_negotiation.py:70}}
Jul 05 18:49:34.860431 np0000004589 devstack@g-api.service[99484]: DEBUG glance_store.backend [None req-e54c8d9f-a5f1-47bc-9c9e-7816729c9779 tempest-TaggedBootDevicesTest-1980194037 tempest-TaggedBootDevicesTest-1980194037-project-member] Attempting to import store swift {{(pid=99484) _load_store /opt/stack/data/venv/lib/python3.12/site-packages/glance_store/backend.py:215}}
Jul 05 18:49:34.861868 np0000004589 devstack@g-api.service[99484]: DEBUG glance_store.capabilities [None req-e54c8d9f-a5f1-47bc-9c9e-7816729c9779 tempest-TaggedBootDevicesTest-1980194037 tempest-TaggedBootDevicesTest-1980194037-project-member] Store glance_store._drivers.swift.store.SingleTenantStore doesn't support updating dynamic storage capabilities. Please overwrite 'update_capabilities' method of the store to implement updating logics if needed. {{(pid=99484) update_capabilities /opt/stack/data/venv/lib/python3.12/site-packages/glance_store/capabilities.py:91}}
Jul 05 18:49:34.861947 np0000004589 devstack@g-api.service[99484]: DEBUG glance_store.driver [None req-e54c8d9f-a5f1-47bc-9c9e-7816729c9779 tempest-TaggedBootDevicesTest-1980194037 tempest-TaggedBootDevicesTest-1980194037-project-member] Late loading location class glance_store._drivers.swift.store.StoreLocation {{(pid=99484) get_store_location_class /opt/stack/data/venv/lib/python3.12/site-packages/glance_store/driver.py:134}}
Jul 05 18:49:34.862048 np0000004589 devstack@g-api.service[99484]: DEBUG glance_store.location [None req-e54c8d9f-a5f1-47bc-9c9e-7816729c9779 tempest-TaggedBootDevicesTest-1980194037 tempest-TaggedBootDevicesTest-1980194037-project-member] Registering scheme swift+https with {'store': , 'location_class': , 'store_entry': 'swift'} {{(pid=99484) register_scheme_map /opt/stack/data/venv/lib/python3.12/site-packages/glance_store/location.py:146}}
Jul 05 18:49:34.862122 np0000004589 devstack@g-api.service[99484]: DEBUG glance_store.location [None req-e54c8d9f-a5f1-47bc-9c9e-7816729c9779 tempest-TaggedBootDevicesTest-1980194037 tempest-TaggedBootDevicesTest-1980194037-project-member] Registering scheme swift+https with {'store': , 'location_class': , 'store_entry': 'swift'} {{(pid=99484) register_scheme_map /opt/stack/data/venv/lib/python3.12/site-packages/glance_store/location.py:146}}
Jul 05 18:49:34.862318 np0000004589 devstack@g-api.service[99484]: DEBUG glance_store.location [None req-e54c8d9f-a5f1-47bc-9c9e-7816729c9779 tempest-TaggedBootDevicesTest-1980194037 tempest-TaggedBootDevicesTest-1980194037-project-member] Registering scheme swift with {'store': , 'location_class': , 'store_entry': 'swift'} {{(pid=99484) register_scheme_map /opt/stack/data/venv/lib/python3.12/site-packages/glance_store/location.py:146}}
Jul 05 18:49:34.862474 np0000004589 devstack@g-api.service[99484]: DEBUG glance_store.location [None req-e54c8d9f-a5f1-47bc-9c9e-7816729c9779 tempest-TaggedBootDevicesTest-1980194037 tempest-TaggedBootDevicesTest-1980194037-project-member] Registering scheme swift+https with {'store': , 'location_class': , 'store_entry': 'swift'} {{(pid=99484) register_scheme_map /opt/stack/data/venv/lib/python3.12/site-packages/glance_store/location.py:146}}
Jul 05 18:49:34.864598 np0000004589 devstack@g-api.service[99484]: DEBUG glance_store.location [None req-e54c8d9f-a5f1-47bc-9c9e-7816729c9779 tempest-TaggedBootDevicesTest-1980194037 tempest-TaggedBootDevicesTest-1980194037-project-member] Registering scheme swift with {'store': , 'location_class': , 'store_entry': 'swift'} {{(pid=99484) register_scheme_map /opt/stack/data/venv/lib/python3.12/site-packages/glance_store/location.py:146}}
Jul 05 18:49:34.864598 np0000004589 devstack@g-api.service[99484]: DEBUG glance_store.location [None req-e54c8d9f-a5f1-47bc-9c9e-7816729c9779 tempest-TaggedBootDevicesTest-1980194037 tempest-TaggedBootDevicesTest-1980194037-project-member] Registering scheme swift+http with {'store': , 'location_class': , 'store_entry': 'swift'} {{(pid=99484) register_scheme_map /opt/stack/data/venv/lib/python3.12/site-packages/glance_store/location.py:146}}
Jul 05 18:49:34.864598 np0000004589 devstack@g-api.service[99484]: DEBUG glance_store.location [None req-e54c8d9f-a5f1-47bc-9c9e-7816729c9779 tempest-TaggedBootDevicesTest-1980194037 tempest-TaggedBootDevicesTest-1980194037-project-member] Registering scheme swift+https with {'store': , 'location_class': , 'store_entry': 'swift'} {{(pid=99484) register_scheme_map /opt/stack/data/venv/lib/python3.12/site-packages/glance_store/location.py:146}}
Jul 05 18:49:34.864805 np0000004589 devstack@g-api.service[99484]: DEBUG glance_store.location [None req-e54c8d9f-a5f1-47bc-9c9e-7816729c9779 tempest-TaggedBootDevicesTest-1980194037 tempest-TaggedBootDevicesTest-1980194037-project-member] Registering scheme swift with {'store': , 'location_class': , 'store_entry': 'swift'} {{(pid=99484) register_scheme_map /opt/stack/data/venv/lib/python3.12/site-packages/glance_store/location.py:146}}
Jul 05 18:49:34.864805 np0000004589 devstack@g-api.service[99484]: DEBUG glance_store.location [None req-e54c8d9f-a5f1-47bc-9c9e-7816729c9779 tempest-TaggedBootDevicesTest-1980194037 tempest-TaggedBootDevicesTest-1980194037-project-member] Registering scheme swift+http with {'store': , 'location_class': , 'store_entry': 'swift'} {{(pid=99484) register_scheme_map /opt/stack/data/venv/lib/python3.12/site-packages/glance_store/location.py:146}}
Jul 05 18:49:34.864805 np0000004589 devstack@g-api.service[99484]: DEBUG glance_store.location [None req-e54c8d9f-a5f1-47bc-9c9e-7816729c9779 tempest-TaggedBootDevicesTest-1980194037 tempest-TaggedBootDevicesTest-1980194037-project-member] Registering scheme swift+config with {'store': , 'location_class': , 'store_entry': 'swift'} {{(pid=99484) register_scheme_map /opt/stack/data/venv/lib/python3.12/site-packages/glance_store/location.py:146}}
Jul 05 18:49:35.129425 np0000004589 devstack@g-api.service[99483]: DEBUG glance.api.middleware.version_negotiation [None req-e54c8d9f-a5f1-47bc-9c9e-7816729c9779 tempest-TaggedBootDevicesTest-1980194037 tempest-TaggedBootDevicesTest-1980194037-project-member] Determining version of request: GET /v2/images/8670c86c-871c-4fbb-acd6-1be2222748ea Accept: application/json {{(pid=99483) process_request /opt/stack/glance/glance/api/middleware/version_negotiation.py:44}}
Jul 05 18:49:35.129547 np0000004589 devstack@g-api.service[99483]: DEBUG glance.api.middleware.version_negotiation [None req-e54c8d9f-a5f1-47bc-9c9e-7816729c9779 tempest-TaggedBootDevicesTest-1980194037 tempest-TaggedBootDevicesTest-1980194037-project-member] Using url versioning {{(pid=99483) process_request /opt/stack/glance/glance/api/middleware/version_negotiation.py:57}}
Jul 05 18:49:35.129672 np0000004589 devstack@g-api.service[99483]: DEBUG glance.api.middleware.version_negotiation [None req-e54c8d9f-a5f1-47bc-9c9e-7816729c9779 tempest-TaggedBootDevicesTest-1980194037 tempest-TaggedBootDevicesTest-1980194037-project-member] Matched version: v2 {{(pid=99483) process_request /opt/stack/glance/glance/api/middleware/version_negotiation.py:69}}
Jul 05 18:49:35.129754 np0000004589 devstack@g-api.service[99483]: DEBUG glance.api.middleware.version_negotiation [None req-e54c8d9f-a5f1-47bc-9c9e-7816729c9779 tempest-TaggedBootDevicesTest-1980194037 tempest-TaggedBootDevicesTest-1980194037-project-member] new path /v2/images/8670c86c-871c-4fbb-acd6-1be2222748ea {{(pid=99483) process_request /opt/stack/glance/glance/api/middleware/version_negotiation.py:70}}
Jul 05 18:49:35.258643 np0000004589 devstack@g-api.service[99484]: DEBUG swiftclient [None req-e54c8d9f-a5f1-47bc-9c9e-7816729c9779 tempest-TaggedBootDevicesTest-1980194037 tempest-TaggedBootDevicesTest-1980194037-project-member] REQ: curl -i https://10.4.3.24:8080/v1/AUTH_1d117c8a1470497abfd6860d36c47723/glance/8670c86c-871c-4fbb-acd6-1be2222748ea -X GET -H "X-Auth-Token: gAAAAABqSqc-2SIl..." {{(pid=99484) http_log /opt/stack/data/venv/lib/python3.12/site-packages/swiftclient/client.py:160}}
Jul 05 18:49:35.258966 np0000004589 devstack@g-api.service[99484]: DEBUG swiftclient [None req-e54c8d9f-a5f1-47bc-9c9e-7816729c9779 tempest-TaggedBootDevicesTest-1980194037 tempest-TaggedBootDevicesTest-1980194037-project-member] RESP STATUS: 200 OK {{(pid=99484) http_log /opt/stack/data/venv/lib/python3.12/site-packages/swiftclient/client.py:161}}
Jul 05 18:49:35.259020 np0000004589 devstack@g-api.service[99484]: DEBUG swiftclient [None req-e54c8d9f-a5f1-47bc-9c9e-7816729c9779 tempest-TaggedBootDevicesTest-1980194037 tempest-TaggedBootDevicesTest-1980194037-project-member] RESP HEADERS: {'Date': 'Sun, 05 Jul 2026 18:49:35 GMT', 'Server': 'Apache/2.4.58 (Ubuntu)', 'Content-Type': 'application/octet-stream', 'Etag': '87617e24a5e30cb3b87fda8c0764838f', 'Last-Modified': 'Sun, 05 Jul 2026 18:47:57 GMT', 'X-Timestamp': '1783277276.82643', 'Accept-Ranges': 'bytes', 'Content-Length': '21692416', 'X-Trans-Id': 'tx7e5f081ee83a474d9dc93-006a4aa73f', 'X-Openstack-Request-Id': 'tx7e5f081ee83a474d9dc93-006a4aa73f', 'Connection': 'close'} {{(pid=99484) http_log /opt/stack/data/venv/lib/python3.12/site-packages/swiftclient/client.py:162}}
Jul 05 18:49:35.272297 np0000004589 devstack@g-api.service[99484]: DEBUG glance.image_cache [None req-e54c8d9f-a5f1-47bc-9c9e-7816729c9779 tempest-TaggedBootDevicesTest-1980194037 tempest-TaggedBootDevicesTest-1980194037-project-member] Tee'ing image '8670c86c-871c-4fbb-acd6-1be2222748ea' into cache {{(pid=99484) get_caching_iter /opt/stack/glance/glance/image_cache/__init__.py:356}}
Jul 05 18:49:35.401152 np0000004589 devstack@g-api.service[99483]: [pid: 99483|app: 0|req: 14/40] 127.0.0.1 () {40 vars in 834 bytes} [Sun Jul 5 18:49:35 2026] GET /v2/images/8670c86c-871c-4fbb-acd6-1be2222748ea => generated 1044 bytes in 272 msecs (HTTP/1.1 200) 4 headers in 158 bytes (1 switches on core 0)
Jul 05 18:49:35.408459 np0000004589 devstack@g-api.service[99485]: DEBUG glance.api.middleware.version_negotiation [None req-e54c8d9f-a5f1-47bc-9c9e-7816729c9779 tempest-TaggedBootDevicesTest-1980194037 tempest-TaggedBootDevicesTest-1980194037-project-member] Determining version of request: GET /v2/images/8670c86c-871c-4fbb-acd6-1be2222748ea/file Accept: application/json {{(pid=99485) process_request /opt/stack/glance/glance/api/middleware/version_negotiation.py:44}}
Jul 05 18:49:35.408459 np0000004589 devstack@g-api.service[99485]: DEBUG glance.api.middleware.version_negotiation [None req-e54c8d9f-a5f1-47bc-9c9e-7816729c9779 tempest-TaggedBootDevicesTest-1980194037 tempest-TaggedBootDevicesTest-1980194037-project-member] Using url versioning {{(pid=99485) process_request /opt/stack/glance/glance/api/middleware/version_negotiation.py:57}}
Jul 05 18:49:35.408621 np0000004589 devstack@g-api.service[99485]: DEBUG glance.api.middleware.version_negotiation [None req-e54c8d9f-a5f1-47bc-9c9e-7816729c9779 tempest-TaggedBootDevicesTest-1980194037 tempest-TaggedBootDevicesTest-1980194037-project-member] Matched version: v2 {{(pid=99485) process_request /opt/stack/glance/glance/api/middleware/version_negotiation.py:69}}
Jul 05 18:49:35.408983 np0000004589 devstack@g-api.service[99485]: DEBUG glance.api.middleware.version_negotiation [None req-e54c8d9f-a5f1-47bc-9c9e-7816729c9779 tempest-TaggedBootDevicesTest-1980194037 tempest-TaggedBootDevicesTest-1980194037-project-member] new path /v2/images/8670c86c-871c-4fbb-acd6-1be2222748ea/file {{(pid=99485) process_request /opt/stack/glance/glance/api/middleware/version_negotiation.py:70}}
Jul 05 18:49:35.443127 np0000004589 devstack@g-api.service[99484]: DEBUG glance.image_cache.drivers.centralized_db [None req-e54c8d9f-a5f1-47bc-9c9e-7816729c9779 tempest-TaggedBootDevicesTest-1980194037 tempest-TaggedBootDevicesTest-1980194037-project-member] Fetch finished, moving '/opt/stack/data/glance/cache/incomplete/8670c86c-871c-4fbb-acd6-1be2222748ea' to '/opt/stack/data/glance/cache/8670c86c-871c-4fbb-acd6-1be2222748ea' {{(pid=99484) commit /opt/stack/glance/glance/image_cache/drivers/centralized_db.py:243}}
Jul 05 18:49:35.456813 np0000004589 devstack@g-api.service[99484]: DEBUG glance.image_cache.drivers.centralized_db [None req-e54c8d9f-a5f1-47bc-9c9e-7816729c9779 tempest-TaggedBootDevicesTest-1980194037 tempest-TaggedBootDevicesTest-1980194037-project-member] Image cached successfully. {{(pid=99484) commit /opt/stack/glance/glance/image_cache/drivers/centralized_db.py:258}}
Jul 05 18:49:35.457058 np0000004589 devstack@g-api.service[99484]: [pid: 99484|app: 0|req: 13/41] 127.0.0.1 () {44 vars in 1121 bytes} [Sun Jul 5 18:49:34 2026] GET /v2/images/8670c86c-871c-4fbb-acd6-1be2222748ea/file => generated 21692416 bytes in 606 msecs (HTTP/1.1 200) 4 headers in 191 bytes (333 switches on core 0)
Jul 05 18:49:35.632256 np0000004589 devstack@g-api.service[99485]: DEBUG glance.api.middleware.cache [None req-5c6d6db9-e333-4ae3-8131-b996c2202493 tempest-AttachSCSIVolumeTestJSON-155669271 tempest-AttachSCSIVolumeTestJSON-155669271-project-admin] Cache hit for image '8670c86c-871c-4fbb-acd6-1be2222748ea' {{(pid=99485) process_request /opt/stack/glance/glance/api/middleware/cache.py:160}}
Jul 05 18:49:35.641203 np0000004589 devstack@g-api.service[99483]: DEBUG glance.api.middleware.version_negotiation [None req-79efd3bb-7134-4641-8cca-ebb62a5c691b tempest-AttachSCSIVolumeTestJSON-70712280 tempest-AttachSCSIVolumeTestJSON-70712280-project-reader] Determining version of request: POST /v2/images Accept: application/json {{(pid=99483) process_request /opt/stack/glance/glance/api/middleware/version_negotiation.py:44}}
Jul 05 18:49:35.641365 np0000004589 devstack@g-api.service[99483]: DEBUG glance.api.middleware.version_negotiation [None req-79efd3bb-7134-4641-8cca-ebb62a5c691b tempest-AttachSCSIVolumeTestJSON-70712280 tempest-AttachSCSIVolumeTestJSON-70712280-project-reader] Using url versioning {{(pid=99483) process_request /opt/stack/glance/glance/api/middleware/version_negotiation.py:57}}
Jul 05 18:49:35.643411 np0000004589 devstack@g-api.service[99483]: DEBUG glance.api.middleware.version_negotiation [None req-79efd3bb-7134-4641-8cca-ebb62a5c691b tempest-AttachSCSIVolumeTestJSON-70712280 tempest-AttachSCSIVolumeTestJSON-70712280-project-reader] Matched version: v2 {{(pid=99483) process_request /opt/stack/glance/glance/api/middleware/version_negotiation.py:69}}
Jul 05 18:49:35.643411 np0000004589 devstack@g-api.service[99483]: DEBUG glance.api.middleware.version_negotiation [None req-79efd3bb-7134-4641-8cca-ebb62a5c691b tempest-AttachSCSIVolumeTestJSON-70712280 tempest-AttachSCSIVolumeTestJSON-70712280-project-reader] new path /v2/images {{(pid=99483) process_request /opt/stack/glance/glance/api/middleware/version_negotiation.py:70}}
Jul 05 18:49:36.235440 np0000004589 devstack@g-api.service[99483]: [pid: 99483|app: 0|req: 15/42] 127.0.0.1 () {42 vars in 782 bytes} [Sun Jul 5 18:49:35 2026] POST /v2/images => generated 690 bytes in 594 msecs (HTTP/1.1 201) 6 headers in 315 bytes (1 switches on core 0)
Jul 05 18:49:36.243172 np0000004589 devstack@g-api.service[99484]: DEBUG glance.api.middleware.version_negotiation [None req-e54c8d9f-a5f1-47bc-9c9e-7816729c9779 tempest-TaggedBootDevicesTest-1980194037 tempest-TaggedBootDevicesTest-1980194037-project-member] Determining version of request: PUT /v2/images/52cdab72-15ca-4ea1-83f3-ad6282f0921d/file Accept: {{(pid=99484) process_request /opt/stack/glance/glance/api/middleware/version_negotiation.py:44}}
Jul 05 18:49:36.243286 np0000004589 devstack@g-api.service[99484]: DEBUG glance.api.middleware.version_negotiation [None req-e54c8d9f-a5f1-47bc-9c9e-7816729c9779 tempest-TaggedBootDevicesTest-1980194037 tempest-TaggedBootDevicesTest-1980194037-project-member] Using url versioning {{(pid=99484) process_request /opt/stack/glance/glance/api/middleware/version_negotiation.py:57}}
Jul 05 18:49:36.243407 np0000004589 devstack@g-api.service[99484]: DEBUG glance.api.middleware.version_negotiation [None req-e54c8d9f-a5f1-47bc-9c9e-7816729c9779 tempest-TaggedBootDevicesTest-1980194037 tempest-TaggedBootDevicesTest-1980194037-project-member] Matched version: v2 {{(pid=99484) process_request /opt/stack/glance/glance/api/middleware/version_negotiation.py:69}}
Jul 05 18:49:36.243512 np0000004589 devstack@g-api.service[99484]: DEBUG glance.api.middleware.version_negotiation [None req-e54c8d9f-a5f1-47bc-9c9e-7816729c9779 tempest-TaggedBootDevicesTest-1980194037 tempest-TaggedBootDevicesTest-1980194037-project-member] new path /v2/images/52cdab72-15ca-4ea1-83f3-ad6282f0921d/file {{(pid=99484) process_request /opt/stack/glance/glance/api/middleware/version_negotiation.py:70}}
Jul 05 18:49:36.288728 np0000004589 devstack@g-api.service[99485]: [pid: 99485|app: 0|req: 15/43] 127.0.0.1 () {40 vars in 844 bytes} [Sun Jul 5 18:49:35 2026] GET /v2/images/8670c86c-871c-4fbb-acd6-1be2222748ea/file => generated 21692416 bytes in 880 msecs (HTTP/1.1 200) 5 headers in 217 bytes (338 switches on core 0)
Jul 05 18:49:36.613683 np0000004589 devstack@g-api.service[99483]: DEBUG glance.api.middleware.version_negotiation [None req-c1c0d445-274d-49e3-9989-672c52b372ea tempest-AttachSCSIVolumeTestJSON-155669271 tempest-AttachSCSIVolumeTestJSON-155669271-project-admin] Determining version of request: GET /v2/images/8670c86c-871c-4fbb-acd6-1be2222748ea Accept: */* {{(pid=99483) process_request /opt/stack/glance/glance/api/middleware/version_negotiation.py:44}}
Jul 05 18:49:36.613683 np0000004589 devstack@g-api.service[99483]: DEBUG glance.api.middleware.version_negotiation [None req-c1c0d445-274d-49e3-9989-672c52b372ea tempest-AttachSCSIVolumeTestJSON-155669271 tempest-AttachSCSIVolumeTestJSON-155669271-project-admin] Using url versioning {{(pid=99483) process_request /opt/stack/glance/glance/api/middleware/version_negotiation.py:57}}
Jul 05 18:49:36.613800 np0000004589 devstack@g-api.service[99483]: DEBUG glance.api.middleware.version_negotiation [None req-c1c0d445-274d-49e3-9989-672c52b372ea tempest-AttachSCSIVolumeTestJSON-155669271 tempest-AttachSCSIVolumeTestJSON-155669271-project-admin] Matched version: v2 {{(pid=99483) process_request /opt/stack/glance/glance/api/middleware/version_negotiation.py:69}}
Jul 05 18:49:36.614010 np0000004589 devstack@g-api.service[99483]: DEBUG glance.api.middleware.version_negotiation [None req-c1c0d445-274d-49e3-9989-672c52b372ea tempest-AttachSCSIVolumeTestJSON-155669271 tempest-AttachSCSIVolumeTestJSON-155669271-project-admin] new path /v2/images/8670c86c-871c-4fbb-acd6-1be2222748ea {{(pid=99483) process_request /opt/stack/glance/glance/api/middleware/version_negotiation.py:70}}
Jul 05 18:49:36.623063 np0000004589 devstack@g-api.service[99483]: [pid: 99483|app: 0|req: 16/44] 127.0.0.1 () {44 vars in 1111 bytes} [Sun Jul 5 18:49:36 2026] GET /v2/images/8670c86c-871c-4fbb-acd6-1be2222748ea => generated 1044 bytes in 10 msecs (HTTP/1.1 200) 4 headers in 158 bytes (1 switches on core 0)
Jul 05 18:49:36.632028 np0000004589 devstack@g-api.service[99485]: DEBUG glance.api.middleware.version_negotiation [None req-5c6d6db9-e333-4ae3-8131-b996c2202493 tempest-AttachSCSIVolumeTestJSON-155669271 tempest-AttachSCSIVolumeTestJSON-155669271-project-admin] Determining version of request: GET /v2/schemas/image Accept: */* {{(pid=99485) process_request /opt/stack/glance/glance/api/middleware/version_negotiation.py:44}}
Jul 05 18:49:36.632512 np0000004589 devstack@g-api.service[99485]: DEBUG glance.api.middleware.version_negotiation [None req-5c6d6db9-e333-4ae3-8131-b996c2202493 tempest-AttachSCSIVolumeTestJSON-155669271 tempest-AttachSCSIVolumeTestJSON-155669271-project-admin] Using url versioning {{(pid=99485) process_request /opt/stack/glance/glance/api/middleware/version_negotiation.py:57}}
Jul 05 18:49:36.632512 np0000004589 devstack@g-api.service[99485]: DEBUG glance.api.middleware.version_negotiation [None req-5c6d6db9-e333-4ae3-8131-b996c2202493 tempest-AttachSCSIVolumeTestJSON-155669271 tempest-AttachSCSIVolumeTestJSON-155669271-project-admin] Matched version: v2 {{(pid=99485) process_request /opt/stack/glance/glance/api/middleware/version_negotiation.py:69}}
Jul 05 18:49:36.632610 np0000004589 devstack@g-api.service[99485]: DEBUG glance.api.middleware.version_negotiation [None req-5c6d6db9-e333-4ae3-8131-b996c2202493 tempest-AttachSCSIVolumeTestJSON-155669271 tempest-AttachSCSIVolumeTestJSON-155669271-project-admin] new path /v2/schemas/image {{(pid=99485) process_request /opt/stack/glance/glance/api/middleware/version_negotiation.py:70}}
Jul 05 18:49:36.635595 np0000004589 devstack@g-api.service[99485]: [pid: 99485|app: 0|req: 16/45] 127.0.0.1 () {44 vars in 1051 bytes} [Sun Jul 5 18:49:36 2026] GET /v2/schemas/image => generated 6083 bytes in 4 msecs (HTTP/1.1 200) 4 headers in 158 bytes (1 switches on core 0)
Jul 05 18:49:36.834724 np0000004589 devstack@g-api.service[99484]: INFO glance.api.v2.image_data [None req-c7266003-eccd-459b-9cfb-c5dc43c2cb9d tempest-AttachSCSIVolumeTestJSON-155669271 tempest-AttachSCSIVolumeTestJSON-155669271-project-admin] Unable to create trust: no such option collect_timing in group [keystone_authtoken] Use the existing user token.
Jul 05 18:49:37.519859 np0000004589 devstack@g-api.service[99484]: DEBUG glance.location [None req-c7266003-eccd-459b-9cfb-c5dc43c2cb9d tempest-AttachSCSIVolumeTestJSON-155669271 tempest-AttachSCSIVolumeTestJSON-155669271-project-admin] Enabling in-flight format inspection for qcow2 {{(pid=99484) set_data /opt/stack/glance/glance/location.py:596}}
Jul 05 18:49:37.519859 np0000004589 devstack@g-api.service[99484]: DEBUG glance_store.backend [None req-c7266003-eccd-459b-9cfb-c5dc43c2cb9d tempest-AttachSCSIVolumeTestJSON-155669271 tempest-AttachSCSIVolumeTestJSON-155669271-project-admin] Attempting to import store swift {{(pid=99484) _load_store /opt/stack/data/venv/lib/python3.12/site-packages/glance_store/backend.py:215}}
Jul 05 18:49:37.521492 np0000004589 devstack@g-api.service[99484]: DEBUG glance_store.capabilities [None req-c7266003-eccd-459b-9cfb-c5dc43c2cb9d tempest-AttachSCSIVolumeTestJSON-155669271 tempest-AttachSCSIVolumeTestJSON-155669271-project-admin] Store glance_store._drivers.swift.store.SingleTenantStore doesn't support updating dynamic storage capabilities. Please overwrite 'update_capabilities' method of the store to implement updating logics if needed. {{(pid=99484) update_capabilities /opt/stack/data/venv/lib/python3.12/site-packages/glance_store/capabilities.py:91}}
Jul 05 18:49:37.521492 np0000004589 devstack@g-api.service[99484]: DEBUG glance_store.driver [None req-c7266003-eccd-459b-9cfb-c5dc43c2cb9d tempest-AttachSCSIVolumeTestJSON-155669271 tempest-AttachSCSIVolumeTestJSON-155669271-project-admin] Late loading location class glance_store._drivers.swift.store.StoreLocation {{(pid=99484) get_store_location_class /opt/stack/data/venv/lib/python3.12/site-packages/glance_store/driver.py:134}}
Jul 05 18:49:37.521644 np0000004589 devstack@g-api.service[99484]: DEBUG glance_store.location [None req-c7266003-eccd-459b-9cfb-c5dc43c2cb9d tempest-AttachSCSIVolumeTestJSON-155669271 tempest-AttachSCSIVolumeTestJSON-155669271-project-admin] Registering scheme swift+https with {'store': , 'location_class': , 'store_entry': 'swift'} {{(pid=99484) register_scheme_map /opt/stack/data/venv/lib/python3.12/site-packages/glance_store/location.py:146}}
Jul 05 18:49:37.521644 np0000004589 devstack@g-api.service[99484]: DEBUG glance_store.location [None req-c7266003-eccd-459b-9cfb-c5dc43c2cb9d tempest-AttachSCSIVolumeTestJSON-155669271 tempest-AttachSCSIVolumeTestJSON-155669271-project-admin] Registering scheme swift+https with {'store': , 'location_class': , 'store_entry': 'swift'} {{(pid=99484) register_scheme_map /opt/stack/data/venv/lib/python3.12/site-packages/glance_store/location.py:146}}
Jul 05 18:49:37.522072 np0000004589 devstack@g-api.service[99484]: DEBUG glance_store.location [None req-c7266003-eccd-459b-9cfb-c5dc43c2cb9d tempest-AttachSCSIVolumeTestJSON-155669271 tempest-AttachSCSIVolumeTestJSON-155669271-project-admin] Registering scheme swift with {'store': , 'location_class': , 'store_entry': 'swift'} {{(pid=99484) register_scheme_map /opt/stack/data/venv/lib/python3.12/site-packages/glance_store/location.py:146}}
Jul 05 18:49:37.522072 np0000004589 devstack@g-api.service[99484]: DEBUG glance_store.location [None req-c7266003-eccd-459b-9cfb-c5dc43c2cb9d tempest-AttachSCSIVolumeTestJSON-155669271 tempest-AttachSCSIVolumeTestJSON-155669271-project-admin] Registering scheme swift+https with {'store': , 'location_class': , 'store_entry': 'swift'} {{(pid=99484) register_scheme_map /opt/stack/data/venv/lib/python3.12/site-packages/glance_store/location.py:146}}
Jul 05 18:49:37.522072 np0000004589 devstack@g-api.service[99484]: DEBUG glance_store.location [None req-c7266003-eccd-459b-9cfb-c5dc43c2cb9d tempest-AttachSCSIVolumeTestJSON-155669271 tempest-AttachSCSIVolumeTestJSON-155669271-project-admin] Registering scheme swift with {'store': , 'location_class': , 'store_entry': 'swift'} {{(pid=99484) register_scheme_map /opt/stack/data/venv/lib/python3.12/site-packages/glance_store/location.py:146}}
Jul 05 18:49:37.522489 np0000004589 devstack@g-api.service[99484]: DEBUG glance_store.location [None req-c7266003-eccd-459b-9cfb-c5dc43c2cb9d tempest-AttachSCSIVolumeTestJSON-155669271 tempest-AttachSCSIVolumeTestJSON-155669271-project-admin] Registering scheme swift+http with {'store': , 'location_class': , 'store_entry': 'swift'} {{(pid=99484) register_scheme_map /opt/stack/data/venv/lib/python3.12/site-packages/glance_store/location.py:146}}
Jul 05 18:49:37.522489 np0000004589 devstack@g-api.service[99484]: DEBUG glance_store.location [None req-c7266003-eccd-459b-9cfb-c5dc43c2cb9d tempest-AttachSCSIVolumeTestJSON-155669271 tempest-AttachSCSIVolumeTestJSON-155669271-project-admin] Registering scheme swift+https with {'store': , 'location_class': , 'store_entry': 'swift'} {{(pid=99484) register_scheme_map /opt/stack/data/venv/lib/python3.12/site-packages/glance_store/location.py:146}}
Jul 05 18:49:37.522489 np0000004589 devstack@g-api.service[99484]: DEBUG glance_store.location [None req-c7266003-eccd-459b-9cfb-c5dc43c2cb9d tempest-AttachSCSIVolumeTestJSON-155669271 tempest-AttachSCSIVolumeTestJSON-155669271-project-admin] Registering scheme swift with {'store': , 'location_class': , 'store_entry': 'swift'} {{(pid=99484) register_scheme_map /opt/stack/data/venv/lib/python3.12/site-packages/glance_store/location.py:146}}
Jul 05 18:49:37.522649 np0000004589 devstack@g-api.service[99484]: DEBUG glance_store.location [None req-c7266003-eccd-459b-9cfb-c5dc43c2cb9d tempest-AttachSCSIVolumeTestJSON-155669271 tempest-AttachSCSIVolumeTestJSON-155669271-project-admin] Registering scheme swift+http with {'store': , 'location_class': , 'store_entry': 'swift'} {{(pid=99484) register_scheme_map /opt/stack/data/venv/lib/python3.12/site-packages/glance_store/location.py:146}}
Jul 05 18:49:37.522649 np0000004589 devstack@g-api.service[99484]: DEBUG glance_store.location [None req-c7266003-eccd-459b-9cfb-c5dc43c2cb9d tempest-AttachSCSIVolumeTestJSON-155669271 tempest-AttachSCSIVolumeTestJSON-155669271-project-admin] Registering scheme swift+config with {'store': , 'location_class': , 'store_entry': 'swift'} {{(pid=99484) register_scheme_map /opt/stack/data/venv/lib/python3.12/site-packages/glance_store/location.py:146}}
Jul 05 18:49:37.962132 np0000004589 devstack@g-api.service[99484]: DEBUG swiftclient [None req-c7266003-eccd-459b-9cfb-c5dc43c2cb9d tempest-AttachSCSIVolumeTestJSON-155669271 tempest-AttachSCSIVolumeTestJSON-155669271-project-admin] REQ: curl -i https://10.4.3.24:8080/v1/AUTH_1d117c8a1470497abfd6860d36c47723/glance -I -H "X-Auth-Token: gAAAAABqSqdBj8my..." {{(pid=99484) http_log /opt/stack/data/venv/lib/python3.12/site-packages/swiftclient/client.py:160}}
Jul 05 18:49:37.962629 np0000004589 devstack@g-api.service[99484]: DEBUG swiftclient [None req-c7266003-eccd-459b-9cfb-c5dc43c2cb9d tempest-AttachSCSIVolumeTestJSON-155669271 tempest-AttachSCSIVolumeTestJSON-155669271-project-admin] RESP STATUS: 204 No Content {{(pid=99484) http_log /opt/stack/data/venv/lib/python3.12/site-packages/swiftclient/client.py:161}}
Jul 05 18:49:37.962629 np0000004589 devstack@g-api.service[99484]: DEBUG swiftclient [None req-c7266003-eccd-459b-9cfb-c5dc43c2cb9d tempest-AttachSCSIVolumeTestJSON-155669271 tempest-AttachSCSIVolumeTestJSON-155669271-project-admin] RESP HEADERS: {'Date': 'Sun, 05 Jul 2026 18:49:37 GMT', 'Server': 'Apache/2.4.58 (Ubuntu)', 'Content-Type': 'text/plain; charset=utf-8', 'X-Container-Object-Count': '3', 'X-Container-Bytes-Used': '64356352', 'X-Timestamp': '1783277270.42008', 'Last-Modified': 'Sun, 05 Jul 2026 18:47:51 GMT', 'Accept-Ranges': 'bytes', 'X-Storage-Policy': 'Policy-0', 'X-Container-Sharding': 'False', 'Vary': 'Accept', 'X-Trans-Id': 'tx5e2a55cbb4914a57986f0-006a4aa741', 'X-Openstack-Request-Id': 'tx5e2a55cbb4914a57986f0-006a4aa741', 'Connection': 'close'} {{(pid=99484) http_log /opt/stack/data/venv/lib/python3.12/site-packages/swiftclient/client.py:162}}
Jul 05 18:49:37.962806 np0000004589 devstack@g-api.service[99484]: DEBUG glance_store._drivers.swift.store [None req-c7266003-eccd-459b-9cfb-c5dc43c2cb9d tempest-AttachSCSIVolumeTestJSON-155669271 tempest-AttachSCSIVolumeTestJSON-155669271-project-admin] Adding image object '52cdab72-15ca-4ea1-83f3-ad6282f0921d' to Swift {{(pid=99484) add /opt/stack/data/venv/lib/python3.12/site-packages/glance_store/_drivers/swift/store.py:970}}
Jul 05 18:49:37.962889 np0000004589 devstack@g-api.service[99484]: DEBUG glance_store._drivers.swift.store [None req-c7266003-eccd-459b-9cfb-c5dc43c2cb9d tempest-AttachSCSIVolumeTestJSON-155669271 tempest-AttachSCSIVolumeTestJSON-155669271-project-admin] Cannot determine image size because it is either not provided in the request or chunked-transfer encoding is used. Adding image as a segmented object to Swift. {{(pid=99484) add /opt/stack/data/venv/lib/python3.12/site-packages/glance_store/_drivers/swift/store.py:994}}
Jul 05 18:49:37.972390 np0000004589 devstack@g-api.service[99484]: DEBUG oslo_utils.imageutils.format_inspector [None req-c7266003-eccd-459b-9cfb-c5dc43c2cb9d tempest-AttachSCSIVolumeTestJSON-155669271 tempest-AttachSCSIVolumeTestJSON-155669271-project-admin] Format inspector for vmdk does not match, excluding from consideration (Signature KDMV not found: b'QFI\xfb') {{(pid=99484) _process_chunk /opt/stack/data/venv/lib/python3.12/site-packages/oslo_utils/imageutils/format_inspector.py:1758}}
Jul 05 18:49:37.977634 np0000004589 devstack@g-api.service[99484]: DEBUG oslo_utils.imageutils.format_inspector [None req-c7266003-eccd-459b-9cfb-c5dc43c2cb9d tempest-AttachSCSIVolumeTestJSON-155669271 tempest-AttachSCSIVolumeTestJSON-155669271-project-admin] Format inspector for vhdx does not match, excluding from consideration (Region signature not found at 30000) {{(pid=99484) _process_chunk /opt/stack/data/venv/lib/python3.12/site-packages/oslo_utils/imageutils/format_inspector.py:1758}}
Jul 05 18:49:38.091426 np0000004589 devstack@g-api.service[99483]: DEBUG glance.api.middleware.version_negotiation [None req-e54c8d9f-a5f1-47bc-9c9e-7816729c9779 tempest-TaggedBootDevicesTest-1980194037 tempest-TaggedBootDevicesTest-1980194037-project-member] Determining version of request: GET /v2/images/8670c86c-871c-4fbb-acd6-1be2222748ea Accept: */* {{(pid=99483) process_request /opt/stack/glance/glance/api/middleware/version_negotiation.py:44}}
Jul 05 18:49:38.091816 np0000004589 devstack@g-api.service[99483]: DEBUG glance.api.middleware.version_negotiation [None req-e54c8d9f-a5f1-47bc-9c9e-7816729c9779 tempest-TaggedBootDevicesTest-1980194037 tempest-TaggedBootDevicesTest-1980194037-project-member] Using url versioning {{(pid=99483) process_request /opt/stack/glance/glance/api/middleware/version_negotiation.py:57}}
Jul 05 18:49:38.091816 np0000004589 devstack@g-api.service[99483]: DEBUG glance.api.middleware.version_negotiation [None req-e54c8d9f-a5f1-47bc-9c9e-7816729c9779 tempest-TaggedBootDevicesTest-1980194037 tempest-TaggedBootDevicesTest-1980194037-project-member] Matched version: v2 {{(pid=99483) process_request /opt/stack/glance/glance/api/middleware/version_negotiation.py:69}}
Jul 05 18:49:38.091816 np0000004589 devstack@g-api.service[99483]: DEBUG glance.api.middleware.version_negotiation [None req-e54c8d9f-a5f1-47bc-9c9e-7816729c9779 tempest-TaggedBootDevicesTest-1980194037 tempest-TaggedBootDevicesTest-1980194037-project-member] new path /v2/images/8670c86c-871c-4fbb-acd6-1be2222748ea {{(pid=99483) process_request /opt/stack/glance/glance/api/middleware/version_negotiation.py:70}}
Jul 05 18:49:38.119254 np0000004589 devstack@g-api.service[99483]: [pid: 99483|app: 0|req: 17/46] 127.0.0.1 () {44 vars in 1111 bytes} [Sun Jul 5 18:49:38 2026] GET /v2/images/8670c86c-871c-4fbb-acd6-1be2222748ea => generated 1044 bytes in 27 msecs (HTTP/1.1 200) 4 headers in 158 bytes (1 switches on core 0)
Jul 05 18:49:38.127331 np0000004589 devstack@g-api.service[99485]: DEBUG glance.api.middleware.version_negotiation [None req-e54c8d9f-a5f1-47bc-9c9e-7816729c9779 tempest-TaggedBootDevicesTest-1980194037 tempest-TaggedBootDevicesTest-1980194037-project-member] Determining version of request: GET /v2/schemas/image Accept: */* {{(pid=99485) process_request /opt/stack/glance/glance/api/middleware/version_negotiation.py:44}}
Jul 05 18:49:38.127658 np0000004589 devstack@g-api.service[99485]: DEBUG glance.api.middleware.version_negotiation [None req-e54c8d9f-a5f1-47bc-9c9e-7816729c9779 tempest-TaggedBootDevicesTest-1980194037 tempest-TaggedBootDevicesTest-1980194037-project-member] Using url versioning {{(pid=99485) process_request /opt/stack/glance/glance/api/middleware/version_negotiation.py:57}}
Jul 05 18:49:38.127658 np0000004589 devstack@g-api.service[99485]: DEBUG glance.api.middleware.version_negotiation [None req-e54c8d9f-a5f1-47bc-9c9e-7816729c9779 tempest-TaggedBootDevicesTest-1980194037 tempest-TaggedBootDevicesTest-1980194037-project-member] Matched version: v2 {{(pid=99485) process_request /opt/stack/glance/glance/api/middleware/version_negotiation.py:69}}
Jul 05 18:49:38.127779 np0000004589 devstack@g-api.service[99485]: DEBUG glance.api.middleware.version_negotiation [None req-e54c8d9f-a5f1-47bc-9c9e-7816729c9779 tempest-TaggedBootDevicesTest-1980194037 tempest-TaggedBootDevicesTest-1980194037-project-member] new path /v2/schemas/image {{(pid=99485) process_request /opt/stack/glance/glance/api/middleware/version_negotiation.py:70}}
Jul 05 18:49:38.136262 np0000004589 devstack@g-api.service[99485]: [pid: 99485|app: 0|req: 17/47] 127.0.0.1 () {44 vars in 1051 bytes} [Sun Jul 5 18:49:38 2026] GET /v2/schemas/image => generated 6083 bytes in 9 msecs (HTTP/1.1 200) 4 headers in 158 bytes (1 switches on core 0)
Jul 05 18:49:38.333902 np0000004589 devstack@g-api.service[99484]: DEBUG swiftclient [None req-c7266003-eccd-459b-9cfb-c5dc43c2cb9d tempest-AttachSCSIVolumeTestJSON-155669271 tempest-AttachSCSIVolumeTestJSON-155669271-project-admin] REQ: curl -i https://10.4.3.24:8080/v1/AUTH_1d117c8a1470497abfd6860d36c47723/glance/52cdab72-15ca-4ea1-83f3-ad6282f0921d-00001 -X PUT -H "X-Auth-Token: gAAAAABqSqdBj8my..." {{(pid=99484) http_log /opt/stack/data/venv/lib/python3.12/site-packages/swiftclient/client.py:160}}
Jul 05 18:49:38.334038 np0000004589 devstack@g-api.service[99484]: DEBUG swiftclient [None req-c7266003-eccd-459b-9cfb-c5dc43c2cb9d tempest-AttachSCSIVolumeTestJSON-155669271 tempest-AttachSCSIVolumeTestJSON-155669271-project-admin] RESP STATUS: 201 Created {{(pid=99484) http_log /opt/stack/data/venv/lib/python3.12/site-packages/swiftclient/client.py:161}}
Jul 05 18:49:38.334165 np0000004589 devstack@g-api.service[99484]: DEBUG swiftclient [None req-c7266003-eccd-459b-9cfb-c5dc43c2cb9d tempest-AttachSCSIVolumeTestJSON-155669271 tempest-AttachSCSIVolumeTestJSON-155669271-project-admin] RESP HEADERS: {'Date': 'Sun, 05 Jul 2026 18:49:38 GMT', 'Server': 'Apache/2.4.58 (Ubuntu)', 'Content-Type': 'text/html; charset=UTF-8', 'Content-Length': '0', 'Etag': '87617e24a5e30cb3b87fda8c0764838f', 'Last-Modified': 'Sun, 05 Jul 2026 18:49:38 GMT', 'X-Trans-Id': 'tx53dcc15f514b494aa1b41-006a4aa741', 'X-Openstack-Request-Id': 'tx53dcc15f514b494aa1b41-006a4aa741', 'Connection': 'close'} {{(pid=99484) http_log /opt/stack/data/venv/lib/python3.12/site-packages/swiftclient/client.py:162}}
