Jun 20 12:27:29.604160 np0000003332 devstack@g-api.service[102166]: DEBUG glance.api.middleware.version_negotiation [None req-91ac1180-bb78-46d0-9155-62b303b72d43 tempest-ServerStableDeviceRescueTest-1118180973 tempest-ServerStableDeviceRescueTest-1118180973-project-member] Matched version: v2 {{(pid=102166) process_request /opt/stack/glance/glance/api/middleware/version_negotiation.py:69}}
Jun 20 12:27:29.604351 np0000003332 devstack@g-api.service[102166]: DEBUG glance.api.middleware.version_negotiation [None req-91ac1180-bb78-46d0-9155-62b303b72d43 tempest-ServerStableDeviceRescueTest-1118180973 tempest-ServerStableDeviceRescueTest-1118180973-project-member] new path /v2/images/325a7921-0e22-4e42-a56b-0fa4532c12d2 {{(pid=102166) process_request /opt/stack/glance/glance/api/middleware/version_negotiation.py:70}}
Jun 20 12:27:29.615979 np0000003332 devstack@g-api.service[102166]: [pid: 102166|app: 0|req: 84/246] 127.0.0.1 () {40 vars in 838 bytes} [Sat Jun 20 12:27:29 2026] GET /v2/images/325a7921-0e22-4e42-a56b-0fa4532c12d2 => generated 1360 bytes in 12 msecs (HTTP/1.1 200) 4 headers in 158 bytes (1 switches on core 0)
Jun 20 12:27:29.643904 np0000003332 devstack@g-api.service[102167]: DEBUG swiftclient [None req-f9323d7f-3af9-4e4d-8308-c0975d7fb0a7 tempest-ServerStableDeviceRescueTest-1118180973 tempest-ServerStableDeviceRescueTest-1118180973-project-member] REQ: curl -i https://10.4.3.145:8080/v1/AUTH_a7961a46f5944554b2559a77816bd1a6/glance -I -H "X-Auth-Token: gAAAAABqNocxM8wo..." {{(pid=102167) http_log /opt/stack/data/venv/lib/python3.12/site-packages/swiftclient/client.py:160}}
Jun 20 12:27:29.644070 np0000003332 devstack@g-api.service[102167]: DEBUG swiftclient [None req-f9323d7f-3af9-4e4d-8308-c0975d7fb0a7 tempest-ServerStableDeviceRescueTest-1118180973 tempest-ServerStableDeviceRescueTest-1118180973-project-member] RESP STATUS: 204 No Content {{(pid=102167) http_log /opt/stack/data/venv/lib/python3.12/site-packages/swiftclient/client.py:161}}
Jun 20 12:27:29.644302 np0000003332 devstack@g-api.service[102167]: DEBUG swiftclient [None req-f9323d7f-3af9-4e4d-8308-c0975d7fb0a7 tempest-ServerStableDeviceRescueTest-1118180973 tempest-ServerStableDeviceRescueTest-1118180973-project-member] RESP HEADERS: {'Date': 'Sat, 20 Jun 2026 12:27:29 GMT', 'Server': 'Apache/2.4.58 (Ubuntu)', 'Content-Type': 'text/plain; charset=utf-8', 'X-Container-Object-Count': '5', 'X-Container-Bytes-Used': '87883776', 'X-Timestamp': '1781958026.61812', 'Last-Modified': 'Sat, 20 Jun 2026 12:20:27 GMT', 'Accept-Ranges': 'bytes', 'X-Storage-Policy': 'Policy-0', 'X-Container-Sharding': 'False', 'Vary': 'Accept', 'X-Trans-Id': 'tx27630fa5b430405583714-006a368731', 'X-Openstack-Request-Id': 'tx27630fa5b430405583714-006a368731', 'Connection': 'close'} {{(pid=102167) http_log /opt/stack/data/venv/lib/python3.12/site-packages/swiftclient/client.py:162}}
Jun 20 12:27:29.644608 np0000003332 devstack@g-api.service[102167]: DEBUG glance_store._drivers.swift.store [None req-f9323d7f-3af9-4e4d-8308-c0975d7fb0a7 tempest-ServerStableDeviceRescueTest-1118180973 tempest-ServerStableDeviceRescueTest-1118180973-project-member] Adding image object 'a185f1b1-2f1f-420b-8750-eac7e4650e07' to Swift {{(pid=102167) add /opt/stack/data/venv/lib/python3.12/site-packages/glance_store/_drivers/swift/store.py:970}}
Jun 20 12:27:29.644608 np0000003332 devstack@g-api.service[102167]: DEBUG glance_store._drivers.swift.store [None req-f9323d7f-3af9-4e4d-8308-c0975d7fb0a7 tempest-ServerStableDeviceRescueTest-1118180973 tempest-ServerStableDeviceRescueTest-1118180973-project-member] Cannot determine image size because it is either not provided in the request or chunked-transfer encoding is used. Adding image as a segmented object to Swift. {{(pid=102167) add /opt/stack/data/venv/lib/python3.12/site-packages/glance_store/_drivers/swift/store.py:994}}
Jun 20 12:27:29.657852 np0000003332 devstack@g-api.service[102167]: DEBUG oslo_utils.imageutils.format_inspector [None req-f9323d7f-3af9-4e4d-8308-c0975d7fb0a7 tempest-ServerStableDeviceRescueTest-1118180973 tempest-ServerStableDeviceRescueTest-1118180973-project-member] Format inspector for vmdk does not match, excluding from consideration (Signature KDMV not found: b'QFI\xfb') {{(pid=102167) _process_chunk /opt/stack/data/venv/lib/python3.12/site-packages/oslo_utils/imageutils/format_inspector.py:1758}}
Jun 20 12:27:29.660398 np0000003332 devstack@g-api.service[102167]: DEBUG oslo_utils.imageutils.format_inspector [None req-f9323d7f-3af9-4e4d-8308-c0975d7fb0a7 tempest-ServerStableDeviceRescueTest-1118180973 tempest-ServerStableDeviceRescueTest-1118180973-project-member] Format inspector for vhdx does not match, excluding from consideration (Region signature not found at 30000) {{(pid=102167) _process_chunk /opt/stack/data/venv/lib/python3.12/site-packages/oslo_utils/imageutils/format_inspector.py:1758}}
Jun 20 12:27:30.045749 np0000003332 devstack@g-api.service[102165]: DEBUG glance.api.middleware.version_negotiation [None req-91ac1180-bb78-46d0-9155-62b303b72d43 tempest-ServerStableDeviceRescueTest-1118180973 tempest-ServerStableDeviceRescueTest-1118180973-project-member] Determining version of request: GET /v2/images/ace96254-79a1-460e-9df0-cfa71544789e Accept: */* {{(pid=102165) process_request /opt/stack/glance/glance/api/middleware/version_negotiation.py:44}}
Jun 20 12:27:30.046094 np0000003332 devstack@g-api.service[102165]: DEBUG glance.api.middleware.version_negotiation [None req-91ac1180-bb78-46d0-9155-62b303b72d43 tempest-ServerStableDeviceRescueTest-1118180973 tempest-ServerStableDeviceRescueTest-1118180973-project-member] Using url versioning {{(pid=102165) process_request /opt/stack/glance/glance/api/middleware/version_negotiation.py:57}}
Jun 20 12:27:30.046094 np0000003332 devstack@g-api.service[102165]: DEBUG glance.api.middleware.version_negotiation [None req-91ac1180-bb78-46d0-9155-62b303b72d43 tempest-ServerStableDeviceRescueTest-1118180973 tempest-ServerStableDeviceRescueTest-1118180973-project-member] Matched version: v2 {{(pid=102165) process_request /opt/stack/glance/glance/api/middleware/version_negotiation.py:69}}
Jun 20 12:27:30.046244 np0000003332 devstack@g-api.service[102165]: DEBUG glance.api.middleware.version_negotiation [None req-91ac1180-bb78-46d0-9155-62b303b72d43 tempest-ServerStableDeviceRescueTest-1118180973 tempest-ServerStableDeviceRescueTest-1118180973-project-member] new path /v2/images/ace96254-79a1-460e-9df0-cfa71544789e {{(pid=102165) process_request /opt/stack/glance/glance/api/middleware/version_negotiation.py:70}}
Jun 20 12:27:30.062378 np0000003332 devstack@g-api.service[102165]: [pid: 102165|app: 0|req: 83/247] 127.0.0.1 () {44 vars in 1115 bytes} [Sat Jun 20 12:27:30 2026] GET /v2/images/ace96254-79a1-460e-9df0-cfa71544789e => generated 1044 bytes in 17 msecs (HTTP/1.1 200) 4 headers in 158 bytes (1 switches on core 0)
Jun 20 12:27:30.094283 np0000003332 devstack@g-api.service[102166]: DEBUG glance.api.middleware.version_negotiation [None req-0c24e6b7-fd21-4d57-9cd8-04bfb9da96ff tempest-ServerBootFromVolumeStableRescueTest-2048465971 tempest-ServerBootFromVolumeStableRescueTest-2048465971-project-member] Determining version of request: GET /v2/schemas/image Accept: */* {{(pid=102166) process_request /opt/stack/glance/glance/api/middleware/version_negotiation.py:44}}
Jun 20 12:27:30.094465 np0000003332 devstack@g-api.service[102166]: DEBUG glance.api.middleware.version_negotiation [None req-0c24e6b7-fd21-4d57-9cd8-04bfb9da96ff tempest-ServerBootFromVolumeStableRescueTest-2048465971 tempest-ServerBootFromVolumeStableRescueTest-2048465971-project-member] Using url versioning {{(pid=102166) process_request /opt/stack/glance/glance/api/middleware/version_negotiation.py:57}}
Jun 20 12:27:30.095641 np0000003332 devstack@g-api.service[102166]: DEBUG glance.api.middleware.version_negotiation [None req-0c24e6b7-fd21-4d57-9cd8-04bfb9da96ff tempest-ServerBootFromVolumeStableRescueTest-2048465971 tempest-ServerBootFromVolumeStableRescueTest-2048465971-project-member] Matched version: v2 {{(pid=102166) process_request /opt/stack/glance/glance/api/middleware/version_negotiation.py:69}}
Jun 20 12:27:30.095779 np0000003332 devstack@g-api.service[102166]: DEBUG glance.api.middleware.version_negotiation [None req-0c24e6b7-fd21-4d57-9cd8-04bfb9da96ff tempest-ServerBootFromVolumeStableRescueTest-2048465971 tempest-ServerBootFromVolumeStableRescueTest-2048465971-project-member] new path /v2/schemas/image {{(pid=102166) process_request /opt/stack/glance/glance/api/middleware/version_negotiation.py:70}}
Jun 20 12:27:30.099114 np0000003332 devstack@g-api.service[102166]: [pid: 102166|app: 0|req: 85/248] 127.0.0.1 () {44 vars in 1055 bytes} [Sat Jun 20 12:27:30 2026] GET /v2/schemas/image => generated 6083 bytes in 5 msecs (HTTP/1.1 200) 4 headers in 158 bytes (1 switches on core 0)
Jun 20 12:27:30.143194 np0000003332 devstack@g-api.service[102165]: DEBUG glance.api.middleware.version_negotiation [None req-cba757f0-c623-405d-afda-eac7dd972a0b tempest-ServerActionsTestOtherA-2137755052 tempest-ServerActionsTestOtherA-2137755052-project-member] Determining version of request: GET /v2/images/325a7921-0e22-4e42-a56b-0fa4532c12d2 Accept: */* {{(pid=102165) process_request /opt/stack/glance/glance/api/middleware/version_negotiation.py:44}}
Jun 20 12:27:30.144380 np0000003332 devstack@g-api.service[102165]: DEBUG glance.api.middleware.version_negotiation [None req-cba757f0-c623-405d-afda-eac7dd972a0b tempest-ServerActionsTestOtherA-2137755052 tempest-ServerActionsTestOtherA-2137755052-project-member] Using url versioning {{(pid=102165) process_request /opt/stack/glance/glance/api/middleware/version_negotiation.py:57}}
Jun 20 12:27:30.144582 np0000003332 devstack@g-api.service[102165]: DEBUG glance.api.middleware.version_negotiation [None req-cba757f0-c623-405d-afda-eac7dd972a0b tempest-ServerActionsTestOtherA-2137755052 tempest-ServerActionsTestOtherA-2137755052-project-member] Matched version: v2 {{(pid=102165) process_request /opt/stack/glance/glance/api/middleware/version_negotiation.py:69}}
Jun 20 12:27:30.144732 np0000003332 devstack@g-api.service[102165]: DEBUG glance.api.middleware.version_negotiation [None req-cba757f0-c623-405d-afda-eac7dd972a0b tempest-ServerActionsTestOtherA-2137755052 tempest-ServerActionsTestOtherA-2137755052-project-member] new path /v2/images/325a7921-0e22-4e42-a56b-0fa4532c12d2 {{(pid=102165) process_request /opt/stack/glance/glance/api/middleware/version_negotiation.py:70}}
Jun 20 12:27:30.161926 np0000003332 devstack@g-api.service[102165]: [pid: 102165|app: 0|req: 84/249] 127.0.0.1 () {44 vars in 1115 bytes} [Sat Jun 20 12:27:30 2026] GET /v2/images/325a7921-0e22-4e42-a56b-0fa4532c12d2 => generated 1360 bytes in 19 msecs (HTTP/1.1 200) 4 headers in 158 bytes (1 switches on core 0)
Jun 20 12:27:30.210933 np0000003332 devstack@g-api.service[102166]: DEBUG glance.api.middleware.version_negotiation [None req-cba757f0-c623-405d-afda-eac7dd972a0b tempest-ServerActionsTestOtherA-2137755052 tempest-ServerActionsTestOtherA-2137755052-project-member] Determining version of request: GET /v2/schemas/image Accept: */* {{(pid=102166) process_request /opt/stack/glance/glance/api/middleware/version_negotiation.py:44}}
Jun 20 12:27:30.211339 np0000003332 devstack@g-api.service[102166]: DEBUG glance.api.middleware.version_negotiation [None req-cba757f0-c623-405d-afda-eac7dd972a0b tempest-ServerActionsTestOtherA-2137755052 tempest-ServerActionsTestOtherA-2137755052-project-member] Using url versioning {{(pid=102166) process_request /opt/stack/glance/glance/api/middleware/version_negotiation.py:57}}
Jun 20 12:27:30.211339 np0000003332 devstack@g-api.service[102166]: DEBUG glance.api.middleware.version_negotiation [None req-cba757f0-c623-405d-afda-eac7dd972a0b tempest-ServerActionsTestOtherA-2137755052 tempest-ServerActionsTestOtherA-2137755052-project-member] Matched version: v2 {{(pid=102166) process_request /opt/stack/glance/glance/api/middleware/version_negotiation.py:69}}
Jun 20 12:27:30.211339 np0000003332 devstack@g-api.service[102166]: DEBUG glance.api.middleware.version_negotiation [None req-cba757f0-c623-405d-afda-eac7dd972a0b tempest-ServerActionsTestOtherA-2137755052 tempest-ServerActionsTestOtherA-2137755052-project-member] new path /v2/schemas/image {{(pid=102166) process_request /opt/stack/glance/glance/api/middleware/version_negotiation.py:70}}
Jun 20 12:27:30.215262 np0000003332 devstack@g-api.service[102166]: [pid: 102166|app: 0|req: 86/250] 127.0.0.1 () {44 vars in 1055 bytes} [Sat Jun 20 12:27:30 2026] GET /v2/schemas/image => generated 6083 bytes in 4 msecs (HTTP/1.1 200) 4 headers in 158 bytes (1 switches on core 0)
Jun 20 12:27:30.226477 np0000003332 devstack@g-api.service[102167]: DEBUG swiftclient [None req-f9323d7f-3af9-4e4d-8308-c0975d7fb0a7 tempest-ServerStableDeviceRescueTest-1118180973 tempest-ServerStableDeviceRescueTest-1118180973-project-member] REQ: curl -i https://10.4.3.145:8080/v1/AUTH_a7961a46f5944554b2559a77816bd1a6/glance/a185f1b1-2f1f-420b-8750-eac7e4650e07-00001 -X PUT -H "X-Auth-Token: gAAAAABqNocxM8wo..." {{(pid=102167) http_log /opt/stack/data/venv/lib/python3.12/site-packages/swiftclient/client.py:160}}
Jun 20 12:27:30.226477 np0000003332 devstack@g-api.service[102167]: DEBUG swiftclient [None req-f9323d7f-3af9-4e4d-8308-c0975d7fb0a7 tempest-ServerStableDeviceRescueTest-1118180973 tempest-ServerStableDeviceRescueTest-1118180973-project-member] RESP STATUS: 201 Created {{(pid=102167) http_log /opt/stack/data/venv/lib/python3.12/site-packages/swiftclient/client.py:161}}
Jun 20 12:27:30.226477 np0000003332 devstack@g-api.service[102167]: DEBUG swiftclient [None req-f9323d7f-3af9-4e4d-8308-c0975d7fb0a7 tempest-ServerStableDeviceRescueTest-1118180973 tempest-ServerStableDeviceRescueTest-1118180973-project-member] RESP HEADERS: {'Date': 'Sat, 20 Jun 2026 12:27:30 GMT', 'Server': 'Apache/2.4.58 (Ubuntu)', 'Content-Type': 'text/html; charset=UTF-8', 'Content-Length': '0', 'Etag': 'b6b2520d0b6d48be3cf8d7efdc141276', 'Last-Modified': 'Sat, 20 Jun 2026 12:27:30 GMT', 'X-Trans-Id': 'tx1b53360d4df8453ab8140-006a368731', 'X-Openstack-Request-Id': 'tx1b53360d4df8453ab8140-006a368731', 'Connection': 'close'} {{(pid=102167) http_log /opt/stack/data/venv/lib/python3.12/site-packages/swiftclient/client.py:162}}
Jun 20 12:27:30.226477 np0000003332 devstack@g-api.service[102167]: DEBUG glance_store._drivers.swift.store [None req-f9323d7f-3af9-4e4d-8308-c0975d7fb0a7 tempest-ServerStableDeviceRescueTest-1118180973 tempest-ServerStableDeviceRescueTest-1118180973-project-member] Wrote chunk a185f1b1-2f1f-420b-8750-eac7e4650e07-00001 (1/?) of length 54067200 to Swift returning MD5 of content: b6b2520d0b6d48be3cf8d7efdc141276 {{(pid=102167) add /opt/stack/data/venv/lib/python3.12/site-packages/glance_store/_drivers/swift/store.py:1059}}
Jun 20 12:27:30.226720 np0000003332 devstack@g-api.service[102167]: DEBUG glance_store._drivers.swift.store [None req-f9323d7f-3af9-4e4d-8308-c0975d7fb0a7 tempest-ServerStableDeviceRescueTest-1118180973 tempest-ServerStableDeviceRescueTest-1118180973-project-member] Not writing zero-length chunk. {{(pid=102167) add /opt/stack/data/venv/lib/python3.12/site-packages/glance_store/_drivers/swift/store.py:1028}}
Jun 20 12:27:30.259092 np0000003332 devstack@g-api.service[102167]: DEBUG swiftclient [None req-f9323d7f-3af9-4e4d-8308-c0975d7fb0a7 tempest-ServerStableDeviceRescueTest-1118180973 tempest-ServerStableDeviceRescueTest-1118180973-project-member] REQ: curl -i https://10.4.3.145:8080/v1/AUTH_a7961a46f5944554b2559a77816bd1a6/glance/a185f1b1-2f1f-420b-8750-eac7e4650e07 -X PUT -H "X-Object-Manifest: glance/a185f1b1-2f1f-420b-8750-eac7e4650e07-" -H "X-Auth-Token: gAAAAABqNocxM8wo..." -H "Content-Length: 0" {{(pid=102167) http_log /opt/stack/data/venv/lib/python3.12/site-packages/swiftclient/client.py:160}}
Jun 20 12:27:30.261131 np0000003332 devstack@g-api.service[102167]: DEBUG swiftclient [None req-f9323d7f-3af9-4e4d-8308-c0975d7fb0a7 tempest-ServerStableDeviceRescueTest-1118180973 tempest-ServerStableDeviceRescueTest-1118180973-project-member] RESP STATUS: 201 Created {{(pid=102167) http_log /opt/stack/data/venv/lib/python3.12/site-packages/swiftclient/client.py:161}}
Jun 20 12:27:30.261131 np0000003332 devstack@g-api.service[102167]: DEBUG swiftclient [None req-f9323d7f-3af9-4e4d-8308-c0975d7fb0a7 tempest-ServerStableDeviceRescueTest-1118180973 tempest-ServerStableDeviceRescueTest-1118180973-project-member] RESP HEADERS: {'Date': 'Sat, 20 Jun 2026 12:27:30 GMT', 'Server': 'Apache/2.4.58 (Ubuntu)', 'Content-Type': 'text/html; charset=UTF-8', 'Content-Length': '0', 'Etag': 'd41d8cd98f00b204e9800998ecf8427e', 'Last-Modified': 'Sat, 20 Jun 2026 12:27:31 GMT', 'X-Trans-Id': 'tx77d02743de9c4555aaca1-006a368732', 'X-Openstack-Request-Id': 'tx77d02743de9c4555aaca1-006a368732', 'Connection': 'close'} {{(pid=102167) http_log /opt/stack/data/venv/lib/python3.12/site-packages/swiftclient/client.py:162}}
Jun 20 12:27:30.261131 np0000003332 devstack@g-api.service[102167]: INFO glance.location [None req-f9323d7f-3af9-4e4d-8308-c0975d7fb0a7 tempest-ServerStableDeviceRescueTest-1118180973 tempest-ServerStableDeviceRescueTest-1118180973-project-member] Image format matched and virtual size computed: 1073741824
Jun 20 12:27:30.261476 np0000003332 devstack@g-api.service[102165]: DEBUG glance.api.middleware.version_negotiation [None req-090a783a-9aad-4fc3-b459-b59a16bfefca tempest-ServerBootFromVolumeStableRescueTest-2048465971 tempest-ServerBootFromVolumeStableRescueTest-2048465971-project-member] Determining version of request: GET /v2/schemas/image Accept: */* {{(pid=102165) process_request /opt/stack/glance/glance/api/middleware/version_negotiation.py:44}}
Jun 20 12:27:30.261476 np0000003332 devstack@g-api.service[102165]: DEBUG glance.api.middleware.version_negotiation [None req-090a783a-9aad-4fc3-b459-b59a16bfefca tempest-ServerBootFromVolumeStableRescueTest-2048465971 tempest-ServerBootFromVolumeStableRescueTest-2048465971-project-member] Using url versioning {{(pid=102165) process_request /opt/stack/glance/glance/api/middleware/version_negotiation.py:57}}
Jun 20 12:27:30.261476 np0000003332 devstack@g-api.service[102165]: DEBUG glance.api.middleware.version_negotiation [None req-090a783a-9aad-4fc3-b459-b59a16bfefca tempest-ServerBootFromVolumeStableRescueTest-2048465971 tempest-ServerBootFromVolumeStableRescueTest-2048465971-project-member] Matched version: v2 {{(pid=102165) process_request /opt/stack/glance/glance/api/middleware/version_negotiation.py:69}}
Jun 20 12:27:30.261476 np0000003332 devstack@g-api.service[102165]: DEBUG glance.api.middleware.version_negotiation [None req-090a783a-9aad-4fc3-b459-b59a16bfefca tempest-ServerBootFromVolumeStableRescueTest-2048465971 tempest-ServerBootFromVolumeStableRescueTest-2048465971-project-member] new path /v2/schemas/image {{(pid=102165) process_request /opt/stack/glance/glance/api/middleware/version_negotiation.py:70}}
Jun 20 12:27:30.263957 np0000003332 devstack@g-api.service[102165]: [pid: 102165|app: 0|req: 85/251] 127.0.0.1 () {44 vars in 1055 bytes} [Sat Jun 20 12:27:30 2026] GET /v2/schemas/image => generated 6083 bytes in 3 msecs (HTTP/1.1 200) 4 headers in 158 bytes (1 switches on core 0)
Jun 20 12:27:30.288737 np0000003332 devstack@g-api.service[102166]: DEBUG glance.api.middleware.version_negotiation [None req-090a783a-9aad-4fc3-b459-b59a16bfefca tempest-ServerBootFromVolumeStableRescueTest-2048465971 tempest-ServerBootFromVolumeStableRescueTest-2048465971-project-member] Determining version of request: GET /v2/images/a185f1b1-2f1f-420b-8750-eac7e4650e07 Accept: */* {{(pid=102166) process_request /opt/stack/glance/glance/api/middleware/version_negotiation.py:44}}
Jun 20 12:27:30.288965 np0000003332 devstack@g-api.service[102166]: DEBUG glance.api.middleware.version_negotiation [None req-090a783a-9aad-4fc3-b459-b59a16bfefca tempest-ServerBootFromVolumeStableRescueTest-2048465971 tempest-ServerBootFromVolumeStableRescueTest-2048465971-project-member] Using url versioning {{(pid=102166) process_request /opt/stack/glance/glance/api/middleware/version_negotiation.py:57}}
Jun 20 12:27:30.289013 np0000003332 devstack@g-api.service[102166]: DEBUG glance.api.middleware.version_negotiation [None req-090a783a-9aad-4fc3-b459-b59a16bfefca tempest-ServerBootFromVolumeStableRescueTest-2048465971 tempest-ServerBootFromVolumeStableRescueTest-2048465971-project-member] Matched version: v2 {{(pid=102166) process_request /opt/stack/glance/glance/api/middleware/version_negotiation.py:69}}
Jun 20 12:27:30.289106 np0000003332 devstack@g-api.service[102166]: DEBUG glance.api.middleware.version_negotiation [None req-090a783a-9aad-4fc3-b459-b59a16bfefca tempest-ServerBootFromVolumeStableRescueTest-2048465971 tempest-ServerBootFromVolumeStableRescueTest-2048465971-project-member] new path /v2/images/a185f1b1-2f1f-420b-8750-eac7e4650e07 {{(pid=102166) process_request /opt/stack/glance/glance/api/middleware/version_negotiation.py:70}}
Jun 20 12:27:30.306678 np0000003332 devstack@g-api.service[102166]: [pid: 102166|app: 0|req: 87/252] 127.0.0.1 () {44 vars in 1115 bytes} [Sat Jun 20 12:27:30 2026] GET /v2/images/a185f1b1-2f1f-420b-8750-eac7e4650e07 => generated 1447 bytes in 18 msecs (HTTP/1.1 200) 4 headers in 158 bytes (1 switches on core 0)
Jun 20 12:27:30.324837 np0000003332 devstack@g-api.service[102165]: DEBUG glance.api.middleware.version_negotiation [None req-090a783a-9aad-4fc3-b459-b59a16bfefca tempest-ServerBootFromVolumeStableRescueTest-2048465971 tempest-ServerBootFromVolumeStableRescueTest-2048465971-project-member] Determining version of request: PATCH /v2/images/325a7921-0e22-4e42-a56b-0fa4532c12d2 Accept: */* {{(pid=102165) process_request /opt/stack/glance/glance/api/middleware/version_negotiation.py:44}}
Jun 20 12:27:30.324987 np0000003332 devstack@g-api.service[102165]: DEBUG glance.api.middleware.version_negotiation [None req-090a783a-9aad-4fc3-b459-b59a16bfefca tempest-ServerBootFromVolumeStableRescueTest-2048465971 tempest-ServerBootFromVolumeStableRescueTest-2048465971-project-member] Using url versioning {{(pid=102165) process_request /opt/stack/glance/glance/api/middleware/version_negotiation.py:57}}
Jun 20 12:27:30.325723 np0000003332 devstack@g-api.service[102165]: DEBUG glance.api.middleware.version_negotiation [None req-090a783a-9aad-4fc3-b459-b59a16bfefca tempest-ServerBootFromVolumeStableRescueTest-2048465971 tempest-ServerBootFromVolumeStableRescueTest-2048465971-project-member] Matched version: v2 {{(pid=102165) process_request /opt/stack/glance/glance/api/middleware/version_negotiation.py:69}}
Jun 20 12:27:30.325864 np0000003332 devstack@g-api.service[102167]: DEBUG glance_store.backend [None req-f9323d7f-3af9-4e4d-8308-c0975d7fb0a7 tempest-ServerStableDeviceRescueTest-1118180973 tempest-ServerStableDeviceRescueTest-1118180973-project-member] Attempting to import store swift {{(pid=102167) _load_store /opt/stack/data/venv/lib/python3.12/site-packages/glance_store/backend.py:215}}
Jun 20 12:27:30.325910 np0000003332 devstack@g-api.service[102165]: DEBUG glance.api.middleware.version_negotiation [None req-090a783a-9aad-4fc3-b459-b59a16bfefca tempest-ServerBootFromVolumeStableRescueTest-2048465971 tempest-ServerBootFromVolumeStableRescueTest-2048465971-project-member] new path /v2/images/325a7921-0e22-4e42-a56b-0fa4532c12d2 {{(pid=102165) process_request /opt/stack/glance/glance/api/middleware/version_negotiation.py:70}}
Jun 20 12:27:30.327390 np0000003332 devstack@g-api.service[102167]: DEBUG glance_store.capabilities [None req-f9323d7f-3af9-4e4d-8308-c0975d7fb0a7 tempest-ServerStableDeviceRescueTest-1118180973 tempest-ServerStableDeviceRescueTest-1118180973-project-member] Store glance_store._drivers.swift.store.SingleTenantStore doesn't support updating dynamic storage capabilities. Please overwrite 'update_capabilities' method of the store to implement updating logics if needed. {{(pid=102167) update_capabilities /opt/stack/data/venv/lib/python3.12/site-packages/glance_store/capabilities.py:91}}
Jun 20 12:27:30.327622 np0000003332 devstack@g-api.service[102167]: DEBUG glance_store.driver [None req-f9323d7f-3af9-4e4d-8308-c0975d7fb0a7 tempest-ServerStableDeviceRescueTest-1118180973 tempest-ServerStableDeviceRescueTest-1118180973-project-member] Late loading location class glance_store._drivers.swift.store.StoreLocation {{(pid=102167) get_store_location_class /opt/stack/data/venv/lib/python3.12/site-packages/glance_store/driver.py:134}}
Jun 20 12:27:30.327622 np0000003332 devstack@g-api.service[102167]: DEBUG glance_store.location [None req-f9323d7f-3af9-4e4d-8308-c0975d7fb0a7 tempest-ServerStableDeviceRescueTest-1118180973 tempest-ServerStableDeviceRescueTest-1118180973-project-member] Registering scheme swift+https with {'store': , 'location_class': , 'store_entry': 'swift'} {{(pid=102167) register_scheme_map /opt/stack/data/venv/lib/python3.12/site-packages/glance_store/location.py:146}}
Jun 20 12:27:30.327763 np0000003332 devstack@g-api.service[102167]: DEBUG glance_store.location [None req-f9323d7f-3af9-4e4d-8308-c0975d7fb0a7 tempest-ServerStableDeviceRescueTest-1118180973 tempest-ServerStableDeviceRescueTest-1118180973-project-member] Registering scheme swift+https with {'store': , 'location_class': , 'store_entry': 'swift'} {{(pid=102167) register_scheme_map /opt/stack/data/venv/lib/python3.12/site-packages/glance_store/location.py:146}}
Jun 20 12:27:30.327763 np0000003332 devstack@g-api.service[102167]: DEBUG glance_store.location [None req-f9323d7f-3af9-4e4d-8308-c0975d7fb0a7 tempest-ServerStableDeviceRescueTest-1118180973 tempest-ServerStableDeviceRescueTest-1118180973-project-member] Registering scheme swift with {'store': , 'location_class': , 'store_entry': 'swift'} {{(pid=102167) register_scheme_map /opt/stack/data/venv/lib/python3.12/site-packages/glance_store/location.py:146}}
Jun 20 12:27:30.327869 np0000003332 devstack@g-api.service[102167]: DEBUG glance_store.location [None req-f9323d7f-3af9-4e4d-8308-c0975d7fb0a7 tempest-ServerStableDeviceRescueTest-1118180973 tempest-ServerStableDeviceRescueTest-1118180973-project-member] Registering scheme swift+https with {'store': , 'location_class': , 'store_entry': 'swift'} {{(pid=102167) register_scheme_map /opt/stack/data/venv/lib/python3.12/site-packages/glance_store/location.py:146}}
Jun 20 12:27:30.327924 np0000003332 devstack@g-api.service[102167]: DEBUG glance_store.location [None req-f9323d7f-3af9-4e4d-8308-c0975d7fb0a7 tempest-ServerStableDeviceRescueTest-1118180973 tempest-ServerStableDeviceRescueTest-1118180973-project-member] Registering scheme swift with {'store': , 'location_class': , 'store_entry': 'swift'} {{(pid=102167) register_scheme_map /opt/stack/data/venv/lib/python3.12/site-packages/glance_store/location.py:146}}
Jun 20 12:27:30.328081 np0000003332 devstack@g-api.service[102167]: DEBUG glance_store.location [None req-f9323d7f-3af9-4e4d-8308-c0975d7fb0a7 tempest-ServerStableDeviceRescueTest-1118180973 tempest-ServerStableDeviceRescueTest-1118180973-project-member] Registering scheme swift+http with {'store': , 'location_class': , 'store_entry': 'swift'} {{(pid=102167) register_scheme_map /opt/stack/data/venv/lib/python3.12/site-packages/glance_store/location.py:146}}
Jun 20 12:27:30.328317 np0000003332 devstack@g-api.service[102167]: DEBUG glance_store.location [None req-f9323d7f-3af9-4e4d-8308-c0975d7fb0a7 tempest-ServerStableDeviceRescueTest-1118180973 tempest-ServerStableDeviceRescueTest-1118180973-project-member] Registering scheme swift+https with {'store': , 'location_class': , 'store_entry': 'swift'} {{(pid=102167) register_scheme_map /opt/stack/data/venv/lib/python3.12/site-packages/glance_store/location.py:146}}
Jun 20 12:27:30.328317 np0000003332 devstack@g-api.service[102167]: DEBUG glance_store.location [None req-f9323d7f-3af9-4e4d-8308-c0975d7fb0a7 tempest-ServerStableDeviceRescueTest-1118180973 tempest-ServerStableDeviceRescueTest-1118180973-project-member] Registering scheme swift with {'store': , 'location_class': , 'store_entry': 'swift'} {{(pid=102167) register_scheme_map /opt/stack/data/venv/lib/python3.12/site-packages/glance_store/location.py:146}}
Jun 20 12:27:30.328494 np0000003332 devstack@g-api.service[102167]: DEBUG glance_store.location [None req-f9323d7f-3af9-4e4d-8308-c0975d7fb0a7 tempest-ServerStableDeviceRescueTest-1118180973 tempest-ServerStableDeviceRescueTest-1118180973-project-member] Registering scheme swift+http with {'store': , 'location_class': , 'store_entry': 'swift'} {{(pid=102167) register_scheme_map /opt/stack/data/venv/lib/python3.12/site-packages/glance_store/location.py:146}}
Jun 20 12:27:30.328578 np0000003332 devstack@g-api.service[102167]: DEBUG glance_store.location [None req-f9323d7f-3af9-4e4d-8308-c0975d7fb0a7 tempest-ServerStableDeviceRescueTest-1118180973 tempest-ServerStableDeviceRescueTest-1118180973-project-member] Registering scheme swift+config with {'store': , 'location_class': , 'store_entry': 'swift'} {{(pid=102167) register_scheme_map /opt/stack/data/venv/lib/python3.12/site-packages/glance_store/location.py:146}}
Jun 20 12:27:30.328707 np0000003332 devstack@g-api.service[102167]: DEBUG glance_store.backend [None req-f9323d7f-3af9-4e4d-8308-c0975d7fb0a7 tempest-ServerStableDeviceRescueTest-1118180973 tempest-ServerStableDeviceRescueTest-1118180973-project-member] Skipping store.set_acls... not implemented. {{(pid=102167) set_acls /opt/stack/data/venv/lib/python3.12/site-packages/glance_store/backend.py:507}}
Jun 20 12:27:30.330891 np0000003332 devstack@g-api.service[102167]: [pid: 102167|app: 0|req: 81/253] 127.0.0.1 () {46 vars in 1158 bytes} [Sat Jun 20 12:27:28 2026] PUT /v2/images/a185f1b1-2f1f-420b-8750-eac7e4650e07/file => generated 0 bytes in 2037 msecs (HTTP/1.1 204) 4 headers in 171 bytes (1 switches on core 0)
Jun 20 12:27:30.356312 np0000003332 devstack@g-api.service[102166]: DEBUG glance.api.middleware.version_negotiation [None req-35525595-04b1-41e4-a670-49a6fbf5cde7 tempest-ServerStableDeviceRescueTest-1118180973 tempest-ServerStableDeviceRescueTest-1118180973-project-member] Determining version of request: GET /v2/schemas/image Accept: */* {{(pid=102166) process_request /opt/stack/glance/glance/api/middleware/version_negotiation.py:44}}
Jun 20 12:27:30.356579 np0000003332 devstack@g-api.service[102166]: DEBUG glance.api.middleware.version_negotiation [None req-35525595-04b1-41e4-a670-49a6fbf5cde7 tempest-ServerStableDeviceRescueTest-1118180973 tempest-ServerStableDeviceRescueTest-1118180973-project-member] Using url versioning {{(pid=102166) process_request /opt/stack/glance/glance/api/middleware/version_negotiation.py:57}}
Jun 20 12:27:30.356677 np0000003332 devstack@g-api.service[102166]: DEBUG glance.api.middleware.version_negotiation [None req-35525595-04b1-41e4-a670-49a6fbf5cde7 tempest-ServerStableDeviceRescueTest-1118180973 tempest-ServerStableDeviceRescueTest-1118180973-project-member] Matched version: v2 {{(pid=102166) process_request /opt/stack/glance/glance/api/middleware/version_negotiation.py:69}}
Jun 20 12:27:30.356785 np0000003332 devstack@g-api.service[102166]: DEBUG glance.api.middleware.version_negotiation [None req-35525595-04b1-41e4-a670-49a6fbf5cde7 tempest-ServerStableDeviceRescueTest-1118180973 tempest-ServerStableDeviceRescueTest-1118180973-project-member] new path /v2/schemas/image {{(pid=102166) process_request /opt/stack/glance/glance/api/middleware/version_negotiation.py:70}}
Jun 20 12:27:30.360401 np0000003332 devstack@g-api.service[102166]: [pid: 102166|app: 0|req: 88/254] 127.0.0.1 () {44 vars in 1055 bytes} [Sat Jun 20 12:27:30 2026] GET /v2/schemas/image => generated 6083 bytes in 4 msecs (HTTP/1.1 200) 4 headers in 158 bytes (1 switches on core 0)
Jun 20 12:27:30.389799 np0000003332 devstack@g-api.service[102167]: DEBUG glance.api.middleware.version_negotiation [None req-f9323d7f-3af9-4e4d-8308-c0975d7fb0a7 tempest-ServerStableDeviceRescueTest-1118180973 tempest-ServerStableDeviceRescueTest-1118180973-project-member] Determining version of request: GET /v2/images/a185f1b1-2f1f-420b-8750-eac7e4650e07 Accept: */* {{(pid=102167) process_request /opt/stack/glance/glance/api/middleware/version_negotiation.py:44}}
Jun 20 12:27:30.389980 np0000003332 devstack@g-api.service[102167]: DEBUG glance.api.middleware.version_negotiation [None req-f9323d7f-3af9-4e4d-8308-c0975d7fb0a7 tempest-ServerStableDeviceRescueTest-1118180973 tempest-ServerStableDeviceRescueTest-1118180973-project-member] Using url versioning {{(pid=102167) process_request /opt/stack/glance/glance/api/middleware/version_negotiation.py:57}}
Jun 20 12:27:30.390100 np0000003332 devstack@g-api.service[102167]: DEBUG glance.api.middleware.version_negotiation [None req-f9323d7f-3af9-4e4d-8308-c0975d7fb0a7 tempest-ServerStableDeviceRescueTest-1118180973 tempest-ServerStableDeviceRescueTest-1118180973-project-member] Matched version: v2 {{(pid=102167) process_request /opt/stack/glance/glance/api/middleware/version_negotiation.py:69}}
Jun 20 12:27:30.390221 np0000003332 devstack@g-api.service[102167]: DEBUG glance.api.middleware.version_negotiation [None req-f9323d7f-3af9-4e4d-8308-c0975d7fb0a7 tempest-ServerStableDeviceRescueTest-1118180973 tempest-ServerStableDeviceRescueTest-1118180973-project-member] new path /v2/images/a185f1b1-2f1f-420b-8750-eac7e4650e07 {{(pid=102167) process_request /opt/stack/glance/glance/api/middleware/version_negotiation.py:70}}
Jun 20 12:27:30.406081 np0000003332 devstack@g-api.service[102167]: [pid: 102167|app: 0|req: 82/255] 127.0.0.1 () {44 vars in 1115 bytes} [Sat Jun 20 12:27:30 2026] GET /v2/images/a185f1b1-2f1f-420b-8750-eac7e4650e07 => generated 1617 bytes in 16 msecs (HTTP/1.1 200) 4 headers in 158 bytes (1 switches on core 0)
Jun 20 12:27:30.464264 np0000003332 devstack@g-api.service[102166]: DEBUG glance.api.middleware.version_negotiation [None req-35525595-04b1-41e4-a670-49a6fbf5cde7 tempest-ServerStableDeviceRescueTest-1118180973 tempest-ServerStableDeviceRescueTest-1118180973-project-member] Determining version of request: GET /v2/schemas/image Accept: */* {{(pid=102166) process_request /opt/stack/glance/glance/api/middleware/version_negotiation.py:44}}
Jun 20 12:27:30.464420 np0000003332 devstack@g-api.service[102166]: DEBUG glance.api.middleware.version_negotiation [None req-35525595-04b1-41e4-a670-49a6fbf5cde7 tempest-ServerStableDeviceRescueTest-1118180973 tempest-ServerStableDeviceRescueTest-1118180973-project-member] Using url versioning {{(pid=102166) process_request /opt/stack/glance/glance/api/middleware/version_negotiation.py:57}}
Jun 20 12:27:30.464577 np0000003332 devstack@g-api.service[102166]: DEBUG glance.api.middleware.version_negotiation [None req-35525595-04b1-41e4-a670-49a6fbf5cde7 tempest-ServerStableDeviceRescueTest-1118180973 tempest-ServerStableDeviceRescueTest-1118180973-project-member] Matched version: v2 {{(pid=102166) process_request /opt/stack/glance/glance/api/middleware/version_negotiation.py:69}}
Jun 20 12:27:30.464828 np0000003332 devstack@g-api.service[102166]: DEBUG glance.api.middleware.version_negotiation [None req-35525595-04b1-41e4-a670-49a6fbf5cde7 tempest-ServerStableDeviceRescueTest-1118180973 tempest-ServerStableDeviceRescueTest-1118180973-project-member] new path /v2/schemas/image {{(pid=102166) process_request /opt/stack/glance/glance/api/middleware/version_negotiation.py:70}}
Jun 20 12:27:30.467529 np0000003332 devstack@g-api.service[102166]: [pid: 102166|app: 0|req: 89/256] 127.0.0.1 () {44 vars in 1055 bytes} [Sat Jun 20 12:27:30 2026] GET /v2/schemas/image => generated 6083 bytes in 3 msecs (HTTP/1.1 200) 4 headers in 158 bytes (1 switches on core 0)
Jun 20 12:27:30.479159 np0000003332 devstack@g-api.service[102167]: DEBUG glance.api.middleware.version_negotiation [None req-f9323d7f-3af9-4e4d-8308-c0975d7fb0a7 tempest-ServerStableDeviceRescueTest-1118180973 tempest-ServerStableDeviceRescueTest-1118180973-project-member] Determining version of request: GET /v2/images/ace96254-79a1-460e-9df0-cfa71544789e Accept: */* {{(pid=102167) process_request /opt/stack/glance/glance/api/middleware/version_negotiation.py:44}}
Jun 20 12:27:30.482229 np0000003332 devstack@g-api.service[102167]: DEBUG glance.api.middleware.version_negotiation [None req-f9323d7f-3af9-4e4d-8308-c0975d7fb0a7 tempest-ServerStableDeviceRescueTest-1118180973 tempest-ServerStableDeviceRescueTest-1118180973-project-member] Using url versioning {{(pid=102167) process_request /opt/stack/glance/glance/api/middleware/version_negotiation.py:57}}
Jun 20 12:27:30.482229 np0000003332 devstack@g-api.service[102167]: DEBUG glance.api.middleware.version_negotiation [None req-f9323d7f-3af9-4e4d-8308-c0975d7fb0a7 tempest-ServerStableDeviceRescueTest-1118180973 tempest-ServerStableDeviceRescueTest-1118180973-project-member] Matched version: v2 {{(pid=102167) process_request /opt/stack/glance/glance/api/middleware/version_negotiation.py:69}}
Jun 20 12:27:30.482229 np0000003332 devstack@g-api.service[102167]: DEBUG glance.api.middleware.version_negotiation [None req-f9323d7f-3af9-4e4d-8308-c0975d7fb0a7 tempest-ServerStableDeviceRescueTest-1118180973 tempest-ServerStableDeviceRescueTest-1118180973-project-member] new path /v2/images/ace96254-79a1-460e-9df0-cfa71544789e {{(pid=102167) process_request /opt/stack/glance/glance/api/middleware/version_negotiation.py:70}}
Jun 20 12:27:30.493863 np0000003332 devstack@g-api.service[102167]: [pid: 102167|app: 0|req: 83/257] 127.0.0.1 () {44 vars in 1115 bytes} [Sat Jun 20 12:27:30 2026] GET /v2/images/ace96254-79a1-460e-9df0-cfa71544789e => generated 1044 bytes in 15 msecs (HTTP/1.1 200) 4 headers in 158 bytes (1 switches on core 0)
Jun 20 12:27:30.520307 np0000003332 devstack@g-api.service[102165]: [pid: 102165|app: 0|req: 86/258] 127.0.0.1 () {46 vars in 1158 bytes} [Sat Jun 20 12:27:30 2026] PATCH /v2/images/325a7921-0e22-4e42-a56b-0fa4532c12d2 => generated 1471 bytes in 195 msecs (HTTP/1.1 200) 4 headers in 158 bytes (1 switches on core 0)
Jun 20 12:27:30.554747 np0000003332 devstack@g-api.service[102166]: DEBUG glance.api.middleware.version_negotiation [None req-f9323d7f-3af9-4e4d-8308-c0975d7fb0a7 tempest-ServerStableDeviceRescueTest-1118180973 tempest-ServerStableDeviceRescueTest-1118180973-project-member] Determining version of request: GET /v2/schemas/image Accept: */* {{(pid=102166) process_request /opt/stack/glance/glance/api/middleware/version_negotiation.py:44}}
Jun 20 12:27:30.557359 np0000003332 devstack@g-api.service[102166]: DEBUG glance.api.middleware.version_negotiation [None req-f9323d7f-3af9-4e4d-8308-c0975d7fb0a7 tempest-ServerStableDeviceRescueTest-1118180973 tempest-ServerStableDeviceRescueTest-1118180973-project-member] Using url versioning {{(pid=102166) process_request /opt/stack/glance/glance/api/middleware/version_negotiation.py:57}}
Jun 20 12:27:30.557573 np0000003332 devstack@g-api.service[102166]: DEBUG glance.api.middleware.version_negotiation [None req-f9323d7f-3af9-4e4d-8308-c0975d7fb0a7 tempest-ServerStableDeviceRescueTest-1118180973 tempest-ServerStableDeviceRescueTest-1118180973-project-member] Matched version: v2 {{(pid=102166) process_request /opt/stack/glance/glance/api/middleware/version_negotiation.py:69}}
Jun 20 12:27:30.557712 np0000003332 devstack@g-api.service[102166]: DEBUG glance.api.middleware.version_negotiation [None req-f9323d7f-3af9-4e4d-8308-c0975d7fb0a7 tempest-ServerStableDeviceRescueTest-1118180973 tempest-ServerStableDeviceRescueTest-1118180973-project-member] new path /v2/schemas/image {{(pid=102166) process_request /opt/stack/glance/glance/api/middleware/version_negotiation.py:70}}
Jun 20 12:27:30.560273 np0000003332 devstack@g-api.service[102166]: [pid: 102166|app: 0|req: 90/259] 127.0.0.1 () {44 vars in 1055 bytes} [Sat Jun 20 12:27:30 2026] GET /v2/schemas/image => generated 6083 bytes in 6 msecs (HTTP/1.1 200) 4 headers in 158 bytes (1 switches on core 0)
Jun 20 12:27:30.572399 np0000003332 devstack@g-api.service[102167]: DEBUG glance.api.middleware.version_negotiation [None req-cba757f0-c623-405d-afda-eac7dd972a0b tempest-ServerActionsTestOtherA-2137755052 tempest-ServerActionsTestOtherA-2137755052-project-member] Determining version of request: GET /v2/images/325a7921-0e22-4e42-a56b-0fa4532c12d2 Accept: */* {{(pid=102167) process_request /opt/stack/glance/glance/api/middleware/version_negotiation.py:44}}
Jun 20 12:27:30.572678 np0000003332 devstack@g-api.service[102167]: DEBUG glance.api.middleware.version_negotiation [None req-cba757f0-c623-405d-afda-eac7dd972a0b tempest-ServerActionsTestOtherA-2137755052 tempest-ServerActionsTestOtherA-2137755052-project-member] Using url versioning {{(pid=102167) process_request /opt/stack/glance/glance/api/middleware/version_negotiation.py:57}}
Jun 20 12:27:30.572866 np0000003332 devstack@g-api.service[102167]: DEBUG glance.api.middleware.version_negotiation [None req-cba757f0-c623-405d-afda-eac7dd972a0b tempest-ServerActionsTestOtherA-2137755052 tempest-ServerActionsTestOtherA-2137755052-project-member] Matched version: v2 {{(pid=102167) process_request /opt/stack/glance/glance/api/middleware/version_negotiation.py:69}}
Jun 20 12:27:30.573004 np0000003332 devstack@g-api.service[102167]: DEBUG glance.api.middleware.version_negotiation [None req-cba757f0-c623-405d-afda-eac7dd972a0b tempest-ServerActionsTestOtherA-2137755052 tempest-ServerActionsTestOtherA-2137755052-project-member] new path /v2/images/325a7921-0e22-4e42-a56b-0fa4532c12d2 {{(pid=102167) process_request /opt/stack/glance/glance/api/middleware/version_negotiation.py:70}}
Jun 20 12:27:30.590378 np0000003332 devstack@g-api.service[102167]: [pid: 102167|app: 0|req: 84/260] 127.0.0.1 () {44 vars in 1115 bytes} [Sat Jun 20 12:27:30 2026] GET /v2/images/325a7921-0e22-4e42-a56b-0fa4532c12d2 => generated 1471 bytes in 19 msecs (HTTP/1.1 200) 4 headers in 158 bytes (1 switches on core 0)
Jun 20 12:27:30.622752 np0000003332 devstack@g-api.service[102165]: DEBUG glance.api.middleware.version_negotiation [None req-090a783a-9aad-4fc3-b459-b59a16bfefca tempest-ServerBootFromVolumeStableRescueTest-2048465971 tempest-ServerBootFromVolumeStableRescueTest-2048465971-project-member] Determining version of request: GET /v2/images/325a7921-0e22-4e42-a56b-0fa4532c12d2 Accept: application/json {{(pid=102165) process_request /opt/stack/glance/glance/api/middleware/version_negotiation.py:44}}
Jun 20 12:27:30.622925 np0000003332 devstack@g-api.service[102165]: DEBUG glance.api.middleware.version_negotiation [None req-090a783a-9aad-4fc3-b459-b59a16bfefca tempest-ServerBootFromVolumeStableRescueTest-2048465971 tempest-ServerBootFromVolumeStableRescueTest-2048465971-project-member] Using url versioning {{(pid=102165) process_request /opt/stack/glance/glance/api/middleware/version_negotiation.py:57}}
Jun 20 12:27:30.623078 np0000003332 devstack@g-api.service[102165]: DEBUG glance.api.middleware.version_negotiation [None req-090a783a-9aad-4fc3-b459-b59a16bfefca tempest-ServerBootFromVolumeStableRescueTest-2048465971 tempest-ServerBootFromVolumeStableRescueTest-2048465971-project-member] Matched version: v2 {{(pid=102165) process_request /opt/stack/glance/glance/api/middleware/version_negotiation.py:69}}
Jun 20 12:27:30.623207 np0000003332 devstack@g-api.service[102165]: DEBUG glance.api.middleware.version_negotiation [None req-090a783a-9aad-4fc3-b459-b59a16bfefca tempest-ServerBootFromVolumeStableRescueTest-2048465971 tempest-ServerBootFromVolumeStableRescueTest-2048465971-project-member] new path /v2/images/325a7921-0e22-4e42-a56b-0fa4532c12d2 {{(pid=102165) process_request /opt/stack/glance/glance/api/middleware/version_negotiation.py:70}}
Jun 20 12:27:30.634379 np0000003332 devstack@g-api.service[102165]: [pid: 102165|app: 0|req: 87/261] 127.0.0.1 () {40 vars in 838 bytes} [Sat Jun 20 12:27:30 2026] GET /v2/images/325a7921-0e22-4e42-a56b-0fa4532c12d2 => generated 1471 bytes in 11 msecs (HTTP/1.1 200) 4 headers in 158 bytes (1 switches on core 0)
Jun 20 12:27:30.652005 np0000003332 devstack@g-api.service[102166]: DEBUG glance.api.middleware.version_negotiation [None req-cba757f0-c623-405d-afda-eac7dd972a0b tempest-ServerActionsTestOtherA-2137755052 tempest-ServerActionsTestOtherA-2137755052-project-member] Determining version of request: PUT /v2/images/325a7921-0e22-4e42-a56b-0fa4532c12d2/file Accept: */* {{(pid=102166) process_request /opt/stack/glance/glance/api/middleware/version_negotiation.py:44}}
Jun 20 12:27:30.653587 np0000003332 devstack@g-api.service[102166]: DEBUG glance.api.middleware.version_negotiation [None req-cba757f0-c623-405d-afda-eac7dd972a0b tempest-ServerActionsTestOtherA-2137755052 tempest-ServerActionsTestOtherA-2137755052-project-member] Using url versioning {{(pid=102166) process_request /opt/stack/glance/glance/api/middleware/version_negotiation.py:57}}
Jun 20 12:27:30.653587 np0000003332 devstack@g-api.service[102166]: DEBUG glance.api.middleware.version_negotiation [None req-cba757f0-c623-405d-afda-eac7dd972a0b tempest-ServerActionsTestOtherA-2137755052 tempest-ServerActionsTestOtherA-2137755052-project-member] Matched version: v2 {{(pid=102166) process_request /opt/stack/glance/glance/api/middleware/version_negotiation.py:69}}
Jun 20 12:27:30.653587 np0000003332 devstack@g-api.service[102166]: DEBUG glance.api.middleware.version_negotiation [None req-cba757f0-c623-405d-afda-eac7dd972a0b tempest-ServerActionsTestOtherA-2137755052 tempest-ServerActionsTestOtherA-2137755052-project-member] new path /v2/images/325a7921-0e22-4e42-a56b-0fa4532c12d2/file {{(pid=102166) process_request /opt/stack/glance/glance/api/middleware/version_negotiation.py:70}}
Jun 20 12:27:31.264056 np0000003332 devstack@g-api.service[102166]: INFO glance.api.v2.image_data [None req-090a783a-9aad-4fc3-b459-b59a16bfefca tempest-ServerBootFromVolumeStableRescueTest-2048465971 tempest-ServerBootFromVolumeStableRescueTest-2048465971-project-member] Unable to create trust: no such option collect_timing in group [keystone_authtoken] Use the existing user token.
Jun 20 12:27:31.443924 np0000003332 devstack@g-api.service[102167]: DEBUG glance.api.middleware.version_negotiation [None req-090a783a-9aad-4fc3-b459-b59a16bfefca tempest-ServerBootFromVolumeStableRescueTest-2048465971 tempest-ServerBootFromVolumeStableRescueTest-2048465971-project-member] Determining version of request: GET /v2/images/a185f1b1-2f1f-420b-8750-eac7e4650e07 Accept: */* {{(pid=102167) process_request /opt/stack/glance/glance/api/middleware/version_negotiation.py:44}}
Jun 20 12:27:31.444398 np0000003332 devstack@g-api.service[102167]: DEBUG glance.api.middleware.version_negotiation [None req-090a783a-9aad-4fc3-b459-b59a16bfefca tempest-ServerBootFromVolumeStableRescueTest-2048465971 tempest-ServerBootFromVolumeStableRescueTest-2048465971-project-member] Using url versioning {{(pid=102167) process_request /opt/stack/glance/glance/api/middleware/version_negotiation.py:57}}
Jun 20 12:27:31.444398 np0000003332 devstack@g-api.service[102167]: DEBUG glance.api.middleware.version_negotiation [None req-090a783a-9aad-4fc3-b459-b59a16bfefca tempest-ServerBootFromVolumeStableRescueTest-2048465971 tempest-ServerBootFromVolumeStableRescueTest-2048465971-project-member] Matched version: v2 {{(pid=102167) process_request /opt/stack/glance/glance/api/middleware/version_negotiation.py:69}}
Jun 20 12:27:31.444398 np0000003332 devstack@g-api.service[102167]: DEBUG glance.api.middleware.version_negotiation [None req-090a783a-9aad-4fc3-b459-b59a16bfefca tempest-ServerBootFromVolumeStableRescueTest-2048465971 tempest-ServerBootFromVolumeStableRescueTest-2048465971-project-member] new path /v2/images/a185f1b1-2f1f-420b-8750-eac7e4650e07 {{(pid=102167) process_request /opt/stack/glance/glance/api/middleware/version_negotiation.py:70}}
Jun 20 12:27:31.471486 np0000003332 devstack@g-api.service[102167]: [pid: 102167|app: 0|req: 85/262] 127.0.0.1 () {44 vars in 1115 bytes} [Sat Jun 20 12:27:31 2026] GET /v2/images/a185f1b1-2f1f-420b-8750-eac7e4650e07 => generated 1617 bytes in 28 msecs (HTTP/1.1 200) 4 headers in 158 bytes (1 switches on core 0)
Jun 20 12:27:31.520602 np0000003332 devstack@g-api.service[102165]: DEBUG glance.api.middleware.version_negotiation [None req-667edb75-16fe-40be-a8ec-b9a7bd71d441 tempest-ServerBootFromVolumeStableRescueTest-2048465971 tempest-ServerBootFromVolumeStableRescueTest-2048465971-project-member] Determining version of request: GET /v2/schemas/image Accept: */* {{(pid=102165) process_request /opt/stack/glance/glance/api/middleware/version_negotiation.py:44}}
Jun 20 12:27:31.521120 np0000003332 devstack@g-api.service[102165]: DEBUG glance.api.middleware.version_negotiation [None req-667edb75-16fe-40be-a8ec-b9a7bd71d441 tempest-ServerBootFromVolumeStableRescueTest-2048465971 tempest-ServerBootFromVolumeStableRescueTest-2048465971-project-member] Using url versioning {{(pid=102165) process_request /opt/stack/glance/glance/api/middleware/version_negotiation.py:57}}
Jun 20 12:27:31.521120 np0000003332 devstack@g-api.service[102165]: DEBUG glance.api.middleware.version_negotiation [None req-667edb75-16fe-40be-a8ec-b9a7bd71d441 tempest-ServerBootFromVolumeStableRescueTest-2048465971 tempest-ServerBootFromVolumeStableRescueTest-2048465971-project-member] Matched version: v2 {{(pid=102165) process_request /opt/stack/glance/glance/api/middleware/version_negotiation.py:69}}
Jun 20 12:27:31.521120 np0000003332 devstack@g-api.service[102165]: DEBUG glance.api.middleware.version_negotiation [None req-667edb75-16fe-40be-a8ec-b9a7bd71d441 tempest-ServerBootFromVolumeStableRescueTest-2048465971 tempest-ServerBootFromVolumeStableRescueTest-2048465971-project-member] new path /v2/schemas/image {{(pid=102165) process_request /opt/stack/glance/glance/api/middleware/version_negotiation.py:70}}
