Jun 20 12:22:56.515638 np0000003332 devstack@g-api.service[102166]: DEBUG glance.api.middleware.version_negotiation [None req-7cc04dc3-c577-4e11-9aac-1256f4ebe291 tempest-ServerActionsTestOtherB-1000365866 tempest-ServerActionsTestOtherB-1000365866-project-member] Matched version: v2 {{(pid=102166) process_request /opt/stack/glance/glance/api/middleware/version_negotiation.py:69}}
Jun 20 12:22:56.515638 np0000003332 devstack@g-api.service[102166]: DEBUG glance.api.middleware.version_negotiation [None req-7cc04dc3-c577-4e11-9aac-1256f4ebe291 tempest-ServerActionsTestOtherB-1000365866 tempest-ServerActionsTestOtherB-1000365866-project-member] new path /v2/images/2fb23920-7862-4d25-b84b-cdc61da50949/file {{(pid=102166) process_request /opt/stack/glance/glance/api/middleware/version_negotiation.py:70}}
Jun 20 12:22:56.578445 np0000003332 devstack@g-api.service[102165]: [pid: 102165|app: 0|req: 16/47] 127.0.0.1 () {40 vars in 848 bytes} [Sat Jun 20 12:22:55 2026] GET /v2/images/5bca08dc-d2f9-4311-9b4c-32b35bc4e7cb/file => generated 21692416 bytes in 1302 msecs (HTTP/1.1 200) 5 headers in 217 bytes (340 switches on core 0)
Jun 20 12:22:57.359047 np0000003332 devstack@g-api.service[102166]: INFO glance.api.v2.image_data [None req-607daecc-260b-4d23-85dc-6c60e16ac60e tempest-AttachSCSIVolumeTestJSON-587552173 tempest-AttachSCSIVolumeTestJSON-587552173-project-admin] Unable to create trust: no such option collect_timing in group [keystone_authtoken] Use the existing user token.
Jun 20 12:22:58.010766 np0000003332 devstack@g-api.service[102166]: DEBUG glance.location [None req-607daecc-260b-4d23-85dc-6c60e16ac60e tempest-AttachSCSIVolumeTestJSON-587552173 tempest-AttachSCSIVolumeTestJSON-587552173-project-admin] Enabling in-flight format inspection for qcow2 {{(pid=102166) set_data /opt/stack/glance/glance/location.py:616}}
Jun 20 12:22:58.010766 np0000003332 devstack@g-api.service[102166]: DEBUG glance_store.backend [None req-607daecc-260b-4d23-85dc-6c60e16ac60e tempest-AttachSCSIVolumeTestJSON-587552173 tempest-AttachSCSIVolumeTestJSON-587552173-project-admin] Attempting to import store swift {{(pid=102166) _load_store /opt/stack/data/venv/lib/python3.12/site-packages/glance_store/backend.py:215}}
Jun 20 12:22:58.010766 np0000003332 devstack@g-api.service[102166]: DEBUG glance_store.capabilities [None req-607daecc-260b-4d23-85dc-6c60e16ac60e tempest-AttachSCSIVolumeTestJSON-587552173 tempest-AttachSCSIVolumeTestJSON-587552173-project-admin] Store glance_store._drivers.swift.store.SingleTenantStore doesn't support updating dynamic storage capabilities. Please overwrite 'update_capabilities' method of the store to implement updating logics if needed. {{(pid=102166) update_capabilities /opt/stack/data/venv/lib/python3.12/site-packages/glance_store/capabilities.py:91}}
Jun 20 12:22:58.010766 np0000003332 devstack@g-api.service[102166]: DEBUG glance_store.driver [None req-607daecc-260b-4d23-85dc-6c60e16ac60e tempest-AttachSCSIVolumeTestJSON-587552173 tempest-AttachSCSIVolumeTestJSON-587552173-project-admin] Late loading location class glance_store._drivers.swift.store.StoreLocation {{(pid=102166) get_store_location_class /opt/stack/data/venv/lib/python3.12/site-packages/glance_store/driver.py:134}}
Jun 20 12:22:58.020082 np0000003332 devstack@g-api.service[102166]: DEBUG glance_store.location [None req-607daecc-260b-4d23-85dc-6c60e16ac60e tempest-AttachSCSIVolumeTestJSON-587552173 tempest-AttachSCSIVolumeTestJSON-587552173-project-admin] Registering scheme swift+https with {'store': , 'location_class': , 'store_entry': 'swift'} {{(pid=102166) register_scheme_map /opt/stack/data/venv/lib/python3.12/site-packages/glance_store/location.py:146}}
Jun 20 12:22:58.020082 np0000003332 devstack@g-api.service[102166]: DEBUG glance_store.location [None req-607daecc-260b-4d23-85dc-6c60e16ac60e tempest-AttachSCSIVolumeTestJSON-587552173 tempest-AttachSCSIVolumeTestJSON-587552173-project-admin] Registering scheme swift+https with {'store': , 'location_class': , 'store_entry': 'swift'} {{(pid=102166) register_scheme_map /opt/stack/data/venv/lib/python3.12/site-packages/glance_store/location.py:146}}
Jun 20 12:22:58.020082 np0000003332 devstack@g-api.service[102166]: DEBUG glance_store.location [None req-607daecc-260b-4d23-85dc-6c60e16ac60e tempest-AttachSCSIVolumeTestJSON-587552173 tempest-AttachSCSIVolumeTestJSON-587552173-project-admin] Registering scheme swift with {'store': , 'location_class': , 'store_entry': 'swift'} {{(pid=102166) register_scheme_map /opt/stack/data/venv/lib/python3.12/site-packages/glance_store/location.py:146}}
Jun 20 12:22:58.021050 np0000003332 devstack@g-api.service[102166]: DEBUG glance_store.location [None req-607daecc-260b-4d23-85dc-6c60e16ac60e tempest-AttachSCSIVolumeTestJSON-587552173 tempest-AttachSCSIVolumeTestJSON-587552173-project-admin] Registering scheme swift+https with {'store': , 'location_class': , 'store_entry': 'swift'} {{(pid=102166) register_scheme_map /opt/stack/data/venv/lib/python3.12/site-packages/glance_store/location.py:146}}
Jun 20 12:22:58.021050 np0000003332 devstack@g-api.service[102166]: DEBUG glance_store.location [None req-607daecc-260b-4d23-85dc-6c60e16ac60e tempest-AttachSCSIVolumeTestJSON-587552173 tempest-AttachSCSIVolumeTestJSON-587552173-project-admin] Registering scheme swift with {'store': , 'location_class': , 'store_entry': 'swift'} {{(pid=102166) register_scheme_map /opt/stack/data/venv/lib/python3.12/site-packages/glance_store/location.py:146}}
Jun 20 12:22:58.021050 np0000003332 devstack@g-api.service[102166]: DEBUG glance_store.location [None req-607daecc-260b-4d23-85dc-6c60e16ac60e tempest-AttachSCSIVolumeTestJSON-587552173 tempest-AttachSCSIVolumeTestJSON-587552173-project-admin] Registering scheme swift+http with {'store': , 'location_class': , 'store_entry': 'swift'} {{(pid=102166) register_scheme_map /opt/stack/data/venv/lib/python3.12/site-packages/glance_store/location.py:146}}
Jun 20 12:22:58.021823 np0000003332 devstack@g-api.service[102166]: DEBUG glance_store.location [None req-607daecc-260b-4d23-85dc-6c60e16ac60e tempest-AttachSCSIVolumeTestJSON-587552173 tempest-AttachSCSIVolumeTestJSON-587552173-project-admin] Registering scheme swift+https with {'store': , 'location_class': , 'store_entry': 'swift'} {{(pid=102166) register_scheme_map /opt/stack/data/venv/lib/python3.12/site-packages/glance_store/location.py:146}}
Jun 20 12:22:58.021823 np0000003332 devstack@g-api.service[102166]: DEBUG glance_store.location [None req-607daecc-260b-4d23-85dc-6c60e16ac60e tempest-AttachSCSIVolumeTestJSON-587552173 tempest-AttachSCSIVolumeTestJSON-587552173-project-admin] Registering scheme swift with {'store': , 'location_class': , 'store_entry': 'swift'} {{(pid=102166) register_scheme_map /opt/stack/data/venv/lib/python3.12/site-packages/glance_store/location.py:146}}
Jun 20 12:22:58.021823 np0000003332 devstack@g-api.service[102166]: DEBUG glance_store.location [None req-607daecc-260b-4d23-85dc-6c60e16ac60e tempest-AttachSCSIVolumeTestJSON-587552173 tempest-AttachSCSIVolumeTestJSON-587552173-project-admin] Registering scheme swift+http with {'store': , 'location_class': , 'store_entry': 'swift'} {{(pid=102166) register_scheme_map /opt/stack/data/venv/lib/python3.12/site-packages/glance_store/location.py:146}}
Jun 20 12:22:58.022194 np0000003332 devstack@g-api.service[102166]: DEBUG glance_store.location [None req-607daecc-260b-4d23-85dc-6c60e16ac60e tempest-AttachSCSIVolumeTestJSON-587552173 tempest-AttachSCSIVolumeTestJSON-587552173-project-admin] Registering scheme swift+config with {'store': , 'location_class': , 'store_entry': 'swift'} {{(pid=102166) register_scheme_map /opt/stack/data/venv/lib/python3.12/site-packages/glance_store/location.py:146}}
Jun 20 12:22:58.574198 np0000003332 devstack@g-api.service[102167]: DEBUG glance.api.middleware.version_negotiation [None req-11287a24-4aba-4288-a2a5-16d6708d321b tempest-AttachSCSIVolumeTestJSON-587552173 tempest-AttachSCSIVolumeTestJSON-587552173-project-admin] Determining version of request: GET /v2/images/5bca08dc-d2f9-4311-9b4c-32b35bc4e7cb Accept: */* {{(pid=102167) process_request /opt/stack/glance/glance/api/middleware/version_negotiation.py:44}}
Jun 20 12:22:58.574807 np0000003332 devstack@g-api.service[102167]: DEBUG glance.api.middleware.version_negotiation [None req-11287a24-4aba-4288-a2a5-16d6708d321b tempest-AttachSCSIVolumeTestJSON-587552173 tempest-AttachSCSIVolumeTestJSON-587552173-project-admin] Using url versioning {{(pid=102167) process_request /opt/stack/glance/glance/api/middleware/version_negotiation.py:57}}
Jun 20 12:22:58.575280 np0000003332 devstack@g-api.service[102167]: DEBUG glance.api.middleware.version_negotiation [None req-11287a24-4aba-4288-a2a5-16d6708d321b tempest-AttachSCSIVolumeTestJSON-587552173 tempest-AttachSCSIVolumeTestJSON-587552173-project-admin] Matched version: v2 {{(pid=102167) process_request /opt/stack/glance/glance/api/middleware/version_negotiation.py:69}}
Jun 20 12:22:58.575433 np0000003332 devstack@g-api.service[102167]: DEBUG glance.api.middleware.version_negotiation [None req-11287a24-4aba-4288-a2a5-16d6708d321b tempest-AttachSCSIVolumeTestJSON-587552173 tempest-AttachSCSIVolumeTestJSON-587552173-project-admin] new path /v2/images/5bca08dc-d2f9-4311-9b4c-32b35bc4e7cb {{(pid=102167) process_request /opt/stack/glance/glance/api/middleware/version_negotiation.py:70}}
Jun 20 12:22:58.588466 np0000003332 devstack@g-api.service[102167]: [pid: 102167|app: 0|req: 16/48] 127.0.0.1 () {44 vars in 1115 bytes} [Sat Jun 20 12:22:58 2026] GET /v2/images/5bca08dc-d2f9-4311-9b4c-32b35bc4e7cb => generated 1044 bytes in 14 msecs (HTTP/1.1 200) 4 headers in 158 bytes (1 switches on core 0)
Jun 20 12:22:58.591723 np0000003332 devstack@g-api.service[102166]: DEBUG swiftclient [None req-607daecc-260b-4d23-85dc-6c60e16ac60e tempest-AttachSCSIVolumeTestJSON-587552173 tempest-AttachSCSIVolumeTestJSON-587552173-project-admin] REQ: curl -i https://10.4.3.145:8080/v1/AUTH_a7961a46f5944554b2559a77816bd1a6/glance -I -H "X-Auth-Token: gAAAAABqNoYihI-b..." {{(pid=102166) http_log /opt/stack/data/venv/lib/python3.12/site-packages/swiftclient/client.py:160}}
Jun 20 12:22:58.591880 np0000003332 devstack@g-api.service[102166]: DEBUG swiftclient [None req-607daecc-260b-4d23-85dc-6c60e16ac60e tempest-AttachSCSIVolumeTestJSON-587552173 tempest-AttachSCSIVolumeTestJSON-587552173-project-admin] RESP STATUS: 204 No Content {{(pid=102166) http_log /opt/stack/data/venv/lib/python3.12/site-packages/swiftclient/client.py:161}}
Jun 20 12:22:58.592530 np0000003332 devstack@g-api.service[102166]: DEBUG swiftclient [None req-607daecc-260b-4d23-85dc-6c60e16ac60e tempest-AttachSCSIVolumeTestJSON-587552173 tempest-AttachSCSIVolumeTestJSON-587552173-project-admin] RESP HEADERS: {'Date': 'Sat, 20 Jun 2026 12:22:58 GMT', 'Server': 'Apache/2.4.58 (Ubuntu)', 'Content-Type': 'text/plain; charset=utf-8', 'X-Container-Object-Count': '3', 'X-Container-Bytes-Used': '64356352', 'X-Timestamp': '1781958026.61812', 'Last-Modified': 'Sat, 20 Jun 2026 12:20:27 GMT', 'Accept-Ranges': 'bytes', 'X-Storage-Policy': 'Policy-0', 'X-Container-Sharding': 'False', 'Vary': 'Accept', 'X-Trans-Id': 'tx4af9ea80e58f4a76ba8ae-006a368622', 'X-Openstack-Request-Id': 'tx4af9ea80e58f4a76ba8ae-006a368622', 'Connection': 'close'} {{(pid=102166) http_log /opt/stack/data/venv/lib/python3.12/site-packages/swiftclient/client.py:162}}
Jun 20 12:22:58.592530 np0000003332 devstack@g-api.service[102166]: DEBUG glance_store._drivers.swift.store [None req-607daecc-260b-4d23-85dc-6c60e16ac60e tempest-AttachSCSIVolumeTestJSON-587552173 tempest-AttachSCSIVolumeTestJSON-587552173-project-admin] Adding image object '2fb23920-7862-4d25-b84b-cdc61da50949' to Swift {{(pid=102166) add /opt/stack/data/venv/lib/python3.12/site-packages/glance_store/_drivers/swift/store.py:970}}
Jun 20 12:22:58.592530 np0000003332 devstack@g-api.service[102166]: DEBUG glance_store._drivers.swift.store [None req-607daecc-260b-4d23-85dc-6c60e16ac60e tempest-AttachSCSIVolumeTestJSON-587552173 tempest-AttachSCSIVolumeTestJSON-587552173-project-admin] Cannot determine image size because it is either not provided in the request or chunked-transfer encoding is used. Adding image as a segmented object to Swift. {{(pid=102166) add /opt/stack/data/venv/lib/python3.12/site-packages/glance_store/_drivers/swift/store.py:994}}
Jun 20 12:22:58.599370 np0000003332 devstack@g-api.service[102166]: DEBUG oslo_utils.imageutils.format_inspector [None req-607daecc-260b-4d23-85dc-6c60e16ac60e tempest-AttachSCSIVolumeTestJSON-587552173 tempest-AttachSCSIVolumeTestJSON-587552173-project-admin] Format inspector for vmdk does not match, excluding from consideration (Signature KDMV not found: b'QFI\xfb') {{(pid=102166) _process_chunk /opt/stack/data/venv/lib/python3.12/site-packages/oslo_utils/imageutils/format_inspector.py:1758}}
Jun 20 12:22:58.603404 np0000003332 devstack@g-api.service[102166]: DEBUG oslo_utils.imageutils.format_inspector [None req-607daecc-260b-4d23-85dc-6c60e16ac60e tempest-AttachSCSIVolumeTestJSON-587552173 tempest-AttachSCSIVolumeTestJSON-587552173-project-admin] Format inspector for vhdx does not match, excluding from consideration (Region signature not found at 30000) {{(pid=102166) _process_chunk /opt/stack/data/venv/lib/python3.12/site-packages/oslo_utils/imageutils/format_inspector.py:1758}}
Jun 20 12:22:58.628300 np0000003332 devstack@g-api.service[102165]: DEBUG glance.api.middleware.version_negotiation [None req-b76e5f3f-b237-4c11-8807-745c89246d63 tempest-AttachSCSIVolumeTestJSON-587552173 tempest-AttachSCSIVolumeTestJSON-587552173-project-admin] Determining version of request: GET /v2/images/5bca08dc-d2f9-4311-9b4c-32b35bc4e7cb/file Accept: */* {{(pid=102165) process_request /opt/stack/glance/glance/api/middleware/version_negotiation.py:44}}
Jun 20 12:22:58.629055 np0000003332 devstack@g-api.service[102165]: DEBUG glance.api.middleware.version_negotiation [None req-b76e5f3f-b237-4c11-8807-745c89246d63 tempest-AttachSCSIVolumeTestJSON-587552173 tempest-AttachSCSIVolumeTestJSON-587552173-project-admin] Using url versioning {{(pid=102165) process_request /opt/stack/glance/glance/api/middleware/version_negotiation.py:57}}
Jun 20 12:22:58.629055 np0000003332 devstack@g-api.service[102165]: DEBUG glance.api.middleware.version_negotiation [None req-b76e5f3f-b237-4c11-8807-745c89246d63 tempest-AttachSCSIVolumeTestJSON-587552173 tempest-AttachSCSIVolumeTestJSON-587552173-project-admin] Matched version: v2 {{(pid=102165) process_request /opt/stack/glance/glance/api/middleware/version_negotiation.py:69}}
Jun 20 12:22:58.629055 np0000003332 devstack@g-api.service[102165]: DEBUG glance.api.middleware.version_negotiation [None req-b76e5f3f-b237-4c11-8807-745c89246d63 tempest-AttachSCSIVolumeTestJSON-587552173 tempest-AttachSCSIVolumeTestJSON-587552173-project-admin] new path /v2/images/5bca08dc-d2f9-4311-9b4c-32b35bc4e7cb/file {{(pid=102165) process_request /opt/stack/glance/glance/api/middleware/version_negotiation.py:70}}
Jun 20 12:22:58.648337 np0000003332 devstack@g-api.service[102165]: DEBUG glance.api.middleware.cache [None req-e8b34877-8ab6-42b4-9514-713b9351f2da tempest-DeleteServersTestJSON-1476143465 tempest-DeleteServersTestJSON-1476143465-project-member] Cache hit for image '5bca08dc-d2f9-4311-9b4c-32b35bc4e7cb' {{(pid=102165) process_request /opt/stack/glance/glance/api/middleware/cache.py:160}}
Jun 20 12:22:58.744065 np0000003332 devstack@g-api.service[102165]: [pid: 102165|app: 0|req: 17/49] 127.0.0.1 () {44 vars in 1125 bytes} [Sat Jun 20 12:22:58 2026] GET /v2/images/5bca08dc-d2f9-4311-9b4c-32b35bc4e7cb/file => generated 21692416 bytes in 115 msecs (HTTP/1.1 200) 5 headers in 217 bytes (339 switches on core 0)
Jun 20 12:22:58.871321 np0000003332 devstack@g-api.service[102167]: DEBUG glance.api.middleware.version_negotiation [None req-e8b34877-8ab6-42b4-9514-713b9351f2da tempest-DeleteServersTestJSON-1476143465 tempest-DeleteServersTestJSON-1476143465-project-member] Determining version of request: GET /v2/images/5bca08dc-d2f9-4311-9b4c-32b35bc4e7cb Accept: */* {{(pid=102167) process_request /opt/stack/glance/glance/api/middleware/version_negotiation.py:44}}
Jun 20 12:22:58.871524 np0000003332 devstack@g-api.service[102167]: DEBUG glance.api.middleware.version_negotiation [None req-e8b34877-8ab6-42b4-9514-713b9351f2da tempest-DeleteServersTestJSON-1476143465 tempest-DeleteServersTestJSON-1476143465-project-member] Using url versioning {{(pid=102167) process_request /opt/stack/glance/glance/api/middleware/version_negotiation.py:57}}
Jun 20 12:22:58.871688 np0000003332 devstack@g-api.service[102167]: DEBUG glance.api.middleware.version_negotiation [None req-e8b34877-8ab6-42b4-9514-713b9351f2da tempest-DeleteServersTestJSON-1476143465 tempest-DeleteServersTestJSON-1476143465-project-member] Matched version: v2 {{(pid=102167) process_request /opt/stack/glance/glance/api/middleware/version_negotiation.py:69}}
Jun 20 12:22:58.871981 np0000003332 devstack@g-api.service[102167]: DEBUG glance.api.middleware.version_negotiation [None req-e8b34877-8ab6-42b4-9514-713b9351f2da tempest-DeleteServersTestJSON-1476143465 tempest-DeleteServersTestJSON-1476143465-project-member] new path /v2/images/5bca08dc-d2f9-4311-9b4c-32b35bc4e7cb {{(pid=102167) process_request /opt/stack/glance/glance/api/middleware/version_negotiation.py:70}}
Jun 20 12:22:58.883692 np0000003332 devstack@g-api.service[102167]: [pid: 102167|app: 0|req: 17/50] 127.0.0.1 () {44 vars in 1115 bytes} [Sat Jun 20 12:22:58 2026] GET /v2/images/5bca08dc-d2f9-4311-9b4c-32b35bc4e7cb => generated 1044 bytes in 12 msecs (HTTP/1.1 200) 4 headers in 158 bytes (1 switches on core 0)
Jun 20 12:22:58.915611 np0000003332 devstack@g-api.service[102166]: DEBUG swiftclient [None req-607daecc-260b-4d23-85dc-6c60e16ac60e tempest-AttachSCSIVolumeTestJSON-587552173 tempest-AttachSCSIVolumeTestJSON-587552173-project-admin] REQ: curl -i https://10.4.3.145:8080/v1/AUTH_a7961a46f5944554b2559a77816bd1a6/glance/2fb23920-7862-4d25-b84b-cdc61da50949-00001 -X PUT -H "X-Auth-Token: gAAAAABqNoYihI-b..." {{(pid=102166) http_log /opt/stack/data/venv/lib/python3.12/site-packages/swiftclient/client.py:160}}
Jun 20 12:22:58.915811 np0000003332 devstack@g-api.service[102166]: DEBUG swiftclient [None req-607daecc-260b-4d23-85dc-6c60e16ac60e tempest-AttachSCSIVolumeTestJSON-587552173 tempest-AttachSCSIVolumeTestJSON-587552173-project-admin] RESP STATUS: 201 Created {{(pid=102166) http_log /opt/stack/data/venv/lib/python3.12/site-packages/swiftclient/client.py:161}}
Jun 20 12:22:58.916020 np0000003332 devstack@g-api.service[102166]: DEBUG swiftclient [None req-607daecc-260b-4d23-85dc-6c60e16ac60e tempest-AttachSCSIVolumeTestJSON-587552173 tempest-AttachSCSIVolumeTestJSON-587552173-project-admin] RESP HEADERS: {'Date': 'Sat, 20 Jun 2026 12:22:58 GMT', 'Server': 'Apache/2.4.58 (Ubuntu)', 'Content-Type': 'text/html; charset=UTF-8', 'Content-Length': '0', 'Etag': '87617e24a5e30cb3b87fda8c0764838f', 'Last-Modified': 'Sat, 20 Jun 2026 12:22:59 GMT', 'X-Trans-Id': 'tx6d11e6d2d4f3455799350-006a368622', 'X-Openstack-Request-Id': 'tx6d11e6d2d4f3455799350-006a368622', 'Connection': 'close'} {{(pid=102166) http_log /opt/stack/data/venv/lib/python3.12/site-packages/swiftclient/client.py:162}}
Jun 20 12:22:58.916171 np0000003332 devstack@g-api.service[102166]: DEBUG glance_store._drivers.swift.store [None req-607daecc-260b-4d23-85dc-6c60e16ac60e tempest-AttachSCSIVolumeTestJSON-587552173 tempest-AttachSCSIVolumeTestJSON-587552173-project-admin] Wrote chunk 2fb23920-7862-4d25-b84b-cdc61da50949-00001 (1/?) of length 21692416 to Swift returning MD5 of content: 87617e24a5e30cb3b87fda8c0764838f {{(pid=102166) add /opt/stack/data/venv/lib/python3.12/site-packages/glance_store/_drivers/swift/store.py:1059}}
Jun 20 12:22:58.916966 np0000003332 devstack@g-api.service[102166]: DEBUG glance_store._drivers.swift.store [None req-607daecc-260b-4d23-85dc-6c60e16ac60e tempest-AttachSCSIVolumeTestJSON-587552173 tempest-AttachSCSIVolumeTestJSON-587552173-project-admin] Not writing zero-length chunk. {{(pid=102166) add /opt/stack/data/venv/lib/python3.12/site-packages/glance_store/_drivers/swift/store.py:1028}}
Jun 20 12:22:58.924448 np0000003332 devstack@g-api.service[102165]: DEBUG glance.api.middleware.version_negotiation [None req-e8b34877-8ab6-42b4-9514-713b9351f2da tempest-DeleteServersTestJSON-1476143465 tempest-DeleteServersTestJSON-1476143465-project-member] Determining version of request: GET /v2/schemas/image Accept: */* {{(pid=102165) process_request /opt/stack/glance/glance/api/middleware/version_negotiation.py:44}}
Jun 20 12:22:58.924448 np0000003332 devstack@g-api.service[102165]: DEBUG glance.api.middleware.version_negotiation [None req-e8b34877-8ab6-42b4-9514-713b9351f2da tempest-DeleteServersTestJSON-1476143465 tempest-DeleteServersTestJSON-1476143465-project-member] Using url versioning {{(pid=102165) process_request /opt/stack/glance/glance/api/middleware/version_negotiation.py:57}}
Jun 20 12:22:58.924448 np0000003332 devstack@g-api.service[102165]: DEBUG glance.api.middleware.version_negotiation [None req-e8b34877-8ab6-42b4-9514-713b9351f2da tempest-DeleteServersTestJSON-1476143465 tempest-DeleteServersTestJSON-1476143465-project-member] Matched version: v2 {{(pid=102165) process_request /opt/stack/glance/glance/api/middleware/version_negotiation.py:69}}
Jun 20 12:22:58.925083 np0000003332 devstack@g-api.service[102165]: DEBUG glance.api.middleware.version_negotiation [None req-e8b34877-8ab6-42b4-9514-713b9351f2da tempest-DeleteServersTestJSON-1476143465 tempest-DeleteServersTestJSON-1476143465-project-member] new path /v2/schemas/image {{(pid=102165) process_request /opt/stack/glance/glance/api/middleware/version_negotiation.py:70}}
Jun 20 12:22:58.928460 np0000003332 devstack@g-api.service[102165]: [pid: 102165|app: 0|req: 18/51] 127.0.0.1 () {44 vars in 1055 bytes} [Sat Jun 20 12:22:58 2026] GET /v2/schemas/image => generated 6083 bytes in 4 msecs (HTTP/1.1 200) 4 headers in 158 bytes (1 switches on core 0)
Jun 20 12:22:58.963557 np0000003332 devstack@g-api.service[102166]: DEBUG swiftclient [None req-607daecc-260b-4d23-85dc-6c60e16ac60e tempest-AttachSCSIVolumeTestJSON-587552173 tempest-AttachSCSIVolumeTestJSON-587552173-project-admin] REQ: curl -i https://10.4.3.145:8080/v1/AUTH_a7961a46f5944554b2559a77816bd1a6/glance/2fb23920-7862-4d25-b84b-cdc61da50949 -X PUT -H "X-Object-Manifest: glance/2fb23920-7862-4d25-b84b-cdc61da50949-" -H "X-Auth-Token: gAAAAABqNoYihI-b..." -H "Content-Length: 0" {{(pid=102166) http_log /opt/stack/data/venv/lib/python3.12/site-packages/swiftclient/client.py:160}}
Jun 20 12:22:58.963700 np0000003332 devstack@g-api.service[102166]: DEBUG swiftclient [None req-607daecc-260b-4d23-85dc-6c60e16ac60e tempest-AttachSCSIVolumeTestJSON-587552173 tempest-AttachSCSIVolumeTestJSON-587552173-project-admin] RESP STATUS: 201 Created {{(pid=102166) http_log /opt/stack/data/venv/lib/python3.12/site-packages/swiftclient/client.py:161}}
Jun 20 12:22:58.963766 np0000003332 devstack@g-api.service[102166]: DEBUG swiftclient [None req-607daecc-260b-4d23-85dc-6c60e16ac60e tempest-AttachSCSIVolumeTestJSON-587552173 tempest-AttachSCSIVolumeTestJSON-587552173-project-admin] RESP HEADERS: {'Date': 'Sat, 20 Jun 2026 12:22:58 GMT', 'Server': 'Apache/2.4.58 (Ubuntu)', 'Content-Type': 'text/html; charset=UTF-8', 'Content-Length': '0', 'Etag': 'd41d8cd98f00b204e9800998ecf8427e', 'Last-Modified': 'Sat, 20 Jun 2026 12:22:59 GMT', 'X-Trans-Id': 'tx49795610fbe6411fbf497-006a368622', 'X-Openstack-Request-Id': 'tx49795610fbe6411fbf497-006a368622', 'Connection': 'close'} {{(pid=102166) http_log /opt/stack/data/venv/lib/python3.12/site-packages/swiftclient/client.py:162}}
Jun 20 12:22:58.964290 np0000003332 devstack@g-api.service[102166]: INFO glance.location [None req-607daecc-260b-4d23-85dc-6c60e16ac60e tempest-AttachSCSIVolumeTestJSON-587552173 tempest-AttachSCSIVolumeTestJSON-587552173-project-admin] Image format matched and virtual size computed: 117440512
Jun 20 12:22:58.997659 np0000003332 devstack@g-api.service[102166]: DEBUG glance_store.backend [None req-607daecc-260b-4d23-85dc-6c60e16ac60e tempest-AttachSCSIVolumeTestJSON-587552173 tempest-AttachSCSIVolumeTestJSON-587552173-project-admin] Attempting to import store swift {{(pid=102166) _load_store /opt/stack/data/venv/lib/python3.12/site-packages/glance_store/backend.py:215}}
Jun 20 12:22:59.001494 np0000003332 devstack@g-api.service[102166]: DEBUG glance_store.capabilities [None req-607daecc-260b-4d23-85dc-6c60e16ac60e tempest-AttachSCSIVolumeTestJSON-587552173 tempest-AttachSCSIVolumeTestJSON-587552173-project-admin] Store glance_store._drivers.swift.store.SingleTenantStore doesn't support updating dynamic storage capabilities. Please overwrite 'update_capabilities' method of the store to implement updating logics if needed. {{(pid=102166) update_capabilities /opt/stack/data/venv/lib/python3.12/site-packages/glance_store/capabilities.py:91}}
Jun 20 12:22:59.001494 np0000003332 devstack@g-api.service[102166]: DEBUG glance_store.driver [None req-607daecc-260b-4d23-85dc-6c60e16ac60e tempest-AttachSCSIVolumeTestJSON-587552173 tempest-AttachSCSIVolumeTestJSON-587552173-project-admin] Late loading location class glance_store._drivers.swift.store.StoreLocation {{(pid=102166) get_store_location_class /opt/stack/data/venv/lib/python3.12/site-packages/glance_store/driver.py:134}}
Jun 20 12:22:59.001494 np0000003332 devstack@g-api.service[102166]: DEBUG glance_store.location [None req-607daecc-260b-4d23-85dc-6c60e16ac60e tempest-AttachSCSIVolumeTestJSON-587552173 tempest-AttachSCSIVolumeTestJSON-587552173-project-admin] Registering scheme swift+https with {'store': , 'location_class': , 'store_entry': 'swift'} {{(pid=102166) register_scheme_map /opt/stack/data/venv/lib/python3.12/site-packages/glance_store/location.py:146}}
Jun 20 12:22:59.001763 np0000003332 devstack@g-api.service[102166]: DEBUG glance_store.location [None req-607daecc-260b-4d23-85dc-6c60e16ac60e tempest-AttachSCSIVolumeTestJSON-587552173 tempest-AttachSCSIVolumeTestJSON-587552173-project-admin] Registering scheme swift+https with {'store': , 'location_class': , 'store_entry': 'swift'} {{(pid=102166) register_scheme_map /opt/stack/data/venv/lib/python3.12/site-packages/glance_store/location.py:146}}
Jun 20 12:22:59.001763 np0000003332 devstack@g-api.service[102166]: DEBUG glance_store.location [None req-607daecc-260b-4d23-85dc-6c60e16ac60e tempest-AttachSCSIVolumeTestJSON-587552173 tempest-AttachSCSIVolumeTestJSON-587552173-project-admin] Registering scheme swift with {'store': , 'location_class': , 'store_entry': 'swift'} {{(pid=102166) register_scheme_map /opt/stack/data/venv/lib/python3.12/site-packages/glance_store/location.py:146}}
Jun 20 12:22:59.001763 np0000003332 devstack@g-api.service[102166]: DEBUG glance_store.location [None req-607daecc-260b-4d23-85dc-6c60e16ac60e tempest-AttachSCSIVolumeTestJSON-587552173 tempest-AttachSCSIVolumeTestJSON-587552173-project-admin] Registering scheme swift+https with {'store': , 'location_class': , 'store_entry': 'swift'} {{(pid=102166) register_scheme_map /opt/stack/data/venv/lib/python3.12/site-packages/glance_store/location.py:146}}
Jun 20 12:22:59.001980 np0000003332 devstack@g-api.service[102166]: DEBUG glance_store.location [None req-607daecc-260b-4d23-85dc-6c60e16ac60e tempest-AttachSCSIVolumeTestJSON-587552173 tempest-AttachSCSIVolumeTestJSON-587552173-project-admin] Registering scheme swift with {'store': , 'location_class': , 'store_entry': 'swift'} {{(pid=102166) register_scheme_map /opt/stack/data/venv/lib/python3.12/site-packages/glance_store/location.py:146}}
Jun 20 12:22:59.001980 np0000003332 devstack@g-api.service[102166]: DEBUG glance_store.location [None req-607daecc-260b-4d23-85dc-6c60e16ac60e tempest-AttachSCSIVolumeTestJSON-587552173 tempest-AttachSCSIVolumeTestJSON-587552173-project-admin] Registering scheme swift+http with {'store': , 'location_class': , 'store_entry': 'swift'} {{(pid=102166) register_scheme_map /opt/stack/data/venv/lib/python3.12/site-packages/glance_store/location.py:146}}
Jun 20 12:22:59.001980 np0000003332 devstack@g-api.service[102166]: DEBUG glance_store.location [None req-607daecc-260b-4d23-85dc-6c60e16ac60e tempest-AttachSCSIVolumeTestJSON-587552173 tempest-AttachSCSIVolumeTestJSON-587552173-project-admin] Registering scheme swift+https with {'store': , 'location_class': , 'store_entry': 'swift'} {{(pid=102166) register_scheme_map /opt/stack/data/venv/lib/python3.12/site-packages/glance_store/location.py:146}}
Jun 20 12:22:59.002121 np0000003332 devstack@g-api.service[102166]: DEBUG glance_store.location [None req-607daecc-260b-4d23-85dc-6c60e16ac60e tempest-AttachSCSIVolumeTestJSON-587552173 tempest-AttachSCSIVolumeTestJSON-587552173-project-admin] Registering scheme swift with {'store': , 'location_class': , 'store_entry': 'swift'} {{(pid=102166) register_scheme_map /opt/stack/data/venv/lib/python3.12/site-packages/glance_store/location.py:146}}
Jun 20 12:22:59.002121 np0000003332 devstack@g-api.service[102166]: DEBUG glance_store.location [None req-607daecc-260b-4d23-85dc-6c60e16ac60e tempest-AttachSCSIVolumeTestJSON-587552173 tempest-AttachSCSIVolumeTestJSON-587552173-project-admin] Registering scheme swift+http with {'store': , 'location_class': , 'store_entry': 'swift'} {{(pid=102166) register_scheme_map /opt/stack/data/venv/lib/python3.12/site-packages/glance_store/location.py:146}}
Jun 20 12:22:59.002121 np0000003332 devstack@g-api.service[102166]: DEBUG glance_store.location [None req-607daecc-260b-4d23-85dc-6c60e16ac60e tempest-AttachSCSIVolumeTestJSON-587552173 tempest-AttachSCSIVolumeTestJSON-587552173-project-admin] Registering scheme swift+config with {'store': , 'location_class': , 'store_entry': 'swift'} {{(pid=102166) register_scheme_map /opt/stack/data/venv/lib/python3.12/site-packages/glance_store/location.py:146}}
Jun 20 12:22:59.002121 np0000003332 devstack@g-api.service[102166]: DEBUG glance_store.backend [None req-607daecc-260b-4d23-85dc-6c60e16ac60e tempest-AttachSCSIVolumeTestJSON-587552173 tempest-AttachSCSIVolumeTestJSON-587552173-project-admin] Skipping store.set_acls... not implemented. {{(pid=102166) set_acls /opt/stack/data/venv/lib/python3.12/site-packages/glance_store/backend.py:507}}
Jun 20 12:22:59.003959 np0000003332 devstack@g-api.service[102166]: [pid: 102166|app: 0|req: 17/52] 127.0.0.1 () {40 vars in 858 bytes} [Sat Jun 20 12:22:56 2026] PUT /v2/images/2fb23920-7862-4d25-b84b-cdc61da50949/file => generated 0 bytes in 2489 msecs (HTTP/1.1 204) 4 headers in 171 bytes (1 switches on core 0)
Jun 20 12:23:00.960801 np0000003332 devstack@g-api.service[102167]: DEBUG glance.api.middleware.version_negotiation [None req-e8b34877-8ab6-42b4-9514-713b9351f2da tempest-DeleteServersTestJSON-1476143465 tempest-DeleteServersTestJSON-1476143465-project-member] Determining version of request: GET /v2/images/5bca08dc-d2f9-4311-9b4c-32b35bc4e7cb Accept: */* {{(pid=102167) process_request /opt/stack/glance/glance/api/middleware/version_negotiation.py:44}}
Jun 20 12:23:00.961256 np0000003332 devstack@g-api.service[102167]: DEBUG glance.api.middleware.version_negotiation [None req-e8b34877-8ab6-42b4-9514-713b9351f2da tempest-DeleteServersTestJSON-1476143465 tempest-DeleteServersTestJSON-1476143465-project-member] Using url versioning {{(pid=102167) process_request /opt/stack/glance/glance/api/middleware/version_negotiation.py:57}}
Jun 20 12:23:00.961256 np0000003332 devstack@g-api.service[102167]: DEBUG glance.api.middleware.version_negotiation [None req-e8b34877-8ab6-42b4-9514-713b9351f2da tempest-DeleteServersTestJSON-1476143465 tempest-DeleteServersTestJSON-1476143465-project-member] Matched version: v2 {{(pid=102167) process_request /opt/stack/glance/glance/api/middleware/version_negotiation.py:69}}
Jun 20 12:23:00.961421 np0000003332 devstack@g-api.service[102167]: DEBUG glance.api.middleware.version_negotiation [None req-e8b34877-8ab6-42b4-9514-713b9351f2da tempest-DeleteServersTestJSON-1476143465 tempest-DeleteServersTestJSON-1476143465-project-member] new path /v2/images/5bca08dc-d2f9-4311-9b4c-32b35bc4e7cb {{(pid=102167) process_request /opt/stack/glance/glance/api/middleware/version_negotiation.py:70}}
Jun 20 12:23:00.974745 np0000003332 devstack@g-api.service[102167]: [pid: 102167|app: 0|req: 18/53] 127.0.0.1 () {44 vars in 1115 bytes} [Sat Jun 20 12:23:00 2026] GET /v2/images/5bca08dc-d2f9-4311-9b4c-32b35bc4e7cb => generated 1044 bytes in 14 msecs (HTTP/1.1 200) 4 headers in 158 bytes (1 switches on core 0)
Jun 20 12:23:00.983783 np0000003332 devstack@g-api.service[102165]: DEBUG glance.api.middleware.version_negotiation [None req-e8b34877-8ab6-42b4-9514-713b9351f2da tempest-DeleteServersTestJSON-1476143465 tempest-DeleteServersTestJSON-1476143465-project-member] Determining version of request: GET /v2/schemas/image Accept: */* {{(pid=102165) process_request /opt/stack/glance/glance/api/middleware/version_negotiation.py:44}}
Jun 20 12:23:00.984328 np0000003332 devstack@g-api.service[102165]: DEBUG glance.api.middleware.version_negotiation [None req-e8b34877-8ab6-42b4-9514-713b9351f2da tempest-DeleteServersTestJSON-1476143465 tempest-DeleteServersTestJSON-1476143465-project-member] Using url versioning {{(pid=102165) process_request /opt/stack/glance/glance/api/middleware/version_negotiation.py:57}}
Jun 20 12:23:00.984328 np0000003332 devstack@g-api.service[102165]: DEBUG glance.api.middleware.version_negotiation [None req-e8b34877-8ab6-42b4-9514-713b9351f2da tempest-DeleteServersTestJSON-1476143465 tempest-DeleteServersTestJSON-1476143465-project-member] Matched version: v2 {{(pid=102165) process_request /opt/stack/glance/glance/api/middleware/version_negotiation.py:69}}
Jun 20 12:23:00.984328 np0000003332 devstack@g-api.service[102165]: DEBUG glance.api.middleware.version_negotiation [None req-e8b34877-8ab6-42b4-9514-713b9351f2da tempest-DeleteServersTestJSON-1476143465 tempest-DeleteServersTestJSON-1476143465-project-member] new path /v2/schemas/image {{(pid=102165) process_request /opt/stack/glance/glance/api/middleware/version_negotiation.py:70}}
Jun 20 12:23:00.987774 np0000003332 devstack@g-api.service[102165]: [pid: 102165|app: 0|req: 19/54] 127.0.0.1 () {44 vars in 1055 bytes} [Sat Jun 20 12:23:00 2026] GET /v2/schemas/image => generated 6083 bytes in 4 msecs (HTTP/1.1 200) 4 headers in 158 bytes (1 switches on core 0)
Jun 20 12:23:08.327253 np0000003332 devstack@g-api.service[102166]: DEBUG glance.api.middleware.version_negotiation [None req-607daecc-260b-4d23-85dc-6c60e16ac60e tempest-AttachSCSIVolumeTestJSON-587552173 tempest-AttachSCSIVolumeTestJSON-587552173-project-admin] Determining version of request: GET /v2/images/2fb23920-7862-4d25-b84b-cdc61da50949 Accept: */* {{(pid=102166) process_request /opt/stack/glance/glance/api/middleware/version_negotiation.py:44}}
Jun 20 12:23:08.327657 np0000003332 devstack@g-api.service[102166]: DEBUG glance.api.middleware.version_negotiation [None req-607daecc-260b-4d23-85dc-6c60e16ac60e tempest-AttachSCSIVolumeTestJSON-587552173 tempest-AttachSCSIVolumeTestJSON-587552173-project-admin] Using url versioning {{(pid=102166) process_request /opt/stack/glance/glance/api/middleware/version_negotiation.py:57}}
Jun 20 12:23:08.327657 np0000003332 devstack@g-api.service[102166]: DEBUG glance.api.middleware.version_negotiation [None req-607daecc-260b-4d23-85dc-6c60e16ac60e tempest-AttachSCSIVolumeTestJSON-587552173 tempest-AttachSCSIVolumeTestJSON-587552173-project-admin] Matched version: v2 {{(pid=102166) process_request /opt/stack/glance/glance/api/middleware/version_negotiation.py:69}}
Jun 20 12:23:08.327802 np0000003332 devstack@g-api.service[102166]: DEBUG glance.api.middleware.version_negotiation [None req-607daecc-260b-4d23-85dc-6c60e16ac60e tempest-AttachSCSIVolumeTestJSON-587552173 tempest-AttachSCSIVolumeTestJSON-587552173-project-admin] new path /v2/images/2fb23920-7862-4d25-b84b-cdc61da50949 {{(pid=102166) process_request /opt/stack/glance/glance/api/middleware/version_negotiation.py:70}}
Jun 20 12:23:08.338038 np0000003332 devstack@g-api.service[102166]: [pid: 102166|app: 0|req: 18/55] 127.0.0.1 () {44 vars in 1115 bytes} [Sat Jun 20 12:23:08 2026] GET /v2/images/2fb23920-7862-4d25-b84b-cdc61da50949 => generated 859 bytes in 11 msecs (HTTP/1.1 200) 4 headers in 157 bytes (1 switches on core 0)
Jun 20 12:23:08.378445 np0000003332 devstack@g-api.service[102167]: DEBUG glance.api.middleware.version_negotiation [None req-a8e9cf43-ab01-4bce-9776-a583a30ac5cf tempest-TaggedBootDevicesTest-1645036514 tempest-TaggedBootDevicesTest-1645036514-project-member] Determining version of request: GET /v2/schemas/image Accept: */* {{(pid=102167) process_request /opt/stack/glance/glance/api/middleware/version_negotiation.py:44}}
Jun 20 12:23:08.378867 np0000003332 devstack@g-api.service[102167]: DEBUG glance.api.middleware.version_negotiation [None req-a8e9cf43-ab01-4bce-9776-a583a30ac5cf tempest-TaggedBootDevicesTest-1645036514 tempest-TaggedBootDevicesTest-1645036514-project-member] Using url versioning {{(pid=102167) process_request /opt/stack/glance/glance/api/middleware/version_negotiation.py:57}}
Jun 20 12:23:08.378867 np0000003332 devstack@g-api.service[102167]: DEBUG glance.api.middleware.version_negotiation [None req-a8e9cf43-ab01-4bce-9776-a583a30ac5cf tempest-TaggedBootDevicesTest-1645036514 tempest-TaggedBootDevicesTest-1645036514-project-member] Matched version: v2 {{(pid=102167) process_request /opt/stack/glance/glance/api/middleware/version_negotiation.py:69}}
Jun 20 12:23:08.378984 np0000003332 devstack@g-api.service[102167]: DEBUG glance.api.middleware.version_negotiation [None req-a8e9cf43-ab01-4bce-9776-a583a30ac5cf tempest-TaggedBootDevicesTest-1645036514 tempest-TaggedBootDevicesTest-1645036514-project-member] new path /v2/schemas/image {{(pid=102167) process_request /opt/stack/glance/glance/api/middleware/version_negotiation.py:70}}
Jun 20 12:23:08.382277 np0000003332 devstack@g-api.service[102167]: [pid: 102167|app: 0|req: 19/56] 127.0.0.1 () {44 vars in 1055 bytes} [Sat Jun 20 12:23:08 2026] GET /v2/schemas/image => generated 6083 bytes in 4 msecs (HTTP/1.1 200) 4 headers in 158 bytes (1 switches on core 0)
Jun 20 12:23:08.716072 np0000003332 devstack@g-api.service[102165]: DEBUG dbcounter [-] [102165] Writing DB stats glance:SELECT=12,glance:UPDATE=2 {{(pid=102165) stat_writer /opt/stack/data/venv/lib/python3.12/site-packages/dbcounter.py:115}}
Jun 20 12:23:10.974504 np0000003332 devstack@g-api.service[102167]: DEBUG dbcounter [-] [102167] Writing DB stats glance:SELECT=23,glance:INSERT=5 {{(pid=102167) stat_writer /opt/stack/data/venv/lib/python3.12/site-packages/dbcounter.py:115}}
Jun 20 12:23:13.531438 np0000003332 devstack@g-api.service[102165]: DEBUG glance.api.middleware.version_negotiation [None req-a8e9cf43-ab01-4bce-9776-a583a30ac5cf tempest-TaggedBootDevicesTest-1645036514 tempest-TaggedBootDevicesTest-1645036514-project-member] Determining version of request: GET /v2/images/5bca08dc-d2f9-4311-9b4c-32b35bc4e7cb Accept: */* {{(pid=102165) process_request /opt/stack/glance/glance/api/middleware/version_negotiation.py:44}}
Jun 20 12:23:13.531807 np0000003332 devstack@g-api.service[102165]: DEBUG glance.api.middleware.version_negotiation [None req-a8e9cf43-ab01-4bce-9776-a583a30ac5cf tempest-TaggedBootDevicesTest-1645036514 tempest-TaggedBootDevicesTest-1645036514-project-member] Using url versioning {{(pid=102165) process_request /opt/stack/glance/glance/api/middleware/version_negotiation.py:57}}
Jun 20 12:23:13.531807 np0000003332 devstack@g-api.service[102165]: DEBUG glance.api.middleware.version_negotiation [None req-a8e9cf43-ab01-4bce-9776-a583a30ac5cf tempest-TaggedBootDevicesTest-1645036514 tempest-TaggedBootDevicesTest-1645036514-project-member] Matched version: v2 {{(pid=102165) process_request /opt/stack/glance/glance/api/middleware/version_negotiation.py:69}}
Jun 20 12:23:13.531807 np0000003332 devstack@g-api.service[102165]: DEBUG glance.api.middleware.version_negotiation [None req-a8e9cf43-ab01-4bce-9776-a583a30ac5cf tempest-TaggedBootDevicesTest-1645036514 tempest-TaggedBootDevicesTest-1645036514-project-member] new path /v2/images/5bca08dc-d2f9-4311-9b4c-32b35bc4e7cb {{(pid=102165) process_request /opt/stack/glance/glance/api/middleware/version_negotiation.py:70}}
Jun 20 12:23:13.542884 np0000003332 devstack@g-api.service[102165]: [pid: 102165|app: 0|req: 20/57] 127.0.0.1 () {44 vars in 1115 bytes} [Sat Jun 20 12:23:13 2026] GET /v2/images/5bca08dc-d2f9-4311-9b4c-32b35bc4e7cb => generated 1044 bytes in 11 msecs (HTTP/1.1 200) 4 headers in 158 bytes (1 switches on core 0)
Jun 20 12:23:13.582533 np0000003332 devstack@g-api.service[102166]: DEBUG glance.api.middleware.version_negotiation [None req-338e379d-8b54-4407-a968-0519addaa03e tempest-AttachSCSIVolumeTestJSON-186035253 tempest-AttachSCSIVolumeTestJSON-186035253-project-member] Determining version of request: GET /v2/schemas/image Accept: */* {{(pid=102166) process_request /opt/stack/glance/glance/api/middleware/version_negotiation.py:44}}
Jun 20 12:23:13.582846 np0000003332 devstack@g-api.service[102166]: DEBUG glance.api.middleware.version_negotiation [None req-338e379d-8b54-4407-a968-0519addaa03e tempest-AttachSCSIVolumeTestJSON-186035253 tempest-AttachSCSIVolumeTestJSON-186035253-project-member] Using url versioning {{(pid=102166) process_request /opt/stack/glance/glance/api/middleware/version_negotiation.py:57}}
Jun 20 12:23:13.582846 np0000003332 devstack@g-api.service[102166]: DEBUG glance.api.middleware.version_negotiation [None req-338e379d-8b54-4407-a968-0519addaa03e tempest-AttachSCSIVolumeTestJSON-186035253 tempest-AttachSCSIVolumeTestJSON-186035253-project-member] Matched version: v2 {{(pid=102166) process_request /opt/stack/glance/glance/api/middleware/version_negotiation.py:69}}
Jun 20 12:23:13.583000 np0000003332 devstack@g-api.service[102166]: DEBUG glance.api.middleware.version_negotiation [None req-338e379d-8b54-4407-a968-0519addaa03e tempest-AttachSCSIVolumeTestJSON-186035253 tempest-AttachSCSIVolumeTestJSON-186035253-project-member] new path /v2/schemas/image {{(pid=102166) process_request /opt/stack/glance/glance/api/middleware/version_negotiation.py:70}}
Jun 20 12:23:13.586898 np0000003332 devstack@g-api.service[102166]: [pid: 102166|app: 0|req: 19/58] 127.0.0.1 () {44 vars in 1055 bytes} [Sat Jun 20 12:23:13 2026] GET /v2/schemas/image => generated 6083 bytes in 5 msecs (HTTP/1.1 200) 4 headers in 158 bytes (1 switches on core 0)
Jun 20 12:23:14.040220 np0000003332 devstack@g-api.service[102167]: DEBUG glance.api.middleware.version_negotiation [None req-338e379d-8b54-4407-a968-0519addaa03e tempest-AttachSCSIVolumeTestJSON-186035253 tempest-AttachSCSIVolumeTestJSON-186035253-project-member] Determining version of request: GET /v2/images/5bca08dc-d2f9-4311-9b4c-32b35bc4e7cb Accept: */* {{(pid=102167) process_request /opt/stack/glance/glance/api/middleware/version_negotiation.py:44}}
Jun 20 12:23:14.040642 np0000003332 devstack@g-api.service[102167]: DEBUG glance.api.middleware.version_negotiation [None req-338e379d-8b54-4407-a968-0519addaa03e tempest-AttachSCSIVolumeTestJSON-186035253 tempest-AttachSCSIVolumeTestJSON-186035253-project-member] Using url versioning {{(pid=102167) process_request /opt/stack/glance/glance/api/middleware/version_negotiation.py:57}}
Jun 20 12:23:14.040642 np0000003332 devstack@g-api.service[102167]: DEBUG glance.api.middleware.version_negotiation [None req-338e379d-8b54-4407-a968-0519addaa03e tempest-AttachSCSIVolumeTestJSON-186035253 tempest-AttachSCSIVolumeTestJSON-186035253-project-member] Matched version: v2 {{(pid=102167) process_request /opt/stack/glance/glance/api/middleware/version_negotiation.py:69}}
Jun 20 12:23:14.040642 np0000003332 devstack@g-api.service[102167]: DEBUG glance.api.middleware.version_negotiation [None req-338e379d-8b54-4407-a968-0519addaa03e tempest-AttachSCSIVolumeTestJSON-186035253 tempest-AttachSCSIVolumeTestJSON-186035253-project-member] new path /v2/images/5bca08dc-d2f9-4311-9b4c-32b35bc4e7cb {{(pid=102167) process_request /opt/stack/glance/glance/api/middleware/version_negotiation.py:70}}
Jun 20 12:23:14.053714 np0000003332 devstack@g-api.service[102167]: [pid: 102167|app: 0|req: 20/59] 127.0.0.1 () {44 vars in 1115 bytes} [Sat Jun 20 12:23:14 2026] GET /v2/images/5bca08dc-d2f9-4311-9b4c-32b35bc4e7cb => generated 1044 bytes in 13 msecs (HTTP/1.1 200) 4 headers in 158 bytes (1 switches on core 0)
Jun 20 12:23:14.092163 np0000003332 devstack@g-api.service[102165]: DEBUG glance.api.middleware.version_negotiation [None req-bd55fb5b-7652-4a21-828b-2476d012bd8b tempest-VolumesAssistedSnapshotsTest-2031332454 tempest-VolumesAssistedSnapshotsTest-2031332454-project-member] Determining version of request: GET /v2/schemas/image Accept: */* {{(pid=102165) process_request /opt/stack/glance/glance/api/middleware/version_negotiation.py:44}}
Jun 20 12:23:14.092163 np0000003332 devstack@g-api.service[102165]: DEBUG glance.api.middleware.version_negotiation [None req-bd55fb5b-7652-4a21-828b-2476d012bd8b tempest-VolumesAssistedSnapshotsTest-2031332454 tempest-VolumesAssistedSnapshotsTest-2031332454-project-member] Using url versioning {{(pid=102165) process_request /opt/stack/glance/glance/api/middleware/version_negotiation.py:57}}
Jun 20 12:23:14.092295 np0000003332 devstack@g-api.service[102165]: DEBUG glance.api.middleware.version_negotiation [None req-bd55fb5b-7652-4a21-828b-2476d012bd8b tempest-VolumesAssistedSnapshotsTest-2031332454 tempest-VolumesAssistedSnapshotsTest-2031332454-project-member] Matched version: v2 {{(pid=102165) process_request /opt/stack/glance/glance/api/middleware/version_negotiation.py:69}}
Jun 20 12:23:14.092358 np0000003332 devstack@g-api.service[102165]: DEBUG glance.api.middleware.version_negotiation [None req-bd55fb5b-7652-4a21-828b-2476d012bd8b tempest-VolumesAssistedSnapshotsTest-2031332454 tempest-VolumesAssistedSnapshotsTest-2031332454-project-member] new path /v2/schemas/image {{(pid=102165) process_request /opt/stack/glance/glance/api/middleware/version_negotiation.py:70}}
Jun 20 12:23:14.094788 np0000003332 devstack@g-api.service[102165]: [pid: 102165|app: 0|req: 21/60] 127.0.0.1 () {44 vars in 1055 bytes} [Sat Jun 20 12:23:14 2026] GET /v2/schemas/image => generated 6083 bytes in 3 msecs (HTTP/1.1 200) 4 headers in 158 bytes (1 switches on core 0)
Jun 20 12:23:18.336078 np0000003332 devstack@g-api.service[102166]: DEBUG dbcounter [-] [102166] Writing DB stats glance:SELECT=24,glance:UPDATE=2,glance:INSERT=1 {{(pid=102166) stat_writer /opt/stack/data/venv/lib/python3.12/site-packages/dbcounter.py:115}}
Jun 20 12:23:19.499830 np0000003332 devstack@g-api.service[102166]: DEBUG glance.api.middleware.version_negotiation [None req-bd55fb5b-7652-4a21-828b-2476d012bd8b tempest-VolumesAssistedSnapshotsTest-2031332454 tempest-VolumesAssistedSnapshotsTest-2031332454-project-member] Determining version of request: GET /v2/images/5bca08dc-d2f9-4311-9b4c-32b35bc4e7cb Accept: */* {{(pid=102166) process_request /opt/stack/glance/glance/api/middleware/version_negotiation.py:44}}
Jun 20 12:23:19.500231 np0000003332 devstack@g-api.service[102166]: DEBUG glance.api.middleware.version_negotiation [None req-bd55fb5b-7652-4a21-828b-2476d012bd8b tempest-VolumesAssistedSnapshotsTest-2031332454 tempest-VolumesAssistedSnapshotsTest-2031332454-project-member] Using url versioning {{(pid=102166) process_request /opt/stack/glance/glance/api/middleware/version_negotiation.py:57}}
Jun 20 12:23:19.500231 np0000003332 devstack@g-api.service[102166]: DEBUG glance.api.middleware.version_negotiation [None req-bd55fb5b-7652-4a21-828b-2476d012bd8b tempest-VolumesAssistedSnapshotsTest-2031332454 tempest-VolumesAssistedSnapshotsTest-2031332454-project-member] Matched version: v2 {{(pid=102166) process_request /opt/stack/glance/glance/api/middleware/version_negotiation.py:69}}
Jun 20 12:23:19.500709 np0000003332 devstack@g-api.service[102166]: DEBUG glance.api.middleware.version_negotiation [None req-bd55fb5b-7652-4a21-828b-2476d012bd8b tempest-VolumesAssistedSnapshotsTest-2031332454 tempest-VolumesAssistedSnapshotsTest-2031332454-project-member] new path /v2/images/5bca08dc-d2f9-4311-9b4c-32b35bc4e7cb {{(pid=102166) process_request /opt/stack/glance/glance/api/middleware/version_negotiation.py:70}}
Jun 20 12:23:19.514413 np0000003332 devstack@g-api.service[102166]: [pid: 102166|app: 0|req: 20/61] 127.0.0.1 () {44 vars in 1115 bytes} [Sat Jun 20 12:23:19 2026] GET /v2/images/5bca08dc-d2f9-4311-9b4c-32b35bc4e7cb => generated 1044 bytes in 15 msecs (HTTP/1.1 200) 4 headers in 158 bytes (1 switches on core 0)
Jun 20 12:23:19.556124 np0000003332 devstack@g-api.service[102167]: DEBUG glance.api.middleware.version_negotiation [None req-9d1e4540-71f4-440f-8fe3-48d1ab2580a9 tempest-TestMultiAttachVolumeSwap-1187361142 tempest-TestMultiAttachVolumeSwap-1187361142-project-member] Determining version of request: GET /v2/schemas/image Accept: */* {{(pid=102167) process_request /opt/stack/glance/glance/api/middleware/version_negotiation.py:44}}
Jun 20 12:23:19.556124 np0000003332 devstack@g-api.service[102167]: DEBUG glance.api.middleware.version_negotiation [None req-9d1e4540-71f4-440f-8fe3-48d1ab2580a9 tempest-TestMultiAttachVolumeSwap-1187361142 tempest-TestMultiAttachVolumeSwap-1187361142-project-member] Using url versioning {{(pid=102167) process_request /opt/stack/glance/glance/api/middleware/version_negotiation.py:57}}
Jun 20 12:23:19.556989 np0000003332 devstack@g-api.service[102167]: DEBUG glance.api.middleware.version_negotiation [None req-9d1e4540-71f4-440f-8fe3-48d1ab2580a9 tempest-TestMultiAttachVolumeSwap-1187361142 tempest-TestMultiAttachVolumeSwap-1187361142-project-member] Matched version: v2 {{(pid=102167) process_request /opt/stack/glance/glance/api/middleware/version_negotiation.py:69}}
