Jun 20 12:19:56.096969 np0000003332 nova-scheduler[95809]: DEBUG cotyledon.oslo_config_glue [-] oslo_messaging_notifications.transport_url = **** {{(pid=95809) log_opt_values /opt/stack/data/venv/lib/python3.12/site-packages/oslo_config/cfg.py:3253}}
Jun 20 12:19:56.097072 np0000003332 nova-scheduler[95809]: DEBUG cotyledon.oslo_config_glue [-] oslo_limit.auth_section = None {{(pid=95809) log_opt_values /opt/stack/data/venv/lib/python3.12/site-packages/oslo_config/cfg.py:3253}}
Jun 20 12:19:56.097142 np0000003332 nova-scheduler[95809]: DEBUG cotyledon.oslo_config_glue [-] oslo_limit.auth_type = None {{(pid=95809) log_opt_values /opt/stack/data/venv/lib/python3.12/site-packages/oslo_config/cfg.py:3253}}
Jun 20 12:19:56.097236 np0000003332 nova-scheduler[95809]: DEBUG cotyledon.oslo_config_glue [-] oslo_limit.cafile = None {{(pid=95809) log_opt_values /opt/stack/data/venv/lib/python3.12/site-packages/oslo_config/cfg.py:3253}}
Jun 20 12:19:56.097306 np0000003332 nova-scheduler[95809]: DEBUG cotyledon.oslo_config_glue [-] oslo_limit.certfile = None {{(pid=95809) log_opt_values /opt/stack/data/venv/lib/python3.12/site-packages/oslo_config/cfg.py:3253}}
Jun 20 12:19:56.097358 np0000003332 nova-scheduler[95809]: DEBUG cotyledon.oslo_config_glue [-] oslo_limit.collect_timing = False {{(pid=95809) log_opt_values /opt/stack/data/venv/lib/python3.12/site-packages/oslo_config/cfg.py:3253}}
Jun 20 12:19:56.097405 np0000003332 nova-scheduler[95809]: DEBUG cotyledon.oslo_config_glue [-] oslo_limit.connect_retries = None {{(pid=95809) log_opt_values /opt/stack/data/venv/lib/python3.12/site-packages/oslo_config/cfg.py:3253}}
Jun 20 12:19:56.097454 np0000003332 nova-scheduler[95809]: DEBUG cotyledon.oslo_config_glue [-] oslo_limit.connect_retry_delay = None {{(pid=95809) log_opt_values /opt/stack/data/venv/lib/python3.12/site-packages/oslo_config/cfg.py:3253}}
Jun 20 12:19:56.097499 np0000003332 nova-scheduler[95809]: DEBUG cotyledon.oslo_config_glue [-] oslo_limit.endpoint_id = None {{(pid=95809) log_opt_values /opt/stack/data/venv/lib/python3.12/site-packages/oslo_config/cfg.py:3253}}
Jun 20 12:19:56.097528 np0000003332 nova-scheduler[95809]: DEBUG cotyledon.oslo_config_glue [-] oslo_limit.endpoint_interface = public {{(pid=95809) log_opt_values /opt/stack/data/venv/lib/python3.12/site-packages/oslo_config/cfg.py:3253}}
Jun 20 12:19:56.097552 np0000003332 nova-scheduler[95809]: DEBUG cotyledon.oslo_config_glue [-] oslo_limit.endpoint_override = None {{(pid=95809) log_opt_values /opt/stack/data/venv/lib/python3.12/site-packages/oslo_config/cfg.py:3253}}
Jun 20 12:19:56.097589 np0000003332 nova-scheduler[95809]: DEBUG cotyledon.oslo_config_glue [-] oslo_limit.endpoint_region_name = None {{(pid=95809) log_opt_values /opt/stack/data/venv/lib/python3.12/site-packages/oslo_config/cfg.py:3253}}
Jun 20 12:19:56.097635 np0000003332 nova-scheduler[95809]: DEBUG cotyledon.oslo_config_glue [-] oslo_limit.endpoint_service_name = None {{(pid=95809) log_opt_values /opt/stack/data/venv/lib/python3.12/site-packages/oslo_config/cfg.py:3253}}
Jun 20 12:19:56.097678 np0000003332 nova-scheduler[95809]: DEBUG cotyledon.oslo_config_glue [-] oslo_limit.endpoint_service_type = None {{(pid=95809) log_opt_values /opt/stack/data/venv/lib/python3.12/site-packages/oslo_config/cfg.py:3253}}
Jun 20 12:19:56.097717 np0000003332 nova-scheduler[95809]: DEBUG cotyledon.oslo_config_glue [-] oslo_limit.insecure = False {{(pid=95809) log_opt_values /opt/stack/data/venv/lib/python3.12/site-packages/oslo_config/cfg.py:3253}}
Jun 20 12:19:56.097762 np0000003332 nova-scheduler[95809]: DEBUG cotyledon.oslo_config_glue [-] oslo_limit.keyfile = None {{(pid=95809) log_opt_values /opt/stack/data/venv/lib/python3.12/site-packages/oslo_config/cfg.py:3253}}
Jun 20 12:19:56.097813 np0000003332 nova-scheduler[95809]: DEBUG cotyledon.oslo_config_glue [-] oslo_limit.max_version = None {{(pid=95809) log_opt_values /opt/stack/data/venv/lib/python3.12/site-packages/oslo_config/cfg.py:3253}}
Jun 20 12:19:56.097847 np0000003332 nova-scheduler[95809]: DEBUG cotyledon.oslo_config_glue [-] oslo_limit.min_version = None {{(pid=95809) log_opt_values /opt/stack/data/venv/lib/python3.12/site-packages/oslo_config/cfg.py:3253}}
Jun 20 12:19:56.097877 np0000003332 nova-scheduler[95809]: DEBUG cotyledon.oslo_config_glue [-] oslo_limit.region_name = None {{(pid=95809) log_opt_values /opt/stack/data/venv/lib/python3.12/site-packages/oslo_config/cfg.py:3253}}
Jun 20 12:19:56.097913 np0000003332 nova-scheduler[95809]: DEBUG cotyledon.oslo_config_glue [-] oslo_limit.retriable_status_codes = None {{(pid=95809) log_opt_values /opt/stack/data/venv/lib/python3.12/site-packages/oslo_config/cfg.py:3253}}
Jun 20 12:19:56.097997 np0000003332 nova-scheduler[95809]: DEBUG cotyledon.oslo_config_glue [-] oslo_limit.service_name = None {{(pid=95809) log_opt_values /opt/stack/data/venv/lib/python3.12/site-packages/oslo_config/cfg.py:3253}}
Jun 20 12:19:56.098037 np0000003332 nova-scheduler[95809]: DEBUG cotyledon.oslo_config_glue [-] oslo_limit.service_type = None {{(pid=95809) log_opt_values /opt/stack/data/venv/lib/python3.12/site-packages/oslo_config/cfg.py:3253}}
Jun 20 12:19:56.098069 np0000003332 nova-scheduler[95809]: DEBUG cotyledon.oslo_config_glue [-] oslo_limit.split_loggers = False {{(pid=95809) log_opt_values /opt/stack/data/venv/lib/python3.12/site-packages/oslo_config/cfg.py:3253}}
Jun 20 12:19:56.098099 np0000003332 nova-scheduler[95809]: DEBUG cotyledon.oslo_config_glue [-] oslo_limit.status_code_retries = None {{(pid=95809) log_opt_values /opt/stack/data/venv/lib/python3.12/site-packages/oslo_config/cfg.py:3253}}
Jun 20 12:19:56.098128 np0000003332 nova-scheduler[95809]: DEBUG cotyledon.oslo_config_glue [-] oslo_limit.status_code_retry_delay = None {{(pid=95809) log_opt_values /opt/stack/data/venv/lib/python3.12/site-packages/oslo_config/cfg.py:3253}}
Jun 20 12:19:56.098165 np0000003332 nova-scheduler[95809]: DEBUG cotyledon.oslo_config_glue [-] oslo_limit.timeout = None {{(pid=95809) log_opt_values /opt/stack/data/venv/lib/python3.12/site-packages/oslo_config/cfg.py:3253}}
Jun 20 12:19:56.098210 np0000003332 nova-scheduler[95809]: DEBUG cotyledon.oslo_config_glue [-] oslo_limit.valid_interfaces = None {{(pid=95809) log_opt_values /opt/stack/data/venv/lib/python3.12/site-packages/oslo_config/cfg.py:3253}}
Jun 20 12:19:56.098256 np0000003332 nova-scheduler[95809]: DEBUG cotyledon.oslo_config_glue [-] oslo_limit.version = None {{(pid=95809) log_opt_values /opt/stack/data/venv/lib/python3.12/site-packages/oslo_config/cfg.py:3253}}
Jun 20 12:19:56.098318 np0000003332 nova-scheduler[95809]: DEBUG cotyledon.oslo_config_glue [-] oslo_reports.file_event_handler = None {{(pid=95809) log_opt_values /opt/stack/data/venv/lib/python3.12/site-packages/oslo_config/cfg.py:3253}}
Jun 20 12:19:56.098366 np0000003332 nova-scheduler[95809]: DEBUG cotyledon.oslo_config_glue [-] oslo_reports.file_event_handler_interval = 1 {{(pid=95809) log_opt_values /opt/stack/data/venv/lib/python3.12/site-packages/oslo_config/cfg.py:3253}}
Jun 20 12:19:56.098409 np0000003332 nova-scheduler[95809]: DEBUG cotyledon.oslo_config_glue [-] oslo_reports.log_dir = None {{(pid=95809) log_opt_values /opt/stack/data/venv/lib/python3.12/site-packages/oslo_config/cfg.py:3253}}
Jun 20 12:19:56.098442 np0000003332 nova-scheduler[95809]: DEBUG cotyledon.oslo_config_glue [-] ******************************************************************************** {{(pid=95809) log_opt_values /opt/stack/data/venv/lib/python3.12/site-packages/oslo_config/cfg.py:3260}}
Jun 20 12:19:56.098616 np0000003332 nova-scheduler[95809]: DEBUG cotyledon._service_worker [-] Run service ServiceWrapper(2) [95809] {{(pid=95809) wait_forever /opt/stack/data/venv/lib/python3.12/site-packages/cotyledon/_service_worker.py:218}}
Jun 20 12:19:56.100114 np0000003332 nova-scheduler[95809]: INFO nova.service [-] Starting scheduler node (version 33.1.0)
Jun 20 12:19:56.105211 np0000003332 nova-scheduler[95809]: INFO dbcounter [None req-42b323b6-c97b-42de-8ebe-c81896edec43 None None] Registered counter for database nova_cell0
Jun 20 12:19:56.106613 np0000003332 nova-scheduler[95805]: DEBUG dbcounter [-] [95805] Writer thread running {{(pid=95805) stat_writer /opt/stack/data/venv/lib/python3.12/site-packages/dbcounter.py:102}}
Jun 20 12:19:56.125196 np0000003332 nova-scheduler[95805]: DEBUG nova.service [None req-44b80ebf-5014-4e58-99c0-2f3c703a504d None None] Creating RPC server for service: nova-scheduler on topic: scheduler {{(pid=95805) start /opt/stack/nova/nova/service.py:196}}
Jun 20 12:19:56.128198 np0000003332 nova-scheduler[95807]: DEBUG oslo_db.sqlalchemy.engines [None req-e349526a-757f-4d01-9544-98a352d2d01c None None] MySQL server mode set to STRICT_TRANS_TABLES,STRICT_ALL_TABLES,NO_ZERO_IN_DATE,NO_ZERO_DATE,ERROR_FOR_DIVISION_BY_ZERO,TRADITIONAL,NO_ENGINE_SUBSTITUTION {{(pid=95807) _check_effective_sql_mode /opt/stack/data/venv/lib/python3.12/site-packages/oslo_db/sqlalchemy/engines.py:325}}
Jun 20 12:19:56.138457 np0000003332 nova-scheduler[95807]: DEBUG dbcounter [-] [95807] Writer thread running {{(pid=95807) stat_writer /opt/stack/data/venv/lib/python3.12/site-packages/dbcounter.py:102}}
Jun 20 12:19:56.141953 np0000003332 nova-scheduler[95807]: DEBUG nova.service [None req-e349526a-757f-4d01-9544-98a352d2d01c None None] Creating RPC server for service: nova-scheduler on topic: scheduler {{(pid=95807) start /opt/stack/nova/nova/service.py:196}}
Jun 20 12:19:56.153095 np0000003332 nova-scheduler[95809]: DEBUG oslo_db.sqlalchemy.engines [None req-42b323b6-c97b-42de-8ebe-c81896edec43 None None] MySQL server mode set to STRICT_TRANS_TABLES,STRICT_ALL_TABLES,NO_ZERO_IN_DATE,NO_ZERO_DATE,ERROR_FOR_DIVISION_BY_ZERO,TRADITIONAL,NO_ENGINE_SUBSTITUTION {{(pid=95809) _check_effective_sql_mode /opt/stack/data/venv/lib/python3.12/site-packages/oslo_db/sqlalchemy/engines.py:325}}
Jun 20 12:19:56.171736 np0000003332 nova-scheduler[95805]: DEBUG nova.service [None req-44b80ebf-5014-4e58-99c0-2f3c703a504d None None] Join ServiceGroup membership for this service scheduler {{(pid=95805) start /opt/stack/nova/nova/service.py:222}}
Jun 20 12:19:56.172829 np0000003332 nova-scheduler[95809]: DEBUG dbcounter [-] [95809] Writer thread running {{(pid=95809) stat_writer /opt/stack/data/venv/lib/python3.12/site-packages/dbcounter.py:102}}
Jun 20 12:19:56.173631 np0000003332 nova-scheduler[95805]: DEBUG nova.servicegroup.drivers.db [None req-44b80ebf-5014-4e58-99c0-2f3c703a504d None None] DB_Driver: join new ServiceGroup member np0000003332 to the scheduler group, service = {{(pid=95805) join /opt/stack/nova/nova/servicegroup/drivers/db.py:44}}
Jun 20 12:19:56.174859 np0000003332 nova-scheduler[95807]: DEBUG nova.service [None req-e349526a-757f-4d01-9544-98a352d2d01c None None] Join ServiceGroup membership for this service scheduler {{(pid=95807) start /opt/stack/nova/nova/service.py:222}}
Jun 20 12:19:56.174859 np0000003332 nova-scheduler[95807]: DEBUG nova.servicegroup.drivers.db [None req-e349526a-757f-4d01-9544-98a352d2d01c None None] DB_Driver: join new ServiceGroup member np0000003332 to the scheduler group, service = {{(pid=95807) join /opt/stack/nova/nova/servicegroup/drivers/db.py:44}}
Jun 20 12:19:56.175995 np0000003332 nova-scheduler[95809]: DEBUG nova.service [None req-42b323b6-c97b-42de-8ebe-c81896edec43 None None] Creating RPC server for service: nova-scheduler on topic: scheduler {{(pid=95809) start /opt/stack/nova/nova/service.py:196}}
Jun 20 12:19:56.199108 np0000003332 nova-scheduler[95809]: DEBUG nova.service [None req-42b323b6-c97b-42de-8ebe-c81896edec43 None None] Join ServiceGroup membership for this service scheduler {{(pid=95809) start /opt/stack/nova/nova/service.py:222}}
Jun 20 12:19:56.199373 np0000003332 nova-scheduler[95809]: DEBUG nova.servicegroup.drivers.db [None req-42b323b6-c97b-42de-8ebe-c81896edec43 None None] DB_Driver: join new ServiceGroup member np0000003332 to the scheduler group, service = {{(pid=95809) join /opt/stack/nova/nova/servicegroup/drivers/db.py:44}}
Jun 20 12:20:01.193270 np0000003332 nova-scheduler[95805]: DEBUG oslo.service.backend._threading.loopingcall [-] Fixed interval looping call 'nova.servicegroup.drivers.db.DbDriver._report_state' sleeping for 119.98 seconds {{(pid=95805) _run_loop /opt/stack/data/venv/lib/python3.12/site-packages/oslo_service/backend/_threading/loopingcall.py:125}}
Jun 20 12:20:01.193969 np0000003332 nova-scheduler[95807]: DEBUG oslo.service.backend._threading.loopingcall [-] Fixed interval looping call 'nova.servicegroup.drivers.db.DbDriver._report_state' sleeping for 119.98 seconds {{(pid=95807) _run_loop /opt/stack/data/venv/lib/python3.12/site-packages/oslo_service/backend/_threading/loopingcall.py:125}}
Jun 20 12:20:01.213251 np0000003332 nova-scheduler[95809]: DEBUG oslo.service.backend._threading.loopingcall [-] Fixed interval looping call 'nova.servicegroup.drivers.db.DbDriver._report_state' sleeping for 119.99 seconds {{(pid=95809) _run_loop /opt/stack/data/venv/lib/python3.12/site-packages/oslo_service/backend/_threading/loopingcall.py:125}}
Jun 20 12:20:04.740846 np0000003332 nova-scheduler[94617]: DEBUG dbcounter [-] [94617] Writing DB stats nova_api:SELECT=3 {{(pid=94617) stat_writer /opt/stack/data/venv/lib/python3.12/site-packages/dbcounter.py:115}}
Jun 20 12:20:04.877160 np0000003332 nova-scheduler[94617]: DEBUG dbcounter [-] [94617] Writing DB stats nova_cell0:SELECT=1 {{(pid=94617) stat_writer /opt/stack/data/venv/lib/python3.12/site-packages/dbcounter.py:115}}
Jun 20 12:20:04.881827 np0000003332 nova-scheduler[94617]: DEBUG dbcounter [-] [94617] Writing DB stats nova_cell1:SELECT=1 {{(pid=94617) stat_writer /opt/stack/data/venv/lib/python3.12/site-packages/dbcounter.py:115}}
Jun 20 12:20:11.183751 np0000003332 nova-scheduler[95805]: DEBUG dbcounter [-] [95805] Writing DB stats nova_cell0:SELECT=4,nova_cell0:INSERT=1,nova_cell0:UPDATE=1 {{(pid=95805) stat_writer /opt/stack/data/venv/lib/python3.12/site-packages/dbcounter.py:115}}
Jun 20 12:20:11.186262 np0000003332 nova-scheduler[95807]: DEBUG dbcounter [-] [95807] Writing DB stats nova_cell0:SELECT=3,nova_cell0:UPDATE=1 {{(pid=95807) stat_writer /opt/stack/data/venv/lib/python3.12/site-packages/dbcounter.py:115}}
Jun 20 12:20:11.210458 np0000003332 nova-scheduler[95809]: DEBUG dbcounter [-] [95809] Writing DB stats nova_cell0:SELECT=3 {{(pid=95809) stat_writer /opt/stack/data/venv/lib/python3.12/site-packages/dbcounter.py:115}}
Jun 20 12:20:16.176271 np0000003332 nova-scheduler[95807]: DEBUG oslo.service.backend._threading.loopingcall [None req-963a781e-6ccb-4be4-8869-486ba955daa6 None None] Dynamic interval looping call 'nova.service.Service.periodic_tasks' sleeping for 60.00 seconds {{(pid=95807) _run_loop /opt/stack/data/venv/lib/python3.12/site-packages/oslo_service/backend/_threading/loopingcall.py:125}}
Jun 20 12:20:20.201728 np0000003332 nova-scheduler[95809]: DEBUG oslo.service.backend._threading.loopingcall [None req-11f123f0-1eee-4900-bdbb-fcd76956e2fe None None] Dynamic interval looping call 'nova.service.Service.periodic_tasks' sleeping for 60.00 seconds {{(pid=95809) _run_loop /opt/stack/data/venv/lib/python3.12/site-packages/oslo_service/backend/_threading/loopingcall.py:125}}
Jun 20 12:20:24.175601 np0000003332 nova-scheduler[95805]: DEBUG oslo.service.backend._threading.loopingcall [None req-b7706c12-1ace-4be9-b1c9-d131c5fa3c98 None None] Dynamic interval looping call 'nova.service.Service.periodic_tasks' sleeping for 60.00 seconds {{(pid=95805) _run_loop /opt/stack/data/venv/lib/python3.12/site-packages/oslo_service/backend/_threading/loopingcall.py:125}}
Jun 20 12:21:16.176690 np0000003332 nova-scheduler[95807]: DEBUG oslo.service.backend._threading.loopingcall [None req-963a781e-6ccb-4be4-8869-486ba955daa6 None None] Dynamic interval looping call 'nova.service.Service.periodic_tasks' sleeping for 60.00 seconds {{(pid=95807) _run_loop /opt/stack/data/venv/lib/python3.12/site-packages/oslo_service/backend/_threading/loopingcall.py:125}}
Jun 20 12:21:20.202234 np0000003332 nova-scheduler[95809]: DEBUG oslo.service.backend._threading.loopingcall [None req-11f123f0-1eee-4900-bdbb-fcd76956e2fe None None] Dynamic interval looping call 'nova.service.Service.periodic_tasks' sleeping for 60.00 seconds {{(pid=95809) _run_loop /opt/stack/data/venv/lib/python3.12/site-packages/oslo_service/backend/_threading/loopingcall.py:125}}
Jun 20 12:21:24.176173 np0000003332 nova-scheduler[95805]: DEBUG oslo.service.backend._threading.loopingcall [None req-b7706c12-1ace-4be9-b1c9-d131c5fa3c98 None None] Dynamic interval looping call 'nova.service.Service.periodic_tasks' sleeping for 60.00 seconds {{(pid=95805) _run_loop /opt/stack/data/venv/lib/python3.12/site-packages/oslo_service/backend/_threading/loopingcall.py:125}}
Jun 20 12:22:01.185536 np0000003332 nova-scheduler[95805]: DEBUG oslo.service.backend._threading.loopingcall [-] Fixed interval looping call 'nova.servicegroup.drivers.db.DbDriver._report_state' sleeping for 119.99 seconds {{(pid=95805) _run_loop /opt/stack/data/venv/lib/python3.12/site-packages/oslo_service/backend/_threading/loopingcall.py:125}}
Jun 20 12:22:01.186049 np0000003332 nova-scheduler[95807]: DEBUG oslo.service.backend._threading.loopingcall [-] Fixed interval looping call 'nova.servicegroup.drivers.db.DbDriver._report_state' sleeping for 119.99 seconds {{(pid=95807) _run_loop /opt/stack/data/venv/lib/python3.12/site-packages/oslo_service/backend/_threading/loopingcall.py:125}}
Jun 20 12:22:01.206835 np0000003332 nova-scheduler[95809]: DEBUG oslo.service.backend._threading.loopingcall [-] Fixed interval looping call 'nova.servicegroup.drivers.db.DbDriver._report_state' sleeping for 120.00 seconds {{(pid=95809) _run_loop /opt/stack/data/venv/lib/python3.12/site-packages/oslo_service/backend/_threading/loopingcall.py:125}}
Jun 20 12:22:11.176734 np0000003332 nova-scheduler[95805]: DEBUG dbcounter [-] [95805] Writing DB stats nova_cell0:SELECT=1,nova_cell0:UPDATE=1 {{(pid=95805) stat_writer /opt/stack/data/venv/lib/python3.12/site-packages/dbcounter.py:115}}
Jun 20 12:22:11.177262 np0000003332 nova-scheduler[95807]: DEBUG dbcounter [-] [95807] Writing DB stats nova_cell0:SELECT=1,nova_cell0:UPDATE=1 {{(pid=95807) stat_writer /opt/stack/data/venv/lib/python3.12/site-packages/dbcounter.py:115}}
Jun 20 12:22:11.205096 np0000003332 nova-scheduler[95809]: DEBUG dbcounter [-] [95809] Writing DB stats nova_cell0:SELECT=1 {{(pid=95809) stat_writer /opt/stack/data/venv/lib/python3.12/site-packages/dbcounter.py:115}}
Jun 20 12:22:16.177294 np0000003332 nova-scheduler[95807]: DEBUG oslo.service.backend._threading.loopingcall [None req-963a781e-6ccb-4be4-8869-486ba955daa6 None None] Dynamic interval looping call 'nova.service.Service.periodic_tasks' sleeping for 60.00 seconds {{(pid=95807) _run_loop /opt/stack/data/venv/lib/python3.12/site-packages/oslo_service/backend/_threading/loopingcall.py:125}}
Jun 20 12:22:20.202796 np0000003332 nova-scheduler[95809]: DEBUG oslo.service.backend._threading.loopingcall [None req-11f123f0-1eee-4900-bdbb-fcd76956e2fe None None] Dynamic interval looping call 'nova.service.Service.periodic_tasks' sleeping for 60.00 seconds {{(pid=95809) _run_loop /opt/stack/data/venv/lib/python3.12/site-packages/oslo_service/backend/_threading/loopingcall.py:125}}
Jun 20 12:22:24.177125 np0000003332 nova-scheduler[95805]: DEBUG oslo.service.backend._threading.loopingcall [None req-b7706c12-1ace-4be9-b1c9-d131c5fa3c98 None None] Dynamic interval looping call 'nova.service.Service.periodic_tasks' sleeping for 60.00 seconds {{(pid=95805) _run_loop /opt/stack/data/venv/lib/python3.12/site-packages/oslo_service/backend/_threading/loopingcall.py:125}}
Jun 20 12:22:50.786749 np0000003332 nova-scheduler[95805]: DEBUG nova.scheduler.manager [None req-e8b34877-8ab6-42b4-9514-713b9351f2da tempest-DeleteServersTestJSON-1476143465 tempest-DeleteServersTestJSON-1476143465-project-member] Starting to schedule for instances: ['65e0b64c-e1c5-4349-98b2-c5ba4fc497ad'] {{(pid=95805) select_destinations /opt/stack/nova/nova/scheduler/manager.py:210}}
Jun 20 12:22:50.787850 np0000003332 nova-scheduler[95805]: DEBUG nova.scheduler.request_filter [None req-e8b34877-8ab6-42b4-9514-713b9351f2da tempest-DeleteServersTestJSON-1476143465 tempest-DeleteServersTestJSON-1476143465-project-member] compute_status_filter request filter added forbidden trait COMPUTE_STATUS_DISABLED {{(pid=95805) compute_status_filter /opt/stack/nova/nova/scheduler/request_filter.py:253}}
Jun 20 12:22:50.787850 np0000003332 nova-scheduler[95805]: DEBUG nova.scheduler.request_filter [None req-e8b34877-8ab6-42b4-9514-713b9351f2da tempest-DeleteServersTestJSON-1476143465 tempest-DeleteServersTestJSON-1476143465-project-member] Request filter 'compute_status_filter' took 0.0 seconds {{(pid=95805) wrapper /opt/stack/nova/nova/scheduler/request_filter.py:46}}
Jun 20 12:22:50.788163 np0000003332 nova-scheduler[95805]: DEBUG nova.scheduler.request_filter [None req-e8b34877-8ab6-42b4-9514-713b9351f2da tempest-DeleteServersTestJSON-1476143465 tempest-DeleteServersTestJSON-1476143465-project-member] Request filter 'accelerators_filter' took 0.0 seconds {{(pid=95805) wrapper /opt/stack/nova/nova/scheduler/request_filter.py:46}}
Jun 20 12:22:50.788381 np0000003332 nova-scheduler[95805]: DEBUG nova.scheduler.request_filter [None req-e8b34877-8ab6-42b4-9514-713b9351f2da tempest-DeleteServersTestJSON-1476143465 tempest-DeleteServersTestJSON-1476143465-project-member] Request filter 'packed_virtqueue_filter' took 0.0 seconds {{(pid=95805) wrapper /opt/stack/nova/nova/scheduler/request_filter.py:46}}
Jun 20 12:22:50.788700 np0000003332 nova-scheduler[95805]: DEBUG nova.scheduler.request_filter [None req-e8b34877-8ab6-42b4-9514-713b9351f2da tempest-DeleteServersTestJSON-1476143465 tempest-DeleteServersTestJSON-1476143465-project-member] Request filter 'remote_managed_ports_filter' took 0.0 seconds {{(pid=95805) wrapper /opt/stack/nova/nova/scheduler/request_filter.py:46}}
Jun 20 12:22:50.790538 np0000003332 nova-scheduler[95805]: DEBUG nova.scheduler.request_filter [None req-e8b34877-8ab6-42b4-9514-713b9351f2da tempest-DeleteServersTestJSON-1476143465 tempest-DeleteServersTestJSON-1476143465-project-member] ephemeral_encryption_filter skipped {{(pid=95805) ephemeral_encryption_filter /opt/stack/nova/nova/scheduler/request_filter.py:426}}
Jun 20 12:22:50.790836 np0000003332 nova-scheduler[95805]: DEBUG nova.scheduler.request_filter [None req-e8b34877-8ab6-42b4-9514-713b9351f2da tempest-DeleteServersTestJSON-1476143465 tempest-DeleteServersTestJSON-1476143465-project-member] virtio_sound_filter skipped {{(pid=95805) virtio_sound_filter /opt/stack/nova/nova/scheduler/request_filter.py:460}}
Jun 20 12:22:50.790986 np0000003332 nova-scheduler[95805]: DEBUG nova.scheduler.request_filter [None req-e8b34877-8ab6-42b4-9514-713b9351f2da tempest-DeleteServersTestJSON-1476143465 tempest-DeleteServersTestJSON-1476143465-project-member] tpm_secret_security_filter skipped {{(pid=95805) tpm_secret_security_filter /opt/stack/nova/nova/scheduler/request_filter.py:477}}
Jun 20 12:22:51.582886 np0000003332 nova-scheduler[95805]: INFO nova.utils [None req-e8b34877-8ab6-42b4-9514-713b9351f2da tempest-DeleteServersTestJSON-1476143465 tempest-DeleteServersTestJSON-1476143465-project-member] The cell worker thread pool ForkProcess-1.cell_worker is initialized
Jun 20 12:22:51.583348 np0000003332 nova-scheduler[95805]: DEBUG oslo_concurrency.lockutils [None req-e8b34877-8ab6-42b4-9514-713b9351f2da tempest-DeleteServersTestJSON-1476143465 tempest-DeleteServersTestJSON-1476143465-project-member] Acquiring lock "9d7b66e1-cabd-4906-9e70-684465034c2f" by "nova.context.set_target_cell..get_or_set_cached_cell_and_set_connections" {{(pid=95805) inner /opt/stack/data/venv/lib/python3.12/site-packages/oslo_concurrency/lockutils.py:511}}
Jun 20 12:22:51.583602 np0000003332 nova-scheduler[95805]: DEBUG oslo_concurrency.lockutils [None req-e8b34877-8ab6-42b4-9514-713b9351f2da tempest-DeleteServersTestJSON-1476143465 tempest-DeleteServersTestJSON-1476143465-project-member] Lock "9d7b66e1-cabd-4906-9e70-684465034c2f" acquired by "nova.context.set_target_cell..get_or_set_cached_cell_and_set_connections" :: waited 0.000s {{(pid=95805) inner /opt/stack/data/venv/lib/python3.12/site-packages/oslo_concurrency/lockutils.py:524}}
Jun 20 12:22:51.585074 np0000003332 nova-scheduler[95805]: DEBUG oslo_concurrency.lockutils [None req-e8b34877-8ab6-42b4-9514-713b9351f2da tempest-DeleteServersTestJSON-1476143465 tempest-DeleteServersTestJSON-1476143465-project-member] Lock "9d7b66e1-cabd-4906-9e70-684465034c2f" "released" by "nova.context.set_target_cell..get_or_set_cached_cell_and_set_connections" :: held 0.001s {{(pid=95805) inner /opt/stack/data/venv/lib/python3.12/site-packages/oslo_concurrency/lockutils.py:543}}
Jun 20 12:22:51.588439 np0000003332 nova-scheduler[95805]: INFO dbcounter [None req-e8b34877-8ab6-42b4-9514-713b9351f2da tempest-DeleteServersTestJSON-1476143465 tempest-DeleteServersTestJSON-1476143465-project-member] Registered counter for database nova_cell1
Jun 20 12:22:51.635910 np0000003332 nova-scheduler[95805]: DEBUG oslo_db.sqlalchemy.engines [None req-e8b34877-8ab6-42b4-9514-713b9351f2da tempest-DeleteServersTestJSON-1476143465 tempest-DeleteServersTestJSON-1476143465-project-member] MySQL server mode set to STRICT_TRANS_TABLES,STRICT_ALL_TABLES,NO_ZERO_IN_DATE,NO_ZERO_DATE,ERROR_FOR_DIVISION_BY_ZERO,TRADITIONAL,NO_ENGINE_SUBSTITUTION {{(pid=95805) _check_effective_sql_mode /opt/stack/data/venv/lib/python3.12/site-packages/oslo_db/sqlalchemy/engines.py:325}}
Jun 20 12:22:51.642768 np0000003332 nova-scheduler[95805]: DEBUG dbcounter [-] [95805] Writer thread running {{(pid=95805) stat_writer /opt/stack/data/venv/lib/python3.12/site-packages/dbcounter.py:102}}
Jun 20 12:22:51.661308 np0000003332 nova-scheduler[95805]: DEBUG oslo_db.sqlalchemy.engines [None req-e8b34877-8ab6-42b4-9514-713b9351f2da tempest-DeleteServersTestJSON-1476143465 tempest-DeleteServersTestJSON-1476143465-project-member] Parent process 94617 forked (95805) with an open database connection, which is being discarded and recreated. {{(pid=95805) checkout /opt/stack/data/venv/lib/python3.12/site-packages/oslo_db/sqlalchemy/engines.py:402}}
Jun 20 12:22:51.711064 np0000003332 nova-scheduler[95805]: DEBUG dbcounter [-] [95805] Writer thread running {{(pid=95805) stat_writer /opt/stack/data/venv/lib/python3.12/site-packages/dbcounter.py:102}}
Jun 20 12:22:51.713142 np0000003332 nova-scheduler[95805]: DEBUG oslo_concurrency.lockutils [None req-e8b34877-8ab6-42b4-9514-713b9351f2da tempest-DeleteServersTestJSON-1476143465 tempest-DeleteServersTestJSON-1476143465-project-member] Acquiring lock "9d7b66e1-cabd-4906-9e70-684465034c2f" by "nova.context.set_target_cell..get_or_set_cached_cell_and_set_connections" {{(pid=95805) inner /opt/stack/data/venv/lib/python3.12/site-packages/oslo_concurrency/lockutils.py:511}}
Jun 20 12:22:51.713353 np0000003332 nova-scheduler[95805]: DEBUG oslo_concurrency.lockutils [None req-e8b34877-8ab6-42b4-9514-713b9351f2da tempest-DeleteServersTestJSON-1476143465 tempest-DeleteServersTestJSON-1476143465-project-member] Lock "9d7b66e1-cabd-4906-9e70-684465034c2f" acquired by "nova.context.set_target_cell..get_or_set_cached_cell_and_set_connections" :: waited 0.000s {{(pid=95805) inner /opt/stack/data/venv/lib/python3.12/site-packages/oslo_concurrency/lockutils.py:524}}
Jun 20 12:22:51.713929 np0000003332 nova-scheduler[95805]: DEBUG oslo_concurrency.lockutils [None req-e8b34877-8ab6-42b4-9514-713b9351f2da tempest-DeleteServersTestJSON-1476143465 tempest-DeleteServersTestJSON-1476143465-project-member] Lock "9d7b66e1-cabd-4906-9e70-684465034c2f" "released" by "nova.context.set_target_cell..get_or_set_cached_cell_and_set_connections" :: held 0.000s {{(pid=95805) inner /opt/stack/data/venv/lib/python3.12/site-packages/oslo_concurrency/lockutils.py:543}}
Jun 20 12:22:51.722297 np0000003332 nova-scheduler[95805]: DEBUG oslo_concurrency.lockutils [None req-e8b34877-8ab6-42b4-9514-713b9351f2da tempest-DeleteServersTestJSON-1476143465 tempest-DeleteServersTestJSON-1476143465-project-member] Acquiring lock "('np0000003332', 'np0000003332')" by "nova.scheduler.host_manager.HostState.update.._locked_update" {{(pid=95805) inner /opt/stack/data/venv/lib/python3.12/site-packages/oslo_concurrency/lockutils.py:511}}
Jun 20 12:22:51.722551 np0000003332 nova-scheduler[95805]: DEBUG oslo_concurrency.lockutils [None req-e8b34877-8ab6-42b4-9514-713b9351f2da tempest-DeleteServersTestJSON-1476143465 tempest-DeleteServersTestJSON-1476143465-project-member] Lock "('np0000003332', 'np0000003332')" acquired by "nova.scheduler.host_manager.HostState.update.._locked_update" :: waited 0.000s {{(pid=95805) inner /opt/stack/data/venv/lib/python3.12/site-packages/oslo_concurrency/lockutils.py:524}}
Jun 20 12:22:51.724512 np0000003332 nova-scheduler[95805]: DEBUG nova.scheduler.host_manager [None req-e8b34877-8ab6-42b4-9514-713b9351f2da tempest-DeleteServersTestJSON-1476143465 tempest-DeleteServersTestJSON-1476143465-project-member] Update host state from compute node: ComputeNode(cpu_allocation_ratio=4.0,cpu_info='{"arch": "x86_64", "model": "EPYC-Milan", "vendor": "AMD", "topology": {"cells": 1, "sockets": 12, "cores": 1, "threads": 1}, "maxphysaddr": {"mode": "emulate", "bits": 40}, "features": ["smap", "pse", "popcnt", "vmcb-clean", "clflushopt", "xgetbv1", "amd-psfd", "lahf_lm", "vpclmulqdq", "sha-ni", "ssbd", "mca", "cmp_legacy", "misalignsse", "pse36", "f16c", "fxsr", "rdrand", "vme", "pclmuldq", "pcid", "xsave", "xsaveerptr", "clflush", "pku", "perfctr_core", "xsaves", "xsaveopt", "fsgsbase", "arch-capabilities", "avx2", "cr8legacy", "abm", "rdseed", "v-vmsave-vmload", "pni", "sse4a", "svme-addr-chk", "lm", "mtrr", "pfthreshold", "umip", "bmi1", "skip-l1dfl-vmentry", "pschange-mc-no", "pause-filter", "npt", "hypervisor", "pge", "ibpb", "sse4.2", "aes", "erms", "pdpe1gb", "amd-stibp", "vaes", "rdctl-no", "mds-no", "mce", "cmov", "fxsr_opt", "mmx", "3dnowprefetch", "cx16", "rdtscp", "avx", "pat", "nx", "rdpid", "vgif", "sse2", "ssse3", "movbe", "ibrs", "de", "x2apic", "no-nested-data-bp", "mmxext", "stibp", "null-sel-clr-base", "wbnoinvd", "tsc_adjust", "sep", "invpcid", "topoext", "gds-no", "msr", "apic", "pae", "sse", "fpu", "syscall", "xsavec", "sse4.1", "stibp-always-on", "tsc", "spec-ctrl", "adx", "tsc-scale", "clzero", "lbrv", "fma", "fsrm", "virt-ssbd", "amd-ssbd", "flushbyasid", "cx8", "nrip-save", "svm", "tsc-deadline", "bmi2", "osvw", "smep", "arat", "clwb", "lfence-always-serializing"]}',created_at=2026-06-20T12:20:21Z,current_workload=0,deleted=False,deleted_at=None,disk_allocation_ratio=1.0,disk_available_least=74,free_disk_gb=95,free_ram_mb=23518,host='np0000003332',host_ip=10.4.3.145,hypervisor_hostname='np0000003332',hypervisor_type='QEMU',hypervisor_version=8002002,id=1,local_gb=95,local_gb_used=0,mapped=1,memory_mb=24030,memory_mb_used=512,metrics='[]',numa_topology='{"nova_object.name": "NUMATopology", "nova_object.namespace": "nova", "nova_object.version": "1.2", "nova_object.data": {"cells": [{"nova_object.name": "NUMACell", "nova_object.namespace": "nova", "nova_object.version": "1.5", "nova_object.data": {"id": 0, "cpuset": [0, 1, 2, 3, 4, 5, 6, 7, 8, 9, 10, 11], "pcpuset": [0, 1, 2, 3, 4, 5, 6, 7, 8, 9, 10, 11], "memory": 24030, "cpu_usage": 0, "memory_usage": 0, "pinned_cpus": [], "siblings": [[6], [2], [5], [11], [8], [4], [1], [7], [10], [0], [3], [9]], "mempages": [{"nova_object.name": "NUMAPagesTopology", "nova_object.namespace": "nova", "nova_object.version": "1.1", "nova_object.data": {"size_kb": 4, "total": 6151796, "used": 0, "reserved": 0}, "nova_object.changes": ["used", "size_kb", "total", "reserved"]}, {"nova_object.name": "NUMAPagesTopology", "nova_object.namespace": "nova", "nova_object.version": "1.1", "nova_object.data": {"size_kb": 2048, "total": 0, "used": 0, "reserved": 0}, "nova_object.changes": ["used", "size_kb", "total", "reserved"]}, {"nova_object.name": "NUMAPagesTopology", "nova_object.namespace": "nova", "nova_object.version": "1.1", "nova_object.data": {"size_kb": 1048576, "total": 0, "used": 0, "reserved": 0}, "nova_object.changes": ["used", "size_kb", "total", "reserved"]}], "network_metadata": {"nova_object.name": "NetworkMetadata", "nova_object.namespace": "nova", "nova_object.version": "1.0", "nova_object.data": {"physnets": [], "tunneled": false}, "nova_object.changes": ["physnets", "tunneled"]}, "socket": null}, "nova_object.changes": ["mempages", "cpuset", "network_metadata", "memory_usage", "pinned_cpus", "pcpuset", "memory", "cpu_usage", "siblings", "socket", "id"]}]}, "nova_object.changes": ["cells"]}',pci_device_pools=PciDevicePoolList,ram_allocation_ratio=1.0,running_vms=0,service_id=4,stats={failed_builds='0',uptime=' 12:22:07 up 27 min, 2 users, load average: 1.56, 1.70, 1.01
Jun 20 12:22:51.724512 np0000003332 nova-scheduler[95805]: '},supported_hv_specs=[HVSpec,HVSpec,HVSpec,HVSpec,HVSpec,HVSpec,HVSpec,HVSpec,HVSpec,HVSpec,HVSpec,HVSpec,HVSpec,HVSpec,HVSpec,HVSpec,HVSpec,HVSpec,HVSpec,HVSpec,HVSpec,HVSpec,HVSpec,HVSpec,HVSpec],updated_at=2026-06-20T12:22:09Z,uuid=07dca83e-9659-4875-9d34-eecd9650cfbe,vcpus=12,vcpus_used=0) {{(pid=95805) _locked_update /opt/stack/nova/nova/scheduler/host_manager.py:168}}
Jun 20 12:22:51.725463 np0000003332 nova-scheduler[95805]: DEBUG nova.scheduler.host_manager [None req-e8b34877-8ab6-42b4-9514-713b9351f2da tempest-DeleteServersTestJSON-1476143465 tempest-DeleteServersTestJSON-1476143465-project-member] Update host state with aggregates: [] {{(pid=95805) _locked_update /opt/stack/nova/nova/scheduler/host_manager.py:171}}
Jun 20 12:22:51.725652 np0000003332 nova-scheduler[95805]: DEBUG nova.scheduler.host_manager [None req-e8b34877-8ab6-42b4-9514-713b9351f2da tempest-DeleteServersTestJSON-1476143465 tempest-DeleteServersTestJSON-1476143465-project-member] Update host state with service dict: {'id': 4, 'uuid': 'b708bc82-ee13-4f30-8ad3-31ef2ff85786', 'host': 'np0000003332', 'binary': 'nova-compute', 'topic': 'compute', 'report_count': 2, 'disabled': False, 'disabled_reason': None, 'last_seen_up': datetime.datetime(2026, 6, 20, 12, 22, 30, tzinfo=datetime.timezone.utc), 'forced_down': False, 'version': 72, 'created_at': datetime.datetime(2026, 6, 20, 12, 20, 19, tzinfo=datetime.timezone.utc), 'updated_at': datetime.datetime(2026, 6, 20, 12, 22, 30, tzinfo=datetime.timezone.utc), 'deleted_at': None, 'deleted': False} {{(pid=95805) _locked_update /opt/stack/nova/nova/scheduler/host_manager.py:174}}
Jun 20 12:22:51.725902 np0000003332 nova-scheduler[95805]: DEBUG nova.scheduler.host_manager [None req-e8b34877-8ab6-42b4-9514-713b9351f2da tempest-DeleteServersTestJSON-1476143465 tempest-DeleteServersTestJSON-1476143465-project-member] Update host state with instances: [] {{(pid=95805) _locked_update /opt/stack/nova/nova/scheduler/host_manager.py:177}}
Jun 20 12:22:51.725990 np0000003332 nova-scheduler[95805]: DEBUG oslo_concurrency.lockutils [None req-e8b34877-8ab6-42b4-9514-713b9351f2da tempest-DeleteServersTestJSON-1476143465 tempest-DeleteServersTestJSON-1476143465-project-member] Lock "('np0000003332', 'np0000003332')" "released" by "nova.scheduler.host_manager.HostState.update.._locked_update" :: held 0.004s {{(pid=95805) inner /opt/stack/data/venv/lib/python3.12/site-packages/oslo_concurrency/lockutils.py:543}}
Jun 20 12:22:51.726715 np0000003332 nova-scheduler[95805]: DEBUG nova.filters [None req-e8b34877-8ab6-42b4-9514-713b9351f2da tempest-DeleteServersTestJSON-1476143465 tempest-DeleteServersTestJSON-1476143465-project-member] Starting with 1 host(s) {{(pid=95805) get_filtered_objects /opt/stack/nova/nova/filters.py:70}}
Jun 20 12:22:51.726997 np0000003332 nova-scheduler[95805]: DEBUG nova.filters [None req-e8b34877-8ab6-42b4-9514-713b9351f2da tempest-DeleteServersTestJSON-1476143465 tempest-DeleteServersTestJSON-1476143465-project-member] Filter ComputeFilter returned 1 host(s) {{(pid=95805) get_filtered_objects /opt/stack/nova/nova/filters.py:102}}
Jun 20 12:22:51.727199 np0000003332 nova-scheduler[95805]: DEBUG nova.filters [None req-e8b34877-8ab6-42b4-9514-713b9351f2da tempest-DeleteServersTestJSON-1476143465 tempest-DeleteServersTestJSON-1476143465-project-member] Filter ComputeCapabilitiesFilter returned 1 host(s) {{(pid=95805) get_filtered_objects /opt/stack/nova/nova/filters.py:102}}
Jun 20 12:22:51.728337 np0000003332 nova-scheduler[95805]: DEBUG nova.filters [None req-e8b34877-8ab6-42b4-9514-713b9351f2da tempest-DeleteServersTestJSON-1476143465 tempest-DeleteServersTestJSON-1476143465-project-member] Filter ImagePropertiesFilter returned 1 host(s) {{(pid=95805) get_filtered_objects /opt/stack/nova/nova/filters.py:102}}
Jun 20 12:22:51.728730 np0000003332 nova-scheduler[95805]: DEBUG nova.filters [None req-e8b34877-8ab6-42b4-9514-713b9351f2da tempest-DeleteServersTestJSON-1476143465 tempest-DeleteServersTestJSON-1476143465-project-member] Filter ServerGroupAntiAffinityFilter returned 1 host(s) {{(pid=95805) get_filtered_objects /opt/stack/nova/nova/filters.py:102}}
Jun 20 12:22:51.728975 np0000003332 nova-scheduler[95805]: DEBUG nova.filters [None req-e8b34877-8ab6-42b4-9514-713b9351f2da tempest-DeleteServersTestJSON-1476143465 tempest-DeleteServersTestJSON-1476143465-project-member] Filter ServerGroupAffinityFilter returned 1 host(s) {{(pid=95805) get_filtered_objects /opt/stack/nova/nova/filters.py:102}}
Jun 20 12:22:51.729088 np0000003332 nova-scheduler[95805]: DEBUG nova.filters [None req-e8b34877-8ab6-42b4-9514-713b9351f2da tempest-DeleteServersTestJSON-1476143465 tempest-DeleteServersTestJSON-1476143465-project-member] Filter SameHostFilter returned 1 host(s) {{(pid=95805) get_filtered_objects /opt/stack/nova/nova/filters.py:102}}
Jun 20 12:22:51.731890 np0000003332 nova-scheduler[95805]: DEBUG nova.filters [None req-e8b34877-8ab6-42b4-9514-713b9351f2da tempest-DeleteServersTestJSON-1476143465 tempest-DeleteServersTestJSON-1476143465-project-member] Filter DifferentHostFilter returned 1 host(s) {{(pid=95805) get_filtered_objects /opt/stack/nova/nova/filters.py:102}}
Jun 20 12:22:51.731890 np0000003332 nova-scheduler[95805]: DEBUG nova.scheduler.manager [None req-e8b34877-8ab6-42b4-9514-713b9351f2da tempest-DeleteServersTestJSON-1476143465 tempest-DeleteServersTestJSON-1476143465-project-member] Filtered [(np0000003332, np0000003332) ram: 23518MB disk: 75776MB io_ops: 0 instances: 0, allocation_candidates: 1] {{(pid=95805) _get_sorted_hosts /opt/stack/nova/nova/scheduler/manager.py:743}}
Jun 20 12:22:51.731890 np0000003332 nova-scheduler[95805]: DEBUG nova.scheduler.manager [None req-e8b34877-8ab6-42b4-9514-713b9351f2da tempest-DeleteServersTestJSON-1476143465 tempest-DeleteServersTestJSON-1476143465-project-member] Weighed [WeighedHost [host: (np0000003332, np0000003332) ram: 23518MB disk: 75776MB io_ops: 0 instances: 0, allocation_candidates: 1, weight: 0.0]] {{(pid=95805) _get_sorted_hosts /opt/stack/nova/nova/scheduler/manager.py:765}}
Jun 20 12:22:51.731890 np0000003332 nova-scheduler[95805]: DEBUG nova.scheduler.utils [None req-e8b34877-8ab6-42b4-9514-713b9351f2da tempest-DeleteServersTestJSON-1476143465 tempest-DeleteServersTestJSON-1476143465-project-member] Attempting to claim resources in the placement API for instance 65e0b64c-e1c5-4349-98b2-c5ba4fc497ad {{(pid=95805) claim_resources /opt/stack/nova/nova/scheduler/utils.py:1345}}
Jun 20 12:22:52.036209 np0000003332 nova-scheduler[95805]: DEBUG nova.scheduler.manager [None req-e8b34877-8ab6-42b4-9514-713b9351f2da tempest-DeleteServersTestJSON-1476143465 tempest-DeleteServersTestJSON-1476143465-project-member] [instance: 65e0b64c-e1c5-4349-98b2-c5ba4fc497ad] Selected host: (np0000003332, np0000003332) ram: 23518MB disk: 75776MB io_ops: 0 instances: 0, allocation_candidates: 1 {{(pid=95805) _consume_selected_host /opt/stack/nova/nova/scheduler/manager.py:625}}
Jun 20 12:22:52.036209 np0000003332 nova-scheduler[95805]: DEBUG oslo_concurrency.lockutils [None req-e8b34877-8ab6-42b4-9514-713b9351f2da tempest-DeleteServersTestJSON-1476143465 tempest-DeleteServersTestJSON-1476143465-project-member] Acquiring lock "('np0000003332', 'np0000003332')" by "nova.scheduler.host_manager.HostState.consume_from_request.._locked" {{(pid=95805) inner /opt/stack/data/venv/lib/python3.12/site-packages/oslo_concurrency/lockutils.py:511}}
Jun 20 12:22:52.036209 np0000003332 nova-scheduler[95805]: DEBUG oslo_concurrency.lockutils [None req-e8b34877-8ab6-42b4-9514-713b9351f2da tempest-DeleteServersTestJSON-1476143465 tempest-DeleteServersTestJSON-1476143465-project-member] Lock "('np0000003332', 'np0000003332')" acquired by "nova.scheduler.host_manager.HostState.consume_from_request.._locked" :: waited 0.000s {{(pid=95805) inner /opt/stack/data/venv/lib/python3.12/site-packages/oslo_concurrency/lockutils.py:524}}
Jun 20 12:22:52.036209 np0000003332 nova-scheduler[95805]: DEBUG oslo_concurrency.lockutils [None req-e8b34877-8ab6-42b4-9514-713b9351f2da tempest-DeleteServersTestJSON-1476143465 tempest-DeleteServersTestJSON-1476143465-project-member] Lock "('np0000003332', 'np0000003332')" "released" by "nova.scheduler.host_manager.HostState.consume_from_request.._locked" :: held 0.000s {{(pid=95805) inner /opt/stack/data/venv/lib/python3.12/site-packages/oslo_concurrency/lockutils.py:543}}
Jun 20 12:23:01.712027 np0000003332 nova-scheduler[95805]: DEBUG dbcounter [-] [95805] Writing DB stats nova_api:SELECT=1 {{(pid=95805) stat_writer /opt/stack/data/venv/lib/python3.12/site-packages/dbcounter.py:115}}
Jun 20 12:23:01.723377 np0000003332 nova-scheduler[95805]: DEBUG dbcounter [-] [95805] Writing DB stats nova_cell1:SELECT=3 {{(pid=95805) stat_writer /opt/stack/data/venv/lib/python3.12/site-packages/dbcounter.py:115}}
Jun 20 12:23:07.759274 np0000003332 nova-scheduler[95807]: DEBUG nova.scheduler.manager [None req-7cc04dc3-c577-4e11-9aac-1256f4ebe291 tempest-ServerActionsTestOtherB-1000365866 tempest-ServerActionsTestOtherB-1000365866-project-member] Starting to schedule for instances: ['b135f281-51d0-4e8d-b388-65cc59f37a6d'] {{(pid=95807) select_destinations /opt/stack/nova/nova/scheduler/manager.py:210}}
Jun 20 12:23:07.760050 np0000003332 nova-scheduler[95807]: DEBUG nova.scheduler.request_filter [None req-7cc04dc3-c577-4e11-9aac-1256f4ebe291 tempest-ServerActionsTestOtherB-1000365866 tempest-ServerActionsTestOtherB-1000365866-project-member] compute_status_filter request filter added forbidden trait COMPUTE_STATUS_DISABLED {{(pid=95807) compute_status_filter /opt/stack/nova/nova/scheduler/request_filter.py:253}}
Jun 20 12:23:07.760227 np0000003332 nova-scheduler[95807]: DEBUG nova.scheduler.request_filter [None req-7cc04dc3-c577-4e11-9aac-1256f4ebe291 tempest-ServerActionsTestOtherB-1000365866 tempest-ServerActionsTestOtherB-1000365866-project-member] Request filter 'compute_status_filter' took 0.0 seconds {{(pid=95807) wrapper /opt/stack/nova/nova/scheduler/request_filter.py:46}}
Jun 20 12:23:07.760458 np0000003332 nova-scheduler[95807]: DEBUG nova.scheduler.request_filter [None req-7cc04dc3-c577-4e11-9aac-1256f4ebe291 tempest-ServerActionsTestOtherB-1000365866 tempest-ServerActionsTestOtherB-1000365866-project-member] Request filter 'accelerators_filter' took 0.0 seconds {{(pid=95807) wrapper /opt/stack/nova/nova/scheduler/request_filter.py:46}}
Jun 20 12:23:07.760673 np0000003332 nova-scheduler[95807]: DEBUG nova.scheduler.request_filter [None req-7cc04dc3-c577-4e11-9aac-1256f4ebe291 tempest-ServerActionsTestOtherB-1000365866 tempest-ServerActionsTestOtherB-1000365866-project-member] Request filter 'packed_virtqueue_filter' took 0.0 seconds {{(pid=95807) wrapper /opt/stack/nova/nova/scheduler/request_filter.py:46}}
Jun 20 12:23:07.761021 np0000003332 nova-scheduler[95807]: DEBUG nova.scheduler.request_filter [None req-7cc04dc3-c577-4e11-9aac-1256f4ebe291 tempest-ServerActionsTestOtherB-1000365866 tempest-ServerActionsTestOtherB-1000365866-project-member] Request filter 'remote_managed_ports_filter' took 0.0 seconds {{(pid=95807) wrapper /opt/stack/nova/nova/scheduler/request_filter.py:46}}
Jun 20 12:23:07.761243 np0000003332 nova-scheduler[95807]: DEBUG nova.scheduler.request_filter [None req-7cc04dc3-c577-4e11-9aac-1256f4ebe291 tempest-ServerActionsTestOtherB-1000365866 tempest-ServerActionsTestOtherB-1000365866-project-member] ephemeral_encryption_filter skipped {{(pid=95807) ephemeral_encryption_filter /opt/stack/nova/nova/scheduler/request_filter.py:426}}
Jun 20 12:23:07.761411 np0000003332 nova-scheduler[95807]: DEBUG nova.scheduler.request_filter [None req-7cc04dc3-c577-4e11-9aac-1256f4ebe291 tempest-ServerActionsTestOtherB-1000365866 tempest-ServerActionsTestOtherB-1000365866-project-member] virtio_sound_filter skipped {{(pid=95807) virtio_sound_filter /opt/stack/nova/nova/scheduler/request_filter.py:460}}
Jun 20 12:23:07.761532 np0000003332 nova-scheduler[95807]: DEBUG nova.scheduler.request_filter [None req-7cc04dc3-c577-4e11-9aac-1256f4ebe291 tempest-ServerActionsTestOtherB-1000365866 tempest-ServerActionsTestOtherB-1000365866-project-member] tpm_secret_security_filter skipped {{(pid=95807) tpm_secret_security_filter /opt/stack/nova/nova/scheduler/request_filter.py:477}}
Jun 20 12:23:07.904295 np0000003332 nova-scheduler[95807]: INFO nova.utils [None req-7cc04dc3-c577-4e11-9aac-1256f4ebe291 tempest-ServerActionsTestOtherB-1000365866 tempest-ServerActionsTestOtherB-1000365866-project-member] The cell worker thread pool ForkProcess-2.cell_worker is initialized
Jun 20 12:23:07.904295 np0000003332 nova-scheduler[95807]: DEBUG oslo_concurrency.lockutils [None req-7cc04dc3-c577-4e11-9aac-1256f4ebe291 tempest-ServerActionsTestOtherB-1000365866 tempest-ServerActionsTestOtherB-1000365866-project-member] Acquiring lock "9d7b66e1-cabd-4906-9e70-684465034c2f" by "nova.context.set_target_cell..get_or_set_cached_cell_and_set_connections" {{(pid=95807) inner /opt/stack/data/venv/lib/python3.12/site-packages/oslo_concurrency/lockutils.py:511}}
Jun 20 12:23:07.904295 np0000003332 nova-scheduler[95807]: DEBUG oslo_concurrency.lockutils [None req-7cc04dc3-c577-4e11-9aac-1256f4ebe291 tempest-ServerActionsTestOtherB-1000365866 tempest-ServerActionsTestOtherB-1000365866-project-member] Lock "9d7b66e1-cabd-4906-9e70-684465034c2f" acquired by "nova.context.set_target_cell..get_or_set_cached_cell_and_set_connections" :: waited 0.000s {{(pid=95807) inner /opt/stack/data/venv/lib/python3.12/site-packages/oslo_concurrency/lockutils.py:524}}
Jun 20 12:23:07.905554 np0000003332 nova-scheduler[95807]: DEBUG oslo_concurrency.lockutils [None req-7cc04dc3-c577-4e11-9aac-1256f4ebe291 tempest-ServerActionsTestOtherB-1000365866 tempest-ServerActionsTestOtherB-1000365866-project-member] Lock "9d7b66e1-cabd-4906-9e70-684465034c2f" "released" by "nova.context.set_target_cell..get_or_set_cached_cell_and_set_connections" :: held 0.003s {{(pid=95807) inner /opt/stack/data/venv/lib/python3.12/site-packages/oslo_concurrency/lockutils.py:543}}
Jun 20 12:23:07.908164 np0000003332 nova-scheduler[95807]: INFO dbcounter [None req-7cc04dc3-c577-4e11-9aac-1256f4ebe291 tempest-ServerActionsTestOtherB-1000365866 tempest-ServerActionsTestOtherB-1000365866-project-member] Registered counter for database nova_cell1
Jun 20 12:23:07.969245 np0000003332 nova-scheduler[95807]: DEBUG oslo_db.sqlalchemy.engines [None req-7cc04dc3-c577-4e11-9aac-1256f4ebe291 tempest-ServerActionsTestOtherB-1000365866 tempest-ServerActionsTestOtherB-1000365866-project-member] MySQL server mode set to STRICT_TRANS_TABLES,STRICT_ALL_TABLES,NO_ZERO_IN_DATE,NO_ZERO_DATE,ERROR_FOR_DIVISION_BY_ZERO,TRADITIONAL,NO_ENGINE_SUBSTITUTION {{(pid=95807) _check_effective_sql_mode /opt/stack/data/venv/lib/python3.12/site-packages/oslo_db/sqlalchemy/engines.py:325}}
Jun 20 12:23:07.976334 np0000003332 nova-scheduler[95807]: DEBUG dbcounter [-] [95807] Writer thread running {{(pid=95807) stat_writer /opt/stack/data/venv/lib/python3.12/site-packages/dbcounter.py:102}}
Jun 20 12:23:08.055948 np0000003332 nova-scheduler[95807]: DEBUG dbcounter [-] [95807] Writer thread running {{(pid=95807) stat_writer /opt/stack/data/venv/lib/python3.12/site-packages/dbcounter.py:102}}
Jun 20 12:23:08.060330 np0000003332 nova-scheduler[95807]: DEBUG oslo_concurrency.lockutils [None req-7cc04dc3-c577-4e11-9aac-1256f4ebe291 tempest-ServerActionsTestOtherB-1000365866 tempest-ServerActionsTestOtherB-1000365866-project-member] Acquiring lock "9d7b66e1-cabd-4906-9e70-684465034c2f" by "nova.context.set_target_cell..get_or_set_cached_cell_and_set_connections" {{(pid=95807) inner /opt/stack/data/venv/lib/python3.12/site-packages/oslo_concurrency/lockutils.py:511}}
Jun 20 12:23:08.061309 np0000003332 nova-scheduler[95807]: DEBUG oslo_concurrency.lockutils [None req-7cc04dc3-c577-4e11-9aac-1256f4ebe291 tempest-ServerActionsTestOtherB-1000365866 tempest-ServerActionsTestOtherB-1000365866-project-member] Lock "9d7b66e1-cabd-4906-9e70-684465034c2f" acquired by "nova.context.set_target_cell..get_or_set_cached_cell_and_set_connections" :: waited 0.001s {{(pid=95807) inner /opt/stack/data/venv/lib/python3.12/site-packages/oslo_concurrency/lockutils.py:524}}
Jun 20 12:23:08.061309 np0000003332 nova-scheduler[95807]: DEBUG oslo_concurrency.lockutils [None req-7cc04dc3-c577-4e11-9aac-1256f4ebe291 tempest-ServerActionsTestOtherB-1000365866 tempest-ServerActionsTestOtherB-1000365866-project-member] Lock "9d7b66e1-cabd-4906-9e70-684465034c2f" "released" by "nova.context.set_target_cell..get_or_set_cached_cell_and_set_connections" :: held 0.000s {{(pid=95807) inner /opt/stack/data/venv/lib/python3.12/site-packages/oslo_concurrency/lockutils.py:543}}
