Jun 20 12:19:55.344230 np0000003332 devstack@neutron-api.service[90078]: DEBUG ovsdbapp.backend.ovs_idl.transaction [None req-05f03a31-8e4b-4763-846a-d14332c43f77 None None] Running txn n=1 command(idx=0): CheckRevisionNumberCommand(_result=None, name=lrp-b07cddcf-d48c-490b-80b9-aa7b9e4f5776, resource={'id': 'b07cddcf-d48c-490b-80b9-aa7b9e4f5776', 'name': '', 'network_id': '34a14913-6f60-4315-a3ca-583e2bb71191', 'project_id': '42bea719cdc8403aabfa11db91992f02', 'mac_address': 'fa:16:3e:90:d5:e1', 'admin_state_up': True, 'status': 'ACTIVE', 'device_id': 'ff1944e9-14e6-4fdc-9d5b-8bb136b3eb91', 'device_owner': 'network:router_interface', 'standard_attr_id': 24, 'fixed_ips': [{'subnet_id': '4de78b0b-63c4-4e52-b3b2-c5120d204d09', 'ip_address': 'fd9a:e399:53ad::1'}], 'allowed_address_pairs': [], 'extra_dhcp_opts': [], 'security_groups': [], 'description': '', 'binding:vnic_type': 'normal', 'binding:profile': {}, 'binding:host_id': '', 'binding:vif_type': 'unbound', 'binding:vif_details': {}, 'port_security_enabled': False, 'tags': [], 'created_at': '2026-06-20T12:19:47Z', 'updated_at': '2026-06-20T12:19:50Z', 'revision_number': 4, 'tenant_id': '42bea719cdc8403aabfa11db91992f02'}, resource_type=router_ports, if_exists=True) {{(pid=90078) do_commit /opt/stack/data/venv/lib/python3.12/site-packages/ovsdbapp/backend/ovs_idl/transaction.py:89}}
Jun 20 12:19:55.344487 np0000003332 devstack@neutron-api.service[90078]: DEBUG ovsdbapp.backend.ovs_idl.transaction [None req-05f03a31-8e4b-4763-846a-d14332c43f77 None None] Running txn n=1 command(idx=1): UpdateLRouterPortCommand(_result=None, name=lrp-b07cddcf-d48c-490b-80b9-aa7b9e4f5776, columns={'external_ids': {'neutron:revision_number': '4', 'neutron:subnet_ids': '4de78b0b-63c4-4e52-b3b2-c5120d204d09', 'neutron:network_name': 'neutron-34a14913-6f60-4315-a3ca-583e2bb71191', 'neutron:is_ext_gw': 'False', 'neutron:router_name': 'neutron-ff1944e9-14e6-4fdc-9d5b-8bb136b3eb91'}, 'options': {}, 'networks': ['fd9a:e399:53ad::1/64'], 'ipv6_ra_configs': {'address_mode': 'slaac', 'send_periodic': 'true', 'mtu': '1372'}}, if_exists=False) {{(pid=90078) do_commit /opt/stack/data/venv/lib/python3.12/site-packages/ovsdbapp/backend/ovs_idl/transaction.py:89}}
Jun 20 12:19:55.344864 np0000003332 devstack@neutron-api.service[90078]: DEBUG ovsdbapp.backend.ovs_idl.transaction [None req-05f03a31-8e4b-4763-846a-d14332c43f77 None None] Running txn n=1 command(idx=2): SetLRouterPortInLSwitchPortCommand(_result=None, lswitch_port=b07cddcf-d48c-490b-80b9-aa7b9e4f5776, lrouter_port=lrp-b07cddcf-d48c-490b-80b9-aa7b9e4f5776, is_gw_port=False, if_exists=True, lsp_address=router) {{(pid=90078) do_commit /opt/stack/data/venv/lib/python3.12/site-packages/ovsdbapp/backend/ovs_idl/transaction.py:89}}
Jun 20 12:19:55.345263 np0000003332 devstack@neutron-api.service[90078]: DEBUG ovsdbapp.backend.ovs_idl.transaction [None req-05f03a31-8e4b-4763-846a-d14332c43f77 None None] Transaction caused no change {{(pid=90078) do_commit /opt/stack/data/venv/lib/python3.12/site-packages/ovsdbapp/backend/ovs_idl/transaction.py:129}}
Jun 20 12:19:55.402250 np0000003332 devstack@neutron-api.service[90078]: DEBUG ovsdbapp.backend.ovs_idl.transaction [None req-05f03a31-8e4b-4763-846a-d14332c43f77 None None] Running txn n=1 command(idx=0): CheckRevisionNumberCommand(_result=None, name=lrp-b07cddcf-d48c-490b-80b9-aa7b9e4f5776, resource={'id': 'b07cddcf-d48c-490b-80b9-aa7b9e4f5776', 'name': '', 'network_id': '34a14913-6f60-4315-a3ca-583e2bb71191', 'project_id': '42bea719cdc8403aabfa11db91992f02', 'mac_address': 'fa:16:3e:90:d5:e1', 'admin_state_up': True, 'status': 'ACTIVE', 'device_id': 'ff1944e9-14e6-4fdc-9d5b-8bb136b3eb91', 'device_owner': 'network:router_interface', 'standard_attr_id': 24, 'fixed_ips': [{'subnet_id': '4de78b0b-63c4-4e52-b3b2-c5120d204d09', 'ip_address': 'fd9a:e399:53ad::1'}], 'allowed_address_pairs': [], 'extra_dhcp_opts': [], 'security_groups': [], 'description': '', 'binding:vnic_type': 'normal', 'binding:profile': {}, 'binding:host_id': '', 'binding:vif_type': 'unbound', 'binding:vif_details': {}, 'port_security_enabled': False, 'tags': [], 'created_at': '2026-06-20T12:19:47Z', 'updated_at': '2026-06-20T12:19:50Z', 'revision_number': 4, 'tenant_id': '42bea719cdc8403aabfa11db91992f02'}, resource_type=router_ports, if_exists=True) {{(pid=90078) do_commit /opt/stack/data/venv/lib/python3.12/site-packages/ovsdbapp/backend/ovs_idl/transaction.py:89}}
Jun 20 12:19:55.402511 np0000003332 devstack@neutron-api.service[90078]: DEBUG ovsdbapp.backend.ovs_idl.transaction [None req-05f03a31-8e4b-4763-846a-d14332c43f77 None None] Running txn n=1 command(idx=1): UpdateLRouterPortCommand(_result=None, name=lrp-b07cddcf-d48c-490b-80b9-aa7b9e4f5776, columns={'external_ids': {'neutron:revision_number': '4', 'neutron:subnet_ids': '4de78b0b-63c4-4e52-b3b2-c5120d204d09', 'neutron:network_name': 'neutron-34a14913-6f60-4315-a3ca-583e2bb71191', 'neutron:is_ext_gw': 'False', 'neutron:router_name': 'neutron-ff1944e9-14e6-4fdc-9d5b-8bb136b3eb91'}, 'options': {}, 'networks': ['fd9a:e399:53ad::1/64'], 'ipv6_ra_configs': {'address_mode': 'slaac', 'send_periodic': 'true', 'mtu': '1372'}}, if_exists=False) {{(pid=90078) do_commit /opt/stack/data/venv/lib/python3.12/site-packages/ovsdbapp/backend/ovs_idl/transaction.py:89}}
Jun 20 12:19:55.402826 np0000003332 devstack@neutron-api.service[90078]: DEBUG ovsdbapp.backend.ovs_idl.transaction [None req-05f03a31-8e4b-4763-846a-d14332c43f77 None None] Running txn n=1 command(idx=2): SetLRouterPortInLSwitchPortCommand(_result=None, lswitch_port=b07cddcf-d48c-490b-80b9-aa7b9e4f5776, lrouter_port=lrp-b07cddcf-d48c-490b-80b9-aa7b9e4f5776, is_gw_port=False, if_exists=True, lsp_address=router) {{(pid=90078) do_commit /opt/stack/data/venv/lib/python3.12/site-packages/ovsdbapp/backend/ovs_idl/transaction.py:89}}
Jun 20 12:19:55.403128 np0000003332 devstack@neutron-api.service[90078]: DEBUG ovsdbapp.backend.ovs_idl.transaction [None req-05f03a31-8e4b-4763-846a-d14332c43f77 None None] Transaction caused no change {{(pid=90078) do_commit /opt/stack/data/venv/lib/python3.12/site-packages/ovsdbapp/backend/ovs_idl/transaction.py:129}}
Jun 20 12:19:55.455966 np0000003332 devstack@neutron-api.service[90078]: DEBUG ovsdbapp.backend.ovs_idl.transaction [None req-05f03a31-8e4b-4763-846a-d14332c43f77 None None] Running txn n=1 command(idx=0): CheckRevisionNumberCommand(_result=None, name=lrp-b07cddcf-d48c-490b-80b9-aa7b9e4f5776, resource={'id': 'b07cddcf-d48c-490b-80b9-aa7b9e4f5776', 'name': '', 'network_id': '34a14913-6f60-4315-a3ca-583e2bb71191', 'project_id': '42bea719cdc8403aabfa11db91992f02', 'mac_address': 'fa:16:3e:90:d5:e1', 'admin_state_up': True, 'status': 'ACTIVE', 'device_id': 'ff1944e9-14e6-4fdc-9d5b-8bb136b3eb91', 'device_owner': 'network:router_interface', 'standard_attr_id': 24, 'fixed_ips': [{'subnet_id': '4de78b0b-63c4-4e52-b3b2-c5120d204d09', 'ip_address': 'fd9a:e399:53ad::1'}], 'allowed_address_pairs': [], 'extra_dhcp_opts': [], 'security_groups': [], 'description': '', 'binding:vnic_type': 'normal', 'binding:profile': {}, 'binding:host_id': '', 'binding:vif_type': 'unbound', 'binding:vif_details': {}, 'port_security_enabled': False, 'tags': [], 'created_at': '2026-06-20T12:19:47Z', 'updated_at': '2026-06-20T12:19:50Z', 'revision_number': 4, 'tenant_id': '42bea719cdc8403aabfa11db91992f02'}, resource_type=router_ports, if_exists=True) {{(pid=90078) do_commit /opt/stack/data/venv/lib/python3.12/site-packages/ovsdbapp/backend/ovs_idl/transaction.py:89}}
Jun 20 12:19:55.456362 np0000003332 devstack@neutron-api.service[90078]: DEBUG ovsdbapp.backend.ovs_idl.transaction [None req-05f03a31-8e4b-4763-846a-d14332c43f77 None None] Running txn n=1 command(idx=1): UpdateLRouterPortCommand(_result=None, name=lrp-b07cddcf-d48c-490b-80b9-aa7b9e4f5776, columns={'external_ids': {'neutron:revision_number': '4', 'neutron:subnet_ids': '4de78b0b-63c4-4e52-b3b2-c5120d204d09', 'neutron:network_name': 'neutron-34a14913-6f60-4315-a3ca-583e2bb71191', 'neutron:is_ext_gw': 'False', 'neutron:router_name': 'neutron-ff1944e9-14e6-4fdc-9d5b-8bb136b3eb91'}, 'options': {}, 'networks': ['fd9a:e399:53ad::1/64'], 'ipv6_ra_configs': {'address_mode': 'slaac', 'send_periodic': 'true', 'mtu': '1372'}}, if_exists=False) {{(pid=90078) do_commit /opt/stack/data/venv/lib/python3.12/site-packages/ovsdbapp/backend/ovs_idl/transaction.py:89}}
Jun 20 12:19:55.456759 np0000003332 devstack@neutron-api.service[90078]: DEBUG ovsdbapp.backend.ovs_idl.transaction [None req-05f03a31-8e4b-4763-846a-d14332c43f77 None None] Running txn n=1 command(idx=2): SetLRouterPortInLSwitchPortCommand(_result=None, lswitch_port=b07cddcf-d48c-490b-80b9-aa7b9e4f5776, lrouter_port=lrp-b07cddcf-d48c-490b-80b9-aa7b9e4f5776, is_gw_port=False, if_exists=True, lsp_address=router) {{(pid=90078) do_commit /opt/stack/data/venv/lib/python3.12/site-packages/ovsdbapp/backend/ovs_idl/transaction.py:89}}
Jun 20 12:19:55.457101 np0000003332 devstack@neutron-api.service[90078]: DEBUG ovsdbapp.backend.ovs_idl.transaction [None req-05f03a31-8e4b-4763-846a-d14332c43f77 None None] Transaction caused no change {{(pid=90078) do_commit /opt/stack/data/venv/lib/python3.12/site-packages/ovsdbapp/backend/ovs_idl/transaction.py:129}}
Jun 20 12:19:55.483775 np0000003332 devstack@neutron-api.service[90078]: INFO neutron.common.ovn.utils [None req-3bdedf54-badf-44c2-859c-878dacea3586 None None] HA Chassis Group neutron-34a14913-6f60-4315-a3ca-583e2bb71191 synchronized; highest priority chassis d366a76a-b911-45ce-967d-e8428ad59413
Jun 20 12:19:55.484402 np0000003332 devstack@neutron-api.service[90078]: DEBUG ovsdbapp.backend.ovs_idl.transaction [None req-05f03a31-8e4b-4763-846a-d14332c43f77 None None] Running txn n=1 command(idx=0): DbSetCommand(_result=None, table=HA_Chassis_Group, record=neutron-34a14913-6f60-4315-a3ca-583e2bb71191, col_values=(('external_ids', {'neutron:availability_zone_hints': '', 'neutron:network_id': '34a14913-6f60-4315-a3ca-583e2bb71191', 'neutron:router_id': 'ff1944e9-14e6-4fdc-9d5b-8bb136b3eb91'}),), if_exists=True) {{(pid=90078) do_commit /opt/stack/data/venv/lib/python3.12/site-packages/ovsdbapp/backend/ovs_idl/transaction.py:89}}
Jun 20 12:19:55.484706 np0000003332 devstack@neutron-api.service[90078]: DEBUG ovsdbapp.backend.ovs_idl.transaction [None req-05f03a31-8e4b-4763-846a-d14332c43f77 None None] Running txn n=1 command(idx=1): HAChassisGroupAddChassisCommand(_result=None, hcg=neutron-34a14913-6f60-4315-a3ca-583e2bb71191, chassis=d366a76a-b911-45ce-967d-e8428ad59413, priority=1, columns={}) {{(pid=90078) do_commit /opt/stack/data/venv/lib/python3.12/site-packages/ovsdbapp/backend/ovs_idl/transaction.py:89}}
Jun 20 12:19:55.484975 np0000003332 devstack@neutron-api.service[90078]: DEBUG ovsdbapp.backend.ovs_idl.transaction [None req-05f03a31-8e4b-4763-846a-d14332c43f77 None None] Transaction caused no change {{(pid=90078) do_commit /opt/stack/data/venv/lib/python3.12/site-packages/ovsdbapp/backend/ovs_idl/transaction.py:129}}
Jun 20 12:19:55.512667 np0000003332 devstack@neutron-api.service[90078]: INFO neutron.common.ovn.utils [None req-3bdedf54-badf-44c2-859c-878dacea3586 None None] HA Chassis Group neutron-34a14913-6f60-4315-a3ca-583e2bb71191 synchronized; highest priority chassis d366a76a-b911-45ce-967d-e8428ad59413
Jun 20 12:19:55.513316 np0000003332 devstack@neutron-api.service[90078]: DEBUG ovsdbapp.backend.ovs_idl.transaction [None req-05f03a31-8e4b-4763-846a-d14332c43f77 None None] Running txn n=1 command(idx=0): DbSetCommand(_result=None, table=HA_Chassis_Group, record=neutron-34a14913-6f60-4315-a3ca-583e2bb71191, col_values=(('external_ids', {'neutron:availability_zone_hints': '', 'neutron:network_id': '34a14913-6f60-4315-a3ca-583e2bb71191', 'neutron:router_id': 'ff1944e9-14e6-4fdc-9d5b-8bb136b3eb91'}),), if_exists=True) {{(pid=90078) do_commit /opt/stack/data/venv/lib/python3.12/site-packages/ovsdbapp/backend/ovs_idl/transaction.py:89}}
Jun 20 12:19:55.513617 np0000003332 devstack@neutron-api.service[90078]: DEBUG ovsdbapp.backend.ovs_idl.transaction [None req-05f03a31-8e4b-4763-846a-d14332c43f77 None None] Running txn n=1 command(idx=1): HAChassisGroupAddChassisCommand(_result=None, hcg=neutron-34a14913-6f60-4315-a3ca-583e2bb71191, chassis=d366a76a-b911-45ce-967d-e8428ad59413, priority=1, columns={}) {{(pid=90078) do_commit /opt/stack/data/venv/lib/python3.12/site-packages/ovsdbapp/backend/ovs_idl/transaction.py:89}}
Jun 20 12:19:55.513870 np0000003332 devstack@neutron-api.service[90078]: DEBUG ovsdbapp.backend.ovs_idl.transaction [None req-05f03a31-8e4b-4763-846a-d14332c43f77 None None] Transaction caused no change {{(pid=90078) do_commit /opt/stack/data/venv/lib/python3.12/site-packages/ovsdbapp/backend/ovs_idl/transaction.py:129}}
Jun 20 12:19:59.505437 np0000003332 devstack@neutron-api.service[90078]: DEBUG futurist.periodics [-] Submitting periodic callback 'neutron.plugins.ml2.drivers.ovn.mech_driver.ovsdb.maintenance.HashRingHealthCheckPeriodics.touch_hash_ring_node' {{(pid=90078) _process_scheduled /opt/stack/data/venv/lib/python3.12/site-packages/futurist/periodics.py:784}}
Jun 20 12:19:59.505933 np0000003332 devstack@neutron-api.service[90078]: DEBUG neutron.plugins.ml2.drivers.ovn.mech_driver.ovsdb.maintenance [-] Touching Hash Ring node "5139a26bbcf85a4492d55f9bb0f5d016" from periodic health check thread {{(pid=90078) touch_hash_ring_node /opt/stack/neutron/neutron/plugins/ml2/drivers/ovn/mech_driver/ovsdb/maintenance.py:1419}}
Jun 20 12:20:00.519949 np0000003332 devstack@neutron-api.service[90076]: DEBUG futurist.periodics [-] Submitting periodic callback 'neutron.plugins.ml2.drivers.ovn.mech_driver.ovsdb.maintenance.HashRingHealthCheckPeriodics.touch_hash_ring_node' {{(pid=90076) _process_scheduled /opt/stack/data/venv/lib/python3.12/site-packages/futurist/periodics.py:784}}
Jun 20 12:20:00.519949 np0000003332 devstack@neutron-api.service[90076]: DEBUG neutron.plugins.ml2.drivers.ovn.mech_driver.ovsdb.maintenance [-] Touching Hash Ring node "9d4842cc4fcd5784ab3f1ebd548f242d" from periodic health check thread {{(pid=90076) touch_hash_ring_node /opt/stack/neutron/neutron/plugins/ml2/drivers/ovn/mech_driver/ovsdb/maintenance.py:1419}}
Jun 20 12:20:00.559578 np0000003332 devstack@neutron-api.service[90077]: DEBUG futurist.periodics [-] Submitting periodic callback 'neutron.plugins.ml2.drivers.ovn.mech_driver.ovsdb.maintenance.HashRingHealthCheckPeriodics.touch_hash_ring_node' {{(pid=90077) _process_scheduled /opt/stack/data/venv/lib/python3.12/site-packages/futurist/periodics.py:784}}
Jun 20 12:20:00.559986 np0000003332 devstack@neutron-api.service[90077]: DEBUG neutron.plugins.ml2.drivers.ovn.mech_driver.ovsdb.maintenance [-] Touching Hash Ring node "b6e0c92586c356c6b08ae1945cb26c0d" from periodic health check thread {{(pid=90077) touch_hash_ring_node /opt/stack/neutron/neutron/plugins/ml2/drivers/ovn/mech_driver/ovsdb/maintenance.py:1419}}
Jun 20 12:20:09.516965 np0000003332 devstack@neutron-api.service[90078]: DEBUG dbcounter [-] [90078] Writing DB stats neutron:SELECT=3319,neutron:INSERT=730,neutron:DELETE=12,neutron:UPDATE=139 {{(pid=90078) stat_writer /opt/stack/data/venv/lib/python3.12/site-packages/dbcounter.py:115}}
Jun 20 12:20:10.535968 np0000003332 devstack@neutron-api.service[90076]: DEBUG dbcounter [-] [90076] Writing DB stats neutron:SELECT=704,neutron:INSERT=20,neutron:DELETE=6,neutron:UPDATE=33 {{(pid=90076) stat_writer /opt/stack/data/venv/lib/python3.12/site-packages/dbcounter.py:115}}
Jun 20 12:20:10.573816 np0000003332 devstack@neutron-api.service[90077]: DEBUG dbcounter [-] [90077] Writing DB stats neutron:SELECT=2373,neutron:INSERT=55,neutron:DELETE=11,neutron:UPDATE=64 {{(pid=90077) stat_writer /opt/stack/data/venv/lib/python3.12/site-packages/dbcounter.py:115}}
Jun 20 12:20:14.505925 np0000003332 devstack@neutron-api.service[90078]: DEBUG futurist.periodics [-] Submitting periodic callback 'neutron.plugins.ml2.drivers.ovn.mech_driver.ovsdb.maintenance.HashRingHealthCheckPeriodics.touch_hash_ring_node' {{(pid=90078) _process_scheduled /opt/stack/data/venv/lib/python3.12/site-packages/futurist/periodics.py:784}}
Jun 20 12:20:14.507535 np0000003332 devstack@neutron-api.service[90078]: DEBUG neutron.plugins.ml2.drivers.ovn.mech_driver.ovsdb.maintenance [-] Touching Hash Ring node "5139a26bbcf85a4492d55f9bb0f5d016" from periodic health check thread {{(pid=90078) touch_hash_ring_node /opt/stack/neutron/neutron/plugins/ml2/drivers/ovn/mech_driver/ovsdb/maintenance.py:1419}}
Jun 20 12:20:15.520171 np0000003332 devstack@neutron-api.service[90076]: DEBUG futurist.periodics [-] Submitting periodic callback 'neutron.plugins.ml2.drivers.ovn.mech_driver.ovsdb.maintenance.HashRingHealthCheckPeriodics.touch_hash_ring_node' {{(pid=90076) _process_scheduled /opt/stack/data/venv/lib/python3.12/site-packages/futurist/periodics.py:784}}
Jun 20 12:20:15.520611 np0000003332 devstack@neutron-api.service[90076]: DEBUG neutron.plugins.ml2.drivers.ovn.mech_driver.ovsdb.maintenance [-] Touching Hash Ring node "9d4842cc4fcd5784ab3f1ebd548f242d" from periodic health check thread {{(pid=90076) touch_hash_ring_node /opt/stack/neutron/neutron/plugins/ml2/drivers/ovn/mech_driver/ovsdb/maintenance.py:1419}}
Jun 20 12:20:15.560196 np0000003332 devstack@neutron-api.service[90077]: DEBUG futurist.periodics [-] Submitting periodic callback 'neutron.plugins.ml2.drivers.ovn.mech_driver.ovsdb.maintenance.HashRingHealthCheckPeriodics.touch_hash_ring_node' {{(pid=90077) _process_scheduled /opt/stack/data/venv/lib/python3.12/site-packages/futurist/periodics.py:784}}
Jun 20 12:20:15.560563 np0000003332 devstack@neutron-api.service[90077]: DEBUG neutron.plugins.ml2.drivers.ovn.mech_driver.ovsdb.maintenance [-] Touching Hash Ring node "b6e0c92586c356c6b08ae1945cb26c0d" from periodic health check thread {{(pid=90077) touch_hash_ring_node /opt/stack/neutron/neutron/plugins/ml2/drivers/ovn/mech_driver/ovsdb/maintenance.py:1419}}
Jun 20 12:20:24.517120 np0000003332 devstack@neutron-api.service[90078]: DEBUG dbcounter [-] [90078] Writing DB stats neutron:UPDATE=1,neutron:SELECT=1 {{(pid=90078) stat_writer /opt/stack/data/venv/lib/python3.12/site-packages/dbcounter.py:115}}
Jun 20 12:20:25.530037 np0000003332 devstack@neutron-api.service[90076]: DEBUG dbcounter [-] [90076] Writing DB stats neutron:UPDATE=1,neutron:SELECT=1 {{(pid=90076) stat_writer /opt/stack/data/venv/lib/python3.12/site-packages/dbcounter.py:115}}
Jun 20 12:20:25.575035 np0000003332 devstack@neutron-api.service[90077]: DEBUG dbcounter [-] [90077] Writing DB stats neutron:UPDATE=1,neutron:SELECT=1 {{(pid=90077) stat_writer /opt/stack/data/venv/lib/python3.12/site-packages/dbcounter.py:115}}
Jun 20 12:20:29.506719 np0000003332 devstack@neutron-api.service[90078]: DEBUG futurist.periodics [-] Submitting periodic callback 'neutron.plugins.ml2.drivers.ovn.mech_driver.ovsdb.maintenance.HashRingHealthCheckPeriodics.touch_hash_ring_node' {{(pid=90078) _process_scheduled /opt/stack/data/venv/lib/python3.12/site-packages/futurist/periodics.py:784}}
Jun 20 12:20:29.507364 np0000003332 devstack@neutron-api.service[90078]: DEBUG neutron.plugins.ml2.drivers.ovn.mech_driver.ovsdb.maintenance [-] Touching Hash Ring node "5139a26bbcf85a4492d55f9bb0f5d016" from periodic health check thread {{(pid=90078) touch_hash_ring_node /opt/stack/neutron/neutron/plugins/ml2/drivers/ovn/mech_driver/ovsdb/maintenance.py:1419}}
Jun 20 12:20:30.520689 np0000003332 devstack@neutron-api.service[90076]: DEBUG futurist.periodics [-] Submitting periodic callback 'neutron.plugins.ml2.drivers.ovn.mech_driver.ovsdb.maintenance.HashRingHealthCheckPeriodics.touch_hash_ring_node' {{(pid=90076) _process_scheduled /opt/stack/data/venv/lib/python3.12/site-packages/futurist/periodics.py:784}}
Jun 20 12:20:30.521111 np0000003332 devstack@neutron-api.service[90076]: DEBUG neutron.plugins.ml2.drivers.ovn.mech_driver.ovsdb.maintenance [-] Touching Hash Ring node "9d4842cc4fcd5784ab3f1ebd548f242d" from periodic health check thread {{(pid=90076) touch_hash_ring_node /opt/stack/neutron/neutron/plugins/ml2/drivers/ovn/mech_driver/ovsdb/maintenance.py:1419}}
Jun 20 12:20:30.560613 np0000003332 devstack@neutron-api.service[90077]: DEBUG futurist.periodics [-] Submitting periodic callback 'neutron.plugins.ml2.drivers.ovn.mech_driver.ovsdb.maintenance.HashRingHealthCheckPeriodics.touch_hash_ring_node' {{(pid=90077) _process_scheduled /opt/stack/data/venv/lib/python3.12/site-packages/futurist/periodics.py:784}}
Jun 20 12:20:30.560912 np0000003332 devstack@neutron-api.service[90077]: DEBUG neutron.plugins.ml2.drivers.ovn.mech_driver.ovsdb.maintenance [-] Touching Hash Ring node "b6e0c92586c356c6b08ae1945cb26c0d" from periodic health check thread {{(pid=90077) touch_hash_ring_node /opt/stack/neutron/neutron/plugins/ml2/drivers/ovn/mech_driver/ovsdb/maintenance.py:1419}}
Jun 20 12:20:39.516808 np0000003332 devstack@neutron-api.service[90078]: DEBUG dbcounter [-] [90078] Writing DB stats neutron:UPDATE=1,neutron:SELECT=1 {{(pid=90078) stat_writer /opt/stack/data/venv/lib/python3.12/site-packages/dbcounter.py:115}}
Jun 20 12:20:40.530578 np0000003332 devstack@neutron-api.service[90076]: DEBUG dbcounter [-] [90076] Writing DB stats neutron:UPDATE=1,neutron:SELECT=1 {{(pid=90076) stat_writer /opt/stack/data/venv/lib/python3.12/site-packages/dbcounter.py:115}}
Jun 20 12:20:40.571469 np0000003332 devstack@neutron-api.service[90077]: DEBUG dbcounter [-] [90077] Writing DB stats neutron:UPDATE=1,neutron:SELECT=1 {{(pid=90077) stat_writer /opt/stack/data/venv/lib/python3.12/site-packages/dbcounter.py:115}}
Jun 20 12:20:44.507329 np0000003332 devstack@neutron-api.service[90078]: DEBUG futurist.periodics [-] Submitting periodic callback 'neutron.plugins.ml2.drivers.ovn.mech_driver.ovsdb.maintenance.HashRingHealthCheckPeriodics.touch_hash_ring_node' {{(pid=90078) _process_scheduled /opt/stack/data/venv/lib/python3.12/site-packages/futurist/periodics.py:784}}
Jun 20 12:20:44.507772 np0000003332 devstack@neutron-api.service[90078]: DEBUG neutron.plugins.ml2.drivers.ovn.mech_driver.ovsdb.maintenance [-] Touching Hash Ring node "5139a26bbcf85a4492d55f9bb0f5d016" from periodic health check thread {{(pid=90078) touch_hash_ring_node /opt/stack/neutron/neutron/plugins/ml2/drivers/ovn/mech_driver/ovsdb/maintenance.py:1419}}
Jun 20 12:20:45.521301 np0000003332 devstack@neutron-api.service[90076]: DEBUG futurist.periodics [-] Submitting periodic callback 'neutron.plugins.ml2.drivers.ovn.mech_driver.ovsdb.maintenance.HashRingHealthCheckPeriodics.touch_hash_ring_node' {{(pid=90076) _process_scheduled /opt/stack/data/venv/lib/python3.12/site-packages/futurist/periodics.py:784}}
Jun 20 12:20:45.521660 np0000003332 devstack@neutron-api.service[90076]: DEBUG neutron.plugins.ml2.drivers.ovn.mech_driver.ovsdb.maintenance [-] Touching Hash Ring node "9d4842cc4fcd5784ab3f1ebd548f242d" from periodic health check thread {{(pid=90076) touch_hash_ring_node /opt/stack/neutron/neutron/plugins/ml2/drivers/ovn/mech_driver/ovsdb/maintenance.py:1419}}
Jun 20 12:20:45.561252 np0000003332 devstack@neutron-api.service[90077]: DEBUG futurist.periodics [-] Submitting periodic callback 'neutron.plugins.ml2.drivers.ovn.mech_driver.ovsdb.maintenance.HashRingHealthCheckPeriodics.touch_hash_ring_node' {{(pid=90077) _process_scheduled /opt/stack/data/venv/lib/python3.12/site-packages/futurist/periodics.py:784}}
Jun 20 12:20:45.561664 np0000003332 devstack@neutron-api.service[90077]: DEBUG neutron.plugins.ml2.drivers.ovn.mech_driver.ovsdb.maintenance [-] Touching Hash Ring node "b6e0c92586c356c6b08ae1945cb26c0d" from periodic health check thread {{(pid=90077) touch_hash_ring_node /opt/stack/neutron/neutron/plugins/ml2/drivers/ovn/mech_driver/ovsdb/maintenance.py:1419}}
Jun 20 12:20:51.308581 np0000003332 devstack@neutron-api.service[90077]: DEBUG neutron.api.wsgi [None req-b22bfb89-eb49-4c6a-bb02-04039c49f815 admin admin] Missing Content-Type {{(pid=90077) get_content_type /opt/stack/neutron/neutron/api/wsgi.py:80}}
Jun 20 12:20:51.308971 np0000003332 devstack@neutron-api.service[90077]: DEBUG neutron.api.wsgi [None req-b22bfb89-eb49-4c6a-bb02-04039c49f815 admin admin] https://10.4.3.145/networking/v2.0/extensions returned with HTTP 200 {{(pid=90077) __call__ /opt/stack/neutron/neutron/api/wsgi.py:540}}
Jun 20 12:20:51.309309 np0000003332 devstack@neutron-api.service[90077]: [pid: 90077|app: 0|req: 11/34] 10.4.3.145 () {64 vars in 1292 bytes} [Sat Jun 20 12:20:51 2026] GET /networking/v2.0/extensions => generated 16171 bytes in 3 msecs (HTTP/1.1 200) 4 headers in 159 bytes (1 switches on core 0)
Jun 20 12:20:51.567989 np0000003332 devstack@neutron-api.service[90078]: INFO neutron.pecan_wsgi.hooks.translation [None req-2119e019-b0e2-48d2-85f0-2f3d3704cd06 admin admin] GET failed (client error): The resource could not be found.
Jun 20 12:20:51.568656 np0000003332 devstack@neutron-api.service[90078]: [pid: 90078|app: 0|req: 13/35] 10.4.3.145 () {64 vars in 1294 bytes} [Sat Jun 20 12:20:51 2026] GET /networking/v2.0/networks/public => generated 108 bytes in 8 msecs (HTTP/1.1 404) 4 headers in 164 bytes (1 switches on core 0)
Jun 20 12:20:51.610489 np0000003332 devstack@neutron-api.service[90076]: DEBUG neutron.pecan_wsgi.hooks.policy_enforcement [None req-34fd0ae6-f9c9-4a6b-b185-558f1993bc96 admin admin] Attributes excluded by policy engine: ['standard_attr_id'] {{(pid=90076) _exclude_attributes_by_policy /opt/stack/neutron/neutron/pecan_wsgi/hooks/policy_enforcement.py:259}}
Jun 20 12:20:51.611751 np0000003332 devstack@neutron-api.service[90076]: [pid: 90076|app: 0|req: 12/36] 10.4.3.145 () {64 vars in 1309 bytes} [Sat Jun 20 12:20:51 2026] GET /networking/v2.0/networks?name=public => generated 759 bytes in 37 msecs (HTTP/1.1 200) 4 headers in 157 bytes (1 switches on core 0)
Jun 20 12:20:51.790480 np0000003332 devstack@neutron-api.service[90077]: DEBUG neutron.api.v2.base [None req-9fde3e2e-a8fe-403f-8de7-0aec44870543 admin admin] Request body: {'network': {'name': 'shared', 'shared': True, 'admin_state_up': True}} {{(pid=90077) prepare_request_body /opt/stack/neutron/neutron/api/v2/base.py:727}}
Jun 20 12:20:51.806254 np0000003332 devstack@neutron-api.service[90077]: DEBUG neutron.pecan_wsgi.hooks.quota_enforcement [None req-9fde3e2e-a8fe-403f-8de7-0aec44870543 admin admin] Made reservation on behalf of 42bea719cdc8403aabfa11db91992f02 for: {'network': 1} {{(pid=90077) before /opt/stack/neutron/neutron/pecan_wsgi/hooks/quota_enforcement.py:66}}
Jun 20 12:20:51.808744 np0000003332 devstack@neutron-api.service[90077]: DEBUG neutron_lib.callbacks.manager [None req-9fde3e2e-a8fe-403f-8de7-0aec44870543 admin admin] Publish callbacks ['neutron.plugins.ml2.plugin.SecurityGroupDbMixin._ensure_default_security_group_handler-185275'] for network (None), before_create {{(pid=90077) _notify_loop /opt/stack/data/venv/lib/python3.12/site-packages/neutron_lib/callbacks/manager.py:184}}
Jun 20 12:20:51.833893 np0000003332 devstack@neutron-api.service[90077]: WARNING neutron.services.revisions.revision_plugin [None req-9fde3e2e-a8fe-403f-8de7-0aec44870543 admin admin] Could not find related network for resource to bump revision.
Jun 20 12:20:51.860865 np0000003332 devstack@neutron-api.service[90077]: DEBUG neutron.plugins.ml2.drivers.helpers [None req-9fde3e2e-a8fe-403f-8de7-0aec44870543 admin admin] geneve segment allocate from pool success with {'geneve_vni': 57846} {{(pid=90077) allocate_partially_specified_segment /opt/stack/neutron/neutron/plugins/ml2/drivers/helpers.py:142}}
Jun 20 12:20:51.867429 np0000003332 devstack@neutron-api.service[90077]: DEBUG neutron_lib.callbacks.manager [None req-9fde3e2e-a8fe-403f-8de7-0aec44870543 admin admin] Publish callbacks ['neutron.plugins.ml2.plugin.Ml2Plugin._handle_segment_change-443095'] for segment (8cec0653-5850-4b27-81f5-8e7454463064), precommit_create {{(pid=90077) _notify_loop /opt/stack/data/venv/lib/python3.12/site-packages/neutron_lib/callbacks/manager.py:184}}
Jun 20 12:20:51.867592 np0000003332 devstack@neutron-api.service[90077]: INFO neutron.db.segments_db [None req-9fde3e2e-a8fe-403f-8de7-0aec44870543 admin admin] Added segment 8cec0653-5850-4b27-81f5-8e7454463064 of type geneve for network 87a3b55c-2611-4c14-b7bc-e2742e27a711
Jun 20 12:20:51.881632 np0000003332 devstack@neutron-api.service[90077]: DEBUG neutron_lib.callbacks.manager [None req-9fde3e2e-a8fe-403f-8de7-0aec44870543 admin admin] Publish callbacks ['neutron.services.auto_allocate.db._ensure_external_network_default_value_callback-8022504580140'] for network (87a3b55c-2611-4c14-b7bc-e2742e27a711), precommit_create {{(pid=90077) _notify_loop /opt/stack/data/venv/lib/python3.12/site-packages/neutron_lib/callbacks/manager.py:184}}
Jun 20 12:20:51.894975 np0000003332 devstack@neutron-api.service[90077]: DEBUG neutron.plugins.ml2.drivers.ovn.mech_driver.mech_driver [None req-9fde3e2e-a8fe-403f-8de7-0aec44870543 admin admin] Validating network segment with type geneve, segmentation ID 57846, physical network None {{(pid=90077) _validate_network_segments /opt/stack/neutron/neutron/plugins/ml2/drivers/ovn/mech_driver/mech_driver.py:646}}
Jun 20 12:20:51.895169 np0000003332 devstack@neutron-api.service[90077]: DEBUG neutron.db.ovn_revision_numbers_db [None req-9fde3e2e-a8fe-403f-8de7-0aec44870543 admin admin] create_initial_revision uuid=87a3b55c-2611-4c14-b7bc-e2742e27a711, type=networks, rev=-1 {{(pid=90077) create_initial_revision /opt/stack/neutron/neutron/db/ovn_revision_numbers_db.py:98}}
Jun 20 12:20:51.913939 np0000003332 devstack@neutron-api.service[90077]: DEBUG neutron_lib.callbacks.manager [None req-9fde3e2e-a8fe-403f-8de7-0aec44870543 admin admin] Publish callbacks ['neutron.plugins.ml2.ovo_rpc._ObjectChangeHandler.handle_event-2010937'] for network (87a3b55c-2611-4c14-b7bc-e2742e27a711), after_create {{(pid=90077) _notify_loop /opt/stack/data/venv/lib/python3.12/site-packages/neutron_lib/callbacks/manager.py:184}}
Jun 20 12:20:51.926552 np0000003332 devstack@neutron-api.service[90077]: DEBUG neutron.api.rpc.handlers.resources_rpc [None req-9fde3e2e-a8fe-403f-8de7-0aec44870543 admin admin] Pushing event updated for resources: {'Network': ['ID=87a3b55c-2611-4c14-b7bc-e2742e27a711,revision_number=1']} {{(pid=90077) push /opt/stack/neutron/neutron/api/rpc/handlers/resources_rpc.py:237}}
Jun 20 12:20:51.930069 np0000003332 devstack@neutron-api.service[90077]: DEBUG ovsdbapp.backend.ovs_idl.transaction [None req-12193522-9359-43ca-9af7-b6659c17a38b None None] Running txn n=1 command(idx=0): CheckLivenessCommand(_result=None) {{(pid=90077) do_commit /opt/stack/data/venv/lib/python3.12/site-packages/ovsdbapp/backend/ovs_idl/transaction.py:89}}
Jun 20 12:20:51.937079 np0000003332 devstack@neutron-api.service[90076]: DEBUG neutron.plugins.ml2.drivers.ovn.mech_driver.ovsdb.ovsdb_monitor [None req-4be9a241-9f93-4cfb-9e8a-152739f425fd None None] ChassisAgentWriteEvent : Matched Chassis_Private, update, None None {{(pid=90076) matches /opt/stack/neutron/neutron/plugins/ml2/drivers/ovn/mech_driver/ovsdb/ovsdb_monitor.py:64}}
Jun 20 12:20:51.938525 np0000003332 devstack@neutron-api.service[90077]: DEBUG neutron.plugins.ml2.drivers.ovn.mech_driver.ovsdb.ovsdb_monitor [None req-04c6bbe3-bda5-4abf-865e-082c45ddf1a3 None None] ChassisAgentWriteEvent : Matched Chassis_Private, update, None None {{(pid=90077) matches /opt/stack/neutron/neutron/plugins/ml2/drivers/ovn/mech_driver/ovsdb/ovsdb_monitor.py:64}}
Jun 20 12:20:51.938855 np0000003332 devstack@neutron-api.service[90078]: DEBUG neutron.plugins.ml2.drivers.ovn.mech_driver.ovsdb.ovsdb_monitor [None req-a69c1f21-f594-44c5-9315-c6ea77dd9152 None None] ChassisAgentWriteEvent : Matched Chassis_Private, update, None None {{(pid=90078) matches /opt/stack/neutron/neutron/plugins/ml2/drivers/ovn/mech_driver/ovsdb/ovsdb_monitor.py:64}}
Jun 20 12:20:51.943938 np0000003332 devstack@neutron-api.service[90078]: DEBUG neutron.common.ovn.hash_ring_manager [None req-05f03a31-8e4b-4763-846a-d14332c43f77 None None] Hash Ring loaded. 3 active nodes. 0 offline nodes {{(pid=90078) _load_hash_ring /opt/stack/neutron/neutron/common/ovn/hash_ring_manager.py:110}}
Jun 20 12:20:51.945856 np0000003332 devstack@neutron-api.service[90076]: DEBUG neutron.common.ovn.hash_ring_manager [None req-a69532c4-0379-4796-afad-dd0dd072cec5 None None] Hash Ring loaded. 3 active nodes. 0 offline nodes {{(pid=90076) _load_hash_ring /opt/stack/neutron/neutron/common/ovn/hash_ring_manager.py:110}}
Jun 20 12:20:51.946699 np0000003332 devstack@neutron-api.service[90076]: DEBUG neutron.common.ovn.hash_ring_manager [None req-4be9a241-9f93-4cfb-9e8a-152739f425fd None None] Hash Ring loaded. 3 active nodes. 0 offline nodes {{(pid=90076) _load_hash_ring /opt/stack/neutron/neutron/common/ovn/hash_ring_manager.py:110}}
Jun 20 12:20:51.948079 np0000003332 devstack@neutron-api.service[90077]: DEBUG neutron.common.ovn.hash_ring_manager [None req-12193522-9359-43ca-9af7-b6659c17a38b None None] Hash Ring loaded. 3 active nodes. 0 offline nodes {{(pid=90077) _load_hash_ring /opt/stack/neutron/neutron/common/ovn/hash_ring_manager.py:110}}
Jun 20 12:20:51.948313 np0000003332 devstack@neutron-api.service[90078]: DEBUG neutron.common.ovn.hash_ring_manager [None req-a69c1f21-f594-44c5-9315-c6ea77dd9152 None None] Hash Ring loaded. 3 active nodes. 0 offline nodes {{(pid=90078) _load_hash_ring /opt/stack/neutron/neutron/common/ovn/hash_ring_manager.py:110}}
Jun 20 12:20:51.948597 np0000003332 devstack@neutron-api.service[90078]: DEBUG neutron.plugins.ml2.drivers.ovn.mech_driver.ovsdb.ovsdb_monitor [None req-a69c1f21-f594-44c5-9315-c6ea77dd9152 None None] Hash Ring: Node 5139a26bbcf85a4492d55f9bb0f5d016 (host: np0000003332) handling event "update" for row 3fa33760-4a4f-499c-92f0-a73f2f12bd7d (table: Chassis_Private) {{(pid=90078) notify /opt/stack/neutron/neutron/plugins/ml2/drivers/ovn/mech_driver/ovsdb/ovsdb_monitor.py:1015}}
Jun 20 12:20:51.948770 np0000003332 devstack@neutron-api.service[90077]: DEBUG neutron.plugins.ml2.drivers.ovn.mech_driver.ovsdb.ovsdb_monitor [None req-12193522-9359-43ca-9af7-b6659c17a38b None None] Hash Ring: Node b6e0c92586c356c6b08ae1945cb26c0d (host: np0000003332) handling event "update" for row 80b68e29-f56d-49e1-a0a1-86b1768f3bff (table: NB_Global) {{(pid=90077) notify /opt/stack/neutron/neutron/plugins/ml2/drivers/ovn/mech_driver/ovsdb/ovsdb_monitor.py:1015}}
Jun 20 12:20:51.950139 np0000003332 devstack@neutron-api.service[90077]: DEBUG neutron.plugins.ml2.drivers.ovn.mech_driver.ovsdb.ovsdb_monitor [None req-12193522-9359-43ca-9af7-b6659c17a38b None None] Hash Ring: Node b6e0c92586c356c6b08ae1945cb26c0d (host: np0000003332) handling event "update" for row 80b68e29-f56d-49e1-a0a1-86b1768f3bff (table: NB_Global) {{(pid=90077) notify /opt/stack/neutron/neutron/plugins/ml2/drivers/ovn/mech_driver/ovsdb/ovsdb_monitor.py:1015}}
Jun 20 12:20:51.950820 np0000003332 devstack@neutron-api.service[90077]: DEBUG neutron.plugins.ml2.drivers.ovn.mech_driver.ovsdb.ovsdb_monitor [None req-12193522-9359-43ca-9af7-b6659c17a38b None None] Hash Ring: Node b6e0c92586c356c6b08ae1945cb26c0d (host: np0000003332) handling event "update" for row 80b68e29-f56d-49e1-a0a1-86b1768f3bff (table: NB_Global) {{(pid=90077) notify /opt/stack/neutron/neutron/plugins/ml2/drivers/ovn/mech_driver/ovsdb/ovsdb_monitor.py:1015}}
Jun 20 12:20:51.951146 np0000003332 devstack@neutron-api.service[90077]: DEBUG neutron.common.ovn.hash_ring_manager [None req-04c6bbe3-bda5-4abf-865e-082c45ddf1a3 None None] Hash Ring loaded. 3 active nodes. 0 offline nodes {{(pid=90077) _load_hash_ring /opt/stack/neutron/neutron/common/ovn/hash_ring_manager.py:110}}
Jun 20 12:20:51.951881 np0000003332 devstack@neutron-api.service[90077]: DEBUG neutron.plugins.ml2.drivers.ovn.mech_driver.ovsdb.ovsdb_monitor [None req-12193522-9359-43ca-9af7-b6659c17a38b None None] Hash Ring: Node b6e0c92586c356c6b08ae1945cb26c0d (host: np0000003332) handling event "update" for row 80b68e29-f56d-49e1-a0a1-86b1768f3bff (table: NB_Global) {{(pid=90077) notify /opt/stack/neutron/neutron/plugins/ml2/drivers/ovn/mech_driver/ovsdb/ovsdb_monitor.py:1015}}
Jun 20 12:20:51.953969 np0000003332 devstack@neutron-api.service[90077]: DEBUG neutron.api.rpc.callbacks.version_manager [None req-9fde3e2e-a8fe-403f-8de7-0aec44870543 admin admin] Tracked resource versions report:
Jun 20 12:20:51.953969 np0000003332 devstack@neutron-api.service[90077]: pushed versions:
Jun 20 12:20:51.953969 np0000003332 devstack@neutron-api.service[90077]: { 'AddressGroup': {'1.2'},
Jun 20 12:20:51.953969 np0000003332 devstack@neutron-api.service[90077]: 'Agent': {'1.1'},
Jun 20 12:20:51.953969 np0000003332 devstack@neutron-api.service[90077]: 'ConntrackHelper': {'1.0'},
Jun 20 12:20:51.953969 np0000003332 devstack@neutron-api.service[90077]: 'LocalIPAssociation': {'1.0'},
Jun 20 12:20:51.953969 np0000003332 devstack@neutron-api.service[90077]: 'Log': {'1.0'},
Jun 20 12:20:51.953969 np0000003332 devstack@neutron-api.service[90077]: 'NDPProxy': {'1.0'},
Jun 20 12:20:51.953969 np0000003332 devstack@neutron-api.service[90077]: 'Network': {'1.3'},
Jun 20 12:20:51.953969 np0000003332 devstack@neutron-api.service[90077]: 'Port': {'1.11'},
Jun 20 12:20:51.953969 np0000003332 devstack@neutron-api.service[90077]: 'PortForwarding': {'1.3'},
Jun 20 12:20:51.953969 np0000003332 devstack@neutron-api.service[90077]: 'QosPolicy': {'1.10'},
Jun 20 12:20:51.953969 np0000003332 devstack@neutron-api.service[90077]: 'SecurityGroup': {'1.6'},
Jun 20 12:20:51.953969 np0000003332 devstack@neutron-api.service[90077]: 'SecurityGroupRule': {'1.3'},
Jun 20 12:20:51.953969 np0000003332 devstack@neutron-api.service[90077]: 'SubPort': {'1.0'},
Jun 20 12:20:51.953969 np0000003332 devstack@neutron-api.service[90077]: 'Subnet': {'1.2'},
Jun 20 12:20:51.953969 np0000003332 devstack@neutron-api.service[90077]: 'Trunk': {'1.1'}}
Jun 20 12:20:51.953969 np0000003332 devstack@neutron-api.service[90077]: consumer versions:
Jun 20 12:20:51.953969 np0000003332 devstack@neutron-api.service[90077]: { OVN Controller Gateway agent@np0000003332: {},
Jun 20 12:20:51.953969 np0000003332 devstack@neutron-api.service[90077]: OVN Neutron agent@np0000003332: {}}
Jun 20 12:20:51.953969 np0000003332 devstack@neutron-api.service[90077]: {{(pid=90077) report /opt/stack/neutron/neutron/api/rpc/callbacks/version_manager.py:183}}
Jun 20 12:20:51.961289 np0000003332 devstack@neutron-api.service[90077]: DEBUG ovsdbapp.backend.ovs_idl.transaction [None req-12193522-9359-43ca-9af7-b6659c17a38b None None] Running txn n=1 command(idx=0): AddNetworkCommand(_result=None, network_uuid=87a3b55c-2611-4c14-b7bc-e2742e27a711, may_exist=True, columns={'external_ids': {'neutron:network_name': 'shared', 'neutron:mtu': '1372', 'neutron:revision_number': '1', 'neutron:availability_zone_hints': '', 'neutron:provnet-network-type': 'geneve'}, 'other_config': {'mcast_snoop': 'false', 'mcast_flood_unregistered': 'false', 'vlan-passthru': 'false'}}) {{(pid=90077) do_commit /opt/stack/data/venv/lib/python3.12/site-packages/ovsdbapp/backend/ovs_idl/transaction.py:89}}
Jun 20 12:20:51.963805 np0000003332 devstack@neutron-api.service[90076]: DEBUG neutron.plugins.ml2.drivers.ovn.mech_driver.ovsdb.ovsdb_monitor [None req-a69532c4-0379-4796-afad-dd0dd072cec5 None None] Hash Ring: Node 9d4842cc4fcd5784ab3f1ebd548f242d (host: np0000003332) handling event "create" for row 87a3b55c-2611-4c14-b7bc-e2742e27a711 (table: Logical_Switch) {{(pid=90076) notify /opt/stack/neutron/neutron/plugins/ml2/drivers/ovn/mech_driver/ovsdb/ovsdb_monitor.py:1015}}
Jun 20 12:20:51.967728 np0000003332 devstack@neutron-api.service[90078]: DEBUG neutron.plugins.ml2.drivers.ovn.mech_driver.ovsdb.ovsdb_monitor [None req-a69c1f21-f594-44c5-9315-c6ea77dd9152 None None] Hash Ring: Node 5139a26bbcf85a4492d55f9bb0f5d016 (host: np0000003332) handling event "create" for row 6cf1a8fd-9646-4f5f-8786-8b2466dc8979 (table: Datapath_Binding) {{(pid=90078) notify /opt/stack/neutron/neutron/plugins/ml2/drivers/ovn/mech_driver/ovsdb/ovsdb_monitor.py:1015}}
Jun 20 12:20:51.983976 np0000003332 devstack@neutron-api.service[90077]: INFO neutron.db.ovn_revision_numbers_db [None req-9fde3e2e-a8fe-403f-8de7-0aec44870543 admin admin] Successfully bumped revision number for resource 87a3b55c-2611-4c14-b7bc-e2742e27a711 (type: networks) to 1
Jun 20 12:20:51.994816 np0000003332 devstack@neutron-api.service[90077]: DEBUG neutron_lib.callbacks.manager [None req-9fde3e2e-a8fe-403f-8de7-0aec44870543 admin admin] Publish callbacks ['neutron.plugins.ml2.plugin.SecurityGroupDbMixin._ensure_default_security_group_handler-185275'] for port (None), before_create {{(pid=90077) _notify_loop /opt/stack/data/venv/lib/python3.12/site-packages/neutron_lib/callbacks/manager.py:184}}
Jun 20 12:20:52.052473 np0000003332 devstack@neutron-api.service[90077]: DEBUG neutron_lib.callbacks.manager [None req-9fde3e2e-a8fe-403f-8de7-0aec44870543 admin admin] Publish callbacks ['neutron.plugins.ml2.drivers.ovn.mech_driver.mech_driver.OVNMechanismDriver._validate_allowed_address_pairs-851224'] for allowed_address_pair (eebefe13-4181-4a55-9616-97a44d8cbc29), before_create {{(pid=90077) _notify_loop /opt/stack/data/venv/lib/python3.12/site-packages/neutron_lib/callbacks/manager.py:184}}
Jun 20 12:20:52.052919 np0000003332 devstack@neutron-api.service[90077]: DEBUG neutron_lib.callbacks.manager [None req-9fde3e2e-a8fe-403f-8de7-0aec44870543 admin admin] Publish callbacks [] for port (eebefe13-4181-4a55-9616-97a44d8cbc29), precommit_create {{(pid=90077) _notify_loop /opt/stack/data/venv/lib/python3.12/site-packages/neutron_lib/callbacks/manager.py:184}}
Jun 20 12:20:52.053059 np0000003332 devstack@neutron-api.service[90077]: DEBUG neutron.plugins.ml2.drivers.ovn.mech_driver.mech_driver [None req-9fde3e2e-a8fe-403f-8de7-0aec44870543 admin admin] No provisioning block for port eebefe13-4181-4a55-9616-97a44d8cbc29 since it does not have a host {{(pid=90077) _is_port_provisioning_required /opt/stack/neutron/neutron/plugins/ml2/drivers/ovn/mech_driver/mech_driver.py:899}}
Jun 20 12:20:52.053191 np0000003332 devstack@neutron-api.service[90077]: DEBUG neutron.db.ovn_revision_numbers_db [None req-9fde3e2e-a8fe-403f-8de7-0aec44870543 admin admin] create_initial_revision uuid=eebefe13-4181-4a55-9616-97a44d8cbc29, type=ports, rev=-1 {{(pid=90077) create_initial_revision /opt/stack/neutron/neutron/db/ovn_revision_numbers_db.py:98}}
Jun 20 12:20:52.091206 np0000003332 devstack@neutron-api.service[90077]: DEBUG neutron_lib.callbacks.manager [None req-9fde3e2e-a8fe-403f-8de7-0aec44870543 admin admin] Publish callbacks ['neutron.plugins.ml2.ovo_rpc._ObjectChangeHandler.handle_event-2010881'] for port (eebefe13-4181-4a55-9616-97a44d8cbc29), after_create {{(pid=90077) _notify_loop /opt/stack/data/venv/lib/python3.12/site-packages/neutron_lib/callbacks/manager.py:184}}
Jun 20 12:20:52.118471 np0000003332 devstack@neutron-api.service[90077]: DEBUG neutron.api.rpc.handlers.resources_rpc [None req-9fde3e2e-a8fe-403f-8de7-0aec44870543 admin admin] Pushing event updated for resources: {'Port': ['ID=eebefe13-4181-4a55-9616-97a44d8cbc29,revision_number=1']} {{(pid=90077) push /opt/stack/neutron/neutron/api/rpc/handlers/resources_rpc.py:237}}
Jun 20 12:20:52.123460 np0000003332 devstack@neutron-api.service[90077]: DEBUG neutron.plugins.ml2.drivers.ovn.mech_driver.ovsdb.commands [None req-9fde3e2e-a8fe-403f-8de7-0aec44870543 admin admin] Converting tag [] to a tag_request {{(pid=90077) _tag_column_to_tag_request /opt/stack/neutron/neutron/plugins/ml2/drivers/ovn/mech_driver/ovsdb/commands.py:205}}
Jun 20 12:20:52.124307 np0000003332 devstack@neutron-api.service[90077]: DEBUG ovsdbapp.backend.ovs_idl.transaction [None req-12193522-9359-43ca-9af7-b6659c17a38b None None] Running txn n=1 command(idx=0): AddLSwitchPortCommand(_result=None, lport=eebefe13-4181-4a55-9616-97a44d8cbc29, lswitch=neutron-87a3b55c-2611-4c14-b7bc-e2742e27a711, may_exist=True, network_uuid=87a3b55c-2611-4c14-b7bc-e2742e27a711, columns={'addresses': ['fa:16:3e:c4:c7:78'], 'external_ids': {'neutron:port_name': '', 'neutron:device_id': 'ovnmeta-87a3b55c-2611-4c14-b7bc-e2742e27a711', 'neutron:project_id': '42bea719cdc8403aabfa11db91992f02', 'neutron:cidrs': '', 'neutron:device_owner': 'network:distributed', 'neutron:subnet_pool_addr_scope4': '', 'neutron:subnet_pool_addr_scope6': '', 'neutron:network_name': 'neutron-87a3b55c-2611-4c14-b7bc-e2742e27a711', 'neutron:security_group_ids': '', 'neutron:revision_number': '1', 'neutron:vnic_type': 'normal', 'neutron:port_capabilities': '', 'neutron:mtu': '1372'}, 'parent_name': [], 'enabled': True, 'options': {}, 'type': 'localport', 'port_security': [], 'dhcpv4_options': [], 'dhcpv6_options': [], 'tag_request': []}) {{(pid=90077) do_commit /opt/stack/data/venv/lib/python3.12/site-packages/ovsdbapp/backend/ovs_idl/transaction.py:89}}
Jun 20 12:20:52.124950 np0000003332 devstack@neutron-api.service[90077]: DEBUG ovsdbapp.backend.ovs_idl.transaction [None req-12193522-9359-43ca-9af7-b6659c17a38b None None] Running txn n=1 command(idx=1): QoSDelCommand(_result=None, switch=neutron-87a3b55c-2611-4c14-b7bc-e2742e27a711, conditions=[('direction', '=', 'to-lport'), ('priority', '=', 2002), ('match', '=', 'outport == "eebefe13-4181-4a55-9616-97a44d8cbc29"')], if_exists=True) {{(pid=90077) do_commit /opt/stack/data/venv/lib/python3.12/site-packages/ovsdbapp/backend/ovs_idl/transaction.py:89}}
Jun 20 12:20:52.125194 np0000003332 devstack@neutron-api.service[90077]: DEBUG ovsdbapp.backend.ovs_idl.transaction [None req-12193522-9359-43ca-9af7-b6659c17a38b None None] Running txn n=1 command(idx=2): QoSDelCommand(_result=None, switch=neutron-87a3b55c-2611-4c14-b7bc-e2742e27a711, conditions=[('direction', '=', 'from-lport'), ('priority', '=', 2002), ('match', '=', 'inport == "eebefe13-4181-4a55-9616-97a44d8cbc29"')], if_exists=True) {{(pid=90077) do_commit /opt/stack/data/venv/lib/python3.12/site-packages/ovsdbapp/backend/ovs_idl/transaction.py:89}}
Jun 20 12:20:52.132350 np0000003332 devstack@neutron-api.service[90076]: DEBUG neutron.plugins.ml2.drivers.ovn.mech_driver.ovsdb.ovsdb_monitor [None req-4be9a241-9f93-4cfb-9e8a-152739f425fd None None] Hash Ring: Node 9d4842cc4fcd5784ab3f1ebd548f242d (host: np0000003332) handling event "create" for row d9967630-d203-4fa0-8ce8-c3783b7c2cda (table: Port_Binding) {{(pid=90076) notify /opt/stack/neutron/neutron/plugins/ml2/drivers/ovn/mech_driver/ovsdb/ovsdb_monitor.py:1015}}
Jun 20 12:20:52.132918 np0000003332 devstack@neutron-api.service[90076]: DEBUG neutron.plugins.ml2.drivers.ovn.mech_driver.ovsdb.ovsdb_monitor [None req-a69532c4-0379-4796-afad-dd0dd072cec5 None None] Hash Ring: Node 9d4842cc4fcd5784ab3f1ebd548f242d (host: np0000003332) handling event "update" for row 87a3b55c-2611-4c14-b7bc-e2742e27a711 (table: Logical_Switch) {{(pid=90076) notify /opt/stack/neutron/neutron/plugins/ml2/drivers/ovn/mech_driver/ovsdb/ovsdb_monitor.py:1015}}
Jun 20 12:20:52.132918 np0000003332 devstack@neutron-api.service[90076]: DEBUG neutron.plugins.ml2.drivers.ovn.mech_driver.ovsdb.ovsdb_monitor [None req-a69532c4-0379-4796-afad-dd0dd072cec5 None None] Hash Ring: Node 9d4842cc4fcd5784ab3f1ebd548f242d (host: np0000003332) handling event "create" for row e51c4a2e-a721-4753-8a69-c804504bc780 (table: Logical_Switch_Port) {{(pid=90076) notify /opt/stack/neutron/neutron/plugins/ml2/drivers/ovn/mech_driver/ovsdb/ovsdb_monitor.py:1015}}
Jun 20 12:20:52.134543 np0000003332 devstack@neutron-api.service[90076]: DEBUG ovsdbapp.backend.ovs_idl.event [None req-a69532c4-0379-4796-afad-dd0dd072cec5 None None] Matched CREATE: LogicalSwitchPortCreateEvent(events=('create',), table='Logical_Switch_Port', conditions=[], old_conditions=None), priority=20 to row=Logical_Switch_Port(uuid=e51c4a2e-a721-4753-8a69-c804504bc780, addresses=['fa:16:3e:c4:c7:78'], dhcpv4_options=[], dhcpv6_options=[], dynamic_addresses=[], enabled=True, external_ids={'neutron:cidrs': '', 'neutron:device_id': 'ovnmeta-87a3b55c-2611-4c14-b7bc-e2742e27a711', 'neutron:device_owner': 'network:distributed', 'neutron:mtu': '1372', 'neutron:network_name': 'neutron-87a3b55c-2611-4c14-b7bc-e2742e27a711', 'neutron:port_capabilities': '', 'neutron:port_name': '', 'neutron:project_id': '42bea719cdc8403aabfa11db91992f02', 'neutron:revision_number': '1', 'neutron:security_group_ids': '', 'neutron:subnet_pool_addr_scope4': '', 'neutron:subnet_pool_addr_scope6': '', 'neutron:vnic_type': 'normal'}, ha_chassis_group=[], mirror_rules=[], name='eebefe13-4181-4a55-9616-97a44d8cbc29', options={}, parent_name=[], port_security=[], tag=[], tag_request=[], type='localport', up=[]) old= {{(pid=90076) matches /opt/stack/data/venv/lib/python3.12/site-packages/ovsdbapp/backend/ovs_idl/event.py:55}}
Jun 20 12:20:52.135396 np0000003332 devstack@neutron-api.service[90076]: INFO neutron.plugins.ml2.drivers.ovn.mech_driver.mech_driver [None req-52054a6a-5372-4bef-907d-3bfe152c10e9 None None] OVN reports status down for port: eebefe13-4181-4a55-9616-97a44d8cbc29
Jun 20 12:20:52.136084 np0000003332 devstack@neutron-api.service[90076]: DEBUG neutron.plugins.ml2.drivers.ovn.mech_driver.ovsdb.ovsdb_monitor [None req-a69532c4-0379-4796-afad-dd0dd072cec5 None None] Hash Ring: Node 9d4842cc4fcd5784ab3f1ebd548f242d (host: np0000003332) handling event "update" for row e51c4a2e-a721-4753-8a69-c804504bc780 (table: Logical_Switch_Port) {{(pid=90076) notify /opt/stack/neutron/neutron/plugins/ml2/drivers/ovn/mech_driver/ovsdb/ovsdb_monitor.py:1015}}
Jun 20 12:20:52.158393 np0000003332 devstack@neutron-api.service[90076]: DEBUG neutron.db.provisioning_blocks [None req-52054a6a-5372-4bef-907d-3bfe152c10e9 None None] Transition to ACTIVE for port object eebefe13-4181-4a55-9616-97a44d8cbc29 will not be triggered until provisioned by entity L2. {{(pid=90076) add_provisioning_component /opt/stack/neutron/neutron/db/provisioning_blocks.py:74}}
