May 26 20:24:18.640178 np0000001463 nova-scheduler[95727]: DEBUG cotyledon.oslo_config_glue [-] oslo_limit.endpoint_id = None {{(pid=95727) log_opt_values /opt/stack/data/venv/lib/python3.12/site-packages/oslo_config/cfg.py:3256}}
May 26 20:24:18.640178 np0000001463 nova-scheduler[95727]: DEBUG cotyledon.oslo_config_glue [-] oslo_limit.endpoint_interface = public {{(pid=95727) log_opt_values /opt/stack/data/venv/lib/python3.12/site-packages/oslo_config/cfg.py:3256}}
May 26 20:24:18.640178 np0000001463 nova-scheduler[95727]: DEBUG cotyledon.oslo_config_glue [-] oslo_limit.endpoint_override = None {{(pid=95727) log_opt_values /opt/stack/data/venv/lib/python3.12/site-packages/oslo_config/cfg.py:3256}}
May 26 20:24:18.640178 np0000001463 nova-scheduler[95727]: DEBUG cotyledon.oslo_config_glue [-] oslo_limit.endpoint_region_name = None {{(pid=95727) log_opt_values /opt/stack/data/venv/lib/python3.12/site-packages/oslo_config/cfg.py:3256}}
May 26 20:24:18.640178 np0000001463 nova-scheduler[95727]: DEBUG cotyledon.oslo_config_glue [-] oslo_limit.endpoint_service_name = None {{(pid=95727) log_opt_values /opt/stack/data/venv/lib/python3.12/site-packages/oslo_config/cfg.py:3256}}
May 26 20:24:18.640178 np0000001463 nova-scheduler[95727]: DEBUG cotyledon.oslo_config_glue [-] oslo_limit.endpoint_service_type = None {{(pid=95727) log_opt_values /opt/stack/data/venv/lib/python3.12/site-packages/oslo_config/cfg.py:3256}}
May 26 20:24:18.640178 np0000001463 nova-scheduler[95727]: DEBUG cotyledon.oslo_config_glue [-] oslo_limit.insecure = False {{(pid=95727) log_opt_values /opt/stack/data/venv/lib/python3.12/site-packages/oslo_config/cfg.py:3256}}
May 26 20:24:18.640429 np0000001463 nova-scheduler[95727]: DEBUG cotyledon.oslo_config_glue [-] oslo_limit.keyfile = None {{(pid=95727) log_opt_values /opt/stack/data/venv/lib/python3.12/site-packages/oslo_config/cfg.py:3256}}
May 26 20:24:18.640429 np0000001463 nova-scheduler[95727]: DEBUG cotyledon.oslo_config_glue [-] oslo_limit.max_version = None {{(pid=95727) log_opt_values /opt/stack/data/venv/lib/python3.12/site-packages/oslo_config/cfg.py:3256}}
May 26 20:24:18.640429 np0000001463 nova-scheduler[95727]: DEBUG cotyledon.oslo_config_glue [-] oslo_limit.min_version = None {{(pid=95727) log_opt_values /opt/stack/data/venv/lib/python3.12/site-packages/oslo_config/cfg.py:3256}}
May 26 20:24:18.640429 np0000001463 nova-scheduler[95727]: DEBUG cotyledon.oslo_config_glue [-] oslo_limit.region_name = None {{(pid=95727) log_opt_values /opt/stack/data/venv/lib/python3.12/site-packages/oslo_config/cfg.py:3256}}
May 26 20:24:18.640429 np0000001463 nova-scheduler[95727]: DEBUG cotyledon.oslo_config_glue [-] oslo_limit.retriable_status_codes = None {{(pid=95727) log_opt_values /opt/stack/data/venv/lib/python3.12/site-packages/oslo_config/cfg.py:3256}}
May 26 20:24:18.640429 np0000001463 nova-scheduler[95727]: DEBUG cotyledon.oslo_config_glue [-] oslo_limit.service_name = None {{(pid=95727) log_opt_values /opt/stack/data/venv/lib/python3.12/site-packages/oslo_config/cfg.py:3256}}
May 26 20:24:18.640429 np0000001463 nova-scheduler[95727]: DEBUG cotyledon.oslo_config_glue [-] oslo_limit.service_type = None {{(pid=95727) log_opt_values /opt/stack/data/venv/lib/python3.12/site-packages/oslo_config/cfg.py:3256}}
May 26 20:24:18.640429 np0000001463 nova-scheduler[95727]: DEBUG cotyledon.oslo_config_glue [-] oslo_limit.split_loggers = False {{(pid=95727) log_opt_values /opt/stack/data/venv/lib/python3.12/site-packages/oslo_config/cfg.py:3256}}
May 26 20:24:18.640429 np0000001463 nova-scheduler[95727]: DEBUG cotyledon.oslo_config_glue [-] oslo_limit.status_code_retries = None {{(pid=95727) log_opt_values /opt/stack/data/venv/lib/python3.12/site-packages/oslo_config/cfg.py:3256}}
May 26 20:24:18.640727 np0000001463 nova-scheduler[95727]: DEBUG cotyledon.oslo_config_glue [-] oslo_limit.status_code_retry_delay = None {{(pid=95727) log_opt_values /opt/stack/data/venv/lib/python3.12/site-packages/oslo_config/cfg.py:3256}}
May 26 20:24:18.640727 np0000001463 nova-scheduler[95727]: DEBUG cotyledon.oslo_config_glue [-] oslo_limit.timeout = None {{(pid=95727) log_opt_values /opt/stack/data/venv/lib/python3.12/site-packages/oslo_config/cfg.py:3256}}
May 26 20:24:18.640727 np0000001463 nova-scheduler[95727]: DEBUG cotyledon.oslo_config_glue [-] oslo_limit.valid_interfaces = None {{(pid=95727) log_opt_values /opt/stack/data/venv/lib/python3.12/site-packages/oslo_config/cfg.py:3256}}
May 26 20:24:18.640727 np0000001463 nova-scheduler[95727]: DEBUG cotyledon.oslo_config_glue [-] oslo_limit.version = None {{(pid=95727) log_opt_values /opt/stack/data/venv/lib/python3.12/site-packages/oslo_config/cfg.py:3256}}
May 26 20:24:18.640727 np0000001463 nova-scheduler[95727]: DEBUG cotyledon.oslo_config_glue [-] oslo_reports.file_event_handler = None {{(pid=95727) log_opt_values /opt/stack/data/venv/lib/python3.12/site-packages/oslo_config/cfg.py:3256}}
May 26 20:24:18.640727 np0000001463 nova-scheduler[95727]: DEBUG cotyledon.oslo_config_glue [-] oslo_reports.file_event_handler_interval = 1 {{(pid=95727) log_opt_values /opt/stack/data/venv/lib/python3.12/site-packages/oslo_config/cfg.py:3256}}
May 26 20:24:18.640727 np0000001463 nova-scheduler[95727]: DEBUG cotyledon.oslo_config_glue [-] oslo_reports.log_dir = None {{(pid=95727) log_opt_values /opt/stack/data/venv/lib/python3.12/site-packages/oslo_config/cfg.py:3256}}
May 26 20:24:18.640727 np0000001463 nova-scheduler[95727]: DEBUG cotyledon.oslo_config_glue [-] ******************************************************************************** {{(pid=95727) log_opt_values /opt/stack/data/venv/lib/python3.12/site-packages/oslo_config/cfg.py:3263}}
May 26 20:24:18.640727 np0000001463 nova-scheduler[95727]: DEBUG cotyledon._service_worker [-] Run service ServiceWrapper(2) [95727] {{(pid=95727) wait_forever /opt/stack/data/venv/lib/python3.12/site-packages/cotyledon/_service_worker.py:218}}
May 26 20:24:18.640727 np0000001463 nova-scheduler[95727]: INFO nova.service [-] Starting scheduler node (version 33.1.0)
May 26 20:24:18.641030 np0000001463 nova-scheduler[95727]: INFO dbcounter [None req-eddb7670-d686-44aa-b02e-e3b9a8a88fd2 None None] Registered counter for database nova_cell0
May 26 20:24:18.641069 np0000001463 nova-scheduler[95722]: DEBUG oslo_db.sqlalchemy.engines [None req-aa787590-c2ad-49e2-9efb-ef87ba8e25d4 None None] MySQL server mode set to STRICT_TRANS_TABLES,STRICT_ALL_TABLES,NO_ZERO_IN_DATE,NO_ZERO_DATE,ERROR_FOR_DIVISION_BY_ZERO,TRADITIONAL,NO_ENGINE_SUBSTITUTION {{(pid=95722) _check_effective_sql_mode /opt/stack/data/venv/lib/python3.12/site-packages/oslo_db/sqlalchemy/engines.py:325}}
May 26 20:24:18.641110 np0000001463 nova-scheduler[95725]: DEBUG oslo_db.sqlalchemy.engines [None req-8be58e07-95b3-47f3-a568-bec4fb25b038 None None] MySQL server mode set to STRICT_TRANS_TABLES,STRICT_ALL_TABLES,NO_ZERO_IN_DATE,NO_ZERO_DATE,ERROR_FOR_DIVISION_BY_ZERO,TRADITIONAL,NO_ENGINE_SUBSTITUTION {{(pid=95725) _check_effective_sql_mode /opt/stack/data/venv/lib/python3.12/site-packages/oslo_db/sqlalchemy/engines.py:325}}
May 26 20:24:18.641724 np0000001463 nova-scheduler[95722]: DEBUG dbcounter [-] [95722] Writer thread running {{(pid=95722) stat_writer /opt/stack/data/venv/lib/python3.12/site-packages/dbcounter.py:102}}
May 26 20:24:18.647067 np0000001463 nova-scheduler[95725]: DEBUG dbcounter [-] [95725] Writer thread running {{(pid=95725) stat_writer /opt/stack/data/venv/lib/python3.12/site-packages/dbcounter.py:102}}
May 26 20:24:18.657078 np0000001463 nova-scheduler[95722]: DEBUG nova.service [None req-aa787590-c2ad-49e2-9efb-ef87ba8e25d4 None None] Creating RPC server for service: nova-scheduler on topic: scheduler {{(pid=95722) start /opt/stack/nova/nova/service.py:195}}
May 26 20:24:18.664634 np0000001463 nova-scheduler[95725]: DEBUG nova.service [None req-8be58e07-95b3-47f3-a568-bec4fb25b038 None None] Creating RPC server for service: nova-scheduler on topic: scheduler {{(pid=95725) start /opt/stack/nova/nova/service.py:195}}
May 26 20:24:18.672798 np0000001463 nova-scheduler[95727]: DEBUG oslo_db.sqlalchemy.engines [None req-eddb7670-d686-44aa-b02e-e3b9a8a88fd2 None None] MySQL server mode set to STRICT_TRANS_TABLES,STRICT_ALL_TABLES,NO_ZERO_IN_DATE,NO_ZERO_DATE,ERROR_FOR_DIVISION_BY_ZERO,TRADITIONAL,NO_ENGINE_SUBSTITUTION {{(pid=95727) _check_effective_sql_mode /opt/stack/data/venv/lib/python3.12/site-packages/oslo_db/sqlalchemy/engines.py:325}}
May 26 20:24:18.685946 np0000001463 nova-scheduler[95727]: DEBUG dbcounter [-] [95727] Writer thread running {{(pid=95727) stat_writer /opt/stack/data/venv/lib/python3.12/site-packages/dbcounter.py:102}}
May 26 20:24:18.689418 np0000001463 nova-scheduler[95727]: DEBUG nova.service [None req-eddb7670-d686-44aa-b02e-e3b9a8a88fd2 None None] Creating RPC server for service: nova-scheduler on topic: scheduler {{(pid=95727) start /opt/stack/nova/nova/service.py:195}}
May 26 20:24:18.695445 np0000001463 nova-scheduler[95722]: DEBUG nova.service [None req-aa787590-c2ad-49e2-9efb-ef87ba8e25d4 None None] Join ServiceGroup membership for this service scheduler {{(pid=95722) start /opt/stack/nova/nova/service.py:221}}
May 26 20:24:18.695598 np0000001463 nova-scheduler[95725]: DEBUG nova.service [None req-8be58e07-95b3-47f3-a568-bec4fb25b038 None None] Join ServiceGroup membership for this service scheduler {{(pid=95725) start /opt/stack/nova/nova/service.py:221}}
May 26 20:24:18.695646 np0000001463 nova-scheduler[95722]: DEBUG nova.servicegroup.drivers.db [None req-aa787590-c2ad-49e2-9efb-ef87ba8e25d4 None None] DB_Driver: join new ServiceGroup member np0000001463 to the scheduler group, service = {{(pid=95722) join /opt/stack/nova/nova/servicegroup/drivers/db.py:44}}
May 26 20:24:18.695692 np0000001463 nova-scheduler[95725]: DEBUG nova.servicegroup.drivers.db [None req-8be58e07-95b3-47f3-a568-bec4fb25b038 None None] DB_Driver: join new ServiceGroup member np0000001463 to the scheduler group, service = {{(pid=95725) join /opt/stack/nova/nova/servicegroup/drivers/db.py:44}}
May 26 20:24:18.716560 np0000001463 nova-scheduler[95727]: DEBUG nova.service [None req-eddb7670-d686-44aa-b02e-e3b9a8a88fd2 None None] Join ServiceGroup membership for this service scheduler {{(pid=95727) start /opt/stack/nova/nova/service.py:221}}
May 26 20:24:18.716852 np0000001463 nova-scheduler[95727]: DEBUG nova.servicegroup.drivers.db [None req-eddb7670-d686-44aa-b02e-e3b9a8a88fd2 None None] DB_Driver: join new ServiceGroup member np0000001463 to the scheduler group, service = {{(pid=95727) join /opt/stack/nova/nova/servicegroup/drivers/db.py:44}}
May 26 20:24:23.708734 np0000001463 nova-scheduler[95725]: DEBUG oslo.service.backend._threading.loopingcall [-] Fixed interval looping call 'nova.servicegroup.drivers.db.DbDriver._report_state' sleeping for 119.99 seconds {{(pid=95725) _run_loop /opt/stack/data/venv/lib/python3.12/site-packages/oslo_service/backend/_threading/loopingcall.py:125}}
May 26 20:24:23.709175 np0000001463 nova-scheduler[95722]: DEBUG oslo.service.backend._threading.loopingcall [-] Fixed interval looping call 'nova.servicegroup.drivers.db.DbDriver._report_state' sleeping for 119.99 seconds {{(pid=95722) _run_loop /opt/stack/data/venv/lib/python3.12/site-packages/oslo_service/backend/_threading/loopingcall.py:125}}
May 26 20:24:23.729555 np0000001463 nova-scheduler[95727]: DEBUG oslo.service.backend._threading.loopingcall [-] Fixed interval looping call 'nova.servicegroup.drivers.db.DbDriver._report_state' sleeping for 119.99 seconds {{(pid=95727) _run_loop /opt/stack/data/venv/lib/python3.12/site-packages/oslo_service/backend/_threading/loopingcall.py:125}}
May 26 20:24:27.245380 np0000001463 nova-scheduler[94471]: DEBUG dbcounter [-] [94471] Writing DB stats nova_api:SELECT=3 {{(pid=94471) stat_writer /opt/stack/data/venv/lib/python3.12/site-packages/dbcounter.py:115}}
May 26 20:24:27.364353 np0000001463 nova-scheduler[94471]: DEBUG dbcounter [-] [94471] Writing DB stats nova_cell1:SELECT=1 {{(pid=94471) stat_writer /opt/stack/data/venv/lib/python3.12/site-packages/dbcounter.py:115}}
May 26 20:24:27.376046 np0000001463 nova-scheduler[94471]: DEBUG dbcounter [-] [94471] Writing DB stats nova_cell0:SELECT=1 {{(pid=94471) stat_writer /opt/stack/data/venv/lib/python3.12/site-packages/dbcounter.py:115}}
May 26 20:24:33.705707 np0000001463 nova-scheduler[95725]: DEBUG dbcounter [-] [95725] Writing DB stats nova_cell0:SELECT=5,nova_cell0:INSERT=1,nova_cell0:UPDATE=1 {{(pid=95725) stat_writer /opt/stack/data/venv/lib/python3.12/site-packages/dbcounter.py:115}}
May 26 20:24:33.709403 np0000001463 nova-scheduler[95722]: DEBUG dbcounter [-] [95722] Writing DB stats nova_cell0:SELECT=4,nova_cell0:INSERT=1,nova_cell0:UPDATE=1 {{(pid=95722) stat_writer /opt/stack/data/venv/lib/python3.12/site-packages/dbcounter.py:115}}
May 26 20:24:33.726485 np0000001463 nova-scheduler[95727]: DEBUG dbcounter [-] [95727] Writing DB stats nova_cell0:SELECT=3 {{(pid=95727) stat_writer /opt/stack/data/venv/lib/python3.12/site-packages/dbcounter.py:115}}
May 26 20:24:45.719047 np0000001463 nova-scheduler[95727]: DEBUG oslo.service.backend._threading.loopingcall [None req-e98e1fee-0ca1-4442-8236-df2acf575919 None None] Dynamic interval looping call 'nova.service.Service.periodic_tasks' sleeping for 60.00 seconds {{(pid=95727) _run_loop /opt/stack/data/venv/lib/python3.12/site-packages/oslo_service/backend/_threading/loopingcall.py:125}}
May 26 20:24:58.699071 np0000001463 nova-scheduler[95722]: DEBUG oslo.service.backend._threading.loopingcall [None req-21bff399-c797-4823-a727-acec36cddbd2 None None] Dynamic interval looping call 'nova.service.Service.periodic_tasks' sleeping for 60.00 seconds {{(pid=95722) _run_loop /opt/stack/data/venv/lib/python3.12/site-packages/oslo_service/backend/_threading/loopingcall.py:125}}
May 26 20:25:17.698175 np0000001463 nova-scheduler[95725]: DEBUG oslo.service.backend._threading.loopingcall [None req-0c738fcb-ef10-4cc1-b6e3-01faf73b9c2c None None] Dynamic interval looping call 'nova.service.Service.periodic_tasks' sleeping for 60.00 seconds {{(pid=95725) _run_loop /opt/stack/data/venv/lib/python3.12/site-packages/oslo_service/backend/_threading/loopingcall.py:125}}
May 26 20:25:45.719753 np0000001463 nova-scheduler[95727]: DEBUG oslo.service.backend._threading.loopingcall [None req-e98e1fee-0ca1-4442-8236-df2acf575919 None None] Dynamic interval looping call 'nova.service.Service.periodic_tasks' sleeping for 60.00 seconds {{(pid=95727) _run_loop /opt/stack/data/venv/lib/python3.12/site-packages/oslo_service/backend/_threading/loopingcall.py:125}}
May 26 20:25:58.699626 np0000001463 nova-scheduler[95722]: DEBUG oslo.service.backend._threading.loopingcall [None req-21bff399-c797-4823-a727-acec36cddbd2 None None] Dynamic interval looping call 'nova.service.Service.periodic_tasks' sleeping for 60.00 seconds {{(pid=95722) _run_loop /opt/stack/data/venv/lib/python3.12/site-packages/oslo_service/backend/_threading/loopingcall.py:125}}
May 26 20:26:17.698696 np0000001463 nova-scheduler[95725]: DEBUG oslo.service.backend._threading.loopingcall [None req-0c738fcb-ef10-4cc1-b6e3-01faf73b9c2c None None] Dynamic interval looping call 'nova.service.Service.periodic_tasks' sleeping for 60.00 seconds {{(pid=95725) _run_loop /opt/stack/data/venv/lib/python3.12/site-packages/oslo_service/backend/_threading/loopingcall.py:125}}
May 26 20:26:23.705018 np0000001463 nova-scheduler[95725]: DEBUG oslo.service.backend._threading.loopingcall [-] Fixed interval looping call 'nova.servicegroup.drivers.db.DbDriver._report_state' sleeping for 119.99 seconds {{(pid=95725) _run_loop /opt/stack/data/venv/lib/python3.12/site-packages/oslo_service/backend/_threading/loopingcall.py:125}}
May 26 20:26:23.705752 np0000001463 nova-scheduler[95722]: DEBUG oslo.service.backend._threading.loopingcall [-] Fixed interval looping call 'nova.servicegroup.drivers.db.DbDriver._report_state' sleeping for 119.99 seconds {{(pid=95722) _run_loop /opt/stack/data/venv/lib/python3.12/site-packages/oslo_service/backend/_threading/loopingcall.py:125}}
May 26 20:26:23.723799 np0000001463 nova-scheduler[95727]: DEBUG oslo.service.backend._threading.loopingcall [-] Fixed interval looping call 'nova.servicegroup.drivers.db.DbDriver._report_state' sleeping for 120.00 seconds {{(pid=95727) _run_loop /opt/stack/data/venv/lib/python3.12/site-packages/oslo_service/backend/_threading/loopingcall.py:125}}
May 26 20:26:33.701781 np0000001463 nova-scheduler[95725]: DEBUG dbcounter [-] [95725] Writing DB stats nova_cell0:SELECT=1,nova_cell0:UPDATE=1 {{(pid=95725) stat_writer /opt/stack/data/venv/lib/python3.12/site-packages/dbcounter.py:115}}
May 26 20:26:33.702256 np0000001463 nova-scheduler[95722]: DEBUG dbcounter [-] [95722] Writing DB stats nova_cell0:SELECT=1,nova_cell0:UPDATE=1 {{(pid=95722) stat_writer /opt/stack/data/venv/lib/python3.12/site-packages/dbcounter.py:115}}
May 26 20:26:33.721617 np0000001463 nova-scheduler[95727]: DEBUG dbcounter [-] [95727] Writing DB stats nova_cell0:SELECT=1 {{(pid=95727) stat_writer /opt/stack/data/venv/lib/python3.12/site-packages/dbcounter.py:115}}
May 26 20:26:45.720601 np0000001463 nova-scheduler[95727]: DEBUG oslo.service.backend._threading.loopingcall [None req-e98e1fee-0ca1-4442-8236-df2acf575919 None None] Dynamic interval looping call 'nova.service.Service.periodic_tasks' sleeping for 60.00 seconds {{(pid=95727) _run_loop /opt/stack/data/venv/lib/python3.12/site-packages/oslo_service/backend/_threading/loopingcall.py:125}}
May 26 20:26:54.634186 np0000001463 nova-scheduler[95722]: DEBUG nova.scheduler.manager [None req-ffc8b91d-eb3b-4f1d-ac53-913148b9d397 tempest-DeleteServersTestJSON-1358506134 tempest-DeleteServersTestJSON-1358506134-project-member] Starting to schedule for instances: ['423dfdd2-ed79-46d4-ab24-289cbf576f7c'] {{(pid=95722) select_destinations /opt/stack/nova/nova/scheduler/manager.py:210}}
May 26 20:26:54.635159 np0000001463 nova-scheduler[95722]: DEBUG nova.scheduler.request_filter [None req-ffc8b91d-eb3b-4f1d-ac53-913148b9d397 tempest-DeleteServersTestJSON-1358506134 tempest-DeleteServersTestJSON-1358506134-project-member] compute_status_filter request filter added forbidden trait COMPUTE_STATUS_DISABLED {{(pid=95722) compute_status_filter /opt/stack/nova/nova/scheduler/request_filter.py:253}}
May 26 20:26:54.635159 np0000001463 nova-scheduler[95722]: DEBUG nova.scheduler.request_filter [None req-ffc8b91d-eb3b-4f1d-ac53-913148b9d397 tempest-DeleteServersTestJSON-1358506134 tempest-DeleteServersTestJSON-1358506134-project-member] Request filter 'compute_status_filter' took 0.0 seconds {{(pid=95722) wrapper /opt/stack/nova/nova/scheduler/request_filter.py:46}}
May 26 20:26:54.635272 np0000001463 nova-scheduler[95722]: DEBUG nova.scheduler.request_filter [None req-ffc8b91d-eb3b-4f1d-ac53-913148b9d397 tempest-DeleteServersTestJSON-1358506134 tempest-DeleteServersTestJSON-1358506134-project-member] Request filter 'accelerators_filter' took 0.0 seconds {{(pid=95722) wrapper /opt/stack/nova/nova/scheduler/request_filter.py:46}}
May 26 20:26:54.635452 np0000001463 nova-scheduler[95722]: DEBUG nova.scheduler.request_filter [None req-ffc8b91d-eb3b-4f1d-ac53-913148b9d397 tempest-DeleteServersTestJSON-1358506134 tempest-DeleteServersTestJSON-1358506134-project-member] Request filter 'packed_virtqueue_filter' took 0.0 seconds {{(pid=95722) wrapper /opt/stack/nova/nova/scheduler/request_filter.py:46}}
May 26 20:26:54.636053 np0000001463 nova-scheduler[95722]: DEBUG nova.scheduler.request_filter [None req-ffc8b91d-eb3b-4f1d-ac53-913148b9d397 tempest-DeleteServersTestJSON-1358506134 tempest-DeleteServersTestJSON-1358506134-project-member] Request filter 'remote_managed_ports_filter' took 0.0 seconds {{(pid=95722) wrapper /opt/stack/nova/nova/scheduler/request_filter.py:46}}
May 26 20:26:54.636203 np0000001463 nova-scheduler[95722]: DEBUG nova.scheduler.request_filter [None req-ffc8b91d-eb3b-4f1d-ac53-913148b9d397 tempest-DeleteServersTestJSON-1358506134 tempest-DeleteServersTestJSON-1358506134-project-member] ephemeral_encryption_filter skipped {{(pid=95722) ephemeral_encryption_filter /opt/stack/nova/nova/scheduler/request_filter.py:426}}
May 26 20:26:54.636394 np0000001463 nova-scheduler[95722]: DEBUG nova.scheduler.request_filter [None req-ffc8b91d-eb3b-4f1d-ac53-913148b9d397 tempest-DeleteServersTestJSON-1358506134 tempest-DeleteServersTestJSON-1358506134-project-member] virtio_sound_filter skipped {{(pid=95722) virtio_sound_filter /opt/stack/nova/nova/scheduler/request_filter.py:460}}
May 26 20:26:54.636589 np0000001463 nova-scheduler[95722]: DEBUG nova.scheduler.request_filter [None req-ffc8b91d-eb3b-4f1d-ac53-913148b9d397 tempest-DeleteServersTestJSON-1358506134 tempest-DeleteServersTestJSON-1358506134-project-member] tpm_secret_security_filter skipped {{(pid=95722) tpm_secret_security_filter /opt/stack/nova/nova/scheduler/request_filter.py:477}}
May 26 20:26:55.277384 np0000001463 nova-scheduler[95722]: INFO nova.utils [None req-ffc8b91d-eb3b-4f1d-ac53-913148b9d397 tempest-DeleteServersTestJSON-1358506134 tempest-DeleteServersTestJSON-1358506134-project-member] The cell worker thread pool ForkProcess-1.cell_worker is initialized
May 26 20:26:55.277832 np0000001463 nova-scheduler[95722]: DEBUG oslo_concurrency.lockutils [None req-ffc8b91d-eb3b-4f1d-ac53-913148b9d397 tempest-DeleteServersTestJSON-1358506134 tempest-DeleteServersTestJSON-1358506134-project-member] Acquiring lock "b69970d3-cdf0-4a26-a8e9-8984b5769861" by "nova.context.set_target_cell..get_or_set_cached_cell_and_set_connections" {{(pid=95722) inner /opt/stack/data/venv/lib/python3.12/site-packages/oslo_concurrency/lockutils.py:511}}
May 26 20:26:55.278112 np0000001463 nova-scheduler[95722]: DEBUG oslo_concurrency.lockutils [None req-ffc8b91d-eb3b-4f1d-ac53-913148b9d397 tempest-DeleteServersTestJSON-1358506134 tempest-DeleteServersTestJSON-1358506134-project-member] Lock "b69970d3-cdf0-4a26-a8e9-8984b5769861" acquired by "nova.context.set_target_cell..get_or_set_cached_cell_and_set_connections" :: waited 0.000s {{(pid=95722) inner /opt/stack/data/venv/lib/python3.12/site-packages/oslo_concurrency/lockutils.py:524}}
May 26 20:26:55.280191 np0000001463 nova-scheduler[95722]: DEBUG oslo_concurrency.lockutils [None req-ffc8b91d-eb3b-4f1d-ac53-913148b9d397 tempest-DeleteServersTestJSON-1358506134 tempest-DeleteServersTestJSON-1358506134-project-member] Lock "b69970d3-cdf0-4a26-a8e9-8984b5769861" "released" by "nova.context.set_target_cell..get_or_set_cached_cell_and_set_connections" :: held 0.002s {{(pid=95722) inner /opt/stack/data/venv/lib/python3.12/site-packages/oslo_concurrency/lockutils.py:543}}
May 26 20:26:55.283621 np0000001463 nova-scheduler[95722]: INFO dbcounter [None req-ffc8b91d-eb3b-4f1d-ac53-913148b9d397 tempest-DeleteServersTestJSON-1358506134 tempest-DeleteServersTestJSON-1358506134-project-member] Registered counter for database nova_cell1
May 26 20:26:55.331637 np0000001463 nova-scheduler[95722]: DEBUG oslo_db.sqlalchemy.engines [None req-ffc8b91d-eb3b-4f1d-ac53-913148b9d397 tempest-DeleteServersTestJSON-1358506134 tempest-DeleteServersTestJSON-1358506134-project-member] MySQL server mode set to STRICT_TRANS_TABLES,STRICT_ALL_TABLES,NO_ZERO_IN_DATE,NO_ZERO_DATE,ERROR_FOR_DIVISION_BY_ZERO,TRADITIONAL,NO_ENGINE_SUBSTITUTION {{(pid=95722) _check_effective_sql_mode /opt/stack/data/venv/lib/python3.12/site-packages/oslo_db/sqlalchemy/engines.py:325}}
May 26 20:26:55.337278 np0000001463 nova-scheduler[95722]: DEBUG dbcounter [-] [95722] Writer thread running {{(pid=95722) stat_writer /opt/stack/data/venv/lib/python3.12/site-packages/dbcounter.py:102}}
May 26 20:26:55.349871 np0000001463 nova-scheduler[95722]: DEBUG oslo_db.sqlalchemy.engines [None req-ffc8b91d-eb3b-4f1d-ac53-913148b9d397 tempest-DeleteServersTestJSON-1358506134 tempest-DeleteServersTestJSON-1358506134-project-member] Parent process 94471 forked (95722) with an open database connection, which is being discarded and recreated. {{(pid=95722) checkout /opt/stack/data/venv/lib/python3.12/site-packages/oslo_db/sqlalchemy/engines.py:402}}
May 26 20:26:55.391935 np0000001463 nova-scheduler[95722]: DEBUG dbcounter [-] [95722] Writer thread running {{(pid=95722) stat_writer /opt/stack/data/venv/lib/python3.12/site-packages/dbcounter.py:102}}
May 26 20:26:55.395504 np0000001463 nova-scheduler[95722]: DEBUG oslo_concurrency.lockutils [None req-ffc8b91d-eb3b-4f1d-ac53-913148b9d397 tempest-DeleteServersTestJSON-1358506134 tempest-DeleteServersTestJSON-1358506134-project-member] Acquiring lock "b69970d3-cdf0-4a26-a8e9-8984b5769861" by "nova.context.set_target_cell..get_or_set_cached_cell_and_set_connections" {{(pid=95722) inner /opt/stack/data/venv/lib/python3.12/site-packages/oslo_concurrency/lockutils.py:511}}
May 26 20:26:55.395504 np0000001463 nova-scheduler[95722]: DEBUG oslo_concurrency.lockutils [None req-ffc8b91d-eb3b-4f1d-ac53-913148b9d397 tempest-DeleteServersTestJSON-1358506134 tempest-DeleteServersTestJSON-1358506134-project-member] Lock "b69970d3-cdf0-4a26-a8e9-8984b5769861" acquired by "nova.context.set_target_cell..get_or_set_cached_cell_and_set_connections" :: waited 0.000s {{(pid=95722) inner /opt/stack/data/venv/lib/python3.12/site-packages/oslo_concurrency/lockutils.py:524}}
May 26 20:26:55.395504 np0000001463 nova-scheduler[95722]: DEBUG oslo_concurrency.lockutils [None req-ffc8b91d-eb3b-4f1d-ac53-913148b9d397 tempest-DeleteServersTestJSON-1358506134 tempest-DeleteServersTestJSON-1358506134-project-member] Lock "b69970d3-cdf0-4a26-a8e9-8984b5769861" "released" by "nova.context.set_target_cell..get_or_set_cached_cell_and_set_connections" :: held 0.000s {{(pid=95722) inner /opt/stack/data/venv/lib/python3.12/site-packages/oslo_concurrency/lockutils.py:543}}
May 26 20:26:55.398600 np0000001463 nova-scheduler[95722]: DEBUG oslo_concurrency.lockutils [None req-ffc8b91d-eb3b-4f1d-ac53-913148b9d397 tempest-DeleteServersTestJSON-1358506134 tempest-DeleteServersTestJSON-1358506134-project-member] Acquiring lock "('np0000001463', 'np0000001463')" by "nova.scheduler.host_manager.HostState.update.._locked_update" {{(pid=95722) inner /opt/stack/data/venv/lib/python3.12/site-packages/oslo_concurrency/lockutils.py:511}}
May 26 20:26:55.398600 np0000001463 nova-scheduler[95722]: DEBUG oslo_concurrency.lockutils [None req-ffc8b91d-eb3b-4f1d-ac53-913148b9d397 tempest-DeleteServersTestJSON-1358506134 tempest-DeleteServersTestJSON-1358506134-project-member] Lock "('np0000001463', 'np0000001463')" acquired by "nova.scheduler.host_manager.HostState.update.._locked_update" :: waited 0.000s {{(pid=95722) inner /opt/stack/data/venv/lib/python3.12/site-packages/oslo_concurrency/lockutils.py:524}}
May 26 20:26:55.399601 np0000001463 nova-scheduler[95722]: DEBUG nova.scheduler.host_manager [None req-ffc8b91d-eb3b-4f1d-ac53-913148b9d397 tempest-DeleteServersTestJSON-1358506134 tempest-DeleteServersTestJSON-1358506134-project-member] Update host state from compute node: ComputeNode(cpu_allocation_ratio=4.0,cpu_info='{"arch": "x86_64", "model": "EPYC-Milan", "vendor": "AMD", "topology": {"cells": 1, "sockets": 12, "cores": 1, "threads": 1}, "maxphysaddr": {"mode": "emulate", "bits": 40}, "features": ["arch-capabilities", "movbe", "amd-psfd", "stibp", "mds-no", "amd-stibp", "avx2", "popcnt", "wbnoinvd", "stibp-always-on", "vpclmulqdq", "xsaveerptr", "tsc-deadline", "fxsr", "x2apic", "ssse3", "rdtscp", "sse4.1", "pni", "vgif", "mmxext", "sse4.2", "mtrr", "f16c", "rdrand", "xsaves", "fpu", "null-sel-clr-base", "sep", "nrip-save", "pku", "umip", "topoext", "mce", "npt", "3dnowprefetch", "amd-ssbd", "flushbyasid", "pause-filter", "sse4a", "pdpe1gb", "lfence-always-serializing", "vaes", "lahf_lm", "mmx", "ssbd", "nx", "clzero", "cx16", "pat", "smep", "bmi2", "bmi1", "de", "xsave", "sse2", "fxsr_opt", "xgetbv1", "invpcid", "avx", "rdctl-no", "sse", "cmp_legacy", "lm", "pse36", "svm", "svme-addr-chk", "sha-ni", "pse", "erms", "aes", "hypervisor", "virt-ssbd", "cmov", "fsrm", "tsc_adjust", "tsc", "osvw", "clflushopt", "cr8legacy", "rdseed", "cx8", "pge", "perfctr_core", "ibpb", "lbrv", "spec-ctrl", "arat", "fsgsbase", "no-nested-data-bp", "mca", "smap", "msr", "ibrs", "pae", "tsc-scale", "pfthreshold", "xsaveopt", "pclmuldq", "adx", "v-vmsave-vmload", "apic", "skip-l1dfl-vmentry", "xsavec", "pschange-mc-no", "misalignsse", "syscall", "rdpid", "vme", "fma", "clwb", "vmcb-clean", "gds-no", "clflush", "abm", "pcid"]}',created_at=2026-05-26T20:24:44Z,current_workload=0,deleted=False,deleted_at=None,disk_allocation_ratio=1.0,disk_available_least=74,free_disk_gb=95,free_ram_mb=23518,host='np0000001463',host_ip=10.4.3.178,hypervisor_hostname='np0000001463',hypervisor_type='QEMU',hypervisor_version=8002002,id=1,local_gb=95,local_gb_used=0,mapped=1,memory_mb=24030,memory_mb_used=512,metrics='[]',numa_topology='{"nova_object.name": "NUMATopology", "nova_object.namespace": "nova", "nova_object.version": "1.2", "nova_object.data": {"cells": [{"nova_object.name": "NUMACell", "nova_object.namespace": "nova", "nova_object.version": "1.5", "nova_object.data": {"id": 0, "cpuset": [0, 1, 2, 3, 4, 5, 6, 7, 8, 9, 10, 11], "pcpuset": [0, 1, 2, 3, 4, 5, 6, 7, 8, 9, 10, 11], "memory": 24030, "cpu_usage": 0, "memory_usage": 0, "pinned_cpus": [], "siblings": [[6], [2], [5], [11], [8], [4], [1], [7], [10], [0], [3], [9]], "mempages": [{"nova_object.name": "NUMAPagesTopology", "nova_object.namespace": "nova", "nova_object.version": "1.1", "nova_object.data": {"size_kb": 4, "total": 6151798, "used": 0, "reserved": 0}, "nova_object.changes": ["reserved", "size_kb", "total", "used"]}, {"nova_object.name": "NUMAPagesTopology", "nova_object.namespace": "nova", "nova_object.version": "1.1", "nova_object.data": {"size_kb": 2048, "total": 0, "used": 0, "reserved": 0}, "nova_object.changes": ["reserved", "size_kb", "total", "used"]}, {"nova_object.name": "NUMAPagesTopology", "nova_object.namespace": "nova", "nova_object.version": "1.1", "nova_object.data": {"size_kb": 1048576, "total": 0, "used": 0, "reserved": 0}, "nova_object.changes": ["reserved", "size_kb", "total", "used"]}], "network_metadata": {"nova_object.name": "NetworkMetadata", "nova_object.namespace": "nova", "nova_object.version": "1.0", "nova_object.data": {"physnets": [], "tunneled": false}, "nova_object.changes": ["physnets", "tunneled"]}, "socket": null}, "nova_object.changes": ["pcpuset", "mempages", "memory_usage", "pinned_cpus", "cpu_usage", "id", "memory", "socket", "network_metadata", "siblings", "cpuset"]}]}, "nova_object.changes": ["cells"]}',pci_device_pools=PciDevicePoolList,ram_allocation_ratio=1.0,running_vms=0,service_id=4,stats={failed_builds='0',uptime=' 20:26:30 up 27 min, 2 users, load average: 1.18, 1.32, 0.80
May 26 20:26:55.399601 np0000001463 nova-scheduler[95722]: '},supported_hv_specs=[HVSpec,HVSpec,HVSpec,HVSpec,HVSpec,HVSpec,HVSpec,HVSpec,HVSpec,HVSpec,HVSpec,HVSpec,HVSpec,HVSpec,HVSpec,HVSpec,HVSpec,HVSpec,HVSpec,HVSpec,HVSpec,HVSpec,HVSpec,HVSpec,HVSpec],updated_at=2026-05-26T20:26:32Z,uuid=745c8d28-f3f1-4cb1-80d1-c746e4f32cdb,vcpus=12,vcpus_used=0) {{(pid=95722) _locked_update /opt/stack/nova/nova/scheduler/host_manager.py:168}}
May 26 20:26:55.401151 np0000001463 nova-scheduler[95722]: DEBUG nova.scheduler.host_manager [None req-ffc8b91d-eb3b-4f1d-ac53-913148b9d397 tempest-DeleteServersTestJSON-1358506134 tempest-DeleteServersTestJSON-1358506134-project-member] Update host state with aggregates: [] {{(pid=95722) _locked_update /opt/stack/nova/nova/scheduler/host_manager.py:171}}
May 26 20:26:55.401981 np0000001463 nova-scheduler[95722]: DEBUG nova.scheduler.host_manager [None req-ffc8b91d-eb3b-4f1d-ac53-913148b9d397 tempest-DeleteServersTestJSON-1358506134 tempest-DeleteServersTestJSON-1358506134-project-member] Update host state with service dict: {'id': 4, 'uuid': '4cdd68e4-8a71-4f73-a5a5-8859bb6894ea', 'host': 'np0000001463', 'binary': 'nova-compute', 'topic': 'compute', 'report_count': 2, 'disabled': False, 'disabled_reason': None, 'last_seen_up': datetime.datetime(2026, 5, 26, 20, 26, 53, tzinfo=datetime.timezone.utc), 'forced_down': False, 'version': 72, 'created_at': datetime.datetime(2026, 5, 26, 20, 24, 43, tzinfo=datetime.timezone.utc), 'updated_at': datetime.datetime(2026, 5, 26, 20, 26, 53, tzinfo=datetime.timezone.utc), 'deleted_at': None, 'deleted': False} {{(pid=95722) _locked_update /opt/stack/nova/nova/scheduler/host_manager.py:174}}
May 26 20:26:55.401981 np0000001463 nova-scheduler[95722]: DEBUG nova.scheduler.host_manager [None req-ffc8b91d-eb3b-4f1d-ac53-913148b9d397 tempest-DeleteServersTestJSON-1358506134 tempest-DeleteServersTestJSON-1358506134-project-member] Update host state with instances: [] {{(pid=95722) _locked_update /opt/stack/nova/nova/scheduler/host_manager.py:177}}
May 26 20:26:55.401981 np0000001463 nova-scheduler[95722]: DEBUG oslo_concurrency.lockutils [None req-ffc8b91d-eb3b-4f1d-ac53-913148b9d397 tempest-DeleteServersTestJSON-1358506134 tempest-DeleteServersTestJSON-1358506134-project-member] Lock "('np0000001463', 'np0000001463')" "released" by "nova.scheduler.host_manager.HostState.update.._locked_update" :: held 0.003s {{(pid=95722) inner /opt/stack/data/venv/lib/python3.12/site-packages/oslo_concurrency/lockutils.py:543}}
May 26 20:26:55.402524 np0000001463 nova-scheduler[95722]: DEBUG nova.filters [None req-ffc8b91d-eb3b-4f1d-ac53-913148b9d397 tempest-DeleteServersTestJSON-1358506134 tempest-DeleteServersTestJSON-1358506134-project-member] Starting with 1 host(s) {{(pid=95722) get_filtered_objects /opt/stack/nova/nova/filters.py:70}}
May 26 20:26:55.402588 np0000001463 nova-scheduler[95722]: DEBUG nova.filters [None req-ffc8b91d-eb3b-4f1d-ac53-913148b9d397 tempest-DeleteServersTestJSON-1358506134 tempest-DeleteServersTestJSON-1358506134-project-member] Filter ComputeFilter returned 1 host(s) {{(pid=95722) get_filtered_objects /opt/stack/nova/nova/filters.py:102}}
May 26 20:26:55.402772 np0000001463 nova-scheduler[95722]: DEBUG nova.filters [None req-ffc8b91d-eb3b-4f1d-ac53-913148b9d397 tempest-DeleteServersTestJSON-1358506134 tempest-DeleteServersTestJSON-1358506134-project-member] Filter ComputeCapabilitiesFilter returned 1 host(s) {{(pid=95722) get_filtered_objects /opt/stack/nova/nova/filters.py:102}}
May 26 20:26:55.403002 np0000001463 nova-scheduler[95722]: DEBUG nova.filters [None req-ffc8b91d-eb3b-4f1d-ac53-913148b9d397 tempest-DeleteServersTestJSON-1358506134 tempest-DeleteServersTestJSON-1358506134-project-member] Filter ImagePropertiesFilter returned 1 host(s) {{(pid=95722) get_filtered_objects /opt/stack/nova/nova/filters.py:102}}
May 26 20:26:55.403155 np0000001463 nova-scheduler[95722]: DEBUG nova.filters [None req-ffc8b91d-eb3b-4f1d-ac53-913148b9d397 tempest-DeleteServersTestJSON-1358506134 tempest-DeleteServersTestJSON-1358506134-project-member] Filter ServerGroupAntiAffinityFilter returned 1 host(s) {{(pid=95722) get_filtered_objects /opt/stack/nova/nova/filters.py:102}}
May 26 20:26:55.403325 np0000001463 nova-scheduler[95722]: DEBUG nova.filters [None req-ffc8b91d-eb3b-4f1d-ac53-913148b9d397 tempest-DeleteServersTestJSON-1358506134 tempest-DeleteServersTestJSON-1358506134-project-member] Filter ServerGroupAffinityFilter returned 1 host(s) {{(pid=95722) get_filtered_objects /opt/stack/nova/nova/filters.py:102}}
May 26 20:26:55.403462 np0000001463 nova-scheduler[95722]: DEBUG nova.filters [None req-ffc8b91d-eb3b-4f1d-ac53-913148b9d397 tempest-DeleteServersTestJSON-1358506134 tempest-DeleteServersTestJSON-1358506134-project-member] Filter SameHostFilter returned 1 host(s) {{(pid=95722) get_filtered_objects /opt/stack/nova/nova/filters.py:102}}
May 26 20:26:55.403616 np0000001463 nova-scheduler[95722]: DEBUG nova.filters [None req-ffc8b91d-eb3b-4f1d-ac53-913148b9d397 tempest-DeleteServersTestJSON-1358506134 tempest-DeleteServersTestJSON-1358506134-project-member] Filter DifferentHostFilter returned 1 host(s) {{(pid=95722) get_filtered_objects /opt/stack/nova/nova/filters.py:102}}
May 26 20:26:55.403771 np0000001463 nova-scheduler[95722]: DEBUG nova.scheduler.manager [None req-ffc8b91d-eb3b-4f1d-ac53-913148b9d397 tempest-DeleteServersTestJSON-1358506134 tempest-DeleteServersTestJSON-1358506134-project-member] Filtered [(np0000001463, np0000001463) ram: 23518MB disk: 75776MB io_ops: 0 instances: 0, allocation_candidates: 1] {{(pid=95722) _get_sorted_hosts /opt/stack/nova/nova/scheduler/manager.py:743}}
May 26 20:26:55.403997 np0000001463 nova-scheduler[95722]: DEBUG nova.scheduler.manager [None req-ffc8b91d-eb3b-4f1d-ac53-913148b9d397 tempest-DeleteServersTestJSON-1358506134 tempest-DeleteServersTestJSON-1358506134-project-member] Weighed [WeighedHost [host: (np0000001463, np0000001463) ram: 23518MB disk: 75776MB io_ops: 0 instances: 0, allocation_candidates: 1, weight: 0.0]] {{(pid=95722) _get_sorted_hosts /opt/stack/nova/nova/scheduler/manager.py:765}}
May 26 20:26:55.404221 np0000001463 nova-scheduler[95722]: DEBUG nova.scheduler.utils [None req-ffc8b91d-eb3b-4f1d-ac53-913148b9d397 tempest-DeleteServersTestJSON-1358506134 tempest-DeleteServersTestJSON-1358506134-project-member] Attempting to claim resources in the placement API for instance 423dfdd2-ed79-46d4-ab24-289cbf576f7c {{(pid=95722) claim_resources /opt/stack/nova/nova/scheduler/utils.py:1304}}
May 26 20:26:55.550841 np0000001463 nova-scheduler[95722]: DEBUG nova.scheduler.manager [None req-ffc8b91d-eb3b-4f1d-ac53-913148b9d397 tempest-DeleteServersTestJSON-1358506134 tempest-DeleteServersTestJSON-1358506134-project-member] [instance: 423dfdd2-ed79-46d4-ab24-289cbf576f7c] Selected host: (np0000001463, np0000001463) ram: 23518MB disk: 75776MB io_ops: 0 instances: 0, allocation_candidates: 1 {{(pid=95722) _consume_selected_host /opt/stack/nova/nova/scheduler/manager.py:625}}
May 26 20:26:55.551075 np0000001463 nova-scheduler[95722]: DEBUG oslo_concurrency.lockutils [None req-ffc8b91d-eb3b-4f1d-ac53-913148b9d397 tempest-DeleteServersTestJSON-1358506134 tempest-DeleteServersTestJSON-1358506134-project-member] Acquiring lock "('np0000001463', 'np0000001463')" by "nova.scheduler.host_manager.HostState.consume_from_request.._locked" {{(pid=95722) inner /opt/stack/data/venv/lib/python3.12/site-packages/oslo_concurrency/lockutils.py:511}}
May 26 20:26:55.551224 np0000001463 nova-scheduler[95722]: DEBUG oslo_concurrency.lockutils [None req-ffc8b91d-eb3b-4f1d-ac53-913148b9d397 tempest-DeleteServersTestJSON-1358506134 tempest-DeleteServersTestJSON-1358506134-project-member] Lock "('np0000001463', 'np0000001463')" acquired by "nova.scheduler.host_manager.HostState.consume_from_request.._locked" :: waited 0.000s {{(pid=95722) inner /opt/stack/data/venv/lib/python3.12/site-packages/oslo_concurrency/lockutils.py:524}}
May 26 20:26:55.551392 np0000001463 nova-scheduler[95722]: DEBUG oslo_concurrency.lockutils [None req-ffc8b91d-eb3b-4f1d-ac53-913148b9d397 tempest-DeleteServersTestJSON-1358506134 tempest-DeleteServersTestJSON-1358506134-project-member] Lock "('np0000001463', 'np0000001463')" "released" by "nova.scheduler.host_manager.HostState.consume_from_request.._locked" :: held 0.000s {{(pid=95722) inner /opt/stack/data/venv/lib/python3.12/site-packages/oslo_concurrency/lockutils.py:543}}
May 26 20:26:58.700999 np0000001463 nova-scheduler[95722]: DEBUG oslo.service.backend._threading.loopingcall [None req-21bff399-c797-4823-a727-acec36cddbd2 None None] Dynamic interval looping call 'nova.service.Service.periodic_tasks' sleeping for 60.00 seconds {{(pid=95722) _run_loop /opt/stack/data/venv/lib/python3.12/site-packages/oslo_service/backend/_threading/loopingcall.py:125}}
May 26 20:27:02.455416 np0000001463 nova-scheduler[95725]: DEBUG nova.scheduler.manager [None req-ce9e7b0e-e88a-43dd-99e0-d8f5f0b7b162 tempest-ServerActionsTestOtherB-1545253009 tempest-ServerActionsTestOtherB-1545253009-project-member] Starting to schedule for instances: ['3b82bfdb-62cc-4e28-bc2f-a90b843598c6'] {{(pid=95725) select_destinations /opt/stack/nova/nova/scheduler/manager.py:210}}
May 26 20:27:02.455416 np0000001463 nova-scheduler[95725]: DEBUG nova.scheduler.request_filter [None req-ce9e7b0e-e88a-43dd-99e0-d8f5f0b7b162 tempest-ServerActionsTestOtherB-1545253009 tempest-ServerActionsTestOtherB-1545253009-project-member] compute_status_filter request filter added forbidden trait COMPUTE_STATUS_DISABLED {{(pid=95725) compute_status_filter /opt/stack/nova/nova/scheduler/request_filter.py:253}}
May 26 20:27:02.455416 np0000001463 nova-scheduler[95725]: DEBUG nova.scheduler.request_filter [None req-ce9e7b0e-e88a-43dd-99e0-d8f5f0b7b162 tempest-ServerActionsTestOtherB-1545253009 tempest-ServerActionsTestOtherB-1545253009-project-member] Request filter 'compute_status_filter' took 0.0 seconds {{(pid=95725) wrapper /opt/stack/nova/nova/scheduler/request_filter.py:46}}
May 26 20:27:02.456092 np0000001463 nova-scheduler[95725]: DEBUG nova.scheduler.request_filter [None req-ce9e7b0e-e88a-43dd-99e0-d8f5f0b7b162 tempest-ServerActionsTestOtherB-1545253009 tempest-ServerActionsTestOtherB-1545253009-project-member] Request filter 'accelerators_filter' took 0.0 seconds {{(pid=95725) wrapper /opt/stack/nova/nova/scheduler/request_filter.py:46}}
May 26 20:27:02.456433 np0000001463 nova-scheduler[95725]: DEBUG nova.scheduler.request_filter [None req-ce9e7b0e-e88a-43dd-99e0-d8f5f0b7b162 tempest-ServerActionsTestOtherB-1545253009 tempest-ServerActionsTestOtherB-1545253009-project-member] Request filter 'packed_virtqueue_filter' took 0.0 seconds {{(pid=95725) wrapper /opt/stack/nova/nova/scheduler/request_filter.py:46}}
May 26 20:27:02.456853 np0000001463 nova-scheduler[95725]: DEBUG nova.scheduler.request_filter [None req-ce9e7b0e-e88a-43dd-99e0-d8f5f0b7b162 tempest-ServerActionsTestOtherB-1545253009 tempest-ServerActionsTestOtherB-1545253009-project-member] Request filter 'remote_managed_ports_filter' took 0.0 seconds {{(pid=95725) wrapper /opt/stack/nova/nova/scheduler/request_filter.py:46}}
May 26 20:27:02.457011 np0000001463 nova-scheduler[95725]: DEBUG nova.scheduler.request_filter [None req-ce9e7b0e-e88a-43dd-99e0-d8f5f0b7b162 tempest-ServerActionsTestOtherB-1545253009 tempest-ServerActionsTestOtherB-1545253009-project-member] ephemeral_encryption_filter skipped {{(pid=95725) ephemeral_encryption_filter /opt/stack/nova/nova/scheduler/request_filter.py:426}}
May 26 20:27:02.457181 np0000001463 nova-scheduler[95725]: DEBUG nova.scheduler.request_filter [None req-ce9e7b0e-e88a-43dd-99e0-d8f5f0b7b162 tempest-ServerActionsTestOtherB-1545253009 tempest-ServerActionsTestOtherB-1545253009-project-member] virtio_sound_filter skipped {{(pid=95725) virtio_sound_filter /opt/stack/nova/nova/scheduler/request_filter.py:460}}
May 26 20:27:02.457337 np0000001463 nova-scheduler[95725]: DEBUG nova.scheduler.request_filter [None req-ce9e7b0e-e88a-43dd-99e0-d8f5f0b7b162 tempest-ServerActionsTestOtherB-1545253009 tempest-ServerActionsTestOtherB-1545253009-project-member] tpm_secret_security_filter skipped {{(pid=95725) tpm_secret_security_filter /opt/stack/nova/nova/scheduler/request_filter.py:477}}
May 26 20:27:02.582177 np0000001463 nova-scheduler[95725]: INFO nova.utils [None req-ce9e7b0e-e88a-43dd-99e0-d8f5f0b7b162 tempest-ServerActionsTestOtherB-1545253009 tempest-ServerActionsTestOtherB-1545253009-project-member] The cell worker thread pool ForkProcess-2.cell_worker is initialized
May 26 20:27:02.582636 np0000001463 nova-scheduler[95725]: DEBUG oslo_concurrency.lockutils [None req-ce9e7b0e-e88a-43dd-99e0-d8f5f0b7b162 tempest-ServerActionsTestOtherB-1545253009 tempest-ServerActionsTestOtherB-1545253009-project-member] Acquiring lock "b69970d3-cdf0-4a26-a8e9-8984b5769861" by "nova.context.set_target_cell..get_or_set_cached_cell_and_set_connections" {{(pid=95725) inner /opt/stack/data/venv/lib/python3.12/site-packages/oslo_concurrency/lockutils.py:511}}
May 26 20:27:02.582932 np0000001463 nova-scheduler[95725]: DEBUG oslo_concurrency.lockutils [None req-ce9e7b0e-e88a-43dd-99e0-d8f5f0b7b162 tempest-ServerActionsTestOtherB-1545253009 tempest-ServerActionsTestOtherB-1545253009-project-member] Lock "b69970d3-cdf0-4a26-a8e9-8984b5769861" acquired by "nova.context.set_target_cell..get_or_set_cached_cell_and_set_connections" :: waited 0.000s {{(pid=95725) inner /opt/stack/data/venv/lib/python3.12/site-packages/oslo_concurrency/lockutils.py:524}}
May 26 20:27:02.584963 np0000001463 nova-scheduler[95725]: DEBUG oslo_concurrency.lockutils [None req-ce9e7b0e-e88a-43dd-99e0-d8f5f0b7b162 tempest-ServerActionsTestOtherB-1545253009 tempest-ServerActionsTestOtherB-1545253009-project-member] Lock "b69970d3-cdf0-4a26-a8e9-8984b5769861" "released" by "nova.context.set_target_cell..get_or_set_cached_cell_and_set_connections" :: held 0.002s {{(pid=95725) inner /opt/stack/data/venv/lib/python3.12/site-packages/oslo_concurrency/lockutils.py:543}}
May 26 20:27:02.588806 np0000001463 nova-scheduler[95725]: INFO dbcounter [None req-ce9e7b0e-e88a-43dd-99e0-d8f5f0b7b162 tempest-ServerActionsTestOtherB-1545253009 tempest-ServerActionsTestOtherB-1545253009-project-member] Registered counter for database nova_cell1
May 26 20:27:02.641780 np0000001463 nova-scheduler[95725]: DEBUG oslo_db.sqlalchemy.engines [None req-ce9e7b0e-e88a-43dd-99e0-d8f5f0b7b162 tempest-ServerActionsTestOtherB-1545253009 tempest-ServerActionsTestOtherB-1545253009-project-member] MySQL server mode set to STRICT_TRANS_TABLES,STRICT_ALL_TABLES,NO_ZERO_IN_DATE,NO_ZERO_DATE,ERROR_FOR_DIVISION_BY_ZERO,TRADITIONAL,NO_ENGINE_SUBSTITUTION {{(pid=95725) _check_effective_sql_mode /opt/stack/data/venv/lib/python3.12/site-packages/oslo_db/sqlalchemy/engines.py:325}}
May 26 20:27:02.650529 np0000001463 nova-scheduler[95725]: DEBUG dbcounter [-] [95725] Writer thread running {{(pid=95725) stat_writer /opt/stack/data/venv/lib/python3.12/site-packages/dbcounter.py:102}}
May 26 20:27:02.729310 np0000001463 nova-scheduler[95725]: DEBUG dbcounter [-] [95725] Writer thread running {{(pid=95725) stat_writer /opt/stack/data/venv/lib/python3.12/site-packages/dbcounter.py:102}}
May 26 20:27:02.731902 np0000001463 nova-scheduler[95725]: DEBUG oslo_concurrency.lockutils [None req-ce9e7b0e-e88a-43dd-99e0-d8f5f0b7b162 tempest-ServerActionsTestOtherB-1545253009 tempest-ServerActionsTestOtherB-1545253009-project-member] Acquiring lock "b69970d3-cdf0-4a26-a8e9-8984b5769861" by "nova.context.set_target_cell..get_or_set_cached_cell_and_set_connections" {{(pid=95725) inner /opt/stack/data/venv/lib/python3.12/site-packages/oslo_concurrency/lockutils.py:511}}
May 26 20:27:02.732085 np0000001463 nova-scheduler[95725]: DEBUG oslo_concurrency.lockutils [None req-ce9e7b0e-e88a-43dd-99e0-d8f5f0b7b162 tempest-ServerActionsTestOtherB-1545253009 tempest-ServerActionsTestOtherB-1545253009-project-member] Lock "b69970d3-cdf0-4a26-a8e9-8984b5769861" acquired by "nova.context.set_target_cell..get_or_set_cached_cell_and_set_connections" :: waited 0.000s {{(pid=95725) inner /opt/stack/data/venv/lib/python3.12/site-packages/oslo_concurrency/lockutils.py:524}}
May 26 20:27:02.732248 np0000001463 nova-scheduler[95725]: DEBUG oslo_concurrency.lockutils [None req-ce9e7b0e-e88a-43dd-99e0-d8f5f0b7b162 tempest-ServerActionsTestOtherB-1545253009 tempest-ServerActionsTestOtherB-1545253009-project-member] Lock "b69970d3-cdf0-4a26-a8e9-8984b5769861" "released" by "nova.context.set_target_cell..get_or_set_cached_cell_and_set_connections" :: held 0.000s {{(pid=95725) inner /opt/stack/data/venv/lib/python3.12/site-packages/oslo_concurrency/lockutils.py:543}}
May 26 20:27:02.737563 np0000001463 nova-scheduler[95725]: DEBUG oslo_concurrency.lockutils [None req-ce9e7b0e-e88a-43dd-99e0-d8f5f0b7b162 tempest-ServerActionsTestOtherB-1545253009 tempest-ServerActionsTestOtherB-1545253009-project-member] Acquiring lock "('np0000001463', 'np0000001463')" by "nova.scheduler.host_manager.HostState.update.._locked_update" {{(pid=95725) inner /opt/stack/data/venv/lib/python3.12/site-packages/oslo_concurrency/lockutils.py:511}}
May 26 20:27:02.737719 np0000001463 nova-scheduler[95725]: DEBUG oslo_concurrency.lockutils [None req-ce9e7b0e-e88a-43dd-99e0-d8f5f0b7b162 tempest-ServerActionsTestOtherB-1545253009 tempest-ServerActionsTestOtherB-1545253009-project-member] Lock "('np0000001463', 'np0000001463')" acquired by "nova.scheduler.host_manager.HostState.update.._locked_update" :: waited 0.000s {{(pid=95725) inner /opt/stack/data/venv/lib/python3.12/site-packages/oslo_concurrency/lockutils.py:524}}
