May 26 20:23:52.654295 np0000001463 neutron-periodic-workers[91996]: DEBUG cotyledon.oslo_config_glue [-] database.use_db_reconnect = False {{(pid=91996) log_opt_values /opt/stack/data/venv/lib/python3.12/site-packages/oslo_config/cfg.py:3256}}
May 26 20:23:52.654295 np0000001463 neutron-periodic-workers[91996]: DEBUG cotyledon.oslo_config_glue [-] ovn.bfd_min_rx = 1000 {{(pid=91996) log_opt_values /opt/stack/data/venv/lib/python3.12/site-packages/oslo_config/cfg.py:3256}}
May 26 20:23:52.654295 np0000001463 neutron-periodic-workers[91996]: DEBUG cotyledon.oslo_config_glue [-] ovn.bfd_min_tx = 100 {{(pid=91996) log_opt_values /opt/stack/data/venv/lib/python3.12/site-packages/oslo_config/cfg.py:3256}}
May 26 20:23:52.654295 np0000001463 neutron-periodic-workers[91996]: DEBUG cotyledon.oslo_config_glue [-] ovn.bfd_mult = 3 {{(pid=91996) log_opt_values /opt/stack/data/venv/lib/python3.12/site-packages/oslo_config/cfg.py:3256}}
May 26 20:23:52.654295 np0000001463 neutron-periodic-workers[91996]: DEBUG cotyledon.oslo_config_glue [-] ovn.broadcast_arps_to_all_routers = True {{(pid=91996) log_opt_values /opt/stack/data/venv/lib/python3.12/site-packages/oslo_config/cfg.py:3256}}
May 26 20:23:52.654295 np0000001463 neutron-periodic-workers[91996]: DEBUG cotyledon.oslo_config_glue [-] ovn.dhcp_default_lease_time = 43200 {{(pid=91996) log_opt_values /opt/stack/data/venv/lib/python3.12/site-packages/oslo_config/cfg.py:3256}}
May 26 20:23:52.654295 np0000001463 neutron-periodic-workers[91996]: DEBUG cotyledon.oslo_config_glue [-] ovn.disable_ovn_dhcp_for_baremetal_ports = False {{(pid=91996) log_opt_values /opt/stack/data/venv/lib/python3.12/site-packages/oslo_config/cfg.py:3256}}
May 26 20:23:52.654529 np0000001463 neutron-periodic-workers[91996]: DEBUG cotyledon.oslo_config_glue [-] ovn.dns_records_ovn_owned = False {{(pid=91996) log_opt_values /opt/stack/data/venv/lib/python3.12/site-packages/oslo_config/cfg.py:3256}}
May 26 20:23:52.654529 np0000001463 neutron-periodic-workers[91996]: DEBUG cotyledon.oslo_config_glue [-] ovn.dns_servers = [] {{(pid=91996) log_opt_values /opt/stack/data/venv/lib/python3.12/site-packages/oslo_config/cfg.py:3256}}
May 26 20:23:52.654529 np0000001463 neutron-periodic-workers[91996]: DEBUG cotyledon.oslo_config_glue [-] ovn.enable_distributed_floating_ip = False {{(pid=91996) log_opt_values /opt/stack/data/venv/lib/python3.12/site-packages/oslo_config/cfg.py:3256}}
May 26 20:23:52.654529 np0000001463 neutron-periodic-workers[91996]: DEBUG cotyledon.oslo_config_glue [-] ovn.fdb_age_threshold = 300 {{(pid=91996) log_opt_values /opt/stack/data/venv/lib/python3.12/site-packages/oslo_config/cfg.py:3256}}
May 26 20:23:52.654529 np0000001463 neutron-periodic-workers[91996]: DEBUG cotyledon.oslo_config_glue [-] ovn.ha_failover_strategy = normal {{(pid=91996) log_opt_values /opt/stack/data/venv/lib/python3.12/site-packages/oslo_config/cfg.py:3256}}
May 26 20:23:52.654529 np0000001463 neutron-periodic-workers[91996]: DEBUG cotyledon.oslo_config_glue [-] ovn.live_migration_activation_strategy = rarp {{(pid=91996) log_opt_values /opt/stack/data/venv/lib/python3.12/site-packages/oslo_config/cfg.py:3256}}
May 26 20:23:52.654529 np0000001463 neutron-periodic-workers[91996]: DEBUG cotyledon.oslo_config_glue [-] ovn.localnet_learn_fdb = False {{(pid=91996) log_opt_values /opt/stack/data/venv/lib/python3.12/site-packages/oslo_config/cfg.py:3256}}
May 26 20:23:52.654529 np0000001463 neutron-periodic-workers[91996]: DEBUG cotyledon.oslo_config_glue [-] ovn.mac_binding_age_threshold = 300 {{(pid=91996) log_opt_values /opt/stack/data/venv/lib/python3.12/site-packages/oslo_config/cfg.py:3256}}
May 26 20:23:52.654529 np0000001463 neutron-periodic-workers[91996]: DEBUG cotyledon.oslo_config_glue [-] ovn.neutron_sync_mode = log {{(pid=91996) log_opt_values /opt/stack/data/venv/lib/python3.12/site-packages/oslo_config/cfg.py:3256}}
May 26 20:23:52.654720 np0000001463 neutron-periodic-workers[91996]: DEBUG cotyledon.oslo_config_glue [-] ovn.ovn_dhcp4_global_options = {} {{(pid=91996) log_opt_values /opt/stack/data/venv/lib/python3.12/site-packages/oslo_config/cfg.py:3256}}
May 26 20:23:52.654720 np0000001463 neutron-periodic-workers[91996]: DEBUG cotyledon.oslo_config_glue [-] ovn.ovn_dhcp6_global_options = {} {{(pid=91996) log_opt_values /opt/stack/data/venv/lib/python3.12/site-packages/oslo_config/cfg.py:3256}}
May 26 20:23:52.654720 np0000001463 neutron-periodic-workers[91996]: DEBUG cotyledon.oslo_config_glue [-] ovn.ovn_l3_scheduler = leastloaded {{(pid=91996) log_opt_values /opt/stack/data/venv/lib/python3.12/site-packages/oslo_config/cfg.py:3256}}
May 26 20:23:52.654720 np0000001463 neutron-periodic-workers[91996]: DEBUG cotyledon.oslo_config_glue [-] ovn.ovn_metadata_enabled = True {{(pid=91996) log_opt_values /opt/stack/data/venv/lib/python3.12/site-packages/oslo_config/cfg.py:3256}}
May 26 20:23:52.654720 np0000001463 neutron-periodic-workers[91996]: DEBUG cotyledon.oslo_config_glue [-] ovn.ovn_nb_ca_cert = /opt/stack/data/CA/int-ca/ca-chain.pem {{(pid=91996) log_opt_values /opt/stack/data/venv/lib/python3.12/site-packages/oslo_config/cfg.py:3256}}
May 26 20:23:52.654720 np0000001463 neutron-periodic-workers[91996]: DEBUG cotyledon.oslo_config_glue [-] ovn.ovn_nb_certificate = /opt/stack/data/CA/int-ca/devstack-cert.crt {{(pid=91996) log_opt_values /opt/stack/data/venv/lib/python3.12/site-packages/oslo_config/cfg.py:3256}}
May 26 20:23:52.654720 np0000001463 neutron-periodic-workers[91996]: DEBUG cotyledon.oslo_config_glue [-] ovn.ovn_nb_connection = ['ssl:10.4.3.178:6641'] {{(pid=91996) log_opt_values /opt/stack/data/venv/lib/python3.12/site-packages/oslo_config/cfg.py:3256}}
May 26 20:23:52.654720 np0000001463 neutron-periodic-workers[91996]: DEBUG cotyledon.oslo_config_glue [-] ovn.ovn_nb_private_key = /opt/stack/data/CA/int-ca/private/devstack-cert.key {{(pid=91996) log_opt_values /opt/stack/data/venv/lib/python3.12/site-packages/oslo_config/cfg.py:3256}}
May 26 20:23:52.654899 np0000001463 neutron-periodic-workers[91996]: DEBUG cotyledon.oslo_config_glue [-] ovn.ovn_router_indirect_snat = False {{(pid=91996) log_opt_values /opt/stack/data/venv/lib/python3.12/site-packages/oslo_config/cfg.py:3256}}
May 26 20:23:52.654899 np0000001463 neutron-periodic-workers[91996]: DEBUG cotyledon.oslo_config_glue [-] ovn.ovn_sb_ca_cert = /opt/stack/data/CA/int-ca/ca-chain.pem {{(pid=91996) log_opt_values /opt/stack/data/venv/lib/python3.12/site-packages/oslo_config/cfg.py:3256}}
May 26 20:23:52.654899 np0000001463 neutron-periodic-workers[91996]: DEBUG cotyledon.oslo_config_glue [-] ovn.ovn_sb_certificate = /opt/stack/data/CA/int-ca/devstack-cert.crt {{(pid=91996) log_opt_values /opt/stack/data/venv/lib/python3.12/site-packages/oslo_config/cfg.py:3256}}
May 26 20:23:52.654899 np0000001463 neutron-periodic-workers[91996]: DEBUG cotyledon.oslo_config_glue [-] ovn.ovn_sb_connection = ['ssl:10.4.3.178:6642'] {{(pid=91996) log_opt_values /opt/stack/data/venv/lib/python3.12/site-packages/oslo_config/cfg.py:3256}}
May 26 20:23:52.654899 np0000001463 neutron-periodic-workers[91996]: DEBUG cotyledon.oslo_config_glue [-] ovn.ovn_sb_private_key = /opt/stack/data/CA/int-ca/private/devstack-cert.key {{(pid=91996) log_opt_values /opt/stack/data/venv/lib/python3.12/site-packages/oslo_config/cfg.py:3256}}
May 26 20:23:52.654899 np0000001463 neutron-periodic-workers[91996]: DEBUG cotyledon.oslo_config_glue [-] ovn.ovs_create_tap = False {{(pid=91996) log_opt_values /opt/stack/data/venv/lib/python3.12/site-packages/oslo_config/cfg.py:3256}}
May 26 20:23:52.654899 np0000001463 neutron-periodic-workers[91996]: DEBUG cotyledon.oslo_config_glue [-] ovn.ovsdb_connection_timeout = 180 {{(pid=91996) log_opt_values /opt/stack/data/venv/lib/python3.12/site-packages/oslo_config/cfg.py:3256}}
May 26 20:23:52.654899 np0000001463 neutron-periodic-workers[91996]: DEBUG cotyledon.oslo_config_glue [-] ovn.ovsdb_log_level = INFO {{(pid=91996) log_opt_values /opt/stack/data/venv/lib/python3.12/site-packages/oslo_config/cfg.py:3256}}
May 26 20:23:52.655070 np0000001463 neutron-periodic-workers[91996]: DEBUG cotyledon.oslo_config_glue [-] ovn.ovsdb_probe_interval = 60000 {{(pid=91996) log_opt_values /opt/stack/data/venv/lib/python3.12/site-packages/oslo_config/cfg.py:3256}}
May 26 20:23:52.655070 np0000001463 neutron-periodic-workers[91996]: DEBUG cotyledon.oslo_config_glue [-] ovn.ovsdb_retry_max_interval = 180 {{(pid=91996) log_opt_values /opt/stack/data/venv/lib/python3.12/site-packages/oslo_config/cfg.py:3256}}
May 26 20:23:52.655070 np0000001463 neutron-periodic-workers[91996]: DEBUG cotyledon.oslo_config_glue [-] ovn.stateless_nat_enabled = False {{(pid=91996) log_opt_values /opt/stack/data/venv/lib/python3.12/site-packages/oslo_config/cfg.py:3256}}
May 26 20:23:52.655070 np0000001463 neutron-periodic-workers[91996]: DEBUG cotyledon.oslo_config_glue [-] ovn.vhost_sock_dir = /var/run/openvswitch {{(pid=91996) log_opt_values /opt/stack/data/venv/lib/python3.12/site-packages/oslo_config/cfg.py:3256}}
May 26 20:23:52.655070 np0000001463 neutron-periodic-workers[91996]: DEBUG cotyledon.oslo_config_glue [-] OVS.bridge_mac_table_size = 50000 {{(pid=91996) log_opt_values /opt/stack/data/venv/lib/python3.12/site-packages/oslo_config/cfg.py:3256}}
May 26 20:23:52.655070 np0000001463 neutron-periodic-workers[91996]: DEBUG cotyledon.oslo_config_glue [-] OVS.igmp_flood = False {{(pid=91996) log_opt_values /opt/stack/data/venv/lib/python3.12/site-packages/oslo_config/cfg.py:3256}}
May 26 20:23:52.655070 np0000001463 neutron-periodic-workers[91996]: DEBUG cotyledon.oslo_config_glue [-] OVS.igmp_flood_reports = True {{(pid=91996) log_opt_values /opt/stack/data/venv/lib/python3.12/site-packages/oslo_config/cfg.py:3256}}
May 26 20:23:52.655070 np0000001463 neutron-periodic-workers[91996]: DEBUG cotyledon.oslo_config_glue [-] OVS.igmp_flood_unregistered = False {{(pid=91996) log_opt_values /opt/stack/data/venv/lib/python3.12/site-packages/oslo_config/cfg.py:3256}}
May 26 20:23:52.655070 np0000001463 neutron-periodic-workers[91996]: DEBUG cotyledon.oslo_config_glue [-] OVS.igmp_snooping_enable = False {{(pid=91996) log_opt_values /opt/stack/data/venv/lib/python3.12/site-packages/oslo_config/cfg.py:3256}}
May 26 20:23:52.655257 np0000001463 neutron-periodic-workers[91996]: DEBUG cotyledon.oslo_config_glue [-] OVS.ovsdb_timeout = 10 {{(pid=91996) log_opt_values /opt/stack/data/venv/lib/python3.12/site-packages/oslo_config/cfg.py:3256}}
May 26 20:23:52.655257 np0000001463 neutron-periodic-workers[91996]: DEBUG cotyledon.oslo_config_glue [-] ovn_nb_global.fdb_removal_limit = 0 {{(pid=91996) log_opt_values /opt/stack/data/venv/lib/python3.12/site-packages/oslo_config/cfg.py:3256}}
May 26 20:23:52.655257 np0000001463 neutron-periodic-workers[91996]: DEBUG cotyledon.oslo_config_glue [-] ovn_nb_global.ignore_lsp_down = False {{(pid=91996) log_opt_values /opt/stack/data/venv/lib/python3.12/site-packages/oslo_config/cfg.py:3256}}
May 26 20:23:52.655257 np0000001463 neutron-periodic-workers[91996]: DEBUG cotyledon.oslo_config_glue [-] ovn_nb_global.mac_binding_removal_limit = 0 {{(pid=91996) log_opt_values /opt/stack/data/venv/lib/python3.12/site-packages/oslo_config/cfg.py:3256}}
May 26 20:23:52.655257 np0000001463 neutron-periodic-workers[91996]: DEBUG cotyledon.oslo_config_glue [-] ******************************************************************************** {{(pid=91996) log_opt_values /opt/stack/data/venv/lib/python3.12/site-packages/oslo_config/cfg.py:3263}}
May 26 20:23:52.655257 np0000001463 neutron-periodic-workers[91996]: DEBUG cotyledon._service_worker [-] Run service ServiceWrapper(0) [91996] {{(pid=91996) wait_forever /opt/stack/data/venv/lib/python3.12/site-packages/cotyledon/_service_worker.py:218}}
May 26 20:24:02.291586 np0000001463 neutron-periodic-workers[90989]: DEBUG dbcounter [-] [90989] Writing DB stats neutron:SELECT=4 {{(pid=90989) stat_writer /opt/stack/data/venv/lib/python3.12/site-packages/dbcounter.py:115}}
May 26 20:24:07.619617 np0000001463 neutron-periodic-workers[91963]: DEBUG oslo_db.sqlalchemy.engines [None req-00c9b702-8c42-415a-98f0-8f9a8a6849c8 None None] Parent process 90989 forked (91963) with an open database connection, which is being discarded and recreated. {{(pid=91963) checkout /opt/stack/data/venv/lib/python3.12/site-packages/oslo_db/sqlalchemy/engines.py:402}}
May 26 20:24:07.688041 np0000001463 neutron-periodic-workers[91963]: DEBUG dbcounter [-] [91963] Writer thread running {{(pid=91963) stat_writer /opt/stack/data/venv/lib/python3.12/site-packages/dbcounter.py:102}}
May 26 20:24:07.697220 np0000001463 neutron-periodic-workers[91963]: DEBUG oslo.service.backend._threading.loopingcall [None req-00c9b702-8c42-415a-98f0-8f9a8a6849c8 None None] Fixed interval looping call 'neutron.services.ovn_l3.plugin.L3_NAT_dbonly_mixin._clean_garbage' sleeping for 299.92 seconds {{(pid=91963) _run_loop /opt/stack/data/venv/lib/python3.12/site-packages/oslo_service/backend/_threading/loopingcall.py:125}}
May 26 20:24:27.688577 np0000001463 neutron-periodic-workers[91963]: DEBUG dbcounter [-] [91963] Writing DB stats neutron:SELECT=1 {{(pid=91963) stat_writer /opt/stack/data/venv/lib/python3.12/site-packages/dbcounter.py:115}}
May 26 20:24:48.681041 np0000001463 neutron-periodic-workers[91985]: DEBUG dbcounter [-] [91985] Writer thread running {{(pid=91985) stat_writer /opt/stack/data/venv/lib/python3.12/site-packages/dbcounter.py:102}}
May 26 20:24:48.684366 np0000001463 neutron-periodic-workers[91985]: DEBUG neutron.db.agents_db [None req-3582c30f-4239-4a2e-98f2-8d94fb18fbea None None] Agent healthcheck: found 0 active agents {{(pid=91985) agent_health_check /opt/stack/neutron/neutron/db/agents_db.py:322}}
May 26 20:24:48.684601 np0000001463 neutron-periodic-workers[91985]: DEBUG oslo.service.backend._threading.loopingcall [None req-3582c30f-4239-4a2e-98f2-8d94fb18fbea None None] Fixed interval looping call 'neutron.plugins.ml2.plugin.AgentDbMixin.agent_health_check' sleeping for 36.95 seconds {{(pid=91985) _run_loop /opt/stack/data/venv/lib/python3.12/site-packages/oslo_service/backend/_threading/loopingcall.py:125}}
May 26 20:24:58.681493 np0000001463 neutron-periodic-workers[91985]: DEBUG dbcounter [-] [91985] Writing DB stats neutron:SELECT=1 {{(pid=91985) stat_writer /opt/stack/data/venv/lib/python3.12/site-packages/dbcounter.py:115}}
May 26 20:25:00.668971 np0000001463 neutron-periodic-workers[91977]: DEBUG dbcounter [-] [91977] Writer thread running {{(pid=91977) stat_writer /opt/stack/data/venv/lib/python3.12/site-packages/dbcounter.py:102}}
May 26 20:25:00.678562 np0000001463 neutron-periodic-workers[91977]: DEBUG oslo.service.backend._threading.loopingcall [None req-20fbe501-a3de-46ba-9c69-f3fbe60b2f95 None None] Fixed interval looping call 'neutron.plugins.ml2.plugin.DhcpAgentSchedulerDbMixin.remove_networks_from_down_agents' sleeping for 36.94 seconds {{(pid=91977) _run_loop /opt/stack/data/venv/lib/python3.12/site-packages/oslo_service/backend/_threading/loopingcall.py:125}}
May 26 20:25:10.677257 np0000001463 neutron-periodic-workers[91977]: DEBUG dbcounter [-] [91977] Writing DB stats neutron:SELECT=3 {{(pid=91977) stat_writer /opt/stack/data/venv/lib/python3.12/site-packages/dbcounter.py:115}}
May 26 20:25:25.638110 np0000001463 neutron-periodic-workers[91985]: DEBUG neutron.db.agents_db [None req-3582c30f-4239-4a2e-98f2-8d94fb18fbea None None] Agent healthcheck: found 0 active agents {{(pid=91985) agent_health_check /opt/stack/neutron/neutron/db/agents_db.py:322}}
May 26 20:25:25.638595 np0000001463 neutron-periodic-workers[91985]: DEBUG oslo.service.backend._threading.loopingcall [None req-3582c30f-4239-4a2e-98f2-8d94fb18fbea None None] Fixed interval looping call 'neutron.plugins.ml2.plugin.AgentDbMixin.agent_health_check' sleeping for 37.00 seconds {{(pid=91985) _run_loop /opt/stack/data/venv/lib/python3.12/site-packages/oslo_service/backend/_threading/loopingcall.py:125}}
May 26 20:25:35.636823 np0000001463 neutron-periodic-workers[91985]: DEBUG dbcounter [-] [91985] Writing DB stats neutron:SELECT=1 {{(pid=91985) stat_writer /opt/stack/data/venv/lib/python3.12/site-packages/dbcounter.py:115}}
May 26 20:25:37.625243 np0000001463 neutron-periodic-workers[91977]: DEBUG oslo.service.backend._threading.loopingcall [None req-20fbe501-a3de-46ba-9c69-f3fbe60b2f95 None None] Fixed interval looping call 'neutron.plugins.ml2.plugin.DhcpAgentSchedulerDbMixin.remove_networks_from_down_agents' sleeping for 36.99 seconds {{(pid=91977) _run_loop /opt/stack/data/venv/lib/python3.12/site-packages/oslo_service/backend/_threading/loopingcall.py:125}}
May 26 20:25:47.624945 np0000001463 neutron-periodic-workers[91977]: DEBUG dbcounter [-] [91977] Writing DB stats neutron:SELECT=3 {{(pid=91977) stat_writer /opt/stack/data/venv/lib/python3.12/site-packages/dbcounter.py:115}}
May 26 20:25:52.688148 np0000001463 neutron-periodic-workers[91996]: DEBUG dbcounter [-] [91996] Writer thread running {{(pid=91996) stat_writer /opt/stack/data/venv/lib/python3.12/site-packages/dbcounter.py:102}}
May 26 20:25:52.689718 np0000001463 neutron-periodic-workers[91996]: DEBUG oslo.service.backend._threading.loopingcall [None req-bfd3ac79-1854-471c-8e19-fe894e325563 None None] Fixed interval looping call 'neutron.db.quota.driver_nolock.DbQuotaNoLockDriver._remove_expired_reservations' sleeping for 119.96 seconds {{(pid=91996) _run_loop /opt/stack/data/venv/lib/python3.12/site-packages/oslo_service/backend/_threading/loopingcall.py:125}}
May 26 20:26:02.641734 np0000001463 neutron-periodic-workers[91985]: DEBUG neutron.db.agents_db [None req-3582c30f-4239-4a2e-98f2-8d94fb18fbea None None] Agent healthcheck: found 0 active agents {{(pid=91985) agent_health_check /opt/stack/neutron/neutron/db/agents_db.py:322}}
May 26 20:26:02.642200 np0000001463 neutron-periodic-workers[91985]: DEBUG oslo.service.backend._threading.loopingcall [None req-3582c30f-4239-4a2e-98f2-8d94fb18fbea None None] Fixed interval looping call 'neutron.plugins.ml2.plugin.AgentDbMixin.agent_health_check' sleeping for 37.00 seconds {{(pid=91985) _run_loop /opt/stack/data/venv/lib/python3.12/site-packages/oslo_service/backend/_threading/loopingcall.py:125}}
May 26 20:26:02.691497 np0000001463 neutron-periodic-workers[91996]: DEBUG dbcounter [-] [91996] Writing DB stats neutron:DELETE=1 {{(pid=91996) stat_writer /opt/stack/data/venv/lib/python3.12/site-packages/dbcounter.py:115}}
May 26 20:26:12.640730 np0000001463 neutron-periodic-workers[91985]: DEBUG dbcounter [-] [91985] Writing DB stats neutron:SELECT=1 {{(pid=91985) stat_writer /opt/stack/data/venv/lib/python3.12/site-packages/dbcounter.py:115}}
May 26 20:26:14.622115 np0000001463 neutron-periodic-workers[91977]: DEBUG oslo.service.backend._threading.loopingcall [None req-20fbe501-a3de-46ba-9c69-f3fbe60b2f95 None None] Fixed interval looping call 'neutron.plugins.ml2.plugin.DhcpAgentSchedulerDbMixin.remove_networks_from_down_agents' sleeping for 36.99 seconds {{(pid=91977) _run_loop /opt/stack/data/venv/lib/python3.12/site-packages/oslo_service/backend/_threading/loopingcall.py:125}}
May 26 20:26:24.620776 np0000001463 neutron-periodic-workers[91977]: DEBUG dbcounter [-] [91977] Writing DB stats neutron:SELECT=3 {{(pid=91977) stat_writer /opt/stack/data/venv/lib/python3.12/site-packages/dbcounter.py:115}}
May 26 20:26:39.646082 np0000001463 neutron-periodic-workers[91985]: DEBUG neutron.db.agents_db [None req-3582c30f-4239-4a2e-98f2-8d94fb18fbea None None] Agent healthcheck: found 0 active agents {{(pid=91985) agent_health_check /opt/stack/neutron/neutron/db/agents_db.py:322}}
May 26 20:26:39.646462 np0000001463 neutron-periodic-workers[91985]: DEBUG oslo.service.backend._threading.loopingcall [None req-3582c30f-4239-4a2e-98f2-8d94fb18fbea None None] Fixed interval looping call 'neutron.plugins.ml2.plugin.AgentDbMixin.agent_health_check' sleeping for 37.00 seconds {{(pid=91985) _run_loop /opt/stack/data/venv/lib/python3.12/site-packages/oslo_service/backend/_threading/loopingcall.py:125}}
May 26 20:26:49.644944 np0000001463 neutron-periodic-workers[91985]: DEBUG dbcounter [-] [91985] Writing DB stats neutron:SELECT=1 {{(pid=91985) stat_writer /opt/stack/data/venv/lib/python3.12/site-packages/dbcounter.py:115}}
May 26 20:26:51.620386 np0000001463 neutron-periodic-workers[91977]: DEBUG oslo.service.backend._threading.loopingcall [None req-20fbe501-a3de-46ba-9c69-f3fbe60b2f95 None None] Fixed interval looping call 'neutron.plugins.ml2.plugin.DhcpAgentSchedulerDbMixin.remove_networks_from_down_agents' sleeping for 36.99 seconds {{(pid=91977) _run_loop /opt/stack/data/venv/lib/python3.12/site-packages/oslo_service/backend/_threading/loopingcall.py:125}}
May 26 20:27:01.619016 np0000001463 neutron-periodic-workers[91977]: DEBUG dbcounter [-] [91977] Writing DB stats neutron:SELECT=3 {{(pid=91977) stat_writer /opt/stack/data/venv/lib/python3.12/site-packages/dbcounter.py:115}}
May 26 20:27:16.649795 np0000001463 neutron-periodic-workers[91985]: DEBUG neutron.db.agents_db [None req-3582c30f-4239-4a2e-98f2-8d94fb18fbea None None] Agent healthcheck: found 0 active agents {{(pid=91985) agent_health_check /opt/stack/neutron/neutron/db/agents_db.py:322}}
May 26 20:27:16.650332 np0000001463 neutron-periodic-workers[91985]: DEBUG oslo.service.backend._threading.loopingcall [None req-3582c30f-4239-4a2e-98f2-8d94fb18fbea None None] Fixed interval looping call 'neutron.plugins.ml2.plugin.AgentDbMixin.agent_health_check' sleeping for 37.00 seconds {{(pid=91985) _run_loop /opt/stack/data/venv/lib/python3.12/site-packages/oslo_service/backend/_threading/loopingcall.py:125}}
May 26 20:27:26.648668 np0000001463 neutron-periodic-workers[91985]: DEBUG dbcounter [-] [91985] Writing DB stats neutron:SELECT=1 {{(pid=91985) stat_writer /opt/stack/data/venv/lib/python3.12/site-packages/dbcounter.py:115}}
May 26 20:27:28.631191 np0000001463 neutron-periodic-workers[91977]: DEBUG oslo.service.backend._threading.loopingcall [None req-20fbe501-a3de-46ba-9c69-f3fbe60b2f95 None None] Fixed interval looping call 'neutron.plugins.ml2.plugin.DhcpAgentSchedulerDbMixin.remove_networks_from_down_agents' sleeping for 36.98 seconds {{(pid=91977) _run_loop /opt/stack/data/venv/lib/python3.12/site-packages/oslo_service/backend/_threading/loopingcall.py:125}}
May 26 20:27:38.625894 np0000001463 neutron-periodic-workers[91977]: DEBUG dbcounter [-] [91977] Writing DB stats neutron:SELECT=3 {{(pid=91977) stat_writer /opt/stack/data/venv/lib/python3.12/site-packages/dbcounter.py:115}}
May 26 20:27:52.664238 np0000001463 neutron-periodic-workers[91996]: DEBUG oslo.service.backend._threading.loopingcall [None req-bfd3ac79-1854-471c-8e19-fe894e325563 None None] Fixed interval looping call 'neutron.db.quota.driver_nolock.DbQuotaNoLockDriver._remove_expired_reservations' sleeping for 119.99 seconds {{(pid=91996) _run_loop /opt/stack/data/venv/lib/python3.12/site-packages/oslo_service/backend/_threading/loopingcall.py:125}}
May 26 20:27:53.654359 np0000001463 neutron-periodic-workers[91985]: DEBUG neutron.db.agents_db [None req-3582c30f-4239-4a2e-98f2-8d94fb18fbea None None] Agent healthcheck: found 0 active agents {{(pid=91985) agent_health_check /opt/stack/neutron/neutron/db/agents_db.py:322}}
May 26 20:27:53.654359 np0000001463 neutron-periodic-workers[91985]: DEBUG oslo.service.backend._threading.loopingcall [None req-3582c30f-4239-4a2e-98f2-8d94fb18fbea None None] Fixed interval looping call 'neutron.plugins.ml2.plugin.AgentDbMixin.agent_health_check' sleeping for 37.00 seconds {{(pid=91985) _run_loop /opt/stack/data/venv/lib/python3.12/site-packages/oslo_service/backend/_threading/loopingcall.py:125}}
May 26 20:28:02.662229 np0000001463 neutron-periodic-workers[91996]: DEBUG dbcounter [-] [91996] Writing DB stats neutron:DELETE=1 {{(pid=91996) stat_writer /opt/stack/data/venv/lib/python3.12/site-packages/dbcounter.py:115}}
May 26 20:28:03.653033 np0000001463 neutron-periodic-workers[91985]: DEBUG dbcounter [-] [91985] Writing DB stats neutron:SELECT=1 {{(pid=91985) stat_writer /opt/stack/data/venv/lib/python3.12/site-packages/dbcounter.py:115}}
May 26 20:28:05.616202 np0000001463 neutron-periodic-workers[91977]: DEBUG oslo.service.backend._threading.loopingcall [None req-20fbe501-a3de-46ba-9c69-f3fbe60b2f95 None None] Fixed interval looping call 'neutron.plugins.ml2.plugin.DhcpAgentSchedulerDbMixin.remove_networks_from_down_agents' sleeping for 36.99 seconds {{(pid=91977) _run_loop /opt/stack/data/venv/lib/python3.12/site-packages/oslo_service/backend/_threading/loopingcall.py:125}}
May 26 20:28:15.615218 np0000001463 neutron-periodic-workers[91977]: DEBUG dbcounter [-] [91977] Writing DB stats neutron:SELECT=3 {{(pid=91977) stat_writer /opt/stack/data/venv/lib/python3.12/site-packages/dbcounter.py:115}}
May 26 20:28:30.661370 np0000001463 neutron-periodic-workers[91985]: DEBUG neutron.db.agents_db [None req-3582c30f-4239-4a2e-98f2-8d94fb18fbea None None] Agent healthcheck: found 0 active agents {{(pid=91985) agent_health_check /opt/stack/neutron/neutron/db/agents_db.py:322}}
May 26 20:28:30.661370 np0000001463 neutron-periodic-workers[91985]: DEBUG oslo.service.backend._threading.loopingcall [None req-3582c30f-4239-4a2e-98f2-8d94fb18fbea None None] Fixed interval looping call 'neutron.plugins.ml2.plugin.AgentDbMixin.agent_health_check' sleeping for 36.99 seconds {{(pid=91985) _run_loop /opt/stack/data/venv/lib/python3.12/site-packages/oslo_service/backend/_threading/loopingcall.py:125}}
May 26 20:28:40.661828 np0000001463 neutron-periodic-workers[91985]: DEBUG dbcounter [-] [91985] Writing DB stats neutron:SELECT=1 {{(pid=91985) stat_writer /opt/stack/data/venv/lib/python3.12/site-packages/dbcounter.py:115}}
May 26 20:28:42.613188 np0000001463 neutron-periodic-workers[91977]: DEBUG oslo.service.backend._threading.loopingcall [None req-20fbe501-a3de-46ba-9c69-f3fbe60b2f95 None None] Fixed interval looping call 'neutron.plugins.ml2.plugin.DhcpAgentSchedulerDbMixin.remove_networks_from_down_agents' sleeping for 36.99 seconds {{(pid=91977) _run_loop /opt/stack/data/venv/lib/python3.12/site-packages/oslo_service/backend/_threading/loopingcall.py:125}}
May 26 20:28:52.612149 np0000001463 neutron-periodic-workers[91977]: DEBUG dbcounter [-] [91977] Writing DB stats neutron:SELECT=3 {{(pid=91977) stat_writer /opt/stack/data/venv/lib/python3.12/site-packages/dbcounter.py:115}}
May 26 20:29:07.632583 np0000001463 neutron-periodic-workers[91963]: DEBUG oslo.service.backend._threading.loopingcall [None req-00c9b702-8c42-415a-98f0-8f9a8a6849c8 None None] Fixed interval looping call 'neutron.services.ovn_l3.plugin.L3_NAT_dbonly_mixin._clean_garbage' sleeping for 299.99 seconds {{(pid=91963) _run_loop /opt/stack/data/venv/lib/python3.12/site-packages/oslo_service/backend/_threading/loopingcall.py:125}}
May 26 20:29:07.660790 np0000001463 neutron-periodic-workers[91985]: DEBUG neutron.db.agents_db [None req-3582c30f-4239-4a2e-98f2-8d94fb18fbea None None] Agent healthcheck: found 0 active agents {{(pid=91985) agent_health_check /opt/stack/neutron/neutron/db/agents_db.py:322}}
May 26 20:29:07.661180 np0000001463 neutron-periodic-workers[91985]: DEBUG oslo.service.backend._threading.loopingcall [None req-3582c30f-4239-4a2e-98f2-8d94fb18fbea None None] Fixed interval looping call 'neutron.plugins.ml2.plugin.AgentDbMixin.agent_health_check' sleeping for 36.99 seconds {{(pid=91985) _run_loop /opt/stack/data/venv/lib/python3.12/site-packages/oslo_service/backend/_threading/loopingcall.py:125}}
May 26 20:29:17.623216 np0000001463 neutron-periodic-workers[91963]: DEBUG dbcounter [-] [91963] Writing DB stats neutron:SELECT=1 {{(pid=91963) stat_writer /opt/stack/data/venv/lib/python3.12/site-packages/dbcounter.py:115}}
May 26 20:29:17.657906 np0000001463 neutron-periodic-workers[91985]: DEBUG dbcounter [-] [91985] Writing DB stats neutron:SELECT=1 {{(pid=91985) stat_writer /opt/stack/data/venv/lib/python3.12/site-packages/dbcounter.py:115}}
May 26 20:29:19.613598 np0000001463 neutron-periodic-workers[91977]: DEBUG oslo.service.backend._threading.loopingcall [None req-20fbe501-a3de-46ba-9c69-f3fbe60b2f95 None None] Fixed interval looping call 'neutron.plugins.ml2.plugin.DhcpAgentSchedulerDbMixin.remove_networks_from_down_agents' sleeping for 36.99 seconds {{(pid=91977) _run_loop /opt/stack/data/venv/lib/python3.12/site-packages/oslo_service/backend/_threading/loopingcall.py:125}}
May 26 20:29:29.611361 np0000001463 neutron-periodic-workers[91977]: DEBUG dbcounter [-] [91977] Writing DB stats neutron:SELECT=3 {{(pid=91977) stat_writer /opt/stack/data/venv/lib/python3.12/site-packages/dbcounter.py:115}}
May 26 20:29:44.658775 np0000001463 neutron-periodic-workers[91985]: DEBUG neutron.db.agents_db [None req-3582c30f-4239-4a2e-98f2-8d94fb18fbea None None] Agent healthcheck: found 0 active agents {{(pid=91985) agent_health_check /opt/stack/neutron/neutron/db/agents_db.py:322}}
May 26 20:29:44.659206 np0000001463 neutron-periodic-workers[91985]: DEBUG oslo.service.backend._threading.loopingcall [None req-3582c30f-4239-4a2e-98f2-8d94fb18fbea None None] Fixed interval looping call 'neutron.plugins.ml2.plugin.AgentDbMixin.agent_health_check' sleeping for 36.99 seconds {{(pid=91985) _run_loop /opt/stack/data/venv/lib/python3.12/site-packages/oslo_service/backend/_threading/loopingcall.py:125}}
May 26 20:29:52.660172 np0000001463 neutron-periodic-workers[91996]: DEBUG oslo.service.backend._threading.loopingcall [None req-bfd3ac79-1854-471c-8e19-fe894e325563 None None] Fixed interval looping call 'neutron.db.quota.driver_nolock.DbQuotaNoLockDriver._remove_expired_reservations' sleeping for 119.99 seconds {{(pid=91996) _run_loop /opt/stack/data/venv/lib/python3.12/site-packages/oslo_service/backend/_threading/loopingcall.py:125}}
May 26 20:29:54.656125 np0000001463 neutron-periodic-workers[91985]: DEBUG dbcounter [-] [91985] Writing DB stats neutron:SELECT=1 {{(pid=91985) stat_writer /opt/stack/data/venv/lib/python3.12/site-packages/dbcounter.py:115}}
May 26 20:29:56.611120 np0000001463 neutron-periodic-workers[91977]: DEBUG oslo.service.backend._threading.loopingcall [None req-20fbe501-a3de-46ba-9c69-f3fbe60b2f95 None None] Fixed interval looping call 'neutron.plugins.ml2.plugin.DhcpAgentSchedulerDbMixin.remove_networks_from_down_agents' sleeping for 36.99 seconds {{(pid=91977) _run_loop /opt/stack/data/venv/lib/python3.12/site-packages/oslo_service/backend/_threading/loopingcall.py:125}}
May 26 20:30:02.660201 np0000001463 neutron-periodic-workers[91996]: DEBUG dbcounter [-] [91996] Writing DB stats neutron:DELETE=1 {{(pid=91996) stat_writer /opt/stack/data/venv/lib/python3.12/site-packages/dbcounter.py:115}}
May 26 20:30:06.610249 np0000001463 neutron-periodic-workers[91977]: DEBUG dbcounter [-] [91977] Writing DB stats neutron:SELECT=3 {{(pid=91977) stat_writer /opt/stack/data/venv/lib/python3.12/site-packages/dbcounter.py:115}}
May 26 20:30:21.654036 np0000001463 neutron-periodic-workers[91985]: DEBUG neutron.db.agents_db [None req-3582c30f-4239-4a2e-98f2-8d94fb18fbea None None] Agent healthcheck: found 0 active agents {{(pid=91985) agent_health_check /opt/stack/neutron/neutron/db/agents_db.py:322}}
May 26 20:30:21.654491 np0000001463 neutron-periodic-workers[91985]: DEBUG oslo.service.backend._threading.loopingcall [None req-3582c30f-4239-4a2e-98f2-8d94fb18fbea None None] Fixed interval looping call 'neutron.plugins.ml2.plugin.AgentDbMixin.agent_health_check' sleeping for 37.00 seconds {{(pid=91985) _run_loop /opt/stack/data/venv/lib/python3.12/site-packages/oslo_service/backend/_threading/loopingcall.py:125}}
May 26 20:30:31.652848 np0000001463 neutron-periodic-workers[91985]: DEBUG dbcounter [-] [91985] Writing DB stats neutron:SELECT=1 {{(pid=91985) stat_writer /opt/stack/data/venv/lib/python3.12/site-packages/dbcounter.py:115}}
May 26 20:30:33.617092 np0000001463 neutron-periodic-workers[91977]: DEBUG oslo.service.backend._threading.loopingcall [None req-20fbe501-a3de-46ba-9c69-f3fbe60b2f95 None None] Fixed interval looping call 'neutron.plugins.ml2.plugin.DhcpAgentSchedulerDbMixin.remove_networks_from_down_agents' sleeping for 36.98 seconds {{(pid=91977) _run_loop /opt/stack/data/venv/lib/python3.12/site-packages/oslo_service/backend/_threading/loopingcall.py:125}}
May 26 20:30:43.615783 np0000001463 neutron-periodic-workers[91977]: DEBUG dbcounter [-] [91977] Writing DB stats neutron:SELECT=3 {{(pid=91977) stat_writer /opt/stack/data/venv/lib/python3.12/site-packages/dbcounter.py:115}}
May 26 20:30:58.666400 np0000001463 neutron-periodic-workers[91985]: DEBUG neutron.db.agents_db [None req-3582c30f-4239-4a2e-98f2-8d94fb18fbea None None] Agent healthcheck: found 0 active agents {{(pid=91985) agent_health_check /opt/stack/neutron/neutron/db/agents_db.py:322}}
May 26 20:30:58.666400 np0000001463 neutron-periodic-workers[91985]: DEBUG oslo.service.backend._threading.loopingcall [None req-3582c30f-4239-4a2e-98f2-8d94fb18fbea None None] Fixed interval looping call 'neutron.plugins.ml2.plugin.AgentDbMixin.agent_health_check' sleeping for 36.99 seconds {{(pid=91985) _run_loop /opt/stack/data/venv/lib/python3.12/site-packages/oslo_service/backend/_threading/loopingcall.py:125}}
May 26 20:31:08.660683 np0000001463 neutron-periodic-workers[91985]: DEBUG dbcounter [-] [91985] Writing DB stats neutron:SELECT=1 {{(pid=91985) stat_writer /opt/stack/data/venv/lib/python3.12/site-packages/dbcounter.py:115}}
May 26 20:31:10.604045 np0000001463 neutron-periodic-workers[91977]: DEBUG oslo.service.backend._threading.loopingcall [None req-20fbe501-a3de-46ba-9c69-f3fbe60b2f95 None None] Fixed interval looping call 'neutron.plugins.ml2.plugin.DhcpAgentSchedulerDbMixin.remove_networks_from_down_agents' sleeping for 36.99 seconds {{(pid=91977) _run_loop /opt/stack/data/venv/lib/python3.12/site-packages/oslo_service/backend/_threading/loopingcall.py:125}}
May 26 20:31:20.603264 np0000001463 neutron-periodic-workers[91977]: DEBUG dbcounter [-] [91977] Writing DB stats neutron:SELECT=3 {{(pid=91977) stat_writer /opt/stack/data/venv/lib/python3.12/site-packages/dbcounter.py:115}}
May 26 20:31:35.659318 np0000001463 neutron-periodic-workers[91985]: DEBUG neutron.db.agents_db [None req-3582c30f-4239-4a2e-98f2-8d94fb18fbea None None] Agent healthcheck: found 0 active agents {{(pid=91985) agent_health_check /opt/stack/neutron/neutron/db/agents_db.py:322}}
May 26 20:31:35.659789 np0000001463 neutron-periodic-workers[91985]: DEBUG oslo.service.backend._threading.loopingcall [None req-3582c30f-4239-4a2e-98f2-8d94fb18fbea None None] Fixed interval looping call 'neutron.plugins.ml2.plugin.AgentDbMixin.agent_health_check' sleeping for 37.00 seconds {{(pid=91985) _run_loop /opt/stack/data/venv/lib/python3.12/site-packages/oslo_service/backend/_threading/loopingcall.py:125}}
May 26 20:31:45.659635 np0000001463 neutron-periodic-workers[91985]: DEBUG dbcounter [-] [91985] Writing DB stats neutron:SELECT=1 {{(pid=91985) stat_writer /opt/stack/data/venv/lib/python3.12/site-packages/dbcounter.py:115}}
May 26 20:31:47.617664 np0000001463 neutron-periodic-workers[91977]: DEBUG oslo.service.backend._threading.loopingcall [None req-20fbe501-a3de-46ba-9c69-f3fbe60b2f95 None None] Fixed interval looping call 'neutron.plugins.ml2.plugin.DhcpAgentSchedulerDbMixin.remove_networks_from_down_agents' sleeping for 36.98 seconds {{(pid=91977) _run_loop /opt/stack/data/venv/lib/python3.12/site-packages/oslo_service/backend/_threading/loopingcall.py:125}}
May 26 20:31:52.659487 np0000001463 neutron-periodic-workers[91996]: DEBUG oslo.service.backend._threading.loopingcall [None req-bfd3ac79-1854-471c-8e19-fe894e325563 None None] Fixed interval looping call 'neutron.db.quota.driver_nolock.DbQuotaNoLockDriver._remove_expired_reservations' sleeping for 119.99 seconds {{(pid=91996) _run_loop /opt/stack/data/venv/lib/python3.12/site-packages/oslo_service/backend/_threading/loopingcall.py:125}}
May 26 20:31:57.615002 np0000001463 neutron-periodic-workers[91977]: DEBUG dbcounter [-] [91977] Writing DB stats neutron:SELECT=3 {{(pid=91977) stat_writer /opt/stack/data/venv/lib/python3.12/site-packages/dbcounter.py:115}}
May 26 20:32:02.655011 np0000001463 neutron-periodic-workers[91996]: DEBUG dbcounter [-] [91996] Writing DB stats neutron:DELETE=1 {{(pid=91996) stat_writer /opt/stack/data/venv/lib/python3.12/site-packages/dbcounter.py:115}}
May 26 20:32:12.664740 np0000001463 neutron-periodic-workers[91985]: DEBUG neutron.db.agents_db [None req-3582c30f-4239-4a2e-98f2-8d94fb18fbea None None] Agent healthcheck: found 0 active agents {{(pid=91985) agent_health_check /opt/stack/neutron/neutron/db/agents_db.py:322}}
May 26 20:32:12.665373 np0000001463 neutron-periodic-workers[91985]: DEBUG oslo.service.backend._threading.loopingcall [None req-3582c30f-4239-4a2e-98f2-8d94fb18fbea None None] Fixed interval looping call 'neutron.plugins.ml2.plugin.AgentDbMixin.agent_health_check' sleeping for 36.99 seconds {{(pid=91985) _run_loop /opt/stack/data/venv/lib/python3.12/site-packages/oslo_service/backend/_threading/loopingcall.py:125}}
May 26 20:32:22.665205 np0000001463 neutron-periodic-workers[91985]: DEBUG dbcounter [-] [91985] Writing DB stats neutron:SELECT=1 {{(pid=91985) stat_writer /opt/stack/data/venv/lib/python3.12/site-packages/dbcounter.py:115}}
May 26 20:32:24.614339 np0000001463 neutron-periodic-workers[91977]: DEBUG oslo.service.backend._threading.loopingcall [None req-20fbe501-a3de-46ba-9c69-f3fbe60b2f95 None None] Fixed interval looping call 'neutron.plugins.ml2.plugin.DhcpAgentSchedulerDbMixin.remove_networks_from_down_agents' sleeping for 36.98 seconds {{(pid=91977) _run_loop /opt/stack/data/venv/lib/python3.12/site-packages/oslo_service/backend/_threading/loopingcall.py:125}}
May 26 20:32:34.611735 np0000001463 neutron-periodic-workers[91977]: DEBUG dbcounter [-] [91977] Writing DB stats neutron:SELECT=3 {{(pid=91977) stat_writer /opt/stack/data/venv/lib/python3.12/site-packages/dbcounter.py:115}}
May 26 20:32:49.665349 np0000001463 neutron-periodic-workers[91985]: DEBUG neutron.db.agents_db [None req-3582c30f-4239-4a2e-98f2-8d94fb18fbea None None] Agent healthcheck: found 0 active agents {{(pid=91985) agent_health_check /opt/stack/neutron/neutron/db/agents_db.py:322}}
May 26 20:32:49.665688 np0000001463 neutron-periodic-workers[91985]: DEBUG oslo.service.backend._threading.loopingcall [None req-3582c30f-4239-4a2e-98f2-8d94fb18fbea None None] Fixed interval looping call 'neutron.plugins.ml2.plugin.AgentDbMixin.agent_health_check' sleeping for 36.99 seconds {{(pid=91985) _run_loop /opt/stack/data/venv/lib/python3.12/site-packages/oslo_service/backend/_threading/loopingcall.py:125}}
May 26 20:32:59.667553 np0000001463 neutron-periodic-workers[91985]: DEBUG dbcounter [-] [91985] Writing DB stats neutron:SELECT=1 {{(pid=91985) stat_writer /opt/stack/data/venv/lib/python3.12/site-packages/dbcounter.py:115}}
May 26 20:33:01.603690 np0000001463 neutron-periodic-workers[91977]: DEBUG oslo.service.backend._threading.loopingcall [None req-20fbe501-a3de-46ba-9c69-f3fbe60b2f95 None None] Fixed interval looping call 'neutron.plugins.ml2.plugin.DhcpAgentSchedulerDbMixin.remove_networks_from_down_agents' sleeping for 36.99 seconds {{(pid=91977) _run_loop /opt/stack/data/venv/lib/python3.12/site-packages/oslo_service/backend/_threading/loopingcall.py:125}}
May 26 20:33:11.604034 np0000001463 neutron-periodic-workers[91977]: DEBUG dbcounter [-] [91977] Writing DB stats neutron:SELECT=3 {{(pid=91977) stat_writer /opt/stack/data/venv/lib/python3.12/site-packages/dbcounter.py:115}}
May 26 20:33:26.660303 np0000001463 neutron-periodic-workers[91985]: DEBUG neutron.db.agents_db [None req-3582c30f-4239-4a2e-98f2-8d94fb18fbea None None] Agent healthcheck: found 0 active agents {{(pid=91985) agent_health_check /opt/stack/neutron/neutron/db/agents_db.py:322}}
May 26 20:33:26.660755 np0000001463 neutron-periodic-workers[91985]: DEBUG oslo.service.backend._threading.loopingcall [None req-3582c30f-4239-4a2e-98f2-8d94fb18fbea None None] Fixed interval looping call 'neutron.plugins.ml2.plugin.AgentDbMixin.agent_health_check' sleeping for 37.00 seconds {{(pid=91985) _run_loop /opt/stack/data/venv/lib/python3.12/site-packages/oslo_service/backend/_threading/loopingcall.py:125}}
May 26 20:33:36.854422 np0000001463 neutron-periodic-workers[91985]: DEBUG dbcounter [-] [91985] Writing DB stats neutron:SELECT=1 {{(pid=91985) stat_writer /opt/stack/data/venv/lib/python3.12/site-packages/dbcounter.py:115}}
May 26 20:33:38.602799 np0000001463 neutron-periodic-workers[91977]: DEBUG oslo.service.backend._threading.loopingcall [None req-20fbe501-a3de-46ba-9c69-f3fbe60b2f95 None None] Fixed interval looping call 'neutron.plugins.ml2.plugin.DhcpAgentSchedulerDbMixin.remove_networks_from_down_agents' sleeping for 36.99 seconds {{(pid=91977) _run_loop /opt/stack/data/venv/lib/python3.12/site-packages/oslo_service/backend/_threading/loopingcall.py:125}}
May 26 20:33:48.601920 np0000001463 neutron-periodic-workers[91977]: DEBUG dbcounter [-] [91977] Writing DB stats neutron:SELECT=3 {{(pid=91977) stat_writer /opt/stack/data/venv/lib/python3.12/site-packages/dbcounter.py:115}}
May 26 20:33:52.651434 np0000001463 neutron-periodic-workers[91996]: DEBUG oslo.service.backend._threading.loopingcall [None req-bfd3ac79-1854-471c-8e19-fe894e325563 None None] Fixed interval looping call 'neutron.db.quota.driver_nolock.DbQuotaNoLockDriver._remove_expired_reservations' sleeping for 120.00 seconds {{(pid=91996) _run_loop /opt/stack/data/venv/lib/python3.12/site-packages/oslo_service/backend/_threading/loopingcall.py:125}}
May 26 20:34:02.650813 np0000001463 neutron-periodic-workers[91996]: DEBUG dbcounter [-] [91996] Writing DB stats neutron:DELETE=1 {{(pid=91996) stat_writer /opt/stack/data/venv/lib/python3.12/site-packages/dbcounter.py:115}}
May 26 20:34:03.668763 np0000001463 neutron-periodic-workers[91985]: DEBUG neutron.db.agents_db [None req-3582c30f-4239-4a2e-98f2-8d94fb18fbea None None] Agent healthcheck: found 0 active agents {{(pid=91985) agent_health_check /opt/stack/neutron/neutron/db/agents_db.py:322}}
May 26 20:34:03.669155 np0000001463 neutron-periodic-workers[91985]: DEBUG oslo.service.backend._threading.loopingcall [None req-3582c30f-4239-4a2e-98f2-8d94fb18fbea None None] Fixed interval looping call 'neutron.plugins.ml2.plugin.AgentDbMixin.agent_health_check' sleeping for 36.99 seconds {{(pid=91985) _run_loop /opt/stack/data/venv/lib/python3.12/site-packages/oslo_service/backend/_threading/loopingcall.py:125}}
May 26 20:34:07.630516 np0000001463 neutron-periodic-workers[91963]: DEBUG oslo.service.backend._threading.loopingcall [None req-00c9b702-8c42-415a-98f0-8f9a8a6849c8 None None] Fixed interval looping call 'neutron.services.ovn_l3.plugin.L3_NAT_dbonly_mixin._clean_garbage' sleeping for 299.99 seconds {{(pid=91963) _run_loop /opt/stack/data/venv/lib/python3.12/site-packages/oslo_service/backend/_threading/loopingcall.py:125}}
May 26 20:34:13.671161 np0000001463 neutron-periodic-workers[91985]: DEBUG dbcounter [-] [91985] Writing DB stats neutron:SELECT=1 {{(pid=91985) stat_writer /opt/stack/data/venv/lib/python3.12/site-packages/dbcounter.py:115}}
May 26 20:34:15.602353 np0000001463 neutron-periodic-workers[91977]: DEBUG oslo.service.backend._threading.loopingcall [None req-20fbe501-a3de-46ba-9c69-f3fbe60b2f95 None None] Fixed interval looping call 'neutron.plugins.ml2.plugin.DhcpAgentSchedulerDbMixin.remove_networks_from_down_agents' sleeping for 36.99 seconds {{(pid=91977) _run_loop /opt/stack/data/venv/lib/python3.12/site-packages/oslo_service/backend/_threading/loopingcall.py:125}}
May 26 20:34:17.626803 np0000001463 neutron-periodic-workers[91963]: DEBUG dbcounter [-] [91963] Writing DB stats neutron:SELECT=1 {{(pid=91963) stat_writer /opt/stack/data/venv/lib/python3.12/site-packages/dbcounter.py:115}}
May 26 20:34:25.601871 np0000001463 neutron-periodic-workers[91977]: DEBUG dbcounter [-] [91977] Writing DB stats neutron:SELECT=3 {{(pid=91977) stat_writer /opt/stack/data/venv/lib/python3.12/site-packages/dbcounter.py:115}}
May 26 20:34:40.665494 np0000001463 neutron-periodic-workers[91985]: DEBUG neutron.db.agents_db [None req-3582c30f-4239-4a2e-98f2-8d94fb18fbea None None] Agent healthcheck: found 0 active agents {{(pid=91985) agent_health_check /opt/stack/neutron/neutron/db/agents_db.py:322}}
May 26 20:34:40.665494 np0000001463 neutron-periodic-workers[91985]: DEBUG oslo.service.backend._threading.loopingcall [None req-3582c30f-4239-4a2e-98f2-8d94fb18fbea None None] Fixed interval looping call 'neutron.plugins.ml2.plugin.AgentDbMixin.agent_health_check' sleeping for 37.00 seconds {{(pid=91985) _run_loop /opt/stack/data/venv/lib/python3.12/site-packages/oslo_service/backend/_threading/loopingcall.py:125}}
May 26 20:34:50.662415 np0000001463 neutron-periodic-workers[91985]: DEBUG dbcounter [-] [91985] Writing DB stats neutron:SELECT=1 {{(pid=91985) stat_writer /opt/stack/data/venv/lib/python3.12/site-packages/dbcounter.py:115}}
May 26 20:34:52.609918 np0000001463 neutron-periodic-workers[91977]: DEBUG oslo.service.backend._threading.loopingcall [None req-20fbe501-a3de-46ba-9c69-f3fbe60b2f95 None None] Fixed interval looping call 'neutron.plugins.ml2.plugin.DhcpAgentSchedulerDbMixin.remove_networks_from_down_agents' sleeping for 36.98 seconds {{(pid=91977) _run_loop /opt/stack/data/venv/lib/python3.12/site-packages/oslo_service/backend/_threading/loopingcall.py:125}}
May 26 20:35:02.614079 np0000001463 neutron-periodic-workers[91977]: DEBUG dbcounter [-] [91977] Writing DB stats neutron:SELECT=3 {{(pid=91977) stat_writer /opt/stack/data/venv/lib/python3.12/site-packages/dbcounter.py:115}}
May 26 20:35:17.667399 np0000001463 neutron-periodic-workers[91985]: DEBUG neutron.db.agents_db [None req-3582c30f-4239-4a2e-98f2-8d94fb18fbea None None] Agent healthcheck: found 0 active agents {{(pid=91985) agent_health_check /opt/stack/neutron/neutron/db/agents_db.py:322}}
May 26 20:35:17.667848 np0000001463 neutron-periodic-workers[91985]: DEBUG oslo.service.backend._threading.loopingcall [None req-3582c30f-4239-4a2e-98f2-8d94fb18fbea None None] Fixed interval looping call 'neutron.plugins.ml2.plugin.AgentDbMixin.agent_health_check' sleeping for 37.00 seconds {{(pid=91985) _run_loop /opt/stack/data/venv/lib/python3.12/site-packages/oslo_service/backend/_threading/loopingcall.py:125}}
May 26 20:35:27.667776 np0000001463 neutron-periodic-workers[91985]: DEBUG dbcounter [-] [91985] Writing DB stats neutron:SELECT=1 {{(pid=91985) stat_writer /opt/stack/data/venv/lib/python3.12/site-packages/dbcounter.py:115}}
May 26 20:35:29.599817 np0000001463 neutron-periodic-workers[91977]: DEBUG oslo.service.backend._threading.loopingcall [None req-20fbe501-a3de-46ba-9c69-f3fbe60b2f95 None None] Fixed interval looping call 'neutron.plugins.ml2.plugin.DhcpAgentSchedulerDbMixin.remove_networks_from_down_agents' sleeping for 36.99 seconds {{(pid=91977) _run_loop /opt/stack/data/venv/lib/python3.12/site-packages/oslo_service/backend/_threading/loopingcall.py:125}}
May 26 20:35:39.599143 np0000001463 neutron-periodic-workers[91977]: DEBUG dbcounter [-] [91977] Writing DB stats neutron:SELECT=3 {{(pid=91977) stat_writer /opt/stack/data/venv/lib/python3.12/site-packages/dbcounter.py:115}}
May 26 20:35:52.655605 np0000001463 neutron-periodic-workers[91996]: DEBUG oslo.service.backend._threading.loopingcall [None req-bfd3ac79-1854-471c-8e19-fe894e325563 None None] Fixed interval looping call 'neutron.db.quota.driver_nolock.DbQuotaNoLockDriver._remove_expired_reservations' sleeping for 120.00 seconds {{(pid=91996) _run_loop /opt/stack/data/venv/lib/python3.12/site-packages/oslo_service/backend/_threading/loopingcall.py:125}}
May 26 20:35:54.675886 np0000001463 neutron-periodic-workers[91985]: DEBUG neutron.db.agents_db [None req-3582c30f-4239-4a2e-98f2-8d94fb18fbea None None] Agent healthcheck: found 0 active agents {{(pid=91985) agent_health_check /opt/stack/neutron/neutron/db/agents_db.py:322}}
May 26 20:35:54.675886 np0000001463 neutron-periodic-workers[91985]: DEBUG oslo.service.backend._threading.loopingcall [None req-3582c30f-4239-4a2e-98f2-8d94fb18fbea None None] Fixed interval looping call 'neutron.plugins.ml2.plugin.AgentDbMixin.agent_health_check' sleeping for 36.99 seconds {{(pid=91985) _run_loop /opt/stack/data/venv/lib/python3.12/site-packages/oslo_service/backend/_threading/loopingcall.py:125}}
May 26 20:36:02.654510 np0000001463 neutron-periodic-workers[91996]: DEBUG dbcounter [-] [91996] Writing DB stats neutron:DELETE=1 {{(pid=91996) stat_writer /opt/stack/data/venv/lib/python3.12/site-packages/dbcounter.py:115}}
May 26 20:36:04.675445 np0000001463 neutron-periodic-workers[91985]: DEBUG dbcounter [-] [91985] Writing DB stats neutron:SELECT=1 {{(pid=91985) stat_writer /opt/stack/data/venv/lib/python3.12/site-packages/dbcounter.py:115}}
May 26 20:36:06.596393 np0000001463 neutron-periodic-workers[91977]: DEBUG oslo.service.backend._threading.loopingcall [None req-20fbe501-a3de-46ba-9c69-f3fbe60b2f95 None None] Fixed interval looping call 'neutron.plugins.ml2.plugin.DhcpAgentSchedulerDbMixin.remove_networks_from_down_agents' sleeping for 36.99 seconds {{(pid=91977) _run_loop /opt/stack/data/venv/lib/python3.12/site-packages/oslo_service/backend/_threading/loopingcall.py:125}}
May 26 20:36:16.595216 np0000001463 neutron-periodic-workers[91977]: DEBUG dbcounter [-] [91977] Writing DB stats neutron:SELECT=3 {{(pid=91977) stat_writer /opt/stack/data/venv/lib/python3.12/site-packages/dbcounter.py:115}}
May 26 20:36:31.669106 np0000001463 neutron-periodic-workers[91985]: DEBUG neutron.db.agents_db [None req-3582c30f-4239-4a2e-98f2-8d94fb18fbea None None] Agent healthcheck: found 0 active agents {{(pid=91985) agent_health_check /opt/stack/neutron/neutron/db/agents_db.py:322}}
