Aug 25 00:21:42.674334 np0000008036 devstack@g-api.service[99853]: DEBUG glance_store.backend [-] Registering store swift with schemes ('swift+https', 'swift', 'swift+http', 'swift+config') {{(pid=99853) create_stores /opt/stack/data/venv/lib/python3.12/site-packages/glance_store/backend.py:261}}
Aug 25 00:21:42.674413 np0000008036 devstack@g-api.service[99853]: DEBUG glance_store.driver [-] Late loading location class glance_store._drivers.swift.store.StoreLocation {{(pid=99853) get_store_location_class /opt/stack/data/venv/lib/python3.12/site-packages/glance_store/driver.py:134}}
Aug 25 00:21:42.674524 np0000008036 devstack@g-api.service[99853]: DEBUG glance_store.location [-] Registering scheme swift+https with {'store': , 'location_class': , 'store_entry': 'swift'} {{(pid=99853) register_scheme_map /opt/stack/data/venv/lib/python3.12/site-packages/glance_store/location.py:146}}
Aug 25 00:21:42.674604 np0000008036 devstack@g-api.service[99853]: DEBUG glance_store.location [-] Registering scheme swift with {'store': , 'location_class': , 'store_entry': 'swift'} {{(pid=99853) register_scheme_map /opt/stack/data/venv/lib/python3.12/site-packages/glance_store/location.py:146}}
Aug 25 00:21:42.674712 np0000008036 devstack@g-api.service[99853]: DEBUG glance_store.location [-] Registering scheme swift+http with {'store': , 'location_class': , 'store_entry': 'swift'} {{(pid=99853) register_scheme_map /opt/stack/data/venv/lib/python3.12/site-packages/glance_store/location.py:146}}
Aug 25 00:21:42.674788 np0000008036 devstack@g-api.service[99853]: DEBUG glance_store.location [-] Registering scheme swift+config with {'store': , 'location_class': , 'store_entry': 'swift'} {{(pid=99853) register_scheme_map /opt/stack/data/venv/lib/python3.12/site-packages/glance_store/location.py:146}}
Aug 25 00:21:42.674871 np0000008036 devstack@g-api.service[99853]: DEBUG glance_store.backend [-] Attempting to import store http {{(pid=99853) _load_store /opt/stack/data/venv/lib/python3.12/site-packages/glance_store/backend.py:215}}
Aug 25 00:21:42.675123 np0000008036 devstack@g-api.service[99853]: DEBUG glance_store.capabilities [-] Store glance_store._drivers.http.Store doesn't support updating dynamic storage capabilities. Please overwrite 'update_capabilities' method of the store to implement updating logics if needed. {{(pid=99853) update_capabilities /opt/stack/data/venv/lib/python3.12/site-packages/glance_store/capabilities.py:91}}
Aug 25 00:21:42.675191 np0000008036 devstack@g-api.service[99853]: DEBUG glance_store.backend [-] Registering store http with schemes ('http', 'https') {{(pid=99853) create_stores /opt/stack/data/venv/lib/python3.12/site-packages/glance_store/backend.py:261}}
Aug 25 00:21:42.675260 np0000008036 devstack@g-api.service[99853]: DEBUG glance_store.driver [-] Late loading location class glance_store._drivers.http.StoreLocation {{(pid=99853) get_store_location_class /opt/stack/data/venv/lib/python3.12/site-packages/glance_store/driver.py:134}}
Aug 25 00:21:42.675359 np0000008036 devstack@g-api.service[99853]: DEBUG glance_store.location [-] Registering scheme http with {'store': , 'location_class': , 'store_entry': 'http'} {{(pid=99853) register_scheme_map /opt/stack/data/venv/lib/python3.12/site-packages/glance_store/location.py:146}}
Aug 25 00:21:42.675419 np0000008036 devstack@g-api.service[99853]: DEBUG glance_store.location [-] Registering scheme https with {'store': , 'location_class': , 'store_entry': 'http'} {{(pid=99853) register_scheme_map /opt/stack/data/venv/lib/python3.12/site-packages/glance_store/location.py:146}}
Aug 25 00:21:42.675588 np0000008036 devstack@g-api.service[99853]: DEBUG glance_store.backend [-] Attempting to import store swift {{(pid=99853) _load_store /opt/stack/data/venv/lib/python3.12/site-packages/glance_store/backend.py:215}}
Aug 25 00:21:42.676728 np0000008036 devstack@g-api.service[99853]: DEBUG glance_store.capabilities [-] Store glance_store._drivers.swift.store.SingleTenantStore doesn't support updating dynamic storage capabilities. Please overwrite 'update_capabilities' method of the store to implement updating logics if needed. {{(pid=99853) update_capabilities /opt/stack/data/venv/lib/python3.12/site-packages/glance_store/capabilities.py:91}}
Aug 25 00:21:42.676794 np0000008036 devstack@g-api.service[99853]: DEBUG glance_store.driver [-] Late loading location class glance_store._drivers.swift.store.StoreLocation {{(pid=99853) get_store_location_class /opt/stack/data/venv/lib/python3.12/site-packages/glance_store/driver.py:134}}
Aug 25 00:21:42.676879 np0000008036 devstack@g-api.service[99853]: DEBUG glance_store.location [-] Registering scheme swift+https with {'store': , 'location_class': , 'store_entry': 'swift'} {{(pid=99853) register_scheme_map /opt/stack/data/venv/lib/python3.12/site-packages/glance_store/location.py:146}}
Aug 25 00:21:42.676952 np0000008036 devstack@g-api.service[99853]: DEBUG glance_store.location [-] Registering scheme swift+https with {'store': , 'location_class': , 'store_entry': 'swift'} {{(pid=99853) register_scheme_map /opt/stack/data/venv/lib/python3.12/site-packages/glance_store/location.py:146}}
Aug 25 00:21:42.677025 np0000008036 devstack@g-api.service[99853]: DEBUG glance_store.location [-] Registering scheme swift with {'store': , 'location_class': , 'store_entry': 'swift'} {{(pid=99853) register_scheme_map /opt/stack/data/venv/lib/python3.12/site-packages/glance_store/location.py:146}}
Aug 25 00:21:42.677090 np0000008036 devstack@g-api.service[99853]: DEBUG glance_store.location [-] Registering scheme swift+https with {'store': , 'location_class': , 'store_entry': 'swift'} {{(pid=99853) register_scheme_map /opt/stack/data/venv/lib/python3.12/site-packages/glance_store/location.py:146}}
Aug 25 00:21:42.677137 np0000008036 devstack@g-api.service[99853]: DEBUG glance_store.location [-] Registering scheme swift with {'store': , 'location_class': , 'store_entry': 'swift'} {{(pid=99853) register_scheme_map /opt/stack/data/venv/lib/python3.12/site-packages/glance_store/location.py:146}}
Aug 25 00:21:42.677179 np0000008036 devstack@g-api.service[99853]: DEBUG glance_store.location [-] Registering scheme swift+http with {'store': , 'location_class': , 'store_entry': 'swift'} {{(pid=99853) register_scheme_map /opt/stack/data/venv/lib/python3.12/site-packages/glance_store/location.py:146}}
Aug 25 00:21:42.677224 np0000008036 devstack@g-api.service[99853]: DEBUG glance_store.location [-] Registering scheme swift+https with {'store': , 'location_class': , 'store_entry': 'swift'} {{(pid=99853) register_scheme_map /opt/stack/data/venv/lib/python3.12/site-packages/glance_store/location.py:146}}
Aug 25 00:21:42.677262 np0000008036 devstack@g-api.service[99853]: DEBUG glance_store.location [-] Registering scheme swift with {'store': , 'location_class': , 'store_entry': 'swift'} {{(pid=99853) register_scheme_map /opt/stack/data/venv/lib/python3.12/site-packages/glance_store/location.py:146}}
Aug 25 00:21:42.677316 np0000008036 devstack@g-api.service[99853]: DEBUG glance_store.location [-] Registering scheme swift+http with {'store': , 'location_class': , 'store_entry': 'swift'} {{(pid=99853) register_scheme_map /opt/stack/data/venv/lib/python3.12/site-packages/glance_store/location.py:146}}
Aug 25 00:21:42.677359 np0000008036 devstack@g-api.service[99853]: DEBUG glance_store.location [-] Registering scheme swift+config with {'store': , 'location_class': , 'store_entry': 'swift'} {{(pid=99853) register_scheme_map /opt/stack/data/venv/lib/python3.12/site-packages/glance_store/location.py:146}}
Aug 25 00:21:42.677630 np0000008036 devstack@g-api.service[99853]: DEBUG glance.sqlite_migration [-] SQLite caching database not located, skipping migration {{(pid=99853) get_db_path /opt/stack/glance/glance/sqlite_migration.py:68}}
Aug 25 00:21:42.677810 np0000008036 devstack@g-api.service[99853]: WARNING glance.common.wsgi_app [-] Import methods are enabled but staging directory /tmp/staging/ does not exist; Imports will fail!
Aug 25 00:21:42.799078 np0000008036 devstack@g-api.service[99852]: DEBUG glance.common.config [None req-d5ff9147-8154-4c1e-9dc1-e39a02c84ff6 None None] Loading glance-api-keystone+cachemanagement from /etc/glance/glance-api-paste.ini {{(pid=99852) load_paste_app /opt/stack/glance/glance/common/config.py:772}}
Aug 25 00:21:42.805477 np0000008036 devstack@g-api.service[99854]: DEBUG glance.common.config [None req-9bf02302-93ec-4e20-90d3-6717f1b639c0 None None] Loading glance-api-keystone+cachemanagement from /etc/glance/glance-api-paste.ini {{(pid=99854) load_paste_app /opt/stack/glance/glance/common/config.py:772}}
Aug 25 00:21:42.813103 np0000008036 devstack@g-api.service[99853]: DEBUG glance.common.config [None req-96826e49-7546-4c9a-870b-9aea74101927 None None] Loading glance-api-keystone+cachemanagement from /etc/glance/glance-api-paste.ini {{(pid=99853) load_paste_app /opt/stack/glance/glance/common/config.py:772}}
Aug 25 00:21:43.383057 np0000008036 devstack@g-api.service[99854]: INFO glance.image_cache [None req-9bf02302-93ec-4e20-90d3-6717f1b639c0 None None] Image cache loaded driver 'centralized_db'.
Aug 25 00:21:43.390517 np0000008036 devstack@g-api.service[99852]: INFO glance.image_cache [None req-d5ff9147-8154-4c1e-9dc1-e39a02c84ff6 None None] Image cache loaded driver 'centralized_db'.
Aug 25 00:21:43.392761 np0000008036 devstack@g-api.service[99853]: INFO glance.image_cache [None req-96826e49-7546-4c9a-870b-9aea74101927 None None] Image cache loaded driver 'centralized_db'.
Aug 25 00:21:43.426606 np0000008036 devstack@g-api.service[99854]: INFO dbcounter [None req-9bf02302-93ec-4e20-90d3-6717f1b639c0 None None] Registered counter for database glance
Aug 25 00:21:43.437405 np0000008036 devstack@g-api.service[99852]: INFO dbcounter [None req-d5ff9147-8154-4c1e-9dc1-e39a02c84ff6 None None] Registered counter for database glance
Aug 25 00:21:43.439649 np0000008036 devstack@g-api.service[99853]: INFO dbcounter [None req-96826e49-7546-4c9a-870b-9aea74101927 None None] Registered counter for database glance
Aug 25 00:21:43.461499 np0000008036 devstack@g-api.service[99854]: DEBUG oslo_db.sqlalchemy.engines [None req-9bf02302-93ec-4e20-90d3-6717f1b639c0 None None] MySQL server mode set to STRICT_TRANS_TABLES,STRICT_ALL_TABLES,NO_ZERO_IN_DATE,NO_ZERO_DATE,ERROR_FOR_DIVISION_BY_ZERO,TRADITIONAL,NO_ENGINE_SUBSTITUTION {{(pid=99854) _check_effective_sql_mode /opt/stack/data/venv/lib/python3.12/site-packages/oslo_db/sqlalchemy/engines.py:325}}
Aug 25 00:21:43.475333 np0000008036 devstack@g-api.service[99852]: DEBUG oslo_db.sqlalchemy.engines [None req-d5ff9147-8154-4c1e-9dc1-e39a02c84ff6 None None] MySQL server mode set to STRICT_TRANS_TABLES,STRICT_ALL_TABLES,NO_ZERO_IN_DATE,NO_ZERO_DATE,ERROR_FOR_DIVISION_BY_ZERO,TRADITIONAL,NO_ENGINE_SUBSTITUTION {{(pid=99852) _check_effective_sql_mode /opt/stack/data/venv/lib/python3.12/site-packages/oslo_db/sqlalchemy/engines.py:325}}
Aug 25 00:21:43.478446 np0000008036 devstack@g-api.service[99853]: DEBUG oslo_db.sqlalchemy.engines [None req-96826e49-7546-4c9a-870b-9aea74101927 None None] MySQL server mode set to STRICT_TRANS_TABLES,STRICT_ALL_TABLES,NO_ZERO_IN_DATE,NO_ZERO_DATE,ERROR_FOR_DIVISION_BY_ZERO,TRADITIONAL,NO_ENGINE_SUBSTITUTION {{(pid=99853) _check_effective_sql_mode /opt/stack/data/venv/lib/python3.12/site-packages/oslo_db/sqlalchemy/engines.py:325}}
Aug 25 00:21:43.481188 np0000008036 devstack@g-api.service[99854]: DEBUG dbcounter [-] [99854] Writer thread running {{(pid=99854) stat_writer /opt/stack/data/venv/lib/python3.12/site-packages/dbcounter.py:102}}
Aug 25 00:21:43.493831 np0000008036 devstack@g-api.service[99854]: INFO glance.image_cache [None req-9bf02302-93ec-4e20-90d3-6717f1b639c0 None None] Image cache loaded driver 'centralized_db'.
Aug 25 00:21:43.495160 np0000008036 devstack@g-api.service[99852]: DEBUG dbcounter [-] [99852] Writer thread running {{(pid=99852) stat_writer /opt/stack/data/venv/lib/python3.12/site-packages/dbcounter.py:102}}
Aug 25 00:21:43.497790 np0000008036 devstack@g-api.service[99852]: DEBUG glance.image_cache.drivers.centralized_db [None req-d5ff9147-8154-4c1e-9dc1-e39a02c84ff6 None None] Node reference is already recorded, ignoring it {{(pid=99852) configure /opt/stack/glance/glance/image_cache/drivers/centralized_db.py:71}}
Aug 25 00:21:43.498946 np0000008036 devstack@g-api.service[99853]: DEBUG dbcounter [-] [99853] Writer thread running {{(pid=99853) stat_writer /opt/stack/data/venv/lib/python3.12/site-packages/dbcounter.py:102}}
Aug 25 00:21:43.500486 np0000008036 devstack@g-api.service[99854]: DEBUG glance.image_cache.drivers.centralized_db [None req-9bf02302-93ec-4e20-90d3-6717f1b639c0 None None] Node reference is already recorded, ignoring it {{(pid=99854) configure /opt/stack/glance/glance/image_cache/drivers/centralized_db.py:71}}
Aug 25 00:21:43.502253 np0000008036 devstack@g-api.service[99853]: DEBUG glance.image_cache.drivers.centralized_db [None req-96826e49-7546-4c9a-870b-9aea74101927 None None] Node reference is already recorded, ignoring it {{(pid=99853) configure /opt/stack/glance/glance/image_cache/drivers/centralized_db.py:71}}
Aug 25 00:21:43.502860 np0000008036 devstack@g-api.service[99852]: INFO glance.image_cache [None req-d5ff9147-8154-4c1e-9dc1-e39a02c84ff6 None None] Image cache loaded driver 'centralized_db'.
Aug 25 00:21:43.507369 np0000008036 devstack@g-api.service[99853]: INFO glance.image_cache [None req-96826e49-7546-4c9a-870b-9aea74101927 None None] Image cache loaded driver 'centralized_db'.
Aug 25 00:21:43.508569 np0000008036 devstack@g-api.service[99854]: DEBUG glance.api.v2.cached_images [None req-9bf02302-93ec-4e20-90d3-6717f1b639c0 None None] Started cache worker thread {{(pid=99854) __init__ /opt/stack/glance/glance/api/v2/cached_images.py:71}}
Aug 25 00:21:43.509062 np0000008036 devstack@g-api.service[99852]: DEBUG glance.image_cache.drivers.centralized_db [None req-d5ff9147-8154-4c1e-9dc1-e39a02c84ff6 None None] Node reference is already recorded, ignoring it {{(pid=99852) configure /opt/stack/glance/glance/image_cache/drivers/centralized_db.py:71}}
Aug 25 00:21:43.509480 np0000008036 devstack@g-api.service[99854]: INFO glance.image_cache [None req-9bf02302-93ec-4e20-90d3-6717f1b639c0 None None] Image cache loaded driver 'centralized_db'.
Aug 25 00:21:43.513281 np0000008036 devstack@g-api.service[99852]: DEBUG glance.api.v2.cached_images [None req-d5ff9147-8154-4c1e-9dc1-e39a02c84ff6 None None] Started cache worker thread {{(pid=99852) __init__ /opt/stack/glance/glance/api/v2/cached_images.py:71}}
Aug 25 00:21:43.513774 np0000008036 devstack@g-api.service[99853]: DEBUG glance.image_cache.drivers.centralized_db [None req-96826e49-7546-4c9a-870b-9aea74101927 None None] Node reference is already recorded, ignoring it {{(pid=99853) configure /opt/stack/glance/glance/image_cache/drivers/centralized_db.py:71}}
Aug 25 00:21:43.513856 np0000008036 devstack@g-api.service[99852]: INFO glance.image_cache [None req-d5ff9147-8154-4c1e-9dc1-e39a02c84ff6 None None] Image cache loaded driver 'centralized_db'.
Aug 25 00:21:43.518132 np0000008036 devstack@g-api.service[99853]: DEBUG glance.api.v2.cached_images [None req-96826e49-7546-4c9a-870b-9aea74101927 None None] Started cache worker thread {{(pid=99853) __init__ /opt/stack/glance/glance/api/v2/cached_images.py:71}}
Aug 25 00:21:43.518718 np0000008036 devstack@g-api.service[99853]: INFO glance.image_cache [None req-96826e49-7546-4c9a-870b-9aea74101927 None None] Image cache loaded driver 'centralized_db'.
Aug 25 00:21:43.598509 np0000008036 devstack@g-api.service[99854]: DEBUG glance.image_cache.drivers.centralized_db [None req-9bf02302-93ec-4e20-90d3-6717f1b639c0 None None] Node reference is already recorded, ignoring it {{(pid=99854) configure /opt/stack/glance/glance/image_cache/drivers/centralized_db.py:71}}
Aug 25 00:21:43.603075 np0000008036 devstack@g-api.service[99854]: INFO glance.api.middleware.cache_manage [None req-9bf02302-93ec-4e20-90d3-6717f1b639c0 None None] Initialized image cache management middleware
Aug 25 00:21:43.604378 np0000008036 devstack@g-api.service[99854]: INFO glance.image_cache [None req-9bf02302-93ec-4e20-90d3-6717f1b639c0 None None] Image cache loaded driver 'centralized_db'.
Aug 25 00:21:43.605412 np0000008036 devstack@g-api.service[99852]: DEBUG glance.image_cache.drivers.centralized_db [None req-d5ff9147-8154-4c1e-9dc1-e39a02c84ff6 None None] Node reference is already recorded, ignoring it {{(pid=99852) configure /opt/stack/glance/glance/image_cache/drivers/centralized_db.py:71}}
Aug 25 00:21:43.609525 np0000008036 devstack@g-api.service[99854]: DEBUG glance.image_cache.drivers.centralized_db [None req-9bf02302-93ec-4e20-90d3-6717f1b639c0 None None] Node reference is already recorded, ignoring it {{(pid=99854) configure /opt/stack/glance/glance/image_cache/drivers/centralized_db.py:71}}
Aug 25 00:21:43.609964 np0000008036 devstack@g-api.service[99852]: INFO glance.api.middleware.cache_manage [None req-d5ff9147-8154-4c1e-9dc1-e39a02c84ff6 None None] Initialized image cache management middleware
Aug 25 00:21:43.610105 np0000008036 devstack@g-api.service[99852]: INFO glance.image_cache [None req-d5ff9147-8154-4c1e-9dc1-e39a02c84ff6 None None] Image cache loaded driver 'centralized_db'.
Aug 25 00:21:43.613165 np0000008036 devstack@g-api.service[99854]: INFO glance.api.middleware.cache [None req-9bf02302-93ec-4e20-90d3-6717f1b639c0 None None] Initialized image cache middleware
Aug 25 00:21:43.613261 np0000008036 devstack@g-api.service[99853]: DEBUG glance.image_cache.drivers.centralized_db [None req-96826e49-7546-4c9a-870b-9aea74101927 None None] Node reference is already recorded, ignoring it {{(pid=99853) configure /opt/stack/glance/glance/image_cache/drivers/centralized_db.py:71}}
Aug 25 00:21:43.617957 np0000008036 devstack@g-api.service[99853]: INFO glance.api.middleware.cache_manage [None req-96826e49-7546-4c9a-870b-9aea74101927 None None] Initialized image cache management middleware
Aug 25 00:21:43.618095 np0000008036 devstack@g-api.service[99853]: INFO glance.image_cache [None req-96826e49-7546-4c9a-870b-9aea74101927 None None] Image cache loaded driver 'centralized_db'.
Aug 25 00:21:43.618765 np0000008036 devstack@g-api.service[99852]: DEBUG glance.image_cache.drivers.centralized_db [None req-d5ff9147-8154-4c1e-9dc1-e39a02c84ff6 None None] Node reference is already recorded, ignoring it {{(pid=99852) configure /opt/stack/glance/glance/image_cache/drivers/centralized_db.py:71}}
Aug 25 00:21:43.622344 np0000008036 devstack@g-api.service[99852]: INFO glance.api.middleware.cache [None req-d5ff9147-8154-4c1e-9dc1-e39a02c84ff6 None None] Initialized image cache middleware
Aug 25 00:21:43.623369 np0000008036 devstack@g-api.service[99854]: DEBUG glance.common.config [None req-9bf02302-93ec-4e20-90d3-6717f1b639c0 None None] ******************************************************************************** {{(pid=99854) log_opt_values /opt/stack/data/venv/lib/python3.12/site-packages/oslo_config/cfg.py:3533}}
Aug 25 00:21:43.623456 np0000008036 devstack@g-api.service[99854]: DEBUG glance.common.config [None req-9bf02302-93ec-4e20-90d3-6717f1b639c0 None None] Configuration options gathered from: {{(pid=99854) log_opt_values /opt/stack/data/venv/lib/python3.12/site-packages/oslo_config/cfg.py:3534}}
Aug 25 00:21:43.623788 np0000008036 devstack@g-api.service[99854]: DEBUG glance.common.config [None req-9bf02302-93ec-4e20-90d3-6717f1b639c0 None None] command line args: [] {{(pid=99854) log_opt_values /opt/stack/data/venv/lib/python3.12/site-packages/oslo_config/cfg.py:3535}}
Aug 25 00:21:43.623933 np0000008036 devstack@g-api.service[99854]: DEBUG glance.common.config [None req-9bf02302-93ec-4e20-90d3-6717f1b639c0 None None] config files: ['/etc/glance/glance-image-import.conf', '/etc/glance/glance-api.conf'] {{(pid=99854) log_opt_values /opt/stack/data/venv/lib/python3.12/site-packages/oslo_config/cfg.py:3536}}
Aug 25 00:21:43.624003 np0000008036 devstack@g-api.service[99854]: DEBUG glance.common.config [None req-9bf02302-93ec-4e20-90d3-6717f1b639c0 None None] ================================================================================ {{(pid=99854) log_opt_values /opt/stack/data/venv/lib/python3.12/site-packages/oslo_config/cfg.py:3541}}
Aug 25 00:21:43.624118 np0000008036 devstack@g-api.service[99854]: DEBUG glance.common.config [None req-9bf02302-93ec-4e20-90d3-6717f1b639c0 None None] allow_anonymous_access = False {{(pid=99854) log_opt_values /opt/stack/data/venv/lib/python3.12/site-packages/oslo_config/cfg.py:3549}}
Aug 25 00:21:43.624225 np0000008036 devstack@g-api.service[99854]: DEBUG glance.common.config [None req-9bf02302-93ec-4e20-90d3-6717f1b639c0 None None] api_limit_max = 1000 {{(pid=99854) log_opt_values /opt/stack/data/venv/lib/python3.12/site-packages/oslo_config/cfg.py:3549}}
Aug 25 00:21:43.624316 np0000008036 devstack@g-api.service[99854]: DEBUG glance.common.config [None req-9bf02302-93ec-4e20-90d3-6717f1b639c0 None None] config_dir = [] {{(pid=99854) log_opt_values /opt/stack/data/venv/lib/python3.12/site-packages/oslo_config/cfg.py:3549}}
Aug 25 00:21:43.624395 np0000008036 devstack@g-api.service[99854]: DEBUG glance.common.config [None req-9bf02302-93ec-4e20-90d3-6717f1b639c0 None None] config_file = ['/etc/glance/glance-image-import.conf', '/etc/glance/glance-api.conf'] {{(pid=99854) log_opt_values /opt/stack/data/venv/lib/python3.12/site-packages/oslo_config/cfg.py:3549}}
Aug 25 00:21:43.624432 np0000008036 devstack@g-api.service[99853]: DEBUG glance.image_cache.drivers.centralized_db [None req-96826e49-7546-4c9a-870b-9aea74101927 None None] Node reference is already recorded, ignoring it {{(pid=99853) configure /opt/stack/glance/glance/image_cache/drivers/centralized_db.py:71}}
Aug 25 00:21:43.624489 np0000008036 devstack@g-api.service[99854]: DEBUG glance.common.config [None req-9bf02302-93ec-4e20-90d3-6717f1b639c0 None None] config_source = [] {{(pid=99854) log_opt_values /opt/stack/data/venv/lib/python3.12/site-packages/oslo_config/cfg.py:3549}}
Aug 25 00:21:43.624601 np0000008036 devstack@g-api.service[99854]: DEBUG glance.common.config [None req-9bf02302-93ec-4e20-90d3-6717f1b639c0 None None] control_exchange = glance {{(pid=99854) log_opt_values /opt/stack/data/venv/lib/python3.12/site-packages/oslo_config/cfg.py:3549}}
Aug 25 00:21:43.624706 np0000008036 devstack@g-api.service[99854]: DEBUG glance.common.config [None req-9bf02302-93ec-4e20-90d3-6717f1b639c0 None None] debug = True {{(pid=99854) log_opt_values /opt/stack/data/venv/lib/python3.12/site-packages/oslo_config/cfg.py:3549}}
Aug 25 00:21:43.624905 np0000008036 devstack@g-api.service[99854]: DEBUG glance.common.config [None req-9bf02302-93ec-4e20-90d3-6717f1b639c0 None None] default_log_levels = ['amqp=WARN', 'boto=WARN', 'sqlalchemy=WARN', 'suds=INFO', 'oslo.messaging=INFO', 'oslo_messaging=INFO', 'iso8601=WARN', 'requests.packages.urllib3.connectionpool=WARN', 'urllib3.connectionpool=WARN', 'websocket=WARN', 'requests.packages.urllib3.util.retry=WARN', 'urllib3.util.retry=WARN', 'keystonemiddleware=WARN', 'routes.middleware=WARN', 'stevedore=WARN', 'taskflow=WARN', 'keystoneauth=WARN', 'oslo.cache=INFO', 'oslo_policy=INFO', 'dogpile.core.dogpile=INFO'] {{(pid=99854) log_opt_values /opt/stack/data/venv/lib/python3.12/site-packages/oslo_config/cfg.py:3549}}
Aug 25 00:21:43.625011 np0000008036 devstack@g-api.service[99854]: DEBUG glance.common.config [None req-9bf02302-93ec-4e20-90d3-6717f1b639c0 None None] default_publisher_id = image.localhost {{(pid=99854) log_opt_values /opt/stack/data/venv/lib/python3.12/site-packages/oslo_config/cfg.py:3549}}
Aug 25 00:21:43.625102 np0000008036 devstack@g-api.service[99854]: DEBUG glance.common.config [None req-9bf02302-93ec-4e20-90d3-6717f1b639c0 None None] delayed_delete = False {{(pid=99854) log_opt_values /opt/stack/data/venv/lib/python3.12/site-packages/oslo_config/cfg.py:3549}}
Aug 25 00:21:43.625201 np0000008036 devstack@g-api.service[99854]: DEBUG glance.common.config [None req-9bf02302-93ec-4e20-90d3-6717f1b639c0 None None] digest_algorithm = sha256 {{(pid=99854) log_opt_values /opt/stack/data/venv/lib/python3.12/site-packages/oslo_config/cfg.py:3549}}
Aug 25 00:21:43.625295 np0000008036 devstack@g-api.service[99854]: DEBUG glance.common.config [None req-9bf02302-93ec-4e20-90d3-6717f1b639c0 None None] disabled_notifications = [] {{(pid=99854) log_opt_values /opt/stack/data/venv/lib/python3.12/site-packages/oslo_config/cfg.py:3549}}
Aug 25 00:21:43.625383 np0000008036 devstack@g-api.service[99854]: DEBUG glance.common.config [None req-9bf02302-93ec-4e20-90d3-6717f1b639c0 None None] do_secure_hash = True {{(pid=99854) log_opt_values /opt/stack/data/venv/lib/python3.12/site-packages/oslo_config/cfg.py:3549}}
Aug 25 00:21:43.625479 np0000008036 devstack@g-api.service[99854]: DEBUG glance.common.config [None req-9bf02302-93ec-4e20-90d3-6717f1b639c0 None None] enabled_backends = None {{(pid=99854) log_opt_values /opt/stack/data/venv/lib/python3.12/site-packages/oslo_config/cfg.py:3549}}
Aug 25 00:21:43.625600 np0000008036 devstack@g-api.service[99854]: DEBUG glance.common.config [None req-9bf02302-93ec-4e20-90d3-6717f1b639c0 None None] enabled_import_methods = ['glance-direct', 'web-download', 'copy-image'] {{(pid=99854) log_opt_values /opt/stack/data/venv/lib/python3.12/site-packages/oslo_config/cfg.py:3549}}
Aug 25 00:21:43.625707 np0000008036 devstack@g-api.service[99854]: DEBUG glance.common.config [None req-9bf02302-93ec-4e20-90d3-6717f1b639c0 None None] fatal_deprecations = False {{(pid=99854) log_opt_values /opt/stack/data/venv/lib/python3.12/site-packages/oslo_config/cfg.py:3549}}
Aug 25 00:21:43.625811 np0000008036 devstack@g-api.service[99854]: DEBUG glance.common.config [None req-9bf02302-93ec-4e20-90d3-6717f1b639c0 None None] hashing_algorithm = sha512 {{(pid=99854) log_opt_values /opt/stack/data/venv/lib/python3.12/site-packages/oslo_config/cfg.py:3549}}
Aug 25 00:21:43.625919 np0000008036 devstack@g-api.service[99854]: DEBUG glance.common.config [None req-9bf02302-93ec-4e20-90d3-6717f1b639c0 None None] http_retries = 3 {{(pid=99854) log_opt_values /opt/stack/data/venv/lib/python3.12/site-packages/oslo_config/cfg.py:3549}}
Aug 25 00:21:43.626024 np0000008036 devstack@g-api.service[99854]: DEBUG glance.common.config [None req-9bf02302-93ec-4e20-90d3-6717f1b639c0 None None] image_cache_dir = /opt/stack/data/glance/cache/ {{(pid=99854) log_opt_values /opt/stack/data/venv/lib/python3.12/site-packages/oslo_config/cfg.py:3549}}
Aug 25 00:21:43.626120 np0000008036 devstack@g-api.service[99854]: DEBUG glance.common.config [None req-9bf02302-93ec-4e20-90d3-6717f1b639c0 None None] image_cache_driver = centralized_db {{(pid=99854) log_opt_values /opt/stack/data/venv/lib/python3.12/site-packages/oslo_config/cfg.py:3549}}
Aug 25 00:21:43.626217 np0000008036 devstack@g-api.service[99854]: DEBUG glance.common.config [None req-9bf02302-93ec-4e20-90d3-6717f1b639c0 None None] image_cache_max_size = 10737418240 {{(pid=99854) log_opt_values /opt/stack/data/venv/lib/python3.12/site-packages/oslo_config/cfg.py:3549}}
Aug 25 00:21:43.626310 np0000008036 devstack@g-api.service[99854]: DEBUG glance.common.config [None req-9bf02302-93ec-4e20-90d3-6717f1b639c0 None None] image_cache_sqlite_db = cache.db {{(pid=99854) log_opt_values /opt/stack/data/venv/lib/python3.12/site-packages/oslo_config/cfg.py:3549}}
Aug 25 00:21:43.626394 np0000008036 devstack@g-api.service[99854]: DEBUG glance.common.config [None req-9bf02302-93ec-4e20-90d3-6717f1b639c0 None None] image_cache_stall_time = 86400 {{(pid=99854) log_opt_values /opt/stack/data/venv/lib/python3.12/site-packages/oslo_config/cfg.py:3549}}
Aug 25 00:21:43.626485 np0000008036 devstack@g-api.service[99854]: DEBUG glance.common.config [None req-9bf02302-93ec-4e20-90d3-6717f1b639c0 None None] image_location_quota = 10 {{(pid=99854) log_opt_values /opt/stack/data/venv/lib/python3.12/site-packages/oslo_config/cfg.py:3549}}
Aug 25 00:21:43.626594 np0000008036 devstack@g-api.service[99854]: DEBUG glance.common.config [None req-9bf02302-93ec-4e20-90d3-6717f1b639c0 None None] image_member_quota = 128 {{(pid=99854) log_opt_values /opt/stack/data/venv/lib/python3.12/site-packages/oslo_config/cfg.py:3549}}
Aug 25 00:21:43.626705 np0000008036 devstack@g-api.service[99854]: DEBUG glance.common.config [None req-9bf02302-93ec-4e20-90d3-6717f1b639c0 None None] image_property_quota = 128 {{(pid=99854) log_opt_values /opt/stack/data/venv/lib/python3.12/site-packages/oslo_config/cfg.py:3549}}
Aug 25 00:21:43.626793 np0000008036 devstack@g-api.service[99854]: DEBUG glance.common.config [None req-9bf02302-93ec-4e20-90d3-6717f1b639c0 None None] image_size_cap = 1099511627776 {{(pid=99854) log_opt_values /opt/stack/data/venv/lib/python3.12/site-packages/oslo_config/cfg.py:3549}}
Aug 25 00:21:43.626904 np0000008036 devstack@g-api.service[99854]: DEBUG glance.common.config [None req-9bf02302-93ec-4e20-90d3-6717f1b639c0 None None] image_tag_quota = 128 {{(pid=99854) log_opt_values /opt/stack/data/venv/lib/python3.12/site-packages/oslo_config/cfg.py:3549}}
Aug 25 00:21:43.626999 np0000008036 devstack@g-api.service[99854]: DEBUG glance.common.config [None req-9bf02302-93ec-4e20-90d3-6717f1b639c0 None None] instance_format = [instance: %(uuid)s] {{(pid=99854) log_opt_values /opt/stack/data/venv/lib/python3.12/site-packages/oslo_config/cfg.py:3549}}
Aug 25 00:21:43.627091 np0000008036 devstack@g-api.service[99854]: DEBUG glance.common.config [None req-9bf02302-93ec-4e20-90d3-6717f1b639c0 None None] instance_uuid_format = [instance: %(uuid)s] {{(pid=99854) log_opt_values /opt/stack/data/venv/lib/python3.12/site-packages/oslo_config/cfg.py:3549}}
Aug 25 00:21:43.627184 np0000008036 devstack@g-api.service[99854]: DEBUG glance.common.config [None req-9bf02302-93ec-4e20-90d3-6717f1b639c0 None None] limit_param_default = 25 {{(pid=99854) log_opt_values /opt/stack/data/venv/lib/python3.12/site-packages/oslo_config/cfg.py:3549}}
Aug 25 00:21:43.627280 np0000008036 devstack@g-api.service[99854]: DEBUG glance.common.config [None req-9bf02302-93ec-4e20-90d3-6717f1b639c0 None None] log_color = False {{(pid=99854) log_opt_values /opt/stack/data/venv/lib/python3.12/site-packages/oslo_config/cfg.py:3549}}
Aug 25 00:21:43.627376 np0000008036 devstack@g-api.service[99854]: DEBUG glance.common.config [None req-9bf02302-93ec-4e20-90d3-6717f1b639c0 None None] log_config_append = None {{(pid=99854) log_opt_values /opt/stack/data/venv/lib/python3.12/site-packages/oslo_config/cfg.py:3549}}
Aug 25 00:21:43.627470 np0000008036 devstack@g-api.service[99854]: DEBUG glance.common.config [None req-9bf02302-93ec-4e20-90d3-6717f1b639c0 None None] log_date_format = %Y-%m-%d %H:%M:%S {{(pid=99854) log_opt_values /opt/stack/data/venv/lib/python3.12/site-packages/oslo_config/cfg.py:3549}}
Aug 25 00:21:43.627573 np0000008036 devstack@g-api.service[99854]: DEBUG glance.common.config [None req-9bf02302-93ec-4e20-90d3-6717f1b639c0 None None] log_dir = None {{(pid=99854) log_opt_values /opt/stack/data/venv/lib/python3.12/site-packages/oslo_config/cfg.py:3549}}
Aug 25 00:21:43.627679 np0000008036 devstack@g-api.service[99854]: DEBUG glance.common.config [None req-9bf02302-93ec-4e20-90d3-6717f1b639c0 None None] log_file = None {{(pid=99854) log_opt_values /opt/stack/data/venv/lib/python3.12/site-packages/oslo_config/cfg.py:3549}}
Aug 25 00:21:43.627772 np0000008036 devstack@g-api.service[99854]: DEBUG glance.common.config [None req-9bf02302-93ec-4e20-90d3-6717f1b639c0 None None] log_rotate_interval = 1 {{(pid=99854) log_opt_values /opt/stack/data/venv/lib/python3.12/site-packages/oslo_config/cfg.py:3549}}
Aug 25 00:21:43.627889 np0000008036 devstack@g-api.service[99854]: DEBUG glance.common.config [None req-9bf02302-93ec-4e20-90d3-6717f1b639c0 None None] log_rotate_interval_type = days {{(pid=99854) log_opt_values /opt/stack/data/venv/lib/python3.12/site-packages/oslo_config/cfg.py:3549}}
Aug 25 00:21:43.627993 np0000008036 devstack@g-api.service[99854]: DEBUG glance.common.config [None req-9bf02302-93ec-4e20-90d3-6717f1b639c0 None None] log_rotation_type = none {{(pid=99854) log_opt_values /opt/stack/data/venv/lib/python3.12/site-packages/oslo_config/cfg.py:3549}}
Aug 25 00:21:43.628056 np0000008036 devstack@g-api.service[99853]: INFO glance.api.middleware.cache [None req-96826e49-7546-4c9a-870b-9aea74101927 None None] Initialized image cache middleware
Aug 25 00:21:43.628092 np0000008036 devstack@g-api.service[99854]: DEBUG glance.common.config [None req-9bf02302-93ec-4e20-90d3-6717f1b639c0 None None] logging_context_format_string = %(color)s%(levelname)s %(name)s [%(global_request_id)s %(request_id)s %(project_name)s %(user_name)s%(color)s] %(instance)s%(color)s%(message)s {{(pid=99854) log_opt_values /opt/stack/data/venv/lib/python3.12/site-packages/oslo_config/cfg.py:3549}}
Aug 25 00:21:43.628124 np0000008036 devstack@g-api.service[99854]: DEBUG glance.common.config [None req-9bf02302-93ec-4e20-90d3-6717f1b639c0 None None] logging_debug_format_suffix = {{(pid=%(process)d) %(funcName)s %(pathname)s:%(lineno)d}} {{(pid=99854) log_opt_values /opt/stack/data/venv/lib/python3.12/site-packages/oslo_config/cfg.py:3549}}
Aug 25 00:21:43.628227 np0000008036 devstack@g-api.service[99854]: DEBUG glance.common.config [None req-9bf02302-93ec-4e20-90d3-6717f1b639c0 None None] logging_default_format_string = %(color)s%(levelname)s %(name)s [-%(color)s] %(instance)s%(color)s%(message)s {{(pid=99854) log_opt_values /opt/stack/data/venv/lib/python3.12/site-packages/oslo_config/cfg.py:3549}}
Aug 25 00:21:43.628317 np0000008036 devstack@g-api.service[99854]: DEBUG glance.common.config [None req-9bf02302-93ec-4e20-90d3-6717f1b639c0 None None] logging_exception_prefix = ERROR %(name)s %(instance)s {{(pid=99854) log_opt_values /opt/stack/data/venv/lib/python3.12/site-packages/oslo_config/cfg.py:3549}}
Aug 25 00:21:43.628375 np0000008036 devstack@g-api.service[99854]: DEBUG glance.common.config [None req-9bf02302-93ec-4e20-90d3-6717f1b639c0 None None] logging_user_identity_format = %(user)s %(project)s %(domain)s %(system_scope)s %(user_domain)s %(project_domain)s {{(pid=99854) log_opt_values /opt/stack/data/venv/lib/python3.12/site-packages/oslo_config/cfg.py:3549}}
Aug 25 00:21:43.628477 np0000008036 devstack@g-api.service[99854]: DEBUG glance.common.config [None req-9bf02302-93ec-4e20-90d3-6717f1b639c0 None None] max_logfile_count = 30 {{(pid=99854) log_opt_values /opt/stack/data/venv/lib/python3.12/site-packages/oslo_config/cfg.py:3549}}
Aug 25 00:21:43.628578 np0000008036 devstack@g-api.service[99854]: DEBUG glance.common.config [None req-9bf02302-93ec-4e20-90d3-6717f1b639c0 None None] max_logfile_size_mb = 200 {{(pid=99854) log_opt_values /opt/stack/data/venv/lib/python3.12/site-packages/oslo_config/cfg.py:3549}}
Aug 25 00:21:43.628684 np0000008036 devstack@g-api.service[99854]: DEBUG glance.common.config [None req-9bf02302-93ec-4e20-90d3-6717f1b639c0 None None] max_request_id_length = 64 {{(pid=99854) log_opt_values /opt/stack/data/venv/lib/python3.12/site-packages/oslo_config/cfg.py:3549}}
Aug 25 00:21:43.628783 np0000008036 devstack@g-api.service[99854]: DEBUG glance.common.config [None req-9bf02302-93ec-4e20-90d3-6717f1b639c0 None None] metadata_encryption_key = **** {{(pid=99854) log_opt_values /opt/stack/data/venv/lib/python3.12/site-packages/oslo_config/cfg.py:3549}}
Aug 25 00:21:43.628898 np0000008036 devstack@g-api.service[99854]: DEBUG glance.common.config [None req-9bf02302-93ec-4e20-90d3-6717f1b639c0 None None] node_staging_uri = file:///tmp/staging/ {{(pid=99854) log_opt_values /opt/stack/data/venv/lib/python3.12/site-packages/oslo_config/cfg.py:3549}}
Aug 25 00:21:43.628991 np0000008036 devstack@g-api.service[99854]: DEBUG glance.common.config [None req-9bf02302-93ec-4e20-90d3-6717f1b639c0 None None] property_protection_file = None {{(pid=99854) log_opt_values /opt/stack/data/venv/lib/python3.12/site-packages/oslo_config/cfg.py:3549}}
Aug 25 00:21:43.629086 np0000008036 devstack@g-api.service[99854]: DEBUG glance.common.config [None req-9bf02302-93ec-4e20-90d3-6717f1b639c0 None None] property_protection_rule_format = roles {{(pid=99854) log_opt_values /opt/stack/data/venv/lib/python3.12/site-packages/oslo_config/cfg.py:3549}}
Aug 25 00:21:43.629178 np0000008036 devstack@g-api.service[99854]: DEBUG glance.common.config [None req-9bf02302-93ec-4e20-90d3-6717f1b639c0 None None] public_endpoint = https://10.4.3.225/image {{(pid=99854) log_opt_values /opt/stack/data/venv/lib/python3.12/site-packages/oslo_config/cfg.py:3549}}
Aug 25 00:21:43.629272 np0000008036 devstack@g-api.service[99854]: DEBUG glance.common.config [None req-9bf02302-93ec-4e20-90d3-6717f1b639c0 None None] publish_errors = False {{(pid=99854) log_opt_values /opt/stack/data/venv/lib/python3.12/site-packages/oslo_config/cfg.py:3549}}
Aug 25 00:21:43.629361 np0000008036 devstack@g-api.service[99854]: DEBUG glance.common.config [None req-9bf02302-93ec-4e20-90d3-6717f1b639c0 None None] pydev_worker_debug_host = None {{(pid=99854) log_opt_values /opt/stack/data/venv/lib/python3.12/site-packages/oslo_config/cfg.py:3549}}
Aug 25 00:21:43.629459 np0000008036 devstack@g-api.service[99854]: DEBUG glance.common.config [None req-9bf02302-93ec-4e20-90d3-6717f1b639c0 None None] pydev_worker_debug_port = 5678 {{(pid=99854) log_opt_values /opt/stack/data/venv/lib/python3.12/site-packages/oslo_config/cfg.py:3549}}
Aug 25 00:21:43.629557 np0000008036 devstack@g-api.service[99854]: DEBUG glance.common.config [None req-9bf02302-93ec-4e20-90d3-6717f1b639c0 None None] rate_limit_burst = 0 {{(pid=99854) log_opt_values /opt/stack/data/venv/lib/python3.12/site-packages/oslo_config/cfg.py:3549}}
Aug 25 00:21:43.629673 np0000008036 devstack@g-api.service[99854]: DEBUG glance.common.config [None req-9bf02302-93ec-4e20-90d3-6717f1b639c0 None None] rate_limit_except_level = CRITICAL {{(pid=99854) log_opt_values /opt/stack/data/venv/lib/python3.12/site-packages/oslo_config/cfg.py:3549}}
Aug 25 00:21:43.629766 np0000008036 devstack@g-api.service[99854]: DEBUG glance.common.config [None req-9bf02302-93ec-4e20-90d3-6717f1b639c0 None None] rate_limit_interval = 0 {{(pid=99854) log_opt_values /opt/stack/data/venv/lib/python3.12/site-packages/oslo_config/cfg.py:3549}}
Aug 25 00:21:43.629878 np0000008036 devstack@g-api.service[99854]: DEBUG glance.common.config [None req-9bf02302-93ec-4e20-90d3-6717f1b639c0 None None] scrub_pool_size = 1 {{(pid=99854) log_opt_values /opt/stack/data/venv/lib/python3.12/site-packages/oslo_config/cfg.py:3549}}
Aug 25 00:21:43.630258 np0000008036 devstack@g-api.service[99854]: DEBUG glance.common.config [None req-9bf02302-93ec-4e20-90d3-6717f1b639c0 None None] scrub_time = 0 {{(pid=99854) log_opt_values /opt/stack/data/venv/lib/python3.12/site-packages/oslo_config/cfg.py:3549}}
Aug 25 00:21:43.630258 np0000008036 devstack@g-api.service[99854]: DEBUG glance.common.config [None req-9bf02302-93ec-4e20-90d3-6717f1b639c0 None None] shell_completion = None {{(pid=99854) log_opt_values /opt/stack/data/venv/lib/python3.12/site-packages/oslo_config/cfg.py:3549}}
Aug 25 00:21:43.630258 np0000008036 devstack@g-api.service[99854]: DEBUG glance.common.config [None req-9bf02302-93ec-4e20-90d3-6717f1b639c0 None None] show_image_direct_url = False {{(pid=99854) log_opt_values /opt/stack/data/venv/lib/python3.12/site-packages/oslo_config/cfg.py:3549}}
Aug 25 00:21:43.630371 np0000008036 devstack@g-api.service[99854]: WARNING oslo_config.cfg [None req-9bf02302-93ec-4e20-90d3-6717f1b639c0 None None] Deprecated: Option "show_multiple_locations" from group "DEFAULT" is deprecated for removal (Use of this option, deprecated since Newton, is a security risk and will be removed once we figure out a way to satisfy those use cases that currently require it. An earlier announcement that the same functionality can be achieved with greater granularity by using policies is incorrect. You cannot work around this option via policy configuration at the present time, though that is the direction we believe the fix will take. Please keep an eye on the Glance release notes to stay up to date on progress in addressing this issue.). Its value may be silently ignored in the future.
Aug 25 00:21:43.630431 np0000008036 devstack@g-api.service[99854]: DEBUG glance.common.config [None req-9bf02302-93ec-4e20-90d3-6717f1b639c0 None None] show_multiple_locations = False {{(pid=99854) log_opt_values /opt/stack/data/venv/lib/python3.12/site-packages/oslo_config/cfg.py:3549}}
Aug 25 00:21:43.630541 np0000008036 devstack@g-api.service[99854]: DEBUG glance.common.config [None req-9bf02302-93ec-4e20-90d3-6717f1b639c0 None None] syslog_log_facility = LOG_USER {{(pid=99854) log_opt_values /opt/stack/data/venv/lib/python3.12/site-packages/oslo_config/cfg.py:3549}}
Aug 25 00:21:43.630659 np0000008036 devstack@g-api.service[99854]: DEBUG glance.common.config [None req-9bf02302-93ec-4e20-90d3-6717f1b639c0 None None] transport_url = **** {{(pid=99854) log_opt_values /opt/stack/data/venv/lib/python3.12/site-packages/oslo_config/cfg.py:3549}}
Aug 25 00:21:43.630752 np0000008036 devstack@g-api.service[99854]: DEBUG glance.common.config [None req-9bf02302-93ec-4e20-90d3-6717f1b639c0 None None] use_journal = False {{(pid=99854) log_opt_values /opt/stack/data/venv/lib/python3.12/site-packages/oslo_config/cfg.py:3549}}
Aug 25 00:21:43.630866 np0000008036 devstack@g-api.service[99854]: DEBUG glance.common.config [None req-9bf02302-93ec-4e20-90d3-6717f1b639c0 None None] use_json = False {{(pid=99854) log_opt_values /opt/stack/data/venv/lib/python3.12/site-packages/oslo_config/cfg.py:3549}}
Aug 25 00:21:43.630964 np0000008036 devstack@g-api.service[99854]: DEBUG glance.common.config [None req-9bf02302-93ec-4e20-90d3-6717f1b639c0 None None] use_keystone_limits = True {{(pid=99854) log_opt_values /opt/stack/data/venv/lib/python3.12/site-packages/oslo_config/cfg.py:3549}}
Aug 25 00:21:43.631060 np0000008036 devstack@g-api.service[99854]: DEBUG glance.common.config [None req-9bf02302-93ec-4e20-90d3-6717f1b639c0 None None] use_stderr = False {{(pid=99854) log_opt_values /opt/stack/data/venv/lib/python3.12/site-packages/oslo_config/cfg.py:3549}}
Aug 25 00:21:43.631151 np0000008036 devstack@g-api.service[99854]: DEBUG glance.common.config [None req-9bf02302-93ec-4e20-90d3-6717f1b639c0 None None] use_syslog = False {{(pid=99854) log_opt_values /opt/stack/data/venv/lib/python3.12/site-packages/oslo_config/cfg.py:3549}}
Aug 25 00:21:43.631252 np0000008036 devstack@g-api.service[99854]: DEBUG glance.common.config [None req-9bf02302-93ec-4e20-90d3-6717f1b639c0 None None] user_storage_quota = 0 {{(pid=99854) log_opt_values /opt/stack/data/venv/lib/python3.12/site-packages/oslo_config/cfg.py:3549}}
Aug 25 00:21:43.631341 np0000008036 devstack@g-api.service[99854]: DEBUG glance.common.config [None req-9bf02302-93ec-4e20-90d3-6717f1b639c0 None None] worker_self_reference_url = http://127.0.0.1:60999 {{(pid=99854) log_opt_values /opt/stack/data/venv/lib/python3.12/site-packages/oslo_config/cfg.py:3549}}
Aug 25 00:21:43.631449 np0000008036 devstack@g-api.service[99854]: DEBUG glance.common.config [None req-9bf02302-93ec-4e20-90d3-6717f1b639c0 None None] oslo_concurrency.disable_process_locking = False {{(pid=99854) log_opt_values /opt/stack/data/venv/lib/python3.12/site-packages/oslo_config/cfg.py:3560}}
Aug 25 00:21:43.631560 np0000008036 devstack@g-api.service[99854]: DEBUG glance.common.config [None req-9bf02302-93ec-4e20-90d3-6717f1b639c0 None None] oslo_concurrency.lock_path = /opt/stack/data/glance/locks {{(pid=99854) log_opt_values /opt/stack/data/venv/lib/python3.12/site-packages/oslo_config/cfg.py:3560}}
Aug 25 00:21:43.631678 np0000008036 devstack@g-api.service[99854]: DEBUG glance.common.config [None req-9bf02302-93ec-4e20-90d3-6717f1b639c0 None None] oslo_middleware.enable_proxy_headers_parsing = False {{(pid=99854) log_opt_values /opt/stack/data/venv/lib/python3.12/site-packages/oslo_config/cfg.py:3560}}
Aug 25 00:21:43.631781 np0000008036 devstack@g-api.service[99854]: DEBUG glance.common.config [None req-9bf02302-93ec-4e20-90d3-6717f1b639c0 None None] oslo_middleware.http_basic_auth_user_file = /etc/htpasswd {{(pid=99854) log_opt_values /opt/stack/data/venv/lib/python3.12/site-packages/oslo_config/cfg.py:3560}}
Aug 25 00:21:43.631916 np0000008036 devstack@g-api.service[99854]: DEBUG glance.common.config [None req-9bf02302-93ec-4e20-90d3-6717f1b639c0 None None] paste_deploy.config_file = None {{(pid=99854) log_opt_values /opt/stack/data/venv/lib/python3.12/site-packages/oslo_config/cfg.py:3560}}
Aug 25 00:21:43.632013 np0000008036 devstack@g-api.service[99854]: DEBUG glance.common.config [None req-9bf02302-93ec-4e20-90d3-6717f1b639c0 None None] paste_deploy.flavor = keystone+cachemanagement {{(pid=99854) log_opt_values /opt/stack/data/venv/lib/python3.12/site-packages/oslo_config/cfg.py:3560}}
Aug 25 00:21:43.632140 np0000008036 devstack@g-api.service[99854]: DEBUG glance.common.config [None req-9bf02302-93ec-4e20-90d3-6717f1b639c0 None None] image_format.container_formats = ['ami', 'ari', 'aki', 'bare', 'ovf', 'ova', 'docker', 'compressed'] {{(pid=99854) log_opt_values /opt/stack/data/venv/lib/python3.12/site-packages/oslo_config/cfg.py:3560}}
Aug 25 00:21:43.632283 np0000008036 devstack@g-api.service[99854]: DEBUG glance.common.config [None req-9bf02302-93ec-4e20-90d3-6717f1b639c0 None None] image_format.disk_formats = ['ami', 'ari', 'aki', 'vhd', 'vhdx', 'vmdk', 'raw', 'qcow2', 'vdi', 'iso', 'ploop'] {{(pid=99854) log_opt_values /opt/stack/data/venv/lib/python3.12/site-packages/oslo_config/cfg.py:3560}}
Aug 25 00:21:43.632377 np0000008036 devstack@g-api.service[99854]: DEBUG glance.common.config [None req-9bf02302-93ec-4e20-90d3-6717f1b639c0 None None] image_format.gpt_safety_checks_nonfatal = [] {{(pid=99854) log_opt_values /opt/stack/data/venv/lib/python3.12/site-packages/oslo_config/cfg.py:3560}}
Aug 25 00:21:43.632479 np0000008036 devstack@g-api.service[99854]: DEBUG glance.common.config [None req-9bf02302-93ec-4e20-90d3-6717f1b639c0 None None] image_format.require_image_format_match = True {{(pid=99854) log_opt_values /opt/stack/data/venv/lib/python3.12/site-packages/oslo_config/cfg.py:3560}}
Aug 25 00:21:43.632596 np0000008036 devstack@g-api.service[99854]: DEBUG glance.common.config [None req-9bf02302-93ec-4e20-90d3-6717f1b639c0 None None] image_format.vmdk_allowed_types = ['streamOptimized', 'monolithicSparse'] {{(pid=99854) log_opt_values /opt/stack/data/venv/lib/python3.12/site-packages/oslo_config/cfg.py:3560}}
Aug 25 00:21:43.632720 np0000008036 devstack@g-api.service[99854]: DEBUG glance.common.config [None req-9bf02302-93ec-4e20-90d3-6717f1b639c0 None None] task.task_executor = taskflow {{(pid=99854) log_opt_values /opt/stack/data/venv/lib/python3.12/site-packages/oslo_config/cfg.py:3560}}
Aug 25 00:21:43.632829 np0000008036 devstack@g-api.service[99854]: DEBUG glance.common.config [None req-9bf02302-93ec-4e20-90d3-6717f1b639c0 None None] task.task_time_to_live = 48 {{(pid=99854) log_opt_values /opt/stack/data/venv/lib/python3.12/site-packages/oslo_config/cfg.py:3560}}
Aug 25 00:21:43.632930 np0000008036 devstack@g-api.service[99854]: DEBUG glance.common.config [None req-9bf02302-93ec-4e20-90d3-6717f1b639c0 None None] task.work_dir = None {{(pid=99854) log_opt_values /opt/stack/data/venv/lib/python3.12/site-packages/oslo_config/cfg.py:3560}}
Aug 25 00:21:43.633034 np0000008036 devstack@g-api.service[99854]: DEBUG glance.common.config [None req-9bf02302-93ec-4e20-90d3-6717f1b639c0 None None] wsgi.python_interpreter = /opt/stack/data/venv/bin/python3 {{(pid=99854) log_opt_values /opt/stack/data/venv/lib/python3.12/site-packages/oslo_config/cfg.py:3560}}
Aug 25 00:21:43.633124 np0000008036 devstack@g-api.service[99854]: DEBUG glance.common.config [None req-9bf02302-93ec-4e20-90d3-6717f1b639c0 None None] wsgi.task_pool_threads = 16 {{(pid=99854) log_opt_values /opt/stack/data/venv/lib/python3.12/site-packages/oslo_config/cfg.py:3560}}
Aug 25 00:21:43.633222 np0000008036 devstack@g-api.service[99854]: DEBUG glance.common.config [None req-9bf02302-93ec-4e20-90d3-6717f1b639c0 None None] import_filtering_opts.allowed_hosts = [] {{(pid=99854) log_opt_values /opt/stack/data/venv/lib/python3.12/site-packages/oslo_config/cfg.py:3560}}
Aug 25 00:21:43.633317 np0000008036 devstack@g-api.service[99854]: DEBUG glance.common.config [None req-9bf02302-93ec-4e20-90d3-6717f1b639c0 None None] import_filtering_opts.allowed_ports = [80, 443] {{(pid=99854) log_opt_values /opt/stack/data/venv/lib/python3.12/site-packages/oslo_config/cfg.py:3560}}
Aug 25 00:21:43.633446 np0000008036 devstack@g-api.service[99854]: DEBUG glance.common.config [None req-9bf02302-93ec-4e20-90d3-6717f1b639c0 None None] import_filtering_opts.allowed_schemes = ['http', 'https'] {{(pid=99854) log_opt_values /opt/stack/data/venv/lib/python3.12/site-packages/oslo_config/cfg.py:3560}}
Aug 25 00:21:43.633552 np0000008036 devstack@g-api.service[99854]: DEBUG glance.common.config [None req-9bf02302-93ec-4e20-90d3-6717f1b639c0 None None] import_filtering_opts.disallowed_hosts = [] {{(pid=99854) log_opt_values /opt/stack/data/venv/lib/python3.12/site-packages/oslo_config/cfg.py:3560}}
Aug 25 00:21:43.633668 np0000008036 devstack@g-api.service[99854]: DEBUG glance.common.config [None req-9bf02302-93ec-4e20-90d3-6717f1b639c0 None None] import_filtering_opts.disallowed_ports = [] {{(pid=99854) log_opt_values /opt/stack/data/venv/lib/python3.12/site-packages/oslo_config/cfg.py:3560}}
Aug 25 00:21:43.633763 np0000008036 devstack@g-api.service[99854]: DEBUG glance.common.config [None req-9bf02302-93ec-4e20-90d3-6717f1b639c0 None None] import_filtering_opts.disallowed_schemes = [] {{(pid=99854) log_opt_values /opt/stack/data/venv/lib/python3.12/site-packages/oslo_config/cfg.py:3560}}
