Aug 25 00:27:13.423253 np0000008036 devstack@g-api.service[99853]: DEBUG glance.api.middleware.version_negotiation [None req-d0f2b8f6-33d8-4d81-9bd9-cdbb85791b76 tempest-ServerBootFromVolumeStableRescueTest-1038617632 tempest-ServerBootFromVolumeStableRescueTest-1038617632-project-member] Matched version: v2 {{(pid=99853) process_request /opt/stack/glance/glance/api/middleware/version_negotiation.py:69}}
Aug 25 00:27:13.423253 np0000008036 devstack@g-api.service[99853]: DEBUG glance.api.middleware.version_negotiation [None req-d0f2b8f6-33d8-4d81-9bd9-cdbb85791b76 tempest-ServerBootFromVolumeStableRescueTest-1038617632 tempest-ServerBootFromVolumeStableRescueTest-1038617632-project-member] new path /v2/schemas/image {{(pid=99853) process_request /opt/stack/glance/glance/api/middleware/version_negotiation.py:70}}
Aug 25 00:27:13.429424 np0000008036 devstack@g-api.service[99853]: [pid: 99853|app: 0|req: 100/307] 127.0.0.1 () {44 vars in 1055 bytes} [Tue Aug 25 00:27:13 2026] GET /v2/schemas/image => generated 6083 bytes in 10 msecs (HTTP/1.1 200) 4 headers in 158 bytes (1 switches on core 0)
Aug 25 00:27:13.433786 np0000008036 devstack@g-api.service[99852]: DEBUG swiftclient [None req-b235c133-660c-436e-80fc-ccfc42ce7c38 tempest-VolumeAndVolumeTypeFromImageTest-712052048 tempest-VolumeAndVolumeTypeFromImageTest-712052048-project-member] REQ: curl -i https://10.4.3.225:8080/v1/AUTH_a496ec09a7254c45863a72a6c46a1c46/glance/36e32a95-cf00-4c9b-9106-c2d3f5a22dd9 -I -H "X-Auth-Token: gAAAAABqjOFh_Ttf..." {{(pid=99852) http_log /opt/stack/data/venv/lib/python3.12/site-packages/swiftclient/client.py:160}}
Aug 25 00:27:13.433949 np0000008036 devstack@g-api.service[99852]: DEBUG swiftclient [None req-b235c133-660c-436e-80fc-ccfc42ce7c38 tempest-VolumeAndVolumeTypeFromImageTest-712052048 tempest-VolumeAndVolumeTypeFromImageTest-712052048-project-member] RESP STATUS: 200 OK {{(pid=99852) http_log /opt/stack/data/venv/lib/python3.12/site-packages/swiftclient/client.py:161}}
Aug 25 00:27:13.434104 np0000008036 devstack@g-api.service[99852]: DEBUG swiftclient [None req-b235c133-660c-436e-80fc-ccfc42ce7c38 tempest-VolumeAndVolumeTypeFromImageTest-712052048 tempest-VolumeAndVolumeTypeFromImageTest-712052048-project-member] RESP HEADERS: {'Date': 'Tue, 25 Aug 2026 00:27:13 GMT', 'Server': 'Apache/2.4.58 (Ubuntu)', 'Content-Type': 'application/octet-stream', 'Content-Length': '1024', 'Etag': '40d695c5193c069af94c362a410a8983', 'Last-Modified': 'Tue, 25 Aug 2026 00:27:06 GMT', 'X-Timestamp': '1787617625.81623', 'Accept-Ranges': 'bytes', 'X-Trans-Id': 'txb8bce3e200dd49f7af24f-006a8ce161', 'X-Openstack-Request-Id': 'txb8bce3e200dd49f7af24f-006a8ce161', 'Connection': 'close'} {{(pid=99852) http_log /opt/stack/data/venv/lib/python3.12/site-packages/swiftclient/client.py:162}}
Aug 25 00:27:13.446727 np0000008036 devstack@g-api.service[99854]: DEBUG glance.api.middleware.version_negotiation [None req-0dea2f27-3727-4e86-9eaf-9fe4a5871a88 tempest-ServerBootFromVolumeStableRescueTest-1038617632 tempest-ServerBootFromVolumeStableRescueTest-1038617632-project-member] Determining version of request: GET /v2/images/972352b1-9f46-499c-a3f9-7c04ccda2731 Accept: application/json {{(pid=99854) process_request /opt/stack/glance/glance/api/middleware/version_negotiation.py:44}}
Aug 25 00:27:13.446727 np0000008036 devstack@g-api.service[99854]: DEBUG glance.api.middleware.version_negotiation [None req-0dea2f27-3727-4e86-9eaf-9fe4a5871a88 tempest-ServerBootFromVolumeStableRescueTest-1038617632 tempest-ServerBootFromVolumeStableRescueTest-1038617632-project-member] Using url versioning {{(pid=99854) process_request /opt/stack/glance/glance/api/middleware/version_negotiation.py:57}}
Aug 25 00:27:13.448264 np0000008036 devstack@g-api.service[99854]: DEBUG glance.api.middleware.version_negotiation [None req-0dea2f27-3727-4e86-9eaf-9fe4a5871a88 tempest-ServerBootFromVolumeStableRescueTest-1038617632 tempest-ServerBootFromVolumeStableRescueTest-1038617632-project-member] Matched version: v2 {{(pid=99854) process_request /opt/stack/glance/glance/api/middleware/version_negotiation.py:69}}
Aug 25 00:27:13.448264 np0000008036 devstack@g-api.service[99854]: DEBUG glance.api.middleware.version_negotiation [None req-0dea2f27-3727-4e86-9eaf-9fe4a5871a88 tempest-ServerBootFromVolumeStableRescueTest-1038617632 tempest-ServerBootFromVolumeStableRescueTest-1038617632-project-member] new path /v2/images/972352b1-9f46-499c-a3f9-7c04ccda2731 {{(pid=99854) process_request /opt/stack/glance/glance/api/middleware/version_negotiation.py:70}}
Aug 25 00:27:13.472857 np0000008036 devstack@g-api.service[99854]: [pid: 99854|app: 0|req: 105/308] 127.0.0.1 () {40 vars in 838 bytes} [Tue Aug 25 00:27:13 2026] GET /v2/images/972352b1-9f46-499c-a3f9-7c04ccda2731 => generated 1360 bytes in 27 msecs (HTTP/1.1 200) 4 headers in 158 bytes (1 switches on core 0)
Aug 25 00:27:13.479675 np0000008036 devstack@g-api.service[99852]: DEBUG swiftclient [None req-b235c133-660c-436e-80fc-ccfc42ce7c38 tempest-VolumeAndVolumeTypeFromImageTest-712052048 tempest-VolumeAndVolumeTypeFromImageTest-712052048-project-member] REQ: curl -i https://10.4.3.225:8080/v1/AUTH_a496ec09a7254c45863a72a6c46a1c46/glance/36e32a95-cf00-4c9b-9106-c2d3f5a22dd9 DELETE -H "X-Auth-Token: gAAAAABqjOFh_Ttf..." {{(pid=99852) http_log /opt/stack/data/venv/lib/python3.12/site-packages/swiftclient/client.py:160}}
Aug 25 00:27:13.479675 np0000008036 devstack@g-api.service[99852]: DEBUG swiftclient [None req-b235c133-660c-436e-80fc-ccfc42ce7c38 tempest-VolumeAndVolumeTypeFromImageTest-712052048 tempest-VolumeAndVolumeTypeFromImageTest-712052048-project-member] RESP STATUS: 204 No Content {{(pid=99852) http_log /opt/stack/data/venv/lib/python3.12/site-packages/swiftclient/client.py:161}}
Aug 25 00:27:13.480454 np0000008036 devstack@g-api.service[99852]: DEBUG swiftclient [None req-b235c133-660c-436e-80fc-ccfc42ce7c38 tempest-VolumeAndVolumeTypeFromImageTest-712052048 tempest-VolumeAndVolumeTypeFromImageTest-712052048-project-member] RESP HEADERS: {'Date': 'Tue, 25 Aug 2026 00:27:13 GMT', 'Server': 'Apache/2.4.58 (Ubuntu)', 'Content-Type': 'text/html; charset=UTF-8', 'X-Trans-Id': 'txff3a546e493743c1928c4-006a8ce161', 'X-Openstack-Request-Id': 'txff3a546e493743c1928c4-006a8ce161', 'Connection': 'close'} {{(pid=99852) http_log /opt/stack/data/venv/lib/python3.12/site-packages/swiftclient/client.py:162}}
Aug 25 00:27:13.490986 np0000008036 devstack@g-api.service[99853]: DEBUG glance.api.middleware.version_negotiation [None req-0dea2f27-3727-4e86-9eaf-9fe4a5871a88 tempest-ServerBootFromVolumeStableRescueTest-1038617632 tempest-ServerBootFromVolumeStableRescueTest-1038617632-project-member] Determining version of request: GET /v2/schemas/image Accept: */* {{(pid=99853) process_request /opt/stack/glance/glance/api/middleware/version_negotiation.py:44}}
Aug 25 00:27:13.490986 np0000008036 devstack@g-api.service[99853]: DEBUG glance.api.middleware.version_negotiation [None req-0dea2f27-3727-4e86-9eaf-9fe4a5871a88 tempest-ServerBootFromVolumeStableRescueTest-1038617632 tempest-ServerBootFromVolumeStableRescueTest-1038617632-project-member] Using url versioning {{(pid=99853) process_request /opt/stack/glance/glance/api/middleware/version_negotiation.py:57}}
Aug 25 00:27:13.491314 np0000008036 devstack@g-api.service[99853]: DEBUG glance.api.middleware.version_negotiation [None req-0dea2f27-3727-4e86-9eaf-9fe4a5871a88 tempest-ServerBootFromVolumeStableRescueTest-1038617632 tempest-ServerBootFromVolumeStableRescueTest-1038617632-project-member] Matched version: v2 {{(pid=99853) process_request /opt/stack/glance/glance/api/middleware/version_negotiation.py:69}}
Aug 25 00:27:13.491314 np0000008036 devstack@g-api.service[99853]: DEBUG glance.api.middleware.version_negotiation [None req-0dea2f27-3727-4e86-9eaf-9fe4a5871a88 tempest-ServerBootFromVolumeStableRescueTest-1038617632 tempest-ServerBootFromVolumeStableRescueTest-1038617632-project-member] new path /v2/schemas/image {{(pid=99853) process_request /opt/stack/glance/glance/api/middleware/version_negotiation.py:70}}
Aug 25 00:27:13.506053 np0000008036 devstack@g-api.service[99853]: [pid: 99853|app: 0|req: 101/309] 127.0.0.1 () {44 vars in 1055 bytes} [Tue Aug 25 00:27:13 2026] GET /v2/schemas/image => generated 6083 bytes in 15 msecs (HTTP/1.1 200) 4 headers in 158 bytes (1 switches on core 0)
Aug 25 00:27:13.577660 np0000008036 devstack@g-api.service[99854]: DEBUG glance.api.middleware.version_negotiation [None req-b32a84f8-0a2b-4940-8693-92dab4fae15e tempest-ServerBootFromVolumeStableRescueTest-1038617632 tempest-ServerBootFromVolumeStableRescueTest-1038617632-project-member] Determining version of request: PATCH /v2/images/972352b1-9f46-499c-a3f9-7c04ccda2731 Accept: */* {{(pid=99854) process_request /opt/stack/glance/glance/api/middleware/version_negotiation.py:44}}
Aug 25 00:27:13.577851 np0000008036 devstack@g-api.service[99854]: DEBUG glance.api.middleware.version_negotiation [None req-b32a84f8-0a2b-4940-8693-92dab4fae15e tempest-ServerBootFromVolumeStableRescueTest-1038617632 tempest-ServerBootFromVolumeStableRescueTest-1038617632-project-member] Using url versioning {{(pid=99854) process_request /opt/stack/glance/glance/api/middleware/version_negotiation.py:57}}
Aug 25 00:27:13.578008 np0000008036 devstack@g-api.service[99854]: DEBUG glance.api.middleware.version_negotiation [None req-b32a84f8-0a2b-4940-8693-92dab4fae15e tempest-ServerBootFromVolumeStableRescueTest-1038617632 tempest-ServerBootFromVolumeStableRescueTest-1038617632-project-member] Matched version: v2 {{(pid=99854) process_request /opt/stack/glance/glance/api/middleware/version_negotiation.py:69}}
Aug 25 00:27:13.578507 np0000008036 devstack@g-api.service[99854]: DEBUG glance.api.middleware.version_negotiation [None req-b32a84f8-0a2b-4940-8693-92dab4fae15e tempest-ServerBootFromVolumeStableRescueTest-1038617632 tempest-ServerBootFromVolumeStableRescueTest-1038617632-project-member] new path /v2/images/972352b1-9f46-499c-a3f9-7c04ccda2731 {{(pid=99854) process_request /opt/stack/glance/glance/api/middleware/version_negotiation.py:70}}
Aug 25 00:27:13.604330 np0000008036 devstack@g-api.service[99852]: DEBUG glance.api.middleware.cache [None req-b235c133-660c-436e-80fc-ccfc42ce7c38 tempest-VolumeAndVolumeTypeFromImageTest-712052048 tempest-VolumeAndVolumeTypeFromImageTest-712052048-project-member] Removing image 36e32a95-cf00-4c9b-9106-c2d3f5a22dd9 from cache {{(pid=99852) _process_DELETE_response /opt/stack/glance/glance/api/middleware/cache.py:264}}
Aug 25 00:27:13.604642 np0000008036 devstack@g-api.service[99852]: DEBUG glance.image_cache.drivers.centralized_db [None req-b235c133-660c-436e-80fc-ccfc42ce7c38 tempest-VolumeAndVolumeTypeFromImageTest-712052048 tempest-VolumeAndVolumeTypeFromImageTest-712052048-project-member] Deleting image cache file '/opt/stack/data/glance/cache/36e32a95-cf00-4c9b-9106-c2d3f5a22dd9' {{(pid=99852) delete_cached_file /opt/stack/glance/glance/image_cache/drivers/centralized_db.py:400}}
Aug 25 00:27:13.625499 np0000008036 devstack@g-api.service[99852]: [pid: 99852|app: 0|req: 104/310] 127.0.0.1 () {40 vars in 841 bytes} [Tue Aug 25 00:27:13 2026] DELETE /v2/images/36e32a95-cf00-4c9b-9106-c2d3f5a22dd9 => generated 0 bytes in 561 msecs (HTTP/1.1 204) 4 headers in 171 bytes (1 switches on core 0)
Aug 25 00:27:13.640425 np0000008036 devstack@g-api.service[99853]: DEBUG glance.api.middleware.version_negotiation [None req-0dea2f27-3727-4e86-9eaf-9fe4a5871a88 tempest-ServerBootFromVolumeStableRescueTest-1038617632 tempest-ServerBootFromVolumeStableRescueTest-1038617632-project-member] Determining version of request: GET /v2/images/36e32a95-cf00-4c9b-9106-c2d3f5a22dd9 Accept: application/json {{(pid=99853) process_request /opt/stack/glance/glance/api/middleware/version_negotiation.py:44}}
Aug 25 00:27:13.642769 np0000008036 devstack@g-api.service[99853]: DEBUG glance.api.middleware.version_negotiation [None req-0dea2f27-3727-4e86-9eaf-9fe4a5871a88 tempest-ServerBootFromVolumeStableRescueTest-1038617632 tempest-ServerBootFromVolumeStableRescueTest-1038617632-project-member] Using url versioning {{(pid=99853) process_request /opt/stack/glance/glance/api/middleware/version_negotiation.py:57}}
Aug 25 00:27:13.642769 np0000008036 devstack@g-api.service[99853]: DEBUG glance.api.middleware.version_negotiation [None req-0dea2f27-3727-4e86-9eaf-9fe4a5871a88 tempest-ServerBootFromVolumeStableRescueTest-1038617632 tempest-ServerBootFromVolumeStableRescueTest-1038617632-project-member] Matched version: v2 {{(pid=99853) process_request /opt/stack/glance/glance/api/middleware/version_negotiation.py:69}}
Aug 25 00:27:13.642769 np0000008036 devstack@g-api.service[99853]: DEBUG glance.api.middleware.version_negotiation [None req-0dea2f27-3727-4e86-9eaf-9fe4a5871a88 tempest-ServerBootFromVolumeStableRescueTest-1038617632 tempest-ServerBootFromVolumeStableRescueTest-1038617632-project-member] new path /v2/images/36e32a95-cf00-4c9b-9106-c2d3f5a22dd9 {{(pid=99853) process_request /opt/stack/glance/glance/api/middleware/version_negotiation.py:70}}
Aug 25 00:27:13.656048 np0000008036 devstack@g-api.service[99853]: DEBUG glance.db.sqlalchemy.api [None req-c1079b94-ba23-4009-bf1d-8452d4c3ea75 tempest-VolumeAndVolumeTypeFromImageTest-712052048 tempest-VolumeAndVolumeTypeFromImageTest-712052048-project-member] No image found with ID 36e32a95-cf00-4c9b-9106-c2d3f5a22dd9 {{(pid=99853) _image_get /opt/stack/glance/glance/db/sqlalchemy/api.py:301}}
Aug 25 00:27:13.659863 np0000008036 devstack@g-api.service[99853]: [pid: 99853|app: 0|req: 102/311] 127.0.0.1 () {40 vars in 838 bytes} [Tue Aug 25 00:27:13 2026] GET /v2/images/36e32a95-cf00-4c9b-9106-c2d3f5a22dd9 => generated 139 bytes in 20 msecs (HTTP/1.1 404) 4 headers in 164 bytes (1 switches on core 0)
Aug 25 00:27:13.848310 np0000008036 devstack@g-api.service[99854]: [pid: 99854|app: 0|req: 106/312] 127.0.0.1 () {46 vars in 1158 bytes} [Tue Aug 25 00:27:13 2026] PATCH /v2/images/972352b1-9f46-499c-a3f9-7c04ccda2731 => generated 1471 bytes in 271 msecs (HTTP/1.1 200) 4 headers in 158 bytes (1 switches on core 0)
Aug 25 00:27:13.901712 np0000008036 devstack@g-api.service[99852]: DEBUG glance.api.middleware.version_negotiation [None req-b235c133-660c-436e-80fc-ccfc42ce7c38 tempest-VolumeAndVolumeTypeFromImageTest-712052048 tempest-VolumeAndVolumeTypeFromImageTest-712052048-project-member] Determining version of request: GET /v2/images/972352b1-9f46-499c-a3f9-7c04ccda2731 Accept: */* {{(pid=99852) process_request /opt/stack/glance/glance/api/middleware/version_negotiation.py:44}}
Aug 25 00:27:13.901712 np0000008036 devstack@g-api.service[99852]: DEBUG glance.api.middleware.version_negotiation [None req-b235c133-660c-436e-80fc-ccfc42ce7c38 tempest-VolumeAndVolumeTypeFromImageTest-712052048 tempest-VolumeAndVolumeTypeFromImageTest-712052048-project-member] Using url versioning {{(pid=99852) process_request /opt/stack/glance/glance/api/middleware/version_negotiation.py:57}}
Aug 25 00:27:13.901712 np0000008036 devstack@g-api.service[99852]: DEBUG glance.api.middleware.version_negotiation [None req-b235c133-660c-436e-80fc-ccfc42ce7c38 tempest-VolumeAndVolumeTypeFromImageTest-712052048 tempest-VolumeAndVolumeTypeFromImageTest-712052048-project-member] Matched version: v2 {{(pid=99852) process_request /opt/stack/glance/glance/api/middleware/version_negotiation.py:69}}
Aug 25 00:27:13.901712 np0000008036 devstack@g-api.service[99852]: DEBUG glance.api.middleware.version_negotiation [None req-b235c133-660c-436e-80fc-ccfc42ce7c38 tempest-VolumeAndVolumeTypeFromImageTest-712052048 tempest-VolumeAndVolumeTypeFromImageTest-712052048-project-member] new path /v2/images/972352b1-9f46-499c-a3f9-7c04ccda2731 {{(pid=99852) process_request /opt/stack/glance/glance/api/middleware/version_negotiation.py:70}}
Aug 25 00:27:13.937915 np0000008036 devstack@g-api.service[99852]: [pid: 99852|app: 0|req: 105/313] 127.0.0.1 () {44 vars in 1115 bytes} [Tue Aug 25 00:27:13 2026] GET /v2/images/972352b1-9f46-499c-a3f9-7c04ccda2731 => generated 1471 bytes in 38 msecs (HTTP/1.1 200) 4 headers in 158 bytes (1 switches on core 0)
Aug 25 00:27:13.953034 np0000008036 devstack@g-api.service[99853]: DEBUG glance.api.middleware.version_negotiation [None req-c1079b94-ba23-4009-bf1d-8452d4c3ea75 tempest-VolumeAndVolumeTypeFromImageTest-712052048 tempest-VolumeAndVolumeTypeFromImageTest-712052048-project-member] Determining version of request: GET /v2/images/23494e40-0fa6-4f06-8c7d-8d841343e415 Accept: */* {{(pid=99853) process_request /opt/stack/glance/glance/api/middleware/version_negotiation.py:44}}
Aug 25 00:27:13.953034 np0000008036 devstack@g-api.service[99853]: DEBUG glance.api.middleware.version_negotiation [None req-c1079b94-ba23-4009-bf1d-8452d4c3ea75 tempest-VolumeAndVolumeTypeFromImageTest-712052048 tempest-VolumeAndVolumeTypeFromImageTest-712052048-project-member] Using url versioning {{(pid=99853) process_request /opt/stack/glance/glance/api/middleware/version_negotiation.py:57}}
Aug 25 00:27:13.953034 np0000008036 devstack@g-api.service[99853]: DEBUG glance.api.middleware.version_negotiation [None req-c1079b94-ba23-4009-bf1d-8452d4c3ea75 tempest-VolumeAndVolumeTypeFromImageTest-712052048 tempest-VolumeAndVolumeTypeFromImageTest-712052048-project-member] Matched version: v2 {{(pid=99853) process_request /opt/stack/glance/glance/api/middleware/version_negotiation.py:69}}
Aug 25 00:27:13.953034 np0000008036 devstack@g-api.service[99853]: DEBUG glance.api.middleware.version_negotiation [None req-c1079b94-ba23-4009-bf1d-8452d4c3ea75 tempest-VolumeAndVolumeTypeFromImageTest-712052048 tempest-VolumeAndVolumeTypeFromImageTest-712052048-project-member] new path /v2/images/23494e40-0fa6-4f06-8c7d-8d841343e415 {{(pid=99853) process_request /opt/stack/glance/glance/api/middleware/version_negotiation.py:70}}
Aug 25 00:27:13.965573 np0000008036 devstack@g-api.service[99853]: [pid: 99853|app: 0|req: 103/314] 127.0.0.1 () {44 vars in 1115 bytes} [Tue Aug 25 00:27:13 2026] GET /v2/images/23494e40-0fa6-4f06-8c7d-8d841343e415 => generated 1044 bytes in 13 msecs (HTTP/1.1 200) 4 headers in 158 bytes (1 switches on core 0)
Aug 25 00:27:14.031600 np0000008036 devstack@g-api.service[99854]: DEBUG glance.api.middleware.version_negotiation [None req-0dea2f27-3727-4e86-9eaf-9fe4a5871a88 tempest-ServerBootFromVolumeStableRescueTest-1038617632 tempest-ServerBootFromVolumeStableRescueTest-1038617632-project-member] Determining version of request: PUT /v2/images/972352b1-9f46-499c-a3f9-7c04ccda2731/file Accept: */* {{(pid=99854) process_request /opt/stack/glance/glance/api/middleware/version_negotiation.py:44}}
Aug 25 00:27:14.032519 np0000008036 devstack@g-api.service[99854]: DEBUG glance.api.middleware.version_negotiation [None req-0dea2f27-3727-4e86-9eaf-9fe4a5871a88 tempest-ServerBootFromVolumeStableRescueTest-1038617632 tempest-ServerBootFromVolumeStableRescueTest-1038617632-project-member] Using url versioning {{(pid=99854) process_request /opt/stack/glance/glance/api/middleware/version_negotiation.py:57}}
Aug 25 00:27:14.032519 np0000008036 devstack@g-api.service[99854]: DEBUG glance.api.middleware.version_negotiation [None req-0dea2f27-3727-4e86-9eaf-9fe4a5871a88 tempest-ServerBootFromVolumeStableRescueTest-1038617632 tempest-ServerBootFromVolumeStableRescueTest-1038617632-project-member] Matched version: v2 {{(pid=99854) process_request /opt/stack/glance/glance/api/middleware/version_negotiation.py:69}}
Aug 25 00:27:14.032659 np0000008036 devstack@g-api.service[99854]: DEBUG glance.api.middleware.version_negotiation [None req-0dea2f27-3727-4e86-9eaf-9fe4a5871a88 tempest-ServerBootFromVolumeStableRescueTest-1038617632 tempest-ServerBootFromVolumeStableRescueTest-1038617632-project-member] new path /v2/images/972352b1-9f46-499c-a3f9-7c04ccda2731/file {{(pid=99854) process_request /opt/stack/glance/glance/api/middleware/version_negotiation.py:70}}
Aug 25 00:27:14.044436 np0000008036 devstack@g-api.service[99852]: DEBUG glance.api.middleware.version_negotiation [None req-0dea2f27-3727-4e86-9eaf-9fe4a5871a88 tempest-ServerBootFromVolumeStableRescueTest-1038617632 tempest-ServerBootFromVolumeStableRescueTest-1038617632-project-member] Determining version of request: GET /v2/images/23494e40-0fa6-4f06-8c7d-8d841343e415/file Accept: */* {{(pid=99852) process_request /opt/stack/glance/glance/api/middleware/version_negotiation.py:44}}
Aug 25 00:27:14.047546 np0000008036 devstack@g-api.service[99852]: DEBUG glance.api.middleware.version_negotiation [None req-0dea2f27-3727-4e86-9eaf-9fe4a5871a88 tempest-ServerBootFromVolumeStableRescueTest-1038617632 tempest-ServerBootFromVolumeStableRescueTest-1038617632-project-member] Using url versioning {{(pid=99852) process_request /opt/stack/glance/glance/api/middleware/version_negotiation.py:57}}
Aug 25 00:27:14.047546 np0000008036 devstack@g-api.service[99852]: DEBUG glance.api.middleware.version_negotiation [None req-0dea2f27-3727-4e86-9eaf-9fe4a5871a88 tempest-ServerBootFromVolumeStableRescueTest-1038617632 tempest-ServerBootFromVolumeStableRescueTest-1038617632-project-member] Matched version: v2 {{(pid=99852) process_request /opt/stack/glance/glance/api/middleware/version_negotiation.py:69}}
Aug 25 00:27:14.047546 np0000008036 devstack@g-api.service[99852]: DEBUG glance.api.middleware.version_negotiation [None req-0dea2f27-3727-4e86-9eaf-9fe4a5871a88 tempest-ServerBootFromVolumeStableRescueTest-1038617632 tempest-ServerBootFromVolumeStableRescueTest-1038617632-project-member] new path /v2/images/23494e40-0fa6-4f06-8c7d-8d841343e415/file {{(pid=99852) process_request /opt/stack/glance/glance/api/middleware/version_negotiation.py:70}}
Aug 25 00:27:14.064805 np0000008036 devstack@g-api.service[99852]: DEBUG glance.api.middleware.cache [None req-7fef3257-5ccb-40ed-98c0-37855fa07a46 tempest-ServerActionsTestOtherA-1053364534 tempest-ServerActionsTestOtherA-1053364534-project-member] Cache hit for image '23494e40-0fa6-4f06-8c7d-8d841343e415' {{(pid=99852) process_request /opt/stack/glance/glance/api/middleware/cache.py:160}}
Aug 25 00:27:14.196760 np0000008036 devstack@g-api.service[99852]: [pid: 99852|app: 0|req: 106/315] 127.0.0.1 () {44 vars in 1125 bytes} [Tue Aug 25 00:27:14 2026] GET /v2/images/23494e40-0fa6-4f06-8c7d-8d841343e415/file => generated 21233664 bytes in 152 msecs (HTTP/1.1 200) 5 headers in 217 bytes (330 switches on core 0)
Aug 25 00:27:14.344116 np0000008036 devstack@g-api.service[99853]: DEBUG glance.api.middleware.version_negotiation [None req-7fef3257-5ccb-40ed-98c0-37855fa07a46 tempest-ServerActionsTestOtherA-1053364534 tempest-ServerActionsTestOtherA-1053364534-project-member] Determining version of request: GET /v2/images/23494e40-0fa6-4f06-8c7d-8d841343e415 Accept: */* {{(pid=99853) process_request /opt/stack/glance/glance/api/middleware/version_negotiation.py:44}}
Aug 25 00:27:14.344116 np0000008036 devstack@g-api.service[99853]: DEBUG glance.api.middleware.version_negotiation [None req-7fef3257-5ccb-40ed-98c0-37855fa07a46 tempest-ServerActionsTestOtherA-1053364534 tempest-ServerActionsTestOtherA-1053364534-project-member] Using url versioning {{(pid=99853) process_request /opt/stack/glance/glance/api/middleware/version_negotiation.py:57}}
Aug 25 00:27:14.344116 np0000008036 devstack@g-api.service[99853]: DEBUG glance.api.middleware.version_negotiation [None req-7fef3257-5ccb-40ed-98c0-37855fa07a46 tempest-ServerActionsTestOtherA-1053364534 tempest-ServerActionsTestOtherA-1053364534-project-member] Matched version: v2 {{(pid=99853) process_request /opt/stack/glance/glance/api/middleware/version_negotiation.py:69}}
Aug 25 00:27:14.344116 np0000008036 devstack@g-api.service[99853]: DEBUG glance.api.middleware.version_negotiation [None req-7fef3257-5ccb-40ed-98c0-37855fa07a46 tempest-ServerActionsTestOtherA-1053364534 tempest-ServerActionsTestOtherA-1053364534-project-member] new path /v2/images/23494e40-0fa6-4f06-8c7d-8d841343e415 {{(pid=99853) process_request /opt/stack/glance/glance/api/middleware/version_negotiation.py:70}}
Aug 25 00:27:14.372519 np0000008036 devstack@g-api.service[99853]: [pid: 99853|app: 0|req: 104/316] 127.0.0.1 () {44 vars in 1115 bytes} [Tue Aug 25 00:27:14 2026] GET /v2/images/23494e40-0fa6-4f06-8c7d-8d841343e415 => generated 1044 bytes in 30 msecs (HTTP/1.1 200) 4 headers in 158 bytes (1 switches on core 0)
Aug 25 00:27:14.434724 np0000008036 devstack@g-api.service[99852]: DEBUG glance.api.middleware.version_negotiation [None req-7fef3257-5ccb-40ed-98c0-37855fa07a46 tempest-ServerActionsTestOtherA-1053364534 tempest-ServerActionsTestOtherA-1053364534-project-member] Determining version of request: GET /v2/schemas/image Accept: */* {{(pid=99852) process_request /opt/stack/glance/glance/api/middleware/version_negotiation.py:44}}
Aug 25 00:27:14.434886 np0000008036 devstack@g-api.service[99852]: DEBUG glance.api.middleware.version_negotiation [None req-7fef3257-5ccb-40ed-98c0-37855fa07a46 tempest-ServerActionsTestOtherA-1053364534 tempest-ServerActionsTestOtherA-1053364534-project-member] Using url versioning {{(pid=99852) process_request /opt/stack/glance/glance/api/middleware/version_negotiation.py:57}}
Aug 25 00:27:14.435061 np0000008036 devstack@g-api.service[99852]: DEBUG glance.api.middleware.version_negotiation [None req-7fef3257-5ccb-40ed-98c0-37855fa07a46 tempest-ServerActionsTestOtherA-1053364534 tempest-ServerActionsTestOtherA-1053364534-project-member] Matched version: v2 {{(pid=99852) process_request /opt/stack/glance/glance/api/middleware/version_negotiation.py:69}}
Aug 25 00:27:14.435194 np0000008036 devstack@g-api.service[99852]: DEBUG glance.api.middleware.version_negotiation [None req-7fef3257-5ccb-40ed-98c0-37855fa07a46 tempest-ServerActionsTestOtherA-1053364534 tempest-ServerActionsTestOtherA-1053364534-project-member] new path /v2/schemas/image {{(pid=99852) process_request /opt/stack/glance/glance/api/middleware/version_negotiation.py:70}}
Aug 25 00:27:14.438774 np0000008036 devstack@g-api.service[99852]: [pid: 99852|app: 0|req: 107/317] 127.0.0.1 () {44 vars in 1055 bytes} [Tue Aug 25 00:27:14 2026] GET /v2/schemas/image => generated 6083 bytes in 4 msecs (HTTP/1.1 200) 4 headers in 158 bytes (1 switches on core 0)
Aug 25 00:27:14.492175 np0000008036 devstack@g-api.service[99853]: DEBUG glance.api.middleware.version_negotiation [None req-7fef3257-5ccb-40ed-98c0-37855fa07a46 tempest-ServerActionsTestOtherA-1053364534 tempest-ServerActionsTestOtherA-1053364534-project-member] Determining version of request: GET /v2/images/972352b1-9f46-499c-a3f9-7c04ccda2731 Accept: application/json {{(pid=99853) process_request /opt/stack/glance/glance/api/middleware/version_negotiation.py:44}}
Aug 25 00:27:14.492175 np0000008036 devstack@g-api.service[99853]: DEBUG glance.api.middleware.version_negotiation [None req-7fef3257-5ccb-40ed-98c0-37855fa07a46 tempest-ServerActionsTestOtherA-1053364534 tempest-ServerActionsTestOtherA-1053364534-project-member] Using url versioning {{(pid=99853) process_request /opt/stack/glance/glance/api/middleware/version_negotiation.py:57}}
Aug 25 00:27:14.492175 np0000008036 devstack@g-api.service[99853]: DEBUG glance.api.middleware.version_negotiation [None req-7fef3257-5ccb-40ed-98c0-37855fa07a46 tempest-ServerActionsTestOtherA-1053364534 tempest-ServerActionsTestOtherA-1053364534-project-member] Matched version: v2 {{(pid=99853) process_request /opt/stack/glance/glance/api/middleware/version_negotiation.py:69}}
Aug 25 00:27:14.492175 np0000008036 devstack@g-api.service[99853]: DEBUG glance.api.middleware.version_negotiation [None req-7fef3257-5ccb-40ed-98c0-37855fa07a46 tempest-ServerActionsTestOtherA-1053364534 tempest-ServerActionsTestOtherA-1053364534-project-member] new path /v2/images/972352b1-9f46-499c-a3f9-7c04ccda2731 {{(pid=99853) process_request /opt/stack/glance/glance/api/middleware/version_negotiation.py:70}}
Aug 25 00:27:14.515017 np0000008036 devstack@g-api.service[99853]: [pid: 99853|app: 0|req: 105/318] 127.0.0.1 () {40 vars in 838 bytes} [Tue Aug 25 00:27:14 2026] GET /v2/images/972352b1-9f46-499c-a3f9-7c04ccda2731 => generated 1471 bytes in 24 msecs (HTTP/1.1 200) 4 headers in 158 bytes (1 switches on core 0)
Aug 25 00:27:14.855292 np0000008036 devstack@g-api.service[99854]: INFO glance.api.v2.image_data [None req-0dea2f27-3727-4e86-9eaf-9fe4a5871a88 tempest-ServerBootFromVolumeStableRescueTest-1038617632 tempest-ServerBootFromVolumeStableRescueTest-1038617632-project-member] Unable to create trust: no such option collect_timing in group [keystone_authtoken] Use the existing user token.
Aug 25 00:27:15.529727 np0000008036 devstack@g-api.service[99852]: DEBUG glance.api.middleware.version_negotiation [None req-7fef3257-5ccb-40ed-98c0-37855fa07a46 tempest-ServerActionsTestOtherA-1053364534 tempest-ServerActionsTestOtherA-1053364534-project-member] Determining version of request: GET /v2/images/972352b1-9f46-499c-a3f9-7c04ccda2731 Accept: application/json {{(pid=99852) process_request /opt/stack/glance/glance/api/middleware/version_negotiation.py:44}}
Aug 25 00:27:15.530251 np0000008036 devstack@g-api.service[99852]: DEBUG glance.api.middleware.version_negotiation [None req-7fef3257-5ccb-40ed-98c0-37855fa07a46 tempest-ServerActionsTestOtherA-1053364534 tempest-ServerActionsTestOtherA-1053364534-project-member] Using url versioning {{(pid=99852) process_request /opt/stack/glance/glance/api/middleware/version_negotiation.py:57}}
Aug 25 00:27:15.530251 np0000008036 devstack@g-api.service[99852]: DEBUG glance.api.middleware.version_negotiation [None req-7fef3257-5ccb-40ed-98c0-37855fa07a46 tempest-ServerActionsTestOtherA-1053364534 tempest-ServerActionsTestOtherA-1053364534-project-member] Matched version: v2 {{(pid=99852) process_request /opt/stack/glance/glance/api/middleware/version_negotiation.py:69}}
Aug 25 00:27:15.530251 np0000008036 devstack@g-api.service[99852]: DEBUG glance.api.middleware.version_negotiation [None req-7fef3257-5ccb-40ed-98c0-37855fa07a46 tempest-ServerActionsTestOtherA-1053364534 tempest-ServerActionsTestOtherA-1053364534-project-member] new path /v2/images/972352b1-9f46-499c-a3f9-7c04ccda2731 {{(pid=99852) process_request /opt/stack/glance/glance/api/middleware/version_negotiation.py:70}}
Aug 25 00:27:15.557850 np0000008036 devstack@g-api.service[99852]: [pid: 99852|app: 0|req: 108/319] 127.0.0.1 () {40 vars in 838 bytes} [Tue Aug 25 00:27:15 2026] GET /v2/images/972352b1-9f46-499c-a3f9-7c04ccda2731 => generated 1471 bytes in 28 msecs (HTTP/1.1 200) 4 headers in 158 bytes (1 switches on core 0)
Aug 25 00:27:15.606648 np0000008036 devstack@g-api.service[99854]: DEBUG glance.location [None req-0dea2f27-3727-4e86-9eaf-9fe4a5871a88 tempest-ServerBootFromVolumeStableRescueTest-1038617632 tempest-ServerBootFromVolumeStableRescueTest-1038617632-project-member] Enabling in-flight format inspection for qcow2 {{(pid=99854) set_data /opt/stack/glance/glance/location.py:596}}
Aug 25 00:27:15.606648 np0000008036 devstack@g-api.service[99854]: DEBUG glance_store.backend [None req-0dea2f27-3727-4e86-9eaf-9fe4a5871a88 tempest-ServerBootFromVolumeStableRescueTest-1038617632 tempest-ServerBootFromVolumeStableRescueTest-1038617632-project-member] Attempting to import store swift {{(pid=99854) _load_store /opt/stack/data/venv/lib/python3.12/site-packages/glance_store/backend.py:215}}
Aug 25 00:27:15.612584 np0000008036 devstack@g-api.service[99854]: DEBUG glance_store.capabilities [None req-0dea2f27-3727-4e86-9eaf-9fe4a5871a88 tempest-ServerBootFromVolumeStableRescueTest-1038617632 tempest-ServerBootFromVolumeStableRescueTest-1038617632-project-member] Store glance_store._drivers.swift.store.SingleTenantStore doesn't support updating dynamic storage capabilities. Please overwrite 'update_capabilities' method of the store to implement updating logics if needed. {{(pid=99854) update_capabilities /opt/stack/data/venv/lib/python3.12/site-packages/glance_store/capabilities.py:91}}
Aug 25 00:27:15.612810 np0000008036 devstack@g-api.service[99854]: DEBUG glance_store.driver [None req-0dea2f27-3727-4e86-9eaf-9fe4a5871a88 tempest-ServerBootFromVolumeStableRescueTest-1038617632 tempest-ServerBootFromVolumeStableRescueTest-1038617632-project-member] Late loading location class glance_store._drivers.swift.store.StoreLocation {{(pid=99854) get_store_location_class /opt/stack/data/venv/lib/python3.12/site-packages/glance_store/driver.py:134}}
Aug 25 00:27:15.612976 np0000008036 devstack@g-api.service[99854]: DEBUG glance_store.location [None req-0dea2f27-3727-4e86-9eaf-9fe4a5871a88 tempest-ServerBootFromVolumeStableRescueTest-1038617632 tempest-ServerBootFromVolumeStableRescueTest-1038617632-project-member] Registering scheme swift+https with {'store': , 'location_class': , 'store_entry': 'swift'} {{(pid=99854) register_scheme_map /opt/stack/data/venv/lib/python3.12/site-packages/glance_store/location.py:146}}
Aug 25 00:27:15.613096 np0000008036 devstack@g-api.service[99854]: DEBUG glance_store.location [None req-0dea2f27-3727-4e86-9eaf-9fe4a5871a88 tempest-ServerBootFromVolumeStableRescueTest-1038617632 tempest-ServerBootFromVolumeStableRescueTest-1038617632-project-member] Registering scheme swift+https with {'store': , 'location_class': , 'store_entry': 'swift'} {{(pid=99854) register_scheme_map /opt/stack/data/venv/lib/python3.12/site-packages/glance_store/location.py:146}}
Aug 25 00:27:15.613199 np0000008036 devstack@g-api.service[99854]: DEBUG glance_store.location [None req-0dea2f27-3727-4e86-9eaf-9fe4a5871a88 tempest-ServerBootFromVolumeStableRescueTest-1038617632 tempest-ServerBootFromVolumeStableRescueTest-1038617632-project-member] Registering scheme swift with {'store': , 'location_class': , 'store_entry': 'swift'} {{(pid=99854) register_scheme_map /opt/stack/data/venv/lib/python3.12/site-packages/glance_store/location.py:146}}
Aug 25 00:27:15.613300 np0000008036 devstack@g-api.service[99854]: DEBUG glance_store.location [None req-0dea2f27-3727-4e86-9eaf-9fe4a5871a88 tempest-ServerBootFromVolumeStableRescueTest-1038617632 tempest-ServerBootFromVolumeStableRescueTest-1038617632-project-member] Registering scheme swift+https with {'store': , 'location_class': , 'store_entry': 'swift'} {{(pid=99854) register_scheme_map /opt/stack/data/venv/lib/python3.12/site-packages/glance_store/location.py:146}}
Aug 25 00:27:15.613385 np0000008036 devstack@g-api.service[99854]: DEBUG glance_store.location [None req-0dea2f27-3727-4e86-9eaf-9fe4a5871a88 tempest-ServerBootFromVolumeStableRescueTest-1038617632 tempest-ServerBootFromVolumeStableRescueTest-1038617632-project-member] Registering scheme swift with {'store': , 'location_class': , 'store_entry': 'swift'} {{(pid=99854) register_scheme_map /opt/stack/data/venv/lib/python3.12/site-packages/glance_store/location.py:146}}
Aug 25 00:27:15.614133 np0000008036 devstack@g-api.service[99854]: DEBUG glance_store.location [None req-0dea2f27-3727-4e86-9eaf-9fe4a5871a88 tempest-ServerBootFromVolumeStableRescueTest-1038617632 tempest-ServerBootFromVolumeStableRescueTest-1038617632-project-member] Registering scheme swift+http with {'store': , 'location_class': , 'store_entry': 'swift'} {{(pid=99854) register_scheme_map /opt/stack/data/venv/lib/python3.12/site-packages/glance_store/location.py:146}}
Aug 25 00:27:15.614133 np0000008036 devstack@g-api.service[99854]: DEBUG glance_store.location [None req-0dea2f27-3727-4e86-9eaf-9fe4a5871a88 tempest-ServerBootFromVolumeStableRescueTest-1038617632 tempest-ServerBootFromVolumeStableRescueTest-1038617632-project-member] Registering scheme swift+https with {'store': , 'location_class': , 'store_entry': 'swift'} {{(pid=99854) register_scheme_map /opt/stack/data/venv/lib/python3.12/site-packages/glance_store/location.py:146}}
Aug 25 00:27:15.614133 np0000008036 devstack@g-api.service[99854]: DEBUG glance_store.location [None req-0dea2f27-3727-4e86-9eaf-9fe4a5871a88 tempest-ServerBootFromVolumeStableRescueTest-1038617632 tempest-ServerBootFromVolumeStableRescueTest-1038617632-project-member] Registering scheme swift with {'store': , 'location_class': , 'store_entry': 'swift'} {{(pid=99854) register_scheme_map /opt/stack/data/venv/lib/python3.12/site-packages/glance_store/location.py:146}}
Aug 25 00:27:15.614133 np0000008036 devstack@g-api.service[99854]: DEBUG glance_store.location [None req-0dea2f27-3727-4e86-9eaf-9fe4a5871a88 tempest-ServerBootFromVolumeStableRescueTest-1038617632 tempest-ServerBootFromVolumeStableRescueTest-1038617632-project-member] Registering scheme swift+http with {'store': , 'location_class': , 'store_entry': 'swift'} {{(pid=99854) register_scheme_map /opt/stack/data/venv/lib/python3.12/site-packages/glance_store/location.py:146}}
Aug 25 00:27:15.614133 np0000008036 devstack@g-api.service[99854]: DEBUG glance_store.location [None req-0dea2f27-3727-4e86-9eaf-9fe4a5871a88 tempest-ServerBootFromVolumeStableRescueTest-1038617632 tempest-ServerBootFromVolumeStableRescueTest-1038617632-project-member] Registering scheme swift+config with {'store': , 'location_class': , 'store_entry': 'swift'} {{(pid=99854) register_scheme_map /opt/stack/data/venv/lib/python3.12/site-packages/glance_store/location.py:146}}
Aug 25 00:27:16.010731 np0000008036 devstack@g-api.service[99854]: DEBUG swiftclient [None req-0dea2f27-3727-4e86-9eaf-9fe4a5871a88 tempest-ServerBootFromVolumeStableRescueTest-1038617632 tempest-ServerBootFromVolumeStableRescueTest-1038617632-project-member] REQ: curl -i https://10.4.3.225:8080/v1/AUTH_a496ec09a7254c45863a72a6c46a1c46/glance -I -H "X-Auth-Token: gAAAAABqjOFjlMsk..." {{(pid=99854) http_log /opt/stack/data/venv/lib/python3.12/site-packages/swiftclient/client.py:160}}
Aug 25 00:27:16.011457 np0000008036 devstack@g-api.service[99854]: DEBUG swiftclient [None req-0dea2f27-3727-4e86-9eaf-9fe4a5871a88 tempest-ServerBootFromVolumeStableRescueTest-1038617632 tempest-ServerBootFromVolumeStableRescueTest-1038617632-project-member] RESP STATUS: 204 No Content {{(pid=99854) http_log /opt/stack/data/venv/lib/python3.12/site-packages/swiftclient/client.py:161}}
Aug 25 00:27:16.011457 np0000008036 devstack@g-api.service[99854]: DEBUG swiftclient [None req-0dea2f27-3727-4e86-9eaf-9fe4a5871a88 tempest-ServerBootFromVolumeStableRescueTest-1038617632 tempest-ServerBootFromVolumeStableRescueTest-1038617632-project-member] RESP HEADERS: {'Date': 'Tue, 25 Aug 2026 00:27:16 GMT', 'Server': 'Apache/2.4.58 (Ubuntu)', 'Content-Type': 'text/plain; charset=utf-8', 'X-Container-Object-Count': '5', 'X-Container-Bytes-Used': '86048768', 'X-Timestamp': '1787617309.64318', 'Last-Modified': 'Tue, 25 Aug 2026 00:21:50 GMT', 'Accept-Ranges': 'bytes', 'X-Storage-Policy': 'Policy-0', 'X-Container-Sharding': 'False', 'Vary': 'Accept', 'X-Trans-Id': 'tx5bc87dcee3cf49cb857d0-006a8ce163', 'X-Openstack-Request-Id': 'tx5bc87dcee3cf49cb857d0-006a8ce163', 'Connection': 'close'} {{(pid=99854) http_log /opt/stack/data/venv/lib/python3.12/site-packages/swiftclient/client.py:162}}
Aug 25 00:27:16.011457 np0000008036 devstack@g-api.service[99854]: DEBUG glance_store._drivers.swift.store [None req-0dea2f27-3727-4e86-9eaf-9fe4a5871a88 tempest-ServerBootFromVolumeStableRescueTest-1038617632 tempest-ServerBootFromVolumeStableRescueTest-1038617632-project-member] Adding image object '972352b1-9f46-499c-a3f9-7c04ccda2731' to Swift {{(pid=99854) add /opt/stack/data/venv/lib/python3.12/site-packages/glance_store/_drivers/swift/store.py:970}}
Aug 25 00:27:16.012555 np0000008036 devstack@g-api.service[99854]: DEBUG glance_store._drivers.swift.store [None req-0dea2f27-3727-4e86-9eaf-9fe4a5871a88 tempest-ServerBootFromVolumeStableRescueTest-1038617632 tempest-ServerBootFromVolumeStableRescueTest-1038617632-project-member] Cannot determine image size because it is either not provided in the request or chunked-transfer encoding is used. Adding image as a segmented object to Swift. {{(pid=99854) add /opt/stack/data/venv/lib/python3.12/site-packages/glance_store/_drivers/swift/store.py:994}}
Aug 25 00:27:16.022483 np0000008036 devstack@g-api.service[99854]: DEBUG oslo_utils.imageutils.format_inspector [None req-0dea2f27-3727-4e86-9eaf-9fe4a5871a88 tempest-ServerBootFromVolumeStableRescueTest-1038617632 tempest-ServerBootFromVolumeStableRescueTest-1038617632-project-member] Format inspector for vmdk does not match, excluding from consideration (Signature KDMV not found: b'QFI\xfb') {{(pid=99854) _process_chunk /opt/stack/data/venv/lib/python3.12/site-packages/oslo_utils/imageutils/format_inspector.py:1758}}
Aug 25 00:27:16.028243 np0000008036 devstack@g-api.service[99854]: DEBUG oslo_utils.imageutils.format_inspector [None req-0dea2f27-3727-4e86-9eaf-9fe4a5871a88 tempest-ServerBootFromVolumeStableRescueTest-1038617632 tempest-ServerBootFromVolumeStableRescueTest-1038617632-project-member] Format inspector for vhdx does not match, excluding from consideration (Region signature not found at 30000) {{(pid=99854) _process_chunk /opt/stack/data/venv/lib/python3.12/site-packages/oslo_utils/imageutils/format_inspector.py:1758}}
Aug 25 00:27:16.574294 np0000008036 devstack@g-api.service[99853]: DEBUG glance.api.middleware.version_negotiation [None req-1a7cbcd8-9409-4bfb-8ed6-509f342ea2d9 tempest-ServerBootFromVolumeStableRescueTest-1038617632 tempest-ServerBootFromVolumeStableRescueTest-1038617632-project-member] Determining version of request: GET /v2/images/972352b1-9f46-499c-a3f9-7c04ccda2731 Accept: application/json {{(pid=99853) process_request /opt/stack/glance/glance/api/middleware/version_negotiation.py:44}}
Aug 25 00:27:16.574735 np0000008036 devstack@g-api.service[99853]: DEBUG glance.api.middleware.version_negotiation [None req-1a7cbcd8-9409-4bfb-8ed6-509f342ea2d9 tempest-ServerBootFromVolumeStableRescueTest-1038617632 tempest-ServerBootFromVolumeStableRescueTest-1038617632-project-member] Using url versioning {{(pid=99853) process_request /opt/stack/glance/glance/api/middleware/version_negotiation.py:57}}
Aug 25 00:27:16.574735 np0000008036 devstack@g-api.service[99853]: DEBUG glance.api.middleware.version_negotiation [None req-1a7cbcd8-9409-4bfb-8ed6-509f342ea2d9 tempest-ServerBootFromVolumeStableRescueTest-1038617632 tempest-ServerBootFromVolumeStableRescueTest-1038617632-project-member] Matched version: v2 {{(pid=99853) process_request /opt/stack/glance/glance/api/middleware/version_negotiation.py:69}}
Aug 25 00:27:16.574796 np0000008036 devstack@g-api.service[99853]: DEBUG glance.api.middleware.version_negotiation [None req-1a7cbcd8-9409-4bfb-8ed6-509f342ea2d9 tempest-ServerBootFromVolumeStableRescueTest-1038617632 tempest-ServerBootFromVolumeStableRescueTest-1038617632-project-member] new path /v2/images/972352b1-9f46-499c-a3f9-7c04ccda2731 {{(pid=99853) process_request /opt/stack/glance/glance/api/middleware/version_negotiation.py:70}}
Aug 25 00:27:16.592244 np0000008036 devstack@g-api.service[99853]: [pid: 99853|app: 0|req: 106/320] 127.0.0.1 () {40 vars in 838 bytes} [Tue Aug 25 00:27:16 2026] GET /v2/images/972352b1-9f46-499c-a3f9-7c04ccda2731 => generated 1471 bytes in 18 msecs (HTTP/1.1 200) 4 headers in 158 bytes (1 switches on core 0)
Aug 25 00:27:17.608394 np0000008036 devstack@g-api.service[99852]: DEBUG glance.api.middleware.version_negotiation [None req-044fd889-929f-4b99-a39a-4f57751ff238 tempest-ServerBootFromVolumeStableRescueTest-1038617632 tempest-ServerBootFromVolumeStableRescueTest-1038617632-project-member] Determining version of request: GET /v2/images/972352b1-9f46-499c-a3f9-7c04ccda2731 Accept: application/json {{(pid=99852) process_request /opt/stack/glance/glance/api/middleware/version_negotiation.py:44}}
Aug 25 00:27:17.608964 np0000008036 devstack@g-api.service[99852]: DEBUG glance.api.middleware.version_negotiation [None req-044fd889-929f-4b99-a39a-4f57751ff238 tempest-ServerBootFromVolumeStableRescueTest-1038617632 tempest-ServerBootFromVolumeStableRescueTest-1038617632-project-member] Using url versioning {{(pid=99852) process_request /opt/stack/glance/glance/api/middleware/version_negotiation.py:57}}
Aug 25 00:27:17.609099 np0000008036 devstack@g-api.service[99852]: DEBUG glance.api.middleware.version_negotiation [None req-044fd889-929f-4b99-a39a-4f57751ff238 tempest-ServerBootFromVolumeStableRescueTest-1038617632 tempest-ServerBootFromVolumeStableRescueTest-1038617632-project-member] Matched version: v2 {{(pid=99852) process_request /opt/stack/glance/glance/api/middleware/version_negotiation.py:69}}
Aug 25 00:27:17.609360 np0000008036 devstack@g-api.service[99852]: DEBUG glance.api.middleware.version_negotiation [None req-044fd889-929f-4b99-a39a-4f57751ff238 tempest-ServerBootFromVolumeStableRescueTest-1038617632 tempest-ServerBootFromVolumeStableRescueTest-1038617632-project-member] new path /v2/images/972352b1-9f46-499c-a3f9-7c04ccda2731 {{(pid=99852) process_request /opt/stack/glance/glance/api/middleware/version_negotiation.py:70}}
Aug 25 00:27:17.629215 np0000008036 devstack@g-api.service[99852]: [pid: 99852|app: 0|req: 109/321] 127.0.0.1 () {40 vars in 838 bytes} [Tue Aug 25 00:27:17 2026] GET /v2/images/972352b1-9f46-499c-a3f9-7c04ccda2731 => generated 1471 bytes in 22 msecs (HTTP/1.1 200) 4 headers in 158 bytes (1 switches on core 0)
Aug 25 00:27:17.881096 np0000008036 devstack@g-api.service[99854]: DEBUG swiftclient [None req-0dea2f27-3727-4e86-9eaf-9fe4a5871a88 tempest-ServerBootFromVolumeStableRescueTest-1038617632 tempest-ServerBootFromVolumeStableRescueTest-1038617632-project-member] REQ: curl -i https://10.4.3.225:8080/v1/AUTH_a496ec09a7254c45863a72a6c46a1c46/glance/972352b1-9f46-499c-a3f9-7c04ccda2731-00001 -X PUT -H "X-Auth-Token: gAAAAABqjOFjlMsk..." {{(pid=99854) http_log /opt/stack/data/venv/lib/python3.12/site-packages/swiftclient/client.py:160}}
Aug 25 00:27:17.881514 np0000008036 devstack@g-api.service[99854]: DEBUG swiftclient [None req-0dea2f27-3727-4e86-9eaf-9fe4a5871a88 tempest-ServerBootFromVolumeStableRescueTest-1038617632 tempest-ServerBootFromVolumeStableRescueTest-1038617632-project-member] RESP STATUS: 201 Created {{(pid=99854) http_log /opt/stack/data/venv/lib/python3.12/site-packages/swiftclient/client.py:161}}
Aug 25 00:27:17.884753 np0000008036 devstack@g-api.service[99854]: DEBUG swiftclient [None req-0dea2f27-3727-4e86-9eaf-9fe4a5871a88 tempest-ServerBootFromVolumeStableRescueTest-1038617632 tempest-ServerBootFromVolumeStableRescueTest-1038617632-project-member] RESP HEADERS: {'Date': 'Tue, 25 Aug 2026 00:27:17 GMT', 'Server': 'Apache/2.4.58 (Ubuntu)', 'Content-Type': 'text/html; charset=UTF-8', 'Content-Length': '0', 'Etag': '4fa343ee581d8d2e78533191fd1ac3e1', 'Last-Modified': 'Tue, 25 Aug 2026 00:27:17 GMT', 'X-Trans-Id': 'txc00f336c285841e4b6e49-006a8ce164', 'X-Openstack-Request-Id': 'txc00f336c285841e4b6e49-006a8ce164', 'Connection': 'close'} {{(pid=99854) http_log /opt/stack/data/venv/lib/python3.12/site-packages/swiftclient/client.py:162}}
Aug 25 00:27:17.885160 np0000008036 devstack@g-api.service[99854]: DEBUG glance_store._drivers.swift.store [None req-0dea2f27-3727-4e86-9eaf-9fe4a5871a88 tempest-ServerBootFromVolumeStableRescueTest-1038617632 tempest-ServerBootFromVolumeStableRescueTest-1038617632-project-member] Wrote chunk 972352b1-9f46-499c-a3f9-7c04ccda2731-00001 (1/?) of length 23527424 to Swift returning MD5 of content: 4fa343ee581d8d2e78533191fd1ac3e1 {{(pid=99854) add /opt/stack/data/venv/lib/python3.12/site-packages/glance_store/_drivers/swift/store.py:1059}}
Aug 25 00:27:17.885571 np0000008036 devstack@g-api.service[99854]: DEBUG glance_store._drivers.swift.store [None req-0dea2f27-3727-4e86-9eaf-9fe4a5871a88 tempest-ServerBootFromVolumeStableRescueTest-1038617632 tempest-ServerBootFromVolumeStableRescueTest-1038617632-project-member] Not writing zero-length chunk. {{(pid=99854) add /opt/stack/data/venv/lib/python3.12/site-packages/glance_store/_drivers/swift/store.py:1028}}
Aug 25 00:27:17.931874 np0000008036 devstack@g-api.service[99854]: DEBUG swiftclient [None req-0dea2f27-3727-4e86-9eaf-9fe4a5871a88 tempest-ServerBootFromVolumeStableRescueTest-1038617632 tempest-ServerBootFromVolumeStableRescueTest-1038617632-project-member] REQ: curl -i https://10.4.3.225:8080/v1/AUTH_a496ec09a7254c45863a72a6c46a1c46/glance/972352b1-9f46-499c-a3f9-7c04ccda2731 -X PUT -H "X-Object-Manifest: glance/972352b1-9f46-499c-a3f9-7c04ccda2731-" -H "X-Auth-Token: gAAAAABqjOFjlMsk..." -H "Content-Length: 0" {{(pid=99854) http_log /opt/stack/data/venv/lib/python3.12/site-packages/swiftclient/client.py:160}}
Aug 25 00:27:17.931874 np0000008036 devstack@g-api.service[99854]: DEBUG swiftclient [None req-0dea2f27-3727-4e86-9eaf-9fe4a5871a88 tempest-ServerBootFromVolumeStableRescueTest-1038617632 tempest-ServerBootFromVolumeStableRescueTest-1038617632-project-member] RESP STATUS: 201 Created {{(pid=99854) http_log /opt/stack/data/venv/lib/python3.12/site-packages/swiftclient/client.py:161}}
Aug 25 00:27:17.931874 np0000008036 devstack@g-api.service[99854]: DEBUG swiftclient [None req-0dea2f27-3727-4e86-9eaf-9fe4a5871a88 tempest-ServerBootFromVolumeStableRescueTest-1038617632 tempest-ServerBootFromVolumeStableRescueTest-1038617632-project-member] RESP HEADERS: {'Date': 'Tue, 25 Aug 2026 00:27:17 GMT', 'Server': 'Apache/2.4.58 (Ubuntu)', 'Content-Type': 'text/html; charset=UTF-8', 'Content-Length': '0', 'Etag': 'd41d8cd98f00b204e9800998ecf8427e', 'Last-Modified': 'Tue, 25 Aug 2026 00:27:18 GMT', 'X-Trans-Id': 'tx27d3682ef270413d9aa49-006a8ce165', 'X-Openstack-Request-Id': 'tx27d3682ef270413d9aa49-006a8ce165', 'Connection': 'close'} {{(pid=99854) http_log /opt/stack/data/venv/lib/python3.12/site-packages/swiftclient/client.py:162}}
Aug 25 00:27:17.932600 np0000008036 devstack@g-api.service[99854]: INFO glance.location [None req-0dea2f27-3727-4e86-9eaf-9fe4a5871a88 tempest-ServerBootFromVolumeStableRescueTest-1038617632 tempest-ServerBootFromVolumeStableRescueTest-1038617632-project-member] Image format matched and virtual size computed: 1073741824
