Aug 18 10:09:38.904470 np0000007634 nova-conductor[95934]: DEBUG cotyledon.oslo_config_glue [-] oslo_messaging_rabbit.rabbit_login_method = AMQPLAIN {{(pid=95934) log_opt_values /opt/stack/data/venv/lib/python3.12/site-packages/oslo_config/cfg.py:3560}}
Aug 18 10:09:38.904470 np0000007634 nova-conductor[95934]: DEBUG cotyledon.oslo_config_glue [-] oslo_messaging_rabbit.rabbit_qos_prefetch_count = 0 {{(pid=95934) log_opt_values /opt/stack/data/venv/lib/python3.12/site-packages/oslo_config/cfg.py:3560}}
Aug 18 10:09:38.904470 np0000007634 nova-conductor[95934]: DEBUG cotyledon.oslo_config_glue [-] oslo_messaging_rabbit.rabbit_quorum_delivery_limit = 0 {{(pid=95934) log_opt_values /opt/stack/data/venv/lib/python3.12/site-packages/oslo_config/cfg.py:3560}}
Aug 18 10:09:38.904646 np0000007634 nova-conductor[95934]: DEBUG cotyledon.oslo_config_glue [-] oslo_messaging_rabbit.rabbit_quorum_max_memory_bytes = 0 {{(pid=95934) log_opt_values /opt/stack/data/venv/lib/python3.12/site-packages/oslo_config/cfg.py:3560}}
Aug 18 10:09:38.904646 np0000007634 nova-conductor[95934]: DEBUG cotyledon.oslo_config_glue [-] oslo_messaging_rabbit.rabbit_quorum_max_memory_length = 0 {{(pid=95934) log_opt_values /opt/stack/data/venv/lib/python3.12/site-packages/oslo_config/cfg.py:3560}}
Aug 18 10:09:38.904646 np0000007634 nova-conductor[95934]: DEBUG cotyledon.oslo_config_glue [-] oslo_messaging_rabbit.rabbit_quorum_queue = False {{(pid=95934) log_opt_values /opt/stack/data/venv/lib/python3.12/site-packages/oslo_config/cfg.py:3560}}
Aug 18 10:09:38.904646 np0000007634 nova-conductor[95934]: DEBUG cotyledon.oslo_config_glue [-] oslo_messaging_rabbit.rabbit_retry_backoff = 2 {{(pid=95934) log_opt_values /opt/stack/data/venv/lib/python3.12/site-packages/oslo_config/cfg.py:3560}}
Aug 18 10:09:38.904646 np0000007634 nova-conductor[95934]: DEBUG cotyledon.oslo_config_glue [-] oslo_messaging_rabbit.rabbit_retry_interval = 1 {{(pid=95934) log_opt_values /opt/stack/data/venv/lib/python3.12/site-packages/oslo_config/cfg.py:3560}}
Aug 18 10:09:38.904646 np0000007634 nova-conductor[95934]: DEBUG cotyledon.oslo_config_glue [-] oslo_messaging_rabbit.rabbit_stream_fanout = False {{(pid=95934) log_opt_values /opt/stack/data/venv/lib/python3.12/site-packages/oslo_config/cfg.py:3560}}
Aug 18 10:09:38.904646 np0000007634 nova-conductor[95934]: DEBUG cotyledon.oslo_config_glue [-] oslo_messaging_rabbit.rabbit_transient_queues_ttl = 1800 {{(pid=95934) log_opt_values /opt/stack/data/venv/lib/python3.12/site-packages/oslo_config/cfg.py:3560}}
Aug 18 10:09:38.904646 np0000007634 nova-conductor[95934]: DEBUG cotyledon.oslo_config_glue [-] oslo_messaging_rabbit.rabbit_transient_quorum_queue = False {{(pid=95934) log_opt_values /opt/stack/data/venv/lib/python3.12/site-packages/oslo_config/cfg.py:3560}}
Aug 18 10:09:38.904818 np0000007634 nova-conductor[95934]: DEBUG cotyledon.oslo_config_glue [-] oslo_messaging_rabbit.rpc_conn_pool_size = 30 {{(pid=95934) log_opt_values /opt/stack/data/venv/lib/python3.12/site-packages/oslo_config/cfg.py:3560}}
Aug 18 10:09:38.904818 np0000007634 nova-conductor[95934]: DEBUG cotyledon.oslo_config_glue [-] oslo_messaging_rabbit.ssl = False {{(pid=95934) log_opt_values /opt/stack/data/venv/lib/python3.12/site-packages/oslo_config/cfg.py:3560}}
Aug 18 10:09:38.904818 np0000007634 nova-conductor[95934]: DEBUG cotyledon.oslo_config_glue [-] oslo_messaging_rabbit.ssl_ca_file = {{(pid=95934) log_opt_values /opt/stack/data/venv/lib/python3.12/site-packages/oslo_config/cfg.py:3560}}
Aug 18 10:09:38.904818 np0000007634 nova-conductor[95934]: DEBUG cotyledon.oslo_config_glue [-] oslo_messaging_rabbit.ssl_cert_file = {{(pid=95934) log_opt_values /opt/stack/data/venv/lib/python3.12/site-packages/oslo_config/cfg.py:3560}}
Aug 18 10:09:38.904818 np0000007634 nova-conductor[95934]: DEBUG cotyledon.oslo_config_glue [-] oslo_messaging_rabbit.ssl_enforce_fips_mode = False {{(pid=95934) log_opt_values /opt/stack/data/venv/lib/python3.12/site-packages/oslo_config/cfg.py:3560}}
Aug 18 10:09:38.904818 np0000007634 nova-conductor[95934]: DEBUG cotyledon.oslo_config_glue [-] oslo_messaging_rabbit.ssl_enforce_hostname_verification = True {{(pid=95934) log_opt_values /opt/stack/data/venv/lib/python3.12/site-packages/oslo_config/cfg.py:3560}}
Aug 18 10:09:38.904818 np0000007634 nova-conductor[95934]: DEBUG cotyledon.oslo_config_glue [-] oslo_messaging_rabbit.ssl_key_file = {{(pid=95934) log_opt_values /opt/stack/data/venv/lib/python3.12/site-packages/oslo_config/cfg.py:3560}}
Aug 18 10:09:38.904818 np0000007634 nova-conductor[95934]: DEBUG cotyledon.oslo_config_glue [-] oslo_messaging_rabbit.ssl_version = {{(pid=95934) log_opt_values /opt/stack/data/venv/lib/python3.12/site-packages/oslo_config/cfg.py:3560}}
Aug 18 10:09:38.904818 np0000007634 nova-conductor[95934]: DEBUG cotyledon.oslo_config_glue [-] oslo_messaging_rabbit.use_queue_manager = False {{(pid=95934) log_opt_values /opt/stack/data/venv/lib/python3.12/site-packages/oslo_config/cfg.py:3560}}
Aug 18 10:09:38.905208 np0000007634 nova-conductor[95934]: DEBUG cotyledon.oslo_config_glue [-] oslo_messaging_notifications.driver = ['messagingv2'] {{(pid=95934) log_opt_values /opt/stack/data/venv/lib/python3.12/site-packages/oslo_config/cfg.py:3560}}
Aug 18 10:09:38.905208 np0000007634 nova-conductor[95934]: DEBUG cotyledon.oslo_config_glue [-] oslo_messaging_notifications.retry = -1 {{(pid=95934) log_opt_values /opt/stack/data/venv/lib/python3.12/site-packages/oslo_config/cfg.py:3560}}
Aug 18 10:09:38.905208 np0000007634 nova-conductor[95934]: DEBUG cotyledon.oslo_config_glue [-] oslo_messaging_notifications.topics = ['notifications'] {{(pid=95934) log_opt_values /opt/stack/data/venv/lib/python3.12/site-packages/oslo_config/cfg.py:3560}}
Aug 18 10:09:38.905208 np0000007634 nova-conductor[95934]: DEBUG cotyledon.oslo_config_glue [-] oslo_messaging_notifications.transport_url = **** {{(pid=95934) log_opt_values /opt/stack/data/venv/lib/python3.12/site-packages/oslo_config/cfg.py:3560}}
Aug 18 10:09:38.905208 np0000007634 nova-conductor[95934]: DEBUG cotyledon.oslo_config_glue [-] oslo_limit.auth_section = None {{(pid=95934) log_opt_values /opt/stack/data/venv/lib/python3.12/site-packages/oslo_config/cfg.py:3560}}
Aug 18 10:09:38.905208 np0000007634 nova-conductor[95934]: DEBUG cotyledon.oslo_config_glue [-] oslo_limit.auth_type = None {{(pid=95934) log_opt_values /opt/stack/data/venv/lib/python3.12/site-packages/oslo_config/cfg.py:3560}}
Aug 18 10:09:38.905208 np0000007634 nova-conductor[95934]: DEBUG cotyledon.oslo_config_glue [-] oslo_limit.cafile = None {{(pid=95934) log_opt_values /opt/stack/data/venv/lib/python3.12/site-packages/oslo_config/cfg.py:3560}}
Aug 18 10:09:38.905208 np0000007634 nova-conductor[95934]: DEBUG cotyledon.oslo_config_glue [-] oslo_limit.certfile = None {{(pid=95934) log_opt_values /opt/stack/data/venv/lib/python3.12/site-packages/oslo_config/cfg.py:3560}}
Aug 18 10:09:38.905208 np0000007634 nova-conductor[95934]: DEBUG cotyledon.oslo_config_glue [-] oslo_limit.collect_timing = False {{(pid=95934) log_opt_values /opt/stack/data/venv/lib/python3.12/site-packages/oslo_config/cfg.py:3560}}
Aug 18 10:09:38.905409 np0000007634 nova-conductor[95934]: DEBUG cotyledon.oslo_config_glue [-] oslo_limit.connect_retries = None {{(pid=95934) log_opt_values /opt/stack/data/venv/lib/python3.12/site-packages/oslo_config/cfg.py:3560}}
Aug 18 10:09:38.905409 np0000007634 nova-conductor[95934]: DEBUG cotyledon.oslo_config_glue [-] oslo_limit.connect_retry_delay = None {{(pid=95934) log_opt_values /opt/stack/data/venv/lib/python3.12/site-packages/oslo_config/cfg.py:3560}}
Aug 18 10:09:38.905409 np0000007634 nova-conductor[95934]: DEBUG cotyledon.oslo_config_glue [-] oslo_limit.endpoint_id = None {{(pid=95934) log_opt_values /opt/stack/data/venv/lib/python3.12/site-packages/oslo_config/cfg.py:3560}}
Aug 18 10:09:38.905409 np0000007634 nova-conductor[95934]: DEBUG cotyledon.oslo_config_glue [-] oslo_limit.endpoint_interface = public {{(pid=95934) log_opt_values /opt/stack/data/venv/lib/python3.12/site-packages/oslo_config/cfg.py:3560}}
Aug 18 10:09:38.905409 np0000007634 nova-conductor[95934]: DEBUG cotyledon.oslo_config_glue [-] oslo_limit.endpoint_override = None {{(pid=95934) log_opt_values /opt/stack/data/venv/lib/python3.12/site-packages/oslo_config/cfg.py:3560}}
Aug 18 10:09:38.905409 np0000007634 nova-conductor[95934]: DEBUG cotyledon.oslo_config_glue [-] oslo_limit.endpoint_region_name = None {{(pid=95934) log_opt_values /opt/stack/data/venv/lib/python3.12/site-packages/oslo_config/cfg.py:3560}}
Aug 18 10:09:38.905409 np0000007634 nova-conductor[95934]: DEBUG cotyledon.oslo_config_glue [-] oslo_limit.endpoint_service_name = None {{(pid=95934) log_opt_values /opt/stack/data/venv/lib/python3.12/site-packages/oslo_config/cfg.py:3560}}
Aug 18 10:09:38.905409 np0000007634 nova-conductor[95934]: DEBUG cotyledon.oslo_config_glue [-] oslo_limit.endpoint_service_type = None {{(pid=95934) log_opt_values /opt/stack/data/venv/lib/python3.12/site-packages/oslo_config/cfg.py:3560}}
Aug 18 10:09:38.905409 np0000007634 nova-conductor[95934]: DEBUG cotyledon.oslo_config_glue [-] oslo_limit.insecure = False {{(pid=95934) log_opt_values /opt/stack/data/venv/lib/python3.12/site-packages/oslo_config/cfg.py:3560}}
Aug 18 10:09:38.905578 np0000007634 nova-conductor[95934]: DEBUG cotyledon.oslo_config_glue [-] oslo_limit.keyfile = None {{(pid=95934) log_opt_values /opt/stack/data/venv/lib/python3.12/site-packages/oslo_config/cfg.py:3560}}
Aug 18 10:09:38.905578 np0000007634 nova-conductor[95934]: DEBUG cotyledon.oslo_config_glue [-] oslo_limit.max_version = None {{(pid=95934) log_opt_values /opt/stack/data/venv/lib/python3.12/site-packages/oslo_config/cfg.py:3560}}
Aug 18 10:09:38.905578 np0000007634 nova-conductor[95934]: DEBUG cotyledon.oslo_config_glue [-] oslo_limit.min_version = None {{(pid=95934) log_opt_values /opt/stack/data/venv/lib/python3.12/site-packages/oslo_config/cfg.py:3560}}
Aug 18 10:09:38.905578 np0000007634 nova-conductor[95934]: DEBUG cotyledon.oslo_config_glue [-] oslo_limit.region_name = None {{(pid=95934) log_opt_values /opt/stack/data/venv/lib/python3.12/site-packages/oslo_config/cfg.py:3560}}
Aug 18 10:09:38.905578 np0000007634 nova-conductor[95934]: DEBUG cotyledon.oslo_config_glue [-] oslo_limit.retriable_status_codes = None {{(pid=95934) log_opt_values /opt/stack/data/venv/lib/python3.12/site-packages/oslo_config/cfg.py:3560}}
Aug 18 10:09:38.905578 np0000007634 nova-conductor[95934]: DEBUG cotyledon.oslo_config_glue [-] oslo_limit.service_name = None {{(pid=95934) log_opt_values /opt/stack/data/venv/lib/python3.12/site-packages/oslo_config/cfg.py:3560}}
Aug 18 10:09:38.905578 np0000007634 nova-conductor[95934]: DEBUG cotyledon.oslo_config_glue [-] oslo_limit.service_type = None {{(pid=95934) log_opt_values /opt/stack/data/venv/lib/python3.12/site-packages/oslo_config/cfg.py:3560}}
Aug 18 10:09:38.905578 np0000007634 nova-conductor[95934]: DEBUG cotyledon.oslo_config_glue [-] oslo_limit.split_loggers = False {{(pid=95934) log_opt_values /opt/stack/data/venv/lib/python3.12/site-packages/oslo_config/cfg.py:3560}}
Aug 18 10:09:38.905578 np0000007634 nova-conductor[95934]: DEBUG cotyledon.oslo_config_glue [-] oslo_limit.status_code_retries = None {{(pid=95934) log_opt_values /opt/stack/data/venv/lib/python3.12/site-packages/oslo_config/cfg.py:3560}}
Aug 18 10:09:38.905750 np0000007634 nova-conductor[95934]: DEBUG cotyledon.oslo_config_glue [-] oslo_limit.status_code_retry_delay = None {{(pid=95934) log_opt_values /opt/stack/data/venv/lib/python3.12/site-packages/oslo_config/cfg.py:3560}}
Aug 18 10:09:38.905750 np0000007634 nova-conductor[95934]: DEBUG cotyledon.oslo_config_glue [-] oslo_limit.timeout = None {{(pid=95934) log_opt_values /opt/stack/data/venv/lib/python3.12/site-packages/oslo_config/cfg.py:3560}}
Aug 18 10:09:38.905750 np0000007634 nova-conductor[95934]: DEBUG cotyledon.oslo_config_glue [-] oslo_limit.valid_interfaces = None {{(pid=95934) log_opt_values /opt/stack/data/venv/lib/python3.12/site-packages/oslo_config/cfg.py:3560}}
Aug 18 10:09:38.905750 np0000007634 nova-conductor[95934]: DEBUG cotyledon.oslo_config_glue [-] oslo_limit.version = None {{(pid=95934) log_opt_values /opt/stack/data/venv/lib/python3.12/site-packages/oslo_config/cfg.py:3560}}
Aug 18 10:09:38.905750 np0000007634 nova-conductor[95934]: DEBUG cotyledon.oslo_config_glue [-] oslo_reports.file_event_handler = None {{(pid=95934) log_opt_values /opt/stack/data/venv/lib/python3.12/site-packages/oslo_config/cfg.py:3560}}
Aug 18 10:09:38.905750 np0000007634 nova-conductor[95934]: DEBUG cotyledon.oslo_config_glue [-] oslo_reports.file_event_handler_interval = 1 {{(pid=95934) log_opt_values /opt/stack/data/venv/lib/python3.12/site-packages/oslo_config/cfg.py:3560}}
Aug 18 10:09:38.905750 np0000007634 nova-conductor[95934]: DEBUG cotyledon.oslo_config_glue [-] oslo_reports.log_dir = None {{(pid=95934) log_opt_values /opt/stack/data/venv/lib/python3.12/site-packages/oslo_config/cfg.py:3560}}
Aug 18 10:09:38.905750 np0000007634 nova-conductor[95934]: DEBUG cotyledon.oslo_config_glue [-] ******************************************************************************** {{(pid=95934) log_opt_values /opt/stack/data/venv/lib/python3.12/site-packages/oslo_config/cfg.py:3567}}
Aug 18 10:09:38.905750 np0000007634 nova-conductor[95934]: DEBUG cotyledon._service_worker [-] Run service ServiceWrapper(2) [95934] {{(pid=95934) wait_forever /opt/stack/data/venv/lib/python3.12/site-packages/cotyledon/_service_worker.py:218}}
Aug 18 10:09:38.905924 np0000007634 nova-conductor[95934]: INFO nova.service [-] Starting conductor node (version 33.1.0)
Aug 18 10:09:38.905924 np0000007634 nova-conductor[95934]: INFO dbcounter [None req-2b85bf3b-c3fe-4fe2-8862-d54fcb52c054 None None] Registered counter for database nova_cell0
Aug 18 10:09:38.905987 np0000007634 nova-conductor[95897]: DEBUG oslo_db.sqlalchemy.engines [None req-e39f0234-18da-43b2-b35f-5de1e4338c07 None None] MySQL server mode set to STRICT_TRANS_TABLES,STRICT_ALL_TABLES,NO_ZERO_IN_DATE,NO_ZERO_DATE,ERROR_FOR_DIVISION_BY_ZERO,TRADITIONAL,NO_ENGINE_SUBSTITUTION {{(pid=95897) _check_effective_sql_mode /opt/stack/data/venv/lib/python3.12/site-packages/oslo_db/sqlalchemy/engines.py:325}}
Aug 18 10:09:38.905987 np0000007634 nova-conductor[95897]: DEBUG dbcounter [-] [95897] Writer thread running {{(pid=95897) stat_writer /opt/stack/data/venv/lib/python3.12/site-packages/dbcounter.py:102}}
Aug 18 10:09:38.909833 np0000007634 nova-conductor[95902]: DEBUG oslo_db.sqlalchemy.engines [None req-5983cd77-7782-461f-97cd-ec8e823ef890 None None] MySQL server mode set to STRICT_TRANS_TABLES,STRICT_ALL_TABLES,NO_ZERO_IN_DATE,NO_ZERO_DATE,ERROR_FOR_DIVISION_BY_ZERO,TRADITIONAL,NO_ENGINE_SUBSTITUTION {{(pid=95902) _check_effective_sql_mode /opt/stack/data/venv/lib/python3.12/site-packages/oslo_db/sqlalchemy/engines.py:325}}
Aug 18 10:09:38.914791 np0000007634 nova-conductor[95897]: DEBUG nova.service [None req-e39f0234-18da-43b2-b35f-5de1e4338c07 None None] Creating RPC server for service: nova-conductor on topic: conductor {{(pid=95897) start /opt/stack/nova/nova/service.py:262}}
Aug 18 10:09:38.918400 np0000007634 nova-conductor[95902]: DEBUG dbcounter [-] [95902] Writer thread running {{(pid=95902) stat_writer /opt/stack/data/venv/lib/python3.12/site-packages/dbcounter.py:102}}
Aug 18 10:09:38.920619 np0000007634 nova-conductor[95934]: DEBUG oslo_db.sqlalchemy.engines [None req-2b85bf3b-c3fe-4fe2-8862-d54fcb52c054 None None] MySQL server mode set to STRICT_TRANS_TABLES,STRICT_ALL_TABLES,NO_ZERO_IN_DATE,NO_ZERO_DATE,ERROR_FOR_DIVISION_BY_ZERO,TRADITIONAL,NO_ENGINE_SUBSTITUTION {{(pid=95934) _check_effective_sql_mode /opt/stack/data/venv/lib/python3.12/site-packages/oslo_db/sqlalchemy/engines.py:325}}
Aug 18 10:09:38.921297 np0000007634 nova-conductor[95902]: DEBUG nova.service [None req-5983cd77-7782-461f-97cd-ec8e823ef890 None None] Creating RPC server for service: nova-conductor on topic: conductor {{(pid=95902) start /opt/stack/nova/nova/service.py:262}}
Aug 18 10:09:38.929434 np0000007634 nova-conductor[95934]: DEBUG dbcounter [-] [95934] Writer thread running {{(pid=95934) stat_writer /opt/stack/data/venv/lib/python3.12/site-packages/dbcounter.py:102}}
Aug 18 10:09:38.932306 np0000007634 nova-conductor[95934]: DEBUG nova.service [None req-2b85bf3b-c3fe-4fe2-8862-d54fcb52c054 None None] Creating RPC server for service: nova-conductor on topic: conductor {{(pid=95934) start /opt/stack/nova/nova/service.py:262}}
Aug 18 10:09:38.939146 np0000007634 nova-conductor[95902]: DEBUG nova.service [None req-5983cd77-7782-461f-97cd-ec8e823ef890 None None] Join ServiceGroup membership for this service conductor {{(pid=95902) start /opt/stack/nova/nova/service.py:288}}
Aug 18 10:09:38.939374 np0000007634 nova-conductor[95902]: DEBUG nova.servicegroup.drivers.db [None req-5983cd77-7782-461f-97cd-ec8e823ef890 None None] DB_Driver: join new ServiceGroup member np0000007634 to the conductor group, service = {{(pid=95902) join /opt/stack/nova/nova/servicegroup/drivers/db.py:44}}
Aug 18 10:09:38.939436 np0000007634 nova-conductor[95897]: DEBUG nova.service [None req-e39f0234-18da-43b2-b35f-5de1e4338c07 None None] Join ServiceGroup membership for this service conductor {{(pid=95897) start /opt/stack/nova/nova/service.py:288}}
Aug 18 10:09:38.939619 np0000007634 nova-conductor[95897]: DEBUG nova.servicegroup.drivers.db [None req-e39f0234-18da-43b2-b35f-5de1e4338c07 None None] DB_Driver: join new ServiceGroup member np0000007634 to the conductor group, service = {{(pid=95897) join /opt/stack/nova/nova/servicegroup/drivers/db.py:44}}
Aug 18 10:09:38.948292 np0000007634 nova-conductor[95934]: DEBUG nova.service [None req-2b85bf3b-c3fe-4fe2-8862-d54fcb52c054 None None] Join ServiceGroup membership for this service conductor {{(pid=95934) start /opt/stack/nova/nova/service.py:288}}
Aug 18 10:09:38.948497 np0000007634 nova-conductor[95934]: DEBUG nova.servicegroup.drivers.db [None req-2b85bf3b-c3fe-4fe2-8862-d54fcb52c054 None None] DB_Driver: join new ServiceGroup member np0000007634 to the conductor group, service = {{(pid=95934) join /opt/stack/nova/nova/servicegroup/drivers/db.py:44}}
Aug 18 10:09:40.950422 np0000007634 nova-conductor[95934]: DEBUG oslo.service.backend._threading.loopingcall [None req-59812ad4-26d4-433b-aba7-e0aa2fce66c7 None None] Dynamic interval looping call 'nova.service.Service.periodic_tasks' sleeping for 60.00 seconds {{(pid=95934) _run_loop /opt/stack/data/venv/lib/python3.12/site-packages/oslo_service/backend/_threading/loopingcall.py:125}}
Aug 18 10:09:43.953154 np0000007634 nova-conductor[95897]: DEBUG oslo.service.backend._threading.loopingcall [-] Fixed interval looping call 'nova.servicegroup.drivers.db.DbDriver._report_state' sleeping for 119.99 seconds {{(pid=95897) _run_loop /opt/stack/data/venv/lib/python3.12/site-packages/oslo_service/backend/_threading/loopingcall.py:125}}
Aug 18 10:09:43.954018 np0000007634 nova-conductor[95902]: DEBUG oslo.service.backend._threading.loopingcall [-] Fixed interval looping call 'nova.servicegroup.drivers.db.DbDriver._report_state' sleeping for 119.99 seconds {{(pid=95902) _run_loop /opt/stack/data/venv/lib/python3.12/site-packages/oslo_service/backend/_threading/loopingcall.py:125}}
Aug 18 10:09:43.958510 np0000007634 nova-conductor[95934]: DEBUG oslo.service.backend._threading.loopingcall [-] Fixed interval looping call 'nova.servicegroup.drivers.db.DbDriver._report_state' sleeping for 119.99 seconds {{(pid=95934) _run_loop /opt/stack/data/venv/lib/python3.12/site-packages/oslo_service/backend/_threading/loopingcall.py:125}}
Aug 18 10:09:47.557474 np0000007634 nova-conductor[94382]: DEBUG dbcounter [-] [94382] Writing DB stats nova_api:SELECT=1 {{(pid=94382) stat_writer /opt/stack/data/venv/lib/python3.12/site-packages/dbcounter.py:115}}
Aug 18 10:09:47.672455 np0000007634 nova-conductor[94382]: DEBUG dbcounter [-] [94382] Writing DB stats nova_cell0:SELECT=1 {{(pid=94382) stat_writer /opt/stack/data/venv/lib/python3.12/site-packages/dbcounter.py:115}}
Aug 18 10:09:47.682453 np0000007634 nova-conductor[94382]: DEBUG dbcounter [-] [94382] Writing DB stats nova_cell1:SELECT=1 {{(pid=94382) stat_writer /opt/stack/data/venv/lib/python3.12/site-packages/dbcounter.py:115}}
Aug 18 10:09:51.941465 np0000007634 nova-conductor[95902]: DEBUG oslo.service.backend._threading.loopingcall [None req-9250793b-e2cf-443b-b984-6d01730fed15 None None] Dynamic interval looping call 'nova.service.Service.periodic_tasks' sleeping for 60.00 seconds {{(pid=95902) _run_loop /opt/stack/data/venv/lib/python3.12/site-packages/oslo_service/backend/_threading/loopingcall.py:125}}
Aug 18 10:09:53.949312 np0000007634 nova-conductor[95897]: DEBUG dbcounter [-] [95897] Writing DB stats nova_cell0:SELECT=4,nova_cell0:INSERT=1,nova_cell0:UPDATE=1 {{(pid=95897) stat_writer /opt/stack/data/venv/lib/python3.12/site-packages/dbcounter.py:115}}
Aug 18 10:09:53.951144 np0000007634 nova-conductor[95902]: DEBUG dbcounter [-] [95902] Writing DB stats nova_cell0:SELECT=3,nova_cell0:UPDATE=1 {{(pid=95902) stat_writer /opt/stack/data/venv/lib/python3.12/site-packages/dbcounter.py:115}}
Aug 18 10:09:53.956235 np0000007634 nova-conductor[95934]: DEBUG dbcounter [-] [95934] Writing DB stats nova_cell0:SELECT=3 {{(pid=95934) stat_writer /opt/stack/data/venv/lib/python3.12/site-packages/dbcounter.py:115}}
Aug 18 10:10:02.942751 np0000007634 nova-conductor[95897]: DEBUG oslo.service.backend._threading.loopingcall [None req-1575acb0-5800-4119-828e-7fe821af1448 None None] Dynamic interval looping call 'nova.service.Service.periodic_tasks' sleeping for 60.00 seconds {{(pid=95897) _run_loop /opt/stack/data/venv/lib/python3.12/site-packages/oslo_service/backend/_threading/loopingcall.py:125}}
Aug 18 10:10:40.950930 np0000007634 nova-conductor[95934]: DEBUG oslo.service.backend._threading.loopingcall [None req-59812ad4-26d4-433b-aba7-e0aa2fce66c7 None None] Dynamic interval looping call 'nova.service.Service.periodic_tasks' sleeping for 60.00 seconds {{(pid=95934) _run_loop /opt/stack/data/venv/lib/python3.12/site-packages/oslo_service/backend/_threading/loopingcall.py:125}}
Aug 18 10:10:51.942103 np0000007634 nova-conductor[95902]: DEBUG oslo.service.backend._threading.loopingcall [None req-9250793b-e2cf-443b-b984-6d01730fed15 None None] Dynamic interval looping call 'nova.service.Service.periodic_tasks' sleeping for 60.00 seconds {{(pid=95902) _run_loop /opt/stack/data/venv/lib/python3.12/site-packages/oslo_service/backend/_threading/loopingcall.py:125}}
Aug 18 10:11:02.943191 np0000007634 nova-conductor[95897]: DEBUG oslo.service.backend._threading.loopingcall [None req-1575acb0-5800-4119-828e-7fe821af1448 None None] Dynamic interval looping call 'nova.service.Service.periodic_tasks' sleeping for 60.00 seconds {{(pid=95897) _run_loop /opt/stack/data/venv/lib/python3.12/site-packages/oslo_service/backend/_threading/loopingcall.py:125}}
Aug 18 10:11:40.951344 np0000007634 nova-conductor[95934]: DEBUG oslo.service.backend._threading.loopingcall [None req-59812ad4-26d4-433b-aba7-e0aa2fce66c7 None None] Dynamic interval looping call 'nova.service.Service.periodic_tasks' sleeping for 60.00 seconds {{(pid=95934) _run_loop /opt/stack/data/venv/lib/python3.12/site-packages/oslo_service/backend/_threading/loopingcall.py:125}}
Aug 18 10:11:43.952201 np0000007634 nova-conductor[95897]: DEBUG oslo.service.backend._threading.loopingcall [-] Fixed interval looping call 'nova.servicegroup.drivers.db.DbDriver._report_state' sleeping for 119.99 seconds {{(pid=95897) _run_loop /opt/stack/data/venv/lib/python3.12/site-packages/oslo_service/backend/_threading/loopingcall.py:125}}
Aug 18 10:11:43.953258 np0000007634 nova-conductor[95902]: DEBUG oslo.service.backend._threading.loopingcall [-] Fixed interval looping call 'nova.servicegroup.drivers.db.DbDriver._report_state' sleeping for 119.99 seconds {{(pid=95902) _run_loop /opt/stack/data/venv/lib/python3.12/site-packages/oslo_service/backend/_threading/loopingcall.py:125}}
Aug 18 10:11:43.955382 np0000007634 nova-conductor[95934]: DEBUG oslo.service.backend._threading.loopingcall [-] Fixed interval looping call 'nova.servicegroup.drivers.db.DbDriver._report_state' sleeping for 119.99 seconds {{(pid=95934) _run_loop /opt/stack/data/venv/lib/python3.12/site-packages/oslo_service/backend/_threading/loopingcall.py:125}}
Aug 18 10:11:51.942578 np0000007634 nova-conductor[95902]: DEBUG oslo.service.backend._threading.loopingcall [None req-9250793b-e2cf-443b-b984-6d01730fed15 None None] Dynamic interval looping call 'nova.service.Service.periodic_tasks' sleeping for 60.00 seconds {{(pid=95902) _run_loop /opt/stack/data/venv/lib/python3.12/site-packages/oslo_service/backend/_threading/loopingcall.py:125}}
Aug 18 10:11:53.947831 np0000007634 nova-conductor[95897]: DEBUG dbcounter [-] [95897] Writing DB stats nova_cell0:SELECT=1,nova_cell0:UPDATE=1 {{(pid=95897) stat_writer /opt/stack/data/venv/lib/python3.12/site-packages/dbcounter.py:115}}
Aug 18 10:11:53.948580 np0000007634 nova-conductor[95902]: DEBUG dbcounter [-] [95902] Writing DB stats nova_cell0:SELECT=1,nova_cell0:UPDATE=1 {{(pid=95902) stat_writer /opt/stack/data/venv/lib/python3.12/site-packages/dbcounter.py:115}}
Aug 18 10:11:53.954097 np0000007634 nova-conductor[95934]: DEBUG dbcounter [-] [95934] Writing DB stats nova_cell0:SELECT=1,nova_cell0:UPDATE=1 {{(pid=95934) stat_writer /opt/stack/data/venv/lib/python3.12/site-packages/dbcounter.py:115}}
Aug 18 10:12:02.943837 np0000007634 nova-conductor[95897]: DEBUG oslo.service.backend._threading.loopingcall [None req-1575acb0-5800-4119-828e-7fe821af1448 None None] Dynamic interval looping call 'nova.service.Service.periodic_tasks' sleeping for 60.00 seconds {{(pid=95897) _run_loop /opt/stack/data/venv/lib/python3.12/site-packages/oslo_service/backend/_threading/loopingcall.py:125}}
Aug 18 10:12:22.733462 np0000007634 nova-conductor[95902]: DEBUG oslo_db.sqlalchemy.engines [None req-530468e1-a803-439e-87a5-bcd53e5e9aab tempest-ServerStableDeviceRescueTest-1852573408 tempest-ServerStableDeviceRescueTest-1852573408-project-member] Parent process 94382 forked (95902) with an open database connection, which is being discarded and recreated. {{(pid=95902) checkout /opt/stack/data/venv/lib/python3.12/site-packages/oslo_db/sqlalchemy/engines.py:402}}
Aug 18 10:12:22.780474 np0000007634 nova-conductor[95902]: DEBUG dbcounter [-] [95902] Writer thread running {{(pid=95902) stat_writer /opt/stack/data/venv/lib/python3.12/site-packages/dbcounter.py:102}}
Aug 18 10:12:23.866371 np0000007634 nova-conductor[95902]: DEBUG nova.conductor.manager [None req-530468e1-a803-439e-87a5-bcd53e5e9aab tempest-ServerStableDeviceRescueTest-1852573408 tempest-ServerStableDeviceRescueTest-1852573408-project-member] Took 1.08 seconds to select destinations for 1 instance(s). {{(pid=95902) _schedule_instances /opt/stack/nova/nova/conductor/manager.py:956}}
Aug 18 10:12:23.905229 np0000007634 nova-conductor[95902]: DEBUG oslo_concurrency.lockutils [None req-530468e1-a803-439e-87a5-bcd53e5e9aab tempest-ServerStableDeviceRescueTest-1852573408 tempest-ServerStableDeviceRescueTest-1852573408-project-member] Acquiring lock "d62d5c3c-da88-4bf4-b271-27311bf5ce59" by "nova.context.set_target_cell..get_or_set_cached_cell_and_set_connections" {{(pid=95902) inner /opt/stack/data/venv/lib/python3.12/site-packages/oslo_concurrency/lockutils.py:512}}
Aug 18 10:12:23.905516 np0000007634 nova-conductor[95902]: DEBUG oslo_concurrency.lockutils [None req-530468e1-a803-439e-87a5-bcd53e5e9aab tempest-ServerStableDeviceRescueTest-1852573408 tempest-ServerStableDeviceRescueTest-1852573408-project-member] Lock "d62d5c3c-da88-4bf4-b271-27311bf5ce59" acquired by "nova.context.set_target_cell..get_or_set_cached_cell_and_set_connections" :: waited 0.000s {{(pid=95902) inner /opt/stack/data/venv/lib/python3.12/site-packages/oslo_concurrency/lockutils.py:525}}
Aug 18 10:12:23.907076 np0000007634 nova-conductor[95902]: DEBUG oslo_concurrency.lockutils [None req-530468e1-a803-439e-87a5-bcd53e5e9aab tempest-ServerStableDeviceRescueTest-1852573408 tempest-ServerStableDeviceRescueTest-1852573408-project-member] Lock "d62d5c3c-da88-4bf4-b271-27311bf5ce59" "released" by "nova.context.set_target_cell..get_or_set_cached_cell_and_set_connections" :: held 0.001s {{(pid=95902) inner /opt/stack/data/venv/lib/python3.12/site-packages/oslo_concurrency/lockutils.py:544}}
Aug 18 10:12:23.909084 np0000007634 nova-conductor[95902]: INFO dbcounter [None req-530468e1-a803-439e-87a5-bcd53e5e9aab tempest-ServerStableDeviceRescueTest-1852573408 tempest-ServerStableDeviceRescueTest-1852573408-project-member] Registered counter for database nova_cell1
Aug 18 10:12:23.958840 np0000007634 nova-conductor[95902]: DEBUG oslo_db.sqlalchemy.engines [None req-530468e1-a803-439e-87a5-bcd53e5e9aab tempest-ServerStableDeviceRescueTest-1852573408 tempest-ServerStableDeviceRescueTest-1852573408-project-member] MySQL server mode set to STRICT_TRANS_TABLES,STRICT_ALL_TABLES,NO_ZERO_IN_DATE,NO_ZERO_DATE,ERROR_FOR_DIVISION_BY_ZERO,TRADITIONAL,NO_ENGINE_SUBSTITUTION {{(pid=95902) _check_effective_sql_mode /opt/stack/data/venv/lib/python3.12/site-packages/oslo_db/sqlalchemy/engines.py:325}}
Aug 18 10:12:23.965284 np0000007634 nova-conductor[95902]: DEBUG dbcounter [-] [95902] Writer thread running {{(pid=95902) stat_writer /opt/stack/data/venv/lib/python3.12/site-packages/dbcounter.py:102}}
Aug 18 10:12:24.032637 np0000007634 nova-conductor[95902]: INFO nova.utils [None req-530468e1-a803-439e-87a5-bcd53e5e9aab tempest-ServerStableDeviceRescueTest-1852573408 tempest-ServerStableDeviceRescueTest-1852573408-project-member] The cell worker thread pool ForkProcess-2.cell_worker is initialized
Aug 18 10:12:24.033077 np0000007634 nova-conductor[95902]: DEBUG oslo_concurrency.lockutils [None req-530468e1-a803-439e-87a5-bcd53e5e9aab tempest-ServerStableDeviceRescueTest-1852573408 tempest-ServerStableDeviceRescueTest-1852573408-project-member] Acquiring lock "00000000-0000-0000-0000-000000000000" by "nova.context.set_target_cell..get_or_set_cached_cell_and_set_connections" {{(pid=95902) inner /opt/stack/data/venv/lib/python3.12/site-packages/oslo_concurrency/lockutils.py:512}}
Aug 18 10:12:24.033276 np0000007634 nova-conductor[95902]: DEBUG oslo_concurrency.lockutils [None req-530468e1-a803-439e-87a5-bcd53e5e9aab tempest-ServerStableDeviceRescueTest-1852573408 tempest-ServerStableDeviceRescueTest-1852573408-project-member] Lock "00000000-0000-0000-0000-000000000000" acquired by "nova.context.set_target_cell..get_or_set_cached_cell_and_set_connections" :: waited 0.000s {{(pid=95902) inner /opt/stack/data/venv/lib/python3.12/site-packages/oslo_concurrency/lockutils.py:525}}
Aug 18 10:12:24.034263 np0000007634 nova-conductor[95902]: DEBUG oslo_concurrency.lockutils [None req-530468e1-a803-439e-87a5-bcd53e5e9aab tempest-ServerStableDeviceRescueTest-1852573408 tempest-ServerStableDeviceRescueTest-1852573408-project-member] Lock "00000000-0000-0000-0000-000000000000" "released" by "nova.context.set_target_cell..get_or_set_cached_cell_and_set_connections" :: held 0.000s {{(pid=95902) inner /opt/stack/data/venv/lib/python3.12/site-packages/oslo_concurrency/lockutils.py:544}}
Aug 18 10:12:24.035433 np0000007634 nova-conductor[95902]: DEBUG oslo_concurrency.lockutils [None req-530468e1-a803-439e-87a5-bcd53e5e9aab tempest-ServerStableDeviceRescueTest-1852573408 tempest-ServerStableDeviceRescueTest-1852573408-project-member] Acquiring lock "d62d5c3c-da88-4bf4-b271-27311bf5ce59" by "nova.context.set_target_cell..get_or_set_cached_cell_and_set_connections" {{(pid=95902) inner /opt/stack/data/venv/lib/python3.12/site-packages/oslo_concurrency/lockutils.py:512}}
Aug 18 10:12:24.037560 np0000007634 nova-conductor[95902]: INFO dbcounter [None req-530468e1-a803-439e-87a5-bcd53e5e9aab tempest-ServerStableDeviceRescueTest-1852573408 tempest-ServerStableDeviceRescueTest-1852573408-project-member] Registered counter for database nova_cell0
Aug 18 10:12:24.039339 np0000007634 nova-conductor[95902]: DEBUG oslo_concurrency.lockutils [None req-530468e1-a803-439e-87a5-bcd53e5e9aab tempest-ServerStableDeviceRescueTest-1852573408 tempest-ServerStableDeviceRescueTest-1852573408-project-member] Lock "d62d5c3c-da88-4bf4-b271-27311bf5ce59" acquired by "nova.context.set_target_cell..get_or_set_cached_cell_and_set_connections" :: waited 0.002s {{(pid=95902) inner /opt/stack/data/venv/lib/python3.12/site-packages/oslo_concurrency/lockutils.py:525}}
Aug 18 10:12:24.039914 np0000007634 nova-conductor[95902]: DEBUG oslo_concurrency.lockutils [None req-530468e1-a803-439e-87a5-bcd53e5e9aab tempest-ServerStableDeviceRescueTest-1852573408 tempest-ServerStableDeviceRescueTest-1852573408-project-member] Lock "d62d5c3c-da88-4bf4-b271-27311bf5ce59" "released" by "nova.context.set_target_cell..get_or_set_cached_cell_and_set_connections" :: held 0.002s {{(pid=95902) inner /opt/stack/data/venv/lib/python3.12/site-packages/oslo_concurrency/lockutils.py:544}}
Aug 18 10:12:24.084780 np0000007634 nova-conductor[95902]: DEBUG oslo_db.sqlalchemy.engines [None req-530468e1-a803-439e-87a5-bcd53e5e9aab tempest-ServerStableDeviceRescueTest-1852573408 tempest-ServerStableDeviceRescueTest-1852573408-project-member] MySQL server mode set to STRICT_TRANS_TABLES,STRICT_ALL_TABLES,NO_ZERO_IN_DATE,NO_ZERO_DATE,ERROR_FOR_DIVISION_BY_ZERO,TRADITIONAL,NO_ENGINE_SUBSTITUTION {{(pid=95902) _check_effective_sql_mode /opt/stack/data/venv/lib/python3.12/site-packages/oslo_db/sqlalchemy/engines.py:325}}
Aug 18 10:12:24.093726 np0000007634 nova-conductor[95902]: DEBUG dbcounter [-] [95902] Writer thread running {{(pid=95902) stat_writer /opt/stack/data/venv/lib/python3.12/site-packages/dbcounter.py:102}}
Aug 18 10:12:24.105921 np0000007634 nova-conductor[95902]: DEBUG nova.quota [None req-530468e1-a803-439e-87a5-bcd53e5e9aab tempest-ServerStableDeviceRescueTest-1852573408 tempest-ServerStableDeviceRescueTest-1852573408-project-member] Getting quotas for project 1f6edc57c22e4c73bf3bc96107a98dc3. Resources: {'ram', 'instances', 'cores'} {{(pid=95902) _get_quotas /opt/stack/nova/nova/quota.py:389}}
Aug 18 10:12:24.110752 np0000007634 nova-conductor[95902]: DEBUG nova.quota [None req-530468e1-a803-439e-87a5-bcd53e5e9aab tempest-ServerStableDeviceRescueTest-1852573408 tempest-ServerStableDeviceRescueTest-1852573408-project-member] Getting quotas for user 7c03747ebc35453db5f1de9db00d6364 and project 1f6edc57c22e4c73bf3bc96107a98dc3. Resources: {'ram', 'instances', 'cores'} {{(pid=95902) _get_quotas /opt/stack/nova/nova/quota.py:379}}
Aug 18 10:12:24.119592 np0000007634 nova-conductor[95902]: DEBUG nova.conductor.manager [None req-530468e1-a803-439e-87a5-bcd53e5e9aab tempest-ServerStableDeviceRescueTest-1852573408 tempest-ServerStableDeviceRescueTest-1852573408-project-member] [instance: edd34c95-cd71-48a7-9511-e8699f029c5b] Selected host: np0000007634; Selected node: np0000007634; Alternates: [] {{(pid=95902) schedule_and_build_instances /opt/stack/nova/nova/conductor/manager.py:1772}}
Aug 18 10:12:24.120290 np0000007634 nova-conductor[95902]: DEBUG oslo_concurrency.lockutils [None req-530468e1-a803-439e-87a5-bcd53e5e9aab tempest-ServerStableDeviceRescueTest-1852573408 tempest-ServerStableDeviceRescueTest-1852573408-project-member] Acquiring lock "d62d5c3c-da88-4bf4-b271-27311bf5ce59" by "nova.context.set_target_cell..get_or_set_cached_cell_and_set_connections" {{(pid=95902) inner /opt/stack/data/venv/lib/python3.12/site-packages/oslo_concurrency/lockutils.py:512}}
Aug 18 10:12:24.120940 np0000007634 nova-conductor[95902]: DEBUG oslo_concurrency.lockutils [None req-530468e1-a803-439e-87a5-bcd53e5e9aab tempest-ServerStableDeviceRescueTest-1852573408 tempest-ServerStableDeviceRescueTest-1852573408-project-member] Lock "d62d5c3c-da88-4bf4-b271-27311bf5ce59" acquired by "nova.context.set_target_cell..get_or_set_cached_cell_and_set_connections" :: waited 0.000s {{(pid=95902) inner /opt/stack/data/venv/lib/python3.12/site-packages/oslo_concurrency/lockutils.py:525}}
Aug 18 10:12:24.121063 np0000007634 nova-conductor[95902]: DEBUG oslo_concurrency.lockutils [None req-530468e1-a803-439e-87a5-bcd53e5e9aab tempest-ServerStableDeviceRescueTest-1852573408 tempest-ServerStableDeviceRescueTest-1852573408-project-member] Lock "d62d5c3c-da88-4bf4-b271-27311bf5ce59" "released" by "nova.context.set_target_cell..get_or_set_cached_cell_and_set_connections" :: held 0.001s {{(pid=95902) inner /opt/stack/data/venv/lib/python3.12/site-packages/oslo_concurrency/lockutils.py:544}}
Aug 18 10:12:24.134727 np0000007634 nova-conductor[95902]: DEBUG nova.conductor.manager [None req-530468e1-a803-439e-87a5-bcd53e5e9aab tempest-ServerStableDeviceRescueTest-1852573408 tempest-ServerStableDeviceRescueTest-1852573408-project-member] [instance: edd34c95-cd71-48a7-9511-e8699f029c5b] block_device_mapping [BlockDeviceMapping(attachment_id=,boot_index=0,connection_info=None,created_at=,delete_on_termination=True,deleted=,deleted_at=,destination_type='local',device_name=None,device_type='disk',disk_bus=None,encrypted=False,encryption_format=None,encryption_options=None,encryption_secret_uuid=None,guest_format=None,id=,image_id='3aee96ac-5a39-4ef2-a7e2-89ba7d80ef88',instance=,instance_uuid=,no_device=False,snapshot_id=None,source_type='image',tag=None,updated_at=,uuid=,volume_id=None,volume_size=None,volume_type=None)] {{(pid=95902) _create_block_device_mapping /opt/stack/nova/nova/conductor/manager.py:1517}}
Aug 18 10:12:24.136456 np0000007634 nova-conductor[95902]: DEBUG oslo_concurrency.lockutils [None req-530468e1-a803-439e-87a5-bcd53e5e9aab tempest-ServerStableDeviceRescueTest-1852573408 tempest-ServerStableDeviceRescueTest-1852573408-project-member] Acquiring lock "d62d5c3c-da88-4bf4-b271-27311bf5ce59" by "nova.context.set_target_cell..get_or_set_cached_cell_and_set_connections" {{(pid=95902) inner /opt/stack/data/venv/lib/python3.12/site-packages/oslo_concurrency/lockutils.py:512}}
Aug 18 10:12:24.136617 np0000007634 nova-conductor[95902]: DEBUG oslo_concurrency.lockutils [None req-530468e1-a803-439e-87a5-bcd53e5e9aab tempest-ServerStableDeviceRescueTest-1852573408 tempest-ServerStableDeviceRescueTest-1852573408-project-member] Lock "d62d5c3c-da88-4bf4-b271-27311bf5ce59" acquired by "nova.context.set_target_cell..get_or_set_cached_cell_and_set_connections" :: waited 0.000s {{(pid=95902) inner /opt/stack/data/venv/lib/python3.12/site-packages/oslo_concurrency/lockutils.py:525}}
Aug 18 10:12:24.136733 np0000007634 nova-conductor[95902]: DEBUG oslo_concurrency.lockutils [None req-530468e1-a803-439e-87a5-bcd53e5e9aab tempest-ServerStableDeviceRescueTest-1852573408 tempest-ServerStableDeviceRescueTest-1852573408-project-member] Lock "d62d5c3c-da88-4bf4-b271-27311bf5ce59" "released" by "nova.context.set_target_cell..get_or_set_cached_cell_and_set_connections" :: held 0.000s {{(pid=95902) inner /opt/stack/data/venv/lib/python3.12/site-packages/oslo_concurrency/lockutils.py:544}}
Aug 18 10:12:24.172472 np0000007634 nova-conductor[95902]: DEBUG oslo_concurrency.lockutils [None req-530468e1-a803-439e-87a5-bcd53e5e9aab tempest-ServerStableDeviceRescueTest-1852573408 tempest-ServerStableDeviceRescueTest-1852573408-project-member] Acquiring lock "d62d5c3c-da88-4bf4-b271-27311bf5ce59" by "nova.context.set_target_cell..get_or_set_cached_cell_and_set_connections" {{(pid=95902) inner /opt/stack/data/venv/lib/python3.12/site-packages/oslo_concurrency/lockutils.py:512}}
Aug 18 10:12:24.172630 np0000007634 nova-conductor[95902]: DEBUG oslo_concurrency.lockutils [None req-530468e1-a803-439e-87a5-bcd53e5e9aab tempest-ServerStableDeviceRescueTest-1852573408 tempest-ServerStableDeviceRescueTest-1852573408-project-member] Lock "d62d5c3c-da88-4bf4-b271-27311bf5ce59" acquired by "nova.context.set_target_cell..get_or_set_cached_cell_and_set_connections" :: waited 0.000s {{(pid=95902) inner /opt/stack/data/venv/lib/python3.12/site-packages/oslo_concurrency/lockutils.py:525}}
Aug 18 10:12:24.172783 np0000007634 nova-conductor[95902]: DEBUG oslo_concurrency.lockutils [None req-530468e1-a803-439e-87a5-bcd53e5e9aab tempest-ServerStableDeviceRescueTest-1852573408 tempest-ServerStableDeviceRescueTest-1852573408-project-member] Lock "d62d5c3c-da88-4bf4-b271-27311bf5ce59" "released" by "nova.context.set_target_cell..get_or_set_cached_cell_and_set_connections" :: held 0.000s {{(pid=95902) inner /opt/stack/data/venv/lib/python3.12/site-packages/oslo_concurrency/lockutils.py:544}}
Aug 18 10:12:24.173104 np0000007634 nova-conductor[95902]: DEBUG oslo_concurrency.lockutils [None req-530468e1-a803-439e-87a5-bcd53e5e9aab tempest-ServerStableDeviceRescueTest-1852573408 tempest-ServerStableDeviceRescueTest-1852573408-project-member] Acquiring lock "compute-rpcapi-router" {{(pid=95902) lock /opt/stack/data/venv/lib/python3.12/site-packages/oslo_concurrency/lockutils.py:396}}
Aug 18 10:12:24.173230 np0000007634 nova-conductor[95902]: DEBUG oslo_concurrency.lockutils [None req-530468e1-a803-439e-87a5-bcd53e5e9aab tempest-ServerStableDeviceRescueTest-1852573408 tempest-ServerStableDeviceRescueTest-1852573408-project-member] Acquired lock "compute-rpcapi-router" {{(pid=95902) lock /opt/stack/data/venv/lib/python3.12/site-packages/oslo_concurrency/lockutils.py:399}}
Aug 18 10:12:24.173694 np0000007634 nova-conductor[95902]: DEBUG oslo_concurrency.lockutils [None req-93b2f7ef-0199-4e52-ac43-21ef2caf242a None None] Acquiring lock "00000000-0000-0000-0000-000000000000" by "nova.context.set_target_cell..get_or_set_cached_cell_and_set_connections" {{(pid=95902) inner /opt/stack/data/venv/lib/python3.12/site-packages/oslo_concurrency/lockutils.py:512}}
Aug 18 10:12:24.173871 np0000007634 nova-conductor[95902]: DEBUG oslo_concurrency.lockutils [None req-93b2f7ef-0199-4e52-ac43-21ef2caf242a None None] Lock "00000000-0000-0000-0000-000000000000" acquired by "nova.context.set_target_cell..get_or_set_cached_cell_and_set_connections" :: waited 0.000s {{(pid=95902) inner /opt/stack/data/venv/lib/python3.12/site-packages/oslo_concurrency/lockutils.py:525}}
Aug 18 10:12:24.174432 np0000007634 nova-conductor[95902]: DEBUG oslo_concurrency.lockutils [None req-93b2f7ef-0199-4e52-ac43-21ef2caf242a None None] Lock "00000000-0000-0000-0000-000000000000" "released" by "nova.context.set_target_cell..get_or_set_cached_cell_and_set_connections" :: held 0.000s {{(pid=95902) inner /opt/stack/data/venv/lib/python3.12/site-packages/oslo_concurrency/lockutils.py:544}}
Aug 18 10:12:24.175411 np0000007634 nova-conductor[95902]: DEBUG oslo_concurrency.lockutils [None req-93b2f7ef-0199-4e52-ac43-21ef2caf242a None None] Acquiring lock "d62d5c3c-da88-4bf4-b271-27311bf5ce59" by "nova.context.set_target_cell..get_or_set_cached_cell_and_set_connections" {{(pid=95902) inner /opt/stack/data/venv/lib/python3.12/site-packages/oslo_concurrency/lockutils.py:512}}
Aug 18 10:12:24.177064 np0000007634 nova-conductor[95902]: DEBUG oslo_concurrency.lockutils [None req-93b2f7ef-0199-4e52-ac43-21ef2caf242a None None] Lock "d62d5c3c-da88-4bf4-b271-27311bf5ce59" acquired by "nova.context.set_target_cell..get_or_set_cached_cell_and_set_connections" :: waited 0.002s {{(pid=95902) inner /opt/stack/data/venv/lib/python3.12/site-packages/oslo_concurrency/lockutils.py:525}}
Aug 18 10:12:24.177640 np0000007634 nova-conductor[95902]: DEBUG oslo_concurrency.lockutils [None req-93b2f7ef-0199-4e52-ac43-21ef2caf242a None None] Lock "d62d5c3c-da88-4bf4-b271-27311bf5ce59" "released" by "nova.context.set_target_cell..get_or_set_cached_cell_and_set_connections" :: held 0.000s {{(pid=95902) inner /opt/stack/data/venv/lib/python3.12/site-packages/oslo_concurrency/lockutils.py:544}}
Aug 18 10:12:24.186668 np0000007634 nova-conductor[95902]: INFO nova.compute.rpcapi [None req-93b2f7ef-0199-4e52-ac43-21ef2caf242a None None] Automatically selected compute RPC version 6.5 from minimum service version 72
Aug 18 10:12:24.186991 np0000007634 nova-conductor[95902]: DEBUG oslo_concurrency.lockutils [None req-93b2f7ef-0199-4e52-ac43-21ef2caf242a None None] Releasing lock "compute-rpcapi-router" {{(pid=95902) lock /opt/stack/data/venv/lib/python3.12/site-packages/oslo_concurrency/lockutils.py:419}}
Aug 18 10:12:30.833773 np0000007634 nova-conductor[95897]: DEBUG dbcounter [-] [95897] Writer thread running {{(pid=95897) stat_writer /opt/stack/data/venv/lib/python3.12/site-packages/dbcounter.py:102}}
Aug 18 10:12:31.308260 np0000007634 nova-conductor[95897]: DEBUG nova.conductor.manager [None req-735738cb-8a16-4792-b491-1af1942187ee tempest-ServerActionsV293TestJSON-959894633 tempest-ServerActionsV293TestJSON-959894633-project-member] Took 0.47 seconds to select destinations for 1 instance(s). {{(pid=95897) _schedule_instances /opt/stack/nova/nova/conductor/manager.py:956}}
Aug 18 10:12:31.347984 np0000007634 nova-conductor[95897]: DEBUG oslo_concurrency.lockutils [None req-735738cb-8a16-4792-b491-1af1942187ee tempest-ServerActionsV293TestJSON-959894633 tempest-ServerActionsV293TestJSON-959894633-project-member] Acquiring lock "d62d5c3c-da88-4bf4-b271-27311bf5ce59" by "nova.context.set_target_cell..get_or_set_cached_cell_and_set_connections" {{(pid=95897) inner /opt/stack/data/venv/lib/python3.12/site-packages/oslo_concurrency/lockutils.py:512}}
Aug 18 10:12:31.347984 np0000007634 nova-conductor[95897]: DEBUG oslo_concurrency.lockutils [None req-735738cb-8a16-4792-b491-1af1942187ee tempest-ServerActionsV293TestJSON-959894633 tempest-ServerActionsV293TestJSON-959894633-project-member] Lock "d62d5c3c-da88-4bf4-b271-27311bf5ce59" acquired by "nova.context.set_target_cell..get_or_set_cached_cell_and_set_connections" :: waited 0.000s {{(pid=95897) inner /opt/stack/data/venv/lib/python3.12/site-packages/oslo_concurrency/lockutils.py:525}}
Aug 18 10:12:31.349412 np0000007634 nova-conductor[95897]: DEBUG oslo_concurrency.lockutils [None req-735738cb-8a16-4792-b491-1af1942187ee tempest-ServerActionsV293TestJSON-959894633 tempest-ServerActionsV293TestJSON-959894633-project-member] Lock "d62d5c3c-da88-4bf4-b271-27311bf5ce59" "released" by "nova.context.set_target_cell..get_or_set_cached_cell_and_set_connections" :: held 0.001s {{(pid=95897) inner /opt/stack/data/venv/lib/python3.12/site-packages/oslo_concurrency/lockutils.py:544}}
Aug 18 10:12:31.352069 np0000007634 nova-conductor[95897]: INFO dbcounter [None req-735738cb-8a16-4792-b491-1af1942187ee tempest-ServerActionsV293TestJSON-959894633 tempest-ServerActionsV293TestJSON-959894633-project-member] Registered counter for database nova_cell1
Aug 18 10:12:31.391869 np0000007634 nova-conductor[95897]: DEBUG oslo_db.sqlalchemy.engines [None req-735738cb-8a16-4792-b491-1af1942187ee tempest-ServerActionsV293TestJSON-959894633 tempest-ServerActionsV293TestJSON-959894633-project-member] MySQL server mode set to STRICT_TRANS_TABLES,STRICT_ALL_TABLES,NO_ZERO_IN_DATE,NO_ZERO_DATE,ERROR_FOR_DIVISION_BY_ZERO,TRADITIONAL,NO_ENGINE_SUBSTITUTION {{(pid=95897) _check_effective_sql_mode /opt/stack/data/venv/lib/python3.12/site-packages/oslo_db/sqlalchemy/engines.py:325}}
Aug 18 10:12:31.409713 np0000007634 nova-conductor[95897]: DEBUG dbcounter [-] [95897] Writer thread running {{(pid=95897) stat_writer /opt/stack/data/venv/lib/python3.12/site-packages/dbcounter.py:102}}
Aug 18 10:12:31.472310 np0000007634 nova-conductor[95897]: INFO nova.utils [None req-735738cb-8a16-4792-b491-1af1942187ee tempest-ServerActionsV293TestJSON-959894633 tempest-ServerActionsV293TestJSON-959894633-project-member] The cell worker thread pool ForkProcess-1.cell_worker is initialized
Aug 18 10:12:31.472600 np0000007634 nova-conductor[95897]: DEBUG oslo_concurrency.lockutils [None req-735738cb-8a16-4792-b491-1af1942187ee tempest-ServerActionsV293TestJSON-959894633 tempest-ServerActionsV293TestJSON-959894633-project-member] Acquiring lock "00000000-0000-0000-0000-000000000000" by "nova.context.set_target_cell..get_or_set_cached_cell_and_set_connections" {{(pid=95897) inner /opt/stack/data/venv/lib/python3.12/site-packages/oslo_concurrency/lockutils.py:512}}
Aug 18 10:12:31.472765 np0000007634 nova-conductor[95897]: DEBUG oslo_concurrency.lockutils [None req-735738cb-8a16-4792-b491-1af1942187ee tempest-ServerActionsV293TestJSON-959894633 tempest-ServerActionsV293TestJSON-959894633-project-member] Lock "00000000-0000-0000-0000-000000000000" acquired by "nova.context.set_target_cell..get_or_set_cached_cell_and_set_connections" :: waited 0.000s {{(pid=95897) inner /opt/stack/data/venv/lib/python3.12/site-packages/oslo_concurrency/lockutils.py:525}}
Aug 18 10:12:31.473164 np0000007634 nova-conductor[95897]: DEBUG oslo_concurrency.lockutils [None req-735738cb-8a16-4792-b491-1af1942187ee tempest-ServerActionsV293TestJSON-959894633 tempest-ServerActionsV293TestJSON-959894633-project-member] Lock "00000000-0000-0000-0000-000000000000" "released" by "nova.context.set_target_cell..get_or_set_cached_cell_and_set_connections" :: held 0.000s {{(pid=95897) inner /opt/stack/data/venv/lib/python3.12/site-packages/oslo_concurrency/lockutils.py:544}}
Aug 18 10:12:31.474462 np0000007634 nova-conductor[95897]: DEBUG oslo_concurrency.lockutils [None req-735738cb-8a16-4792-b491-1af1942187ee tempest-ServerActionsV293TestJSON-959894633 tempest-ServerActionsV293TestJSON-959894633-project-member] Acquiring lock "d62d5c3c-da88-4bf4-b271-27311bf5ce59" by "nova.context.set_target_cell..get_or_set_cached_cell_and_set_connections" {{(pid=95897) inner /opt/stack/data/venv/lib/python3.12/site-packages/oslo_concurrency/lockutils.py:512}}
Aug 18 10:12:31.476140 np0000007634 nova-conductor[95897]: INFO dbcounter [None req-735738cb-8a16-4792-b491-1af1942187ee tempest-ServerActionsV293TestJSON-959894633 tempest-ServerActionsV293TestJSON-959894633-project-member] Registered counter for database nova_cell0
